This is the mail archive of the
gcc-testresults@gcc.gnu.org
mailing list for the GCC project.
Results for 4.4.3 20091210 (prerelease) [gcc-4_4-branch revision 155138] (GCC) testsuite on arm-unknown-eabi
- From: Ramana Radhakrishnan <ramana dot r at gmail dot com>
- To: gcc-testresults at gcc dot gnu dot org
- Date: Thu, 10 Dec 2009 22:56:33 +0000
- Subject: Results for 4.4.3 20091210 (prerelease) [gcc-4_4-branch revision 155138] (GCC) testsuite on arm-unknown-eabi
cat <<'EOF' |
LAST_UPDATED: Thu Dec 10 20:28:50 UTC 2009 (revision 155138)
Target is arm-unknown-eabi
Host is x86_64-unknown-linux-gnu
=== gcc tests ===
Running target arm-sim
FAIL: gcc.c-torture/compile/pr39845.c -O0 (test for excess errors)
FAIL: gcc.c-torture/compile/pr39845.c -O1 (test for excess errors)
FAIL: gcc.c-torture/compile/pr39845.c -O2 (test for excess errors)
FAIL: gcc.c-torture/compile/pr39845.c -O3 -fomit-frame-pointer (test for excess errors)
FAIL: gcc.c-torture/compile/pr39845.c -O3 -fomit-frame-pointer -funroll-loops (test for excess errors)
FAIL: gcc.c-torture/compile/pr39845.c -O3 -fomit-frame-pointer -funroll-all-loops -finline-functions (test for excess errors)
FAIL: gcc.c-torture/compile/pr39845.c -O3 -g (test for excess errors)
FAIL: gcc.c-torture/compile/pr39845.c -Os (test for excess errors)
FAIL: gcc.dg/compat/struct-layout-1 c_compat_x_tst.o compile
FAIL: gcc.dg/compat/struct-layout-1 c_compat_y_tst.o compile
UNRESOLVED: gcc.dg/compat/struct-layout-1 c_compat_x_tst.o-c_compat_y_tst.o link
UNRESOLVED: gcc.dg/compat/struct-layout-1 c_compat_x_tst.o-c_compat_y_tst.o execute
FAIL: gcc.dg/uninit-13.c unconditional (test for warnings, line 8)
FAIL: gcc.dg/uninit-13.c (test for excess errors)
FAIL: gcc.target/arm/mmx-1.c (test for excess errors)
ERROR: gcc.target/arm/mmx-1.c: error executing dg-final: couldn't open "mmx-1.s": no such file or directory
UNRESOLVED: gcc.target/arm/mmx-1.c: error executing dg-final: couldn't open "mmx-1.s": no such file or directory
FAIL: gcc.target/arm/neon/polytypes.c (test for excess errors)
FAIL: gcc.target/arm/neon/vget_lowf32.c scan-assembler vmov[ \\t]+[dD][0-9]+, [dD][0-9]+!?([ \\t]+@[a-zA-Z0-9 ]+)?\\n
FAIL: gcc.target/arm/neon/vget_lowp16.c scan-assembler vmov[ \\t]+[dD][0-9]+, [dD][0-9]+!?([ \\t]+@[a-zA-Z0-9 ]+)?\\n
FAIL: gcc.target/arm/neon/vget_lowp8.c scan-assembler vmov[ \\t]+[dD][0-9]+, [dD][0-9]+!?([ \\t]+@[a-zA-Z0-9 ]+)?\\n
FAIL: gcc.target/arm/neon/vget_lows16.c scan-assembler vmov[ \\t]+[dD][0-9]+, [dD][0-9]+!?([ \\t]+@[a-zA-Z0-9 ]+)?\\n
FAIL: gcc.target/arm/neon/vget_lows32.c scan-assembler vmov[ \\t]+[dD][0-9]+, [dD][0-9]+!?([ \\t]+@[a-zA-Z0-9 ]+)?\\n
FAIL: gcc.target/arm/neon/vget_lows64.c scan-assembler vmov[ \\t]+[dD][0-9]+, [dD][0-9]+!?([ \\t]+@[a-zA-Z0-9 ]+)?\\n
FAIL: gcc.target/arm/neon/vget_lows8.c scan-assembler vmov[ \\t]+[dD][0-9]+, [dD][0-9]+!?([ \\t]+@[a-zA-Z0-9 ]+)?\\n
FAIL: gcc.target/arm/neon/vget_lowu16.c scan-assembler vmov[ \\t]+[dD][0-9]+, [dD][0-9]+!?([ \\t]+@[a-zA-Z0-9 ]+)?\\n
FAIL: gcc.target/arm/neon/vget_lowu32.c scan-assembler vmov[ \\t]+[dD][0-9]+, [dD][0-9]+!?([ \\t]+@[a-zA-Z0-9 ]+)?\\n
FAIL: gcc.target/arm/neon/vget_lowu64.c scan-assembler vmov[ \\t]+[dD][0-9]+, [dD][0-9]+!?([ \\t]+@[a-zA-Z0-9 ]+)?\\n
FAIL: gcc.target/arm/neon/vget_lowu8.c scan-assembler vmov[ \\t]+[dD][0-9]+, [dD][0-9]+!?([ \\t]+@[a-zA-Z0-9 ]+)?\\n
=== gcc Summary for arm-sim ===
# of expected passes 54074
# of unexpected failures 25
# of expected failures 238
# of unresolved testcases 3
# of unsupported tests 666
Running target arm-sim/-mthumb
FAIL: gcc.c-torture/compile/pr39845.c -O0 (test for excess errors)
FAIL: gcc.c-torture/compile/pr39845.c -O1 (test for excess errors)
FAIL: gcc.c-torture/compile/pr39845.c -O2 (test for excess errors)
FAIL: gcc.c-torture/compile/pr39845.c -O3 -fomit-frame-pointer (test for excess errors)
FAIL: gcc.c-torture/compile/pr39845.c -O3 -fomit-frame-pointer -funroll-loops (test for excess errors)
FAIL: gcc.c-torture/compile/pr39845.c -O3 -fomit-frame-pointer -funroll-all-loops -finline-functions (test for excess errors)
FAIL: gcc.c-torture/compile/pr39845.c -O3 -g (test for excess errors)
FAIL: gcc.c-torture/compile/pr39845.c -Os (test for excess errors)
XPASS: gcc.c-torture/execute/941014-1.c execution, -O0
FAIL: gcc.dg/compat/struct-layout-1 c_compat_x_tst.o compile
FAIL: gcc.dg/compat/struct-layout-1 c_compat_y_tst.o compile
UNRESOLVED: gcc.dg/compat/struct-layout-1 c_compat_x_tst.o-c_compat_y_tst.o link
UNRESOLVED: gcc.dg/compat/struct-layout-1 c_compat_x_tst.o-c_compat_y_tst.o execute
FAIL: gcc.dg/sibcall-3.c execution test
FAIL: gcc.dg/sibcall-4.c execution test
FAIL: gcc.dg/uninit-13.c unconditional (test for warnings, line 8)
FAIL: gcc.dg/uninit-13.c (test for excess errors)
FAIL: gcc.target/arm/g2.c scan-assembler mla[ \\t].*
FAIL: gcc.target/arm/mmx-1.c (test for excess errors)
ERROR: gcc.target/arm/mmx-1.c: error executing dg-final: couldn't open "mmx-1.s": no such file or directory
UNRESOLVED: gcc.target/arm/mmx-1.c: error executing dg-final: couldn't open "mmx-1.s": no such file or directory
FAIL: gcc.target/arm/scd42-2.c scan-assembler mov[ \\t].*272
FAIL: gcc.target/arm/sibcall-1.c scan-assembler \\tb\\tfunc2\\n
FAIL: gcc.target/arm/neon/polytypes.c (test for excess errors)
FAIL: gcc.target/arm/neon/vget_lowf32.c scan-assembler vmov[ \\t]+[dD][0-9]+, [dD][0-9]+!?([ \\t]+@[a-zA-Z0-9 ]+)?\\n
FAIL: gcc.target/arm/neon/vget_lowp16.c scan-assembler vmov[ \\t]+[dD][0-9]+, [dD][0-9]+!?([ \\t]+@[a-zA-Z0-9 ]+)?\\n
FAIL: gcc.target/arm/neon/vget_lowp8.c scan-assembler vmov[ \\t]+[dD][0-9]+, [dD][0-9]+!?([ \\t]+@[a-zA-Z0-9 ]+)?\\n
FAIL: gcc.target/arm/neon/vget_lows16.c scan-assembler vmov[ \\t]+[dD][0-9]+, [dD][0-9]+!?([ \\t]+@[a-zA-Z0-9 ]+)?\\n
FAIL: gcc.target/arm/neon/vget_lows32.c scan-assembler vmov[ \\t]+[dD][0-9]+, [dD][0-9]+!?([ \\t]+@[a-zA-Z0-9 ]+)?\\n
FAIL: gcc.target/arm/neon/vget_lows64.c scan-assembler vmov[ \\t]+[dD][0-9]+, [dD][0-9]+!?([ \\t]+@[a-zA-Z0-9 ]+)?\\n
FAIL: gcc.target/arm/neon/vget_lows8.c scan-assembler vmov[ \\t]+[dD][0-9]+, [dD][0-9]+!?([ \\t]+@[a-zA-Z0-9 ]+)?\\n
FAIL: gcc.target/arm/neon/vget_lowu16.c scan-assembler vmov[ \\t]+[dD][0-9]+, [dD][0-9]+!?([ \\t]+@[a-zA-Z0-9 ]+)?\\n
FAIL: gcc.target/arm/neon/vget_lowu32.c scan-assembler vmov[ \\t]+[dD][0-9]+, [dD][0-9]+!?([ \\t]+@[a-zA-Z0-9 ]+)?\\n
FAIL: gcc.target/arm/neon/vget_lowu64.c scan-assembler vmov[ \\t]+[dD][0-9]+, [dD][0-9]+!?([ \\t]+@[a-zA-Z0-9 ]+)?\\n
FAIL: gcc.target/arm/neon/vget_lowu8.c scan-assembler vmov[ \\t]+[dD][0-9]+, [dD][0-9]+!?([ \\t]+@[a-zA-Z0-9 ]+)?\\n
=== gcc Summary for arm-sim/-mthumb ===
# of expected passes 54062
# of unexpected successes 1
# of unexpected failures 30
# of expected failures 238
# of unresolved testcases 3
# of unsupported tests 666
=== gcc Summary ===
# of expected passes 108136
# of unexpected failures 55
# of unexpected successes 1
# of expected failures 476
# of unresolved testcases 6
# of unsupported tests 1332
/home/ramana/cos/src-latest/build/gcc/xgcc version 4.4.3 20091210 (prerelease) [gcc-4_4-branch revision 155138] (GCC)
=== g++ tests ===
Running target arm-sim
FAIL: tmpdir-g++.dg-struct-layout-1/t004 cp_compat_x_tst.o compile
FAIL: tmpdir-g++.dg-struct-layout-1/t004 cp_compat_y_tst.o compile
FAIL: g++.dg/conversion/enum1.C execution test
FAIL: g++.dg/init/copy7.C execution test
FAIL: g++.dg/init/ref15.C execution test
FAIL: g++.dg/ipa/iinline-1.C scan-ipa-dump inline "String::funcOne[^\\n]*inline copy in int main"
XPASS: g++.dg/other/packed1.C execution test
FAIL: g++.dg/tree-ssa/new1.C scan-tree-dump-not forwprop1 "= .* \\+ -"
=== g++ Summary for arm-sim ===
# of expected passes 18831
# of unexpected successes 1
# of unexpected failures 7
# of expected failures 155
# of unsupported tests 183
Running target arm-sim/-mthumb
FAIL: tmpdir-g++.dg-struct-layout-1/t004 cp_compat_x_tst.o compile
FAIL: tmpdir-g++.dg-struct-layout-1/t004 cp_compat_y_tst.o compile
FAIL: g++.dg/conversion/enum1.C execution test
FAIL: g++.dg/init/copy7.C execution test
FAIL: g++.dg/init/ref15.C execution test
FAIL: g++.dg/ipa/iinline-1.C scan-ipa-dump inline "String::funcOne[^\\n]*inline copy in int main"
XPASS: g++.dg/other/packed1.C execution test
FAIL: g++.dg/tree-ssa/new1.C scan-tree-dump-not forwprop1 "= .* \\+ -"
=== g++ Summary for arm-sim/-mthumb ===
# of expected passes 18831
# of unexpected successes 1
# of unexpected failures 7
# of expected failures 155
# of unsupported tests 183
=== g++ Summary ===
# of expected passes 37662
# of unexpected failures 14
# of unexpected successes 2
# of expected failures 310
# of unsupported tests 366
/home/ramana/cos/src-latest/build/gcc/testsuite/g++/../../g++ version 4.4.3 20091210 (prerelease) [gcc-4_4-branch revision 155138] (GCC)
Compiler version: 4.4.3 20091210 (prerelease) [gcc-4_4-branch revision 155138] (GCC)
Platform: arm-unknown-eabi
configure flags: --target=arm-eabi --enable-languages=c,c++ --with-cpu=cortex-a8 --with-fpu=vfp3 --with-float=softfp --with-gmp=/opt/cfarm/gmp-4.2.4/ --with-mpfr=/opt/cfarm/mpfr-2.4.1/