This is the mail archive of the
gcc-testresults@gcc.gnu.org
mailing list for the GCC project.
Results for 4.5.0 20091101 (experimental) (GCC) testsuite on x86_64-unknown-linux-gnu
- From: GCC Tester <knurt at geislersoftware dot de>
- To: gcc-testresults at gcc dot gnu dot org
- Date: Thu, 10 Dec 2009 15:41:29 +0100
- Subject: Results for 4.5.0 20091101 (experimental) (GCC) testsuite on x86_64-unknown-linux-gnu
Build on 9th December 2009 using: Ubuntu 9.10 - the Karmic Koala
Hardware x86_64
Build including LTO with package libelfg0 version 0.8.12-0ubuntu1
Used CFLAGS="-g -O2 -m64"
Used configure option --disable-multilibs because of compile errors on
stubs(32/64).h that where not solved by "-m64"
svn info:
Repository Root: svn://gcc.gnu.org/svn/gcc
Repository UUID: 138bc75d-0d04-0410-961f-82ee72b054a4
Revision: 153794
Node Kind: directory
Schedule: normal
Last Changed Author: burnus
Last Changed Rev: 153793
Last Changed Date: 2009-11-01 13:43:42 +0100 (Sun, 01 Nov 2009)
Build and Test run by Hendrik (knurt@geislersoftware.de)
Testing ended after libgomp with following errors:
make[4]: *** [check-DEJAGNU] Error 1
make[4]: Leaving directory
`/home/hendrik/build/x86_64-unknown-linux-gnu/libgomp/testsuite'
make[3]: *** [check-am] Error 2
make[3]: Target `check' not remade because of errors.
make[3]: Leaving directory
`/home/hendrik/build/x86_64-unknown-linux-gnu/libgomp/testsuite'
make[3]: Entering directory
`/home/hendrik/build/x86_64-unknown-linux-gnu/libgomp'
true DO=all multi-do # make
:
make[3]: Leaving directory
`/home/hendrik/build/x86_64-unknown-linux-gnu/libgomp'
make[2]: *** [check-recursive] Error 1
make[2]: Target `check' not remade because of errors.
make[2]: Leaving directory
`/home/hendrik/build/x86_64-unknown-linux-gnu/libgomp'
make[1]: *** [check-target-libgomp] Error 2
make[1]: Target `check-target' not remade because of errors.
make[1]: Leaving directory `/home/hendrik/build'
make: *** [do-check] Error 2
make: Target `check' not remade because of errors.
Native configuration is x86_64-unknown-linux-gnu
=== gcc tests ===
Running target unix
FAIL: gcc.c-torture/execute/builtins/memmove-2.c compilation, -O2 -fwhopr
UNRESOLVED: gcc.c-torture/execute/builtins/memmove-2.c execution, -O2
-fwhopr
FAIL: gcc.c-torture/execute/builtins/sprintf-chk.c execution, -O2 -fwhopr
FAIL: gcc.c-torture/execute/builtins/stpcpy-chk.c execution, -O2 -fwhopr
FAIL: gcc.c-torture/execute/builtins/strcpy-chk.c execution, -O2 -fwhopr
FAIL: gcc.dg/cpp/_Pragma3.c (test for excess errors)
XPASS: gcc.dg/Warray-bounds.c (test for warnings, line 59)
XPASS: gcc.dg/Warray-bounds.c (test for warnings, line 65)
XPASS: gcc.dg/Wunreachable-8.c (test for bogus messages, line 7)
FAIL: gcc.dg/pr34668-1.c (internal compiler error)
FAIL: gcc.dg/pr34668-1.c (test for excess errors)
XPASS: gcc.dg/guality/example.c -O0 execution test
XPASS: gcc.dg/guality/example.c -O1 execution test
XPASS: gcc.dg/guality/example.c -O2 execution test
XPASS: gcc.dg/guality/guality.c -O0 execution test
XPASS: gcc.dg/guality/guality.c -O1 execution test
XPASS: gcc.dg/guality/guality.c -O2 execution test
XPASS: gcc.dg/guality/guality.c -O3 -fomit-frame-pointer execution test
XPASS: gcc.dg/guality/guality.c -O3 -g execution test
XPASS: gcc.dg/guality/guality.c -Os execution test
XPASS: gcc.dg/guality/inline-params.c -O0 execution test
XPASS: gcc.dg/guality/inline-params.c -O1 execution test
XPASS: gcc.dg/guality/inline-params.c -O2 execution test
XPASS: gcc.dg/guality/inline-params.c -O3 -fomit-frame-pointer
execution test
XPASS: gcc.dg/guality/inline-params.c -O3 -g execution test
XPASS: gcc.dg/guality/inline-params.c -Os execution test
XPASS: gcc.dg/guality/pr41353-1.c -O0 line 28 j == 28 + 37
XPASS: gcc.dg/guality/pr41447-1.c -O0 execution test
XPASS: gcc.dg/guality/pr41616-1.c -O0 execution test
XPASS: gcc.dg/guality/pr41616-1.c -O1 execution test
XPASS: gcc.dg/guality/pr41616-1.c -O2 execution test
XPASS: gcc.dg/guality/pr41616-1.c -Os execution test
XPASS: gcc.dg/struct/wo_prof_array_through_pointer.c scan-ipa-dump
ipa_struct_reorg "Number of structures to transform is 1"
FAIL: gcc.dg/struct/wo_prof_double_malloc.c (internal compiler error)
FAIL: gcc.dg/struct/wo_prof_double_malloc.c (test for excess errors)
UNRESOLVED: gcc.dg/struct/wo_prof_double_malloc.c compilation failed to
produce executable
FAIL: gcc.dg/torture/builtin-math-7.c -O2 -flto execution test
FAIL: gcc.dg/torture/builtin-math-7.c -O2 -fwhopr execution test
=== gcc Summary ===
# of expected passes 70032
# of unexpected failures 11
# of unexpected successes 25
# of expected failures 219
# of unresolved testcases 2
# of unsupported tests 957
/home/hendrik/Ximple/build/gcc/xgcc version 4.5.0 20091101
(experimental) (GCC)
=== gfortran tests ===
Running target unix
FAIL: gfortran.dg/lto/pr40725 f_lto_pr40725_0.o-f_lto_pr40725_1.o
execute -O2 -fwhopr
FAIL: gfortran.dg/lto/pr40725 f_lto_pr40725_0.o-f_lto_pr40725_1.o
execute -O2 -flto
=== gfortran Summary ===
# of expected passes 33081
# of unexpected failures 2
# of expected failures 27
# of unsupported tests 66
/home/hendrik/Ximple/build/gcc/testsuite/gfortran/../../gfortran
version 4.5.0 20091101 (experimental) (GCC)
=== g++ tests ===
Running target unix
FAIL: g++.dg/lto/20090106 cp_lto_20090106_0.o-cp_lto_20090106_0.o link
UNRESOLVED: g++.dg/lto/20090106 cp_lto_20090106_0.o-cp_lto_20090106_0.o
execute -O0 -fwhopr
FAIL: g++.dg/lto/20090106 cp_lto_20090106_0.o-cp_lto_20090106_0.o link
UNRESOLVED: g++.dg/lto/20090106 cp_lto_20090106_0.o-cp_lto_20090106_0.o
execute -O0 -flto
=== g++ Summary ===
# of expected passes 21814
# of unexpected failures 2
# of expected failures 157
# of unresolved testcases 2
# of unsupported tests 299
/home/hendrik/Ximple/build/gcc/testsuite/g++/../../g++ version 4.5.0
20091101 (experimental) (GCC)
=== objc tests ===
Running target unix
=== objc Summary ===
# of expected passes 1867
# of expected failures 15
# of unsupported tests 24
/home/hendrik/Ximple/build/gcc/xgcc version 4.5.0 20091101
(experimental) (GCC)
=== libffi tests ===
Running target unix
=== libffi Summary ===
# of expected passes 1584
# of expected failures 20
# of unsupported tests 15
=== libgomp tests ===
Running target unix
XPASS: libgomp.graphite/force-parallel-5.c scan-tree-dump-times
optimized "loopfn.1" 5
=== libgomp Summary ===
# of expected passes 2450
# of unexpected successes 1
=== libjava tests ===
Running target unix
=== libjava Summary ===
# of expected passes 2574
=== libmudflap tests ===
Running target unix
FAIL: libmudflap.c/fail31-frag.c (-O3) output pattern test
FAIL: libmudflap.c/pass45-frag.c (-O3) execution test
FAIL: libmudflap.c/pass45-frag.c (-O3) output pattern test
FAIL: libmudflap.c/pass45-frag.c (-O3) execution test
FAIL: libmudflap.c/pass45-frag.c (-O3) output pattern test
FAIL: libmudflap.c++/pass41-frag.cxx execution test
FAIL: libmudflap.c++/pass41-frag.cxx (-static) execution test
FAIL: libmudflap.c++/pass41-frag.cxx ( -O) execution test
FAIL: libmudflap.c++/pass41-frag.cxx (-O2) execution test
FAIL: libmudflap.c++/pass41-frag.cxx (-O3) execution test
=== libmudflap Summary ===
# of expected passes 1884
# of unexpected failures 10
=== libstdc++ tests ===
Running target unix
FAIL: abi_check
XPASS: 26_numerics/headers/cmath/c99_classification_macros_c.cc (test
for excess errors)
=== libstdc++ Summary ===
# of expected passes 6642
# of unexpected failures 1
# of unexpected successes 1
# of expected failures 90
# of unsupported tests 331
Compiler version: 4.5.0 20091101 (experimental) (GCC)
Platform: x86_64-unknown-linux-gnu
configure flags: --disable-multilib