This is the mail archive of the
gcc-testresults@gcc.gnu.org
mailing list for the GCC project.
Results for 4.5.0 20091208 (experimental) [trunk revision 155091] (GCC) testsuite on hppa-unknown-linux-gnu
- From: dave at hiauly6 dot hia dot nrc dot ca (John David Anglin)
- To: dave at hiauly6 dot hia dot nrc dot ca, gcc-testresults at gcc dot gnu dot org
- Date: Wed, 9 Dec 2009 20:34:42 -0500 (EST)
- Subject: Results for 4.5.0 20091208 (experimental) [trunk revision 155091] (GCC) testsuite on hppa-unknown-linux-gnu
LAST_UPDATED: Tue Dec 8 17:08:00 UTC 2009 (revision 155091)
=== acats tests ===
=== acats Summary ===
# of expected passes 2321
# of unexpected failures 0
Native configuration is hppa-unknown-linux-gnu
=== g++ tests ===
Running target unix
FAIL: g++.dg/lto/20081109 cp_lto_20081109_0.o-cp_lto_20081109_1.o execute -O2 -fwhopr
FAIL: g++.dg/torture/pr34099.C -O1 execution test
FAIL: g++.dg/torture/pr34099.C -O2 execution test
FAIL: g++.dg/torture/pr34099.C -Os execution test
FAIL: g++.dg/torture/pr34099.C -O2 -flto (internal compiler error)
FAIL: g++.dg/torture/pr34099.C -O2 -flto (test for excess errors)
UNRESOLVED: g++.dg/torture/pr34099.C -O2 -flto compilation failed to produce executable
FAIL: g++.dg/torture/pr34099.C -O2 -fwhopr (internal compiler error)
FAIL: g++.dg/torture/pr34099.C -O2 -fwhopr (test for excess errors)
UNRESOLVED: g++.dg/torture/pr34099.C -O2 -fwhopr compilation failed to produce executable
=== g++ Summary ===
# of expected passes 21438
# of unexpected failures 8
# of expected failures 147
# of unresolved testcases 2
# of unsupported tests 170
/home/dave/gnu/gcc-4.5/objdir/gcc/testsuite/g++/../../g++ version 4.5.0 20091208 (experimental) [trunk revision 155091] (GCC)
=== gcc tests ===
Running target unix
WARNING: program timed out.
FAIL: gcc.c-torture/compile/20001226-1.c -O3 -g (test for excess errors)
FAIL: gcc.c-torture/execute/builtins/memmove-2.c compilation, -O2 -fwhopr
UNRESOLVED: gcc.c-torture/execute/builtins/memmove-2.c execution, -O2 -fwhopr
FAIL: gcc.c-torture/execute/builtins/sprintf-chk.c execution, -O2 -fwhopr
FAIL: gcc.c-torture/execute/builtins/stpcpy-chk.c execution, -O2 -fwhopr
FAIL: gcc.c-torture/execute/builtins/strcpy-chk.c execution, -O2 -fwhopr
FAIL: gcc.c-torture/execute/pr42269-2.c execution, -O1
FAIL: gcc.c-torture/execute/pr42269-2.c execution, -O2
FAIL: gcc.c-torture/execute/pr42269-2.c execution, -O3 -fomit-frame-pointer
FAIL: gcc.c-torture/execute/pr42269-2.c execution, -O3 -g
FAIL: gcc.c-torture/execute/pr42269-2.c execution, -Os
FAIL: gcc.c-torture/execute/pr42269-2.c execution, -O2 -flto
FAIL: gcc.c-torture/execute/pr42269-2.c execution, -O2 -fwhopr
XPASS: gcc.dg/Warray-bounds.c (test for warnings, line 59)
XPASS: gcc.dg/Warray-bounds.c (test for warnings, line 65)
XPASS: gcc.dg/Wunreachable-8.c (test for bogus messages, line 7)
FAIL: gcc.dg/pr34668-1.c (internal compiler error)
FAIL: gcc.dg/pr34668-1.c (test for excess errors)
XPASS: gcc.dg/uninit-6.c uninitialized variable warning (test for bogus messages, line 42)
XPASS: gcc.dg/struct/wo_prof_array_through_pointer.c scan-ipa-dump ipa_struct_reorg "Number of structures to transform is 1"
FAIL: gcc.dg/torture/builtin-math-7.c -O2 -flto execution test
FAIL: gcc.dg/torture/builtin-math-7.c -O2 -fwhopr execution test
XPASS: gcc.dg/tree-ssa/loop-1.c scan-assembler-times foo 5
=== gcc Summary ===
# of expected passes 62155
# of unexpected failures 16
# of unexpected successes 6
# of expected failures 87
# of unresolved testcases 1
# of unsupported tests 711
/home/dave/gnu/gcc-4.5/objdir/gcc/xgcc version 4.5.0 20091208 (experimental) [trunk revision 155091] (GCC)
=== gfortran tests ===
Running target unix
FAIL: gfortran.dg/pr41928.f90 -O (internal compiler error)
FAIL: gfortran.dg/pr41928.f90 -O (test for excess errors)
FAIL: gfortran.dg/lto/20091028-2 f_lto_20091028-2_0.o-f_lto_20091028-2_1.o link, (internal compiler error)
UNRESOLVED: gfortran.dg/lto/20091028-2 f_lto_20091028-2_0.o-f_lto_20091028-2_1.o execute -O2 -fwhopr
FAIL: gfortran.dg/lto/20091028-2 f_lto_20091028-2_0.o-f_lto_20091028-2_1.o link, (internal compiler error)
UNRESOLVED: gfortran.dg/lto/20091028-2 f_lto_20091028-2_0.o-f_lto_20091028-2_1.o execute -O2 -flto
FAIL: gfortran.dg/lto/pr40725 f_lto_pr40725_0.o-f_lto_pr40725_1.o execute -O2 -fwhopr
FAIL: gfortran.dg/lto/pr40725 f_lto_pr40725_0.o-f_lto_pr40725_1.o execute -O2 -flto
=== gfortran Summary ===
# of expected passes 32272
# of unexpected failures 6
# of expected failures 22
# of unresolved testcases 2
# of unsupported tests 286
/home/dave/gnu/gcc-4.5/objdir/gcc/testsuite/gfortran/../../gfortran version 4.5.0 20091208 (experimental) [trunk revision 155091] (GCC)
=== gnat tests ===
Running target unix
=== gnat Summary ===
# of expected passes 749
# of expected failures 7
# of unsupported tests 1
=== obj-c++ tests ===
Running target unix
UNRESOLVED: obj-c++.dg/lookup-2.mm compilation failed to produce executable
UNRESOLVED: obj-c++.dg/try-catch-2.mm compilation failed to produce executable
UNRESOLVED: obj-c++.dg/try-catch-9.mm compilation failed to produce executable
=== obj-c++ Summary ===
# of expected passes 438
# of expected failures 10
# of unresolved testcases 3
# of unsupported tests 13
/home/dave/gnu/gcc-4.5/objdir/gcc/testsuite/obj-c++/../../g++ version 4.5.0 20091208 (experimental) [trunk revision 155091] (GCC)
=== objc tests ===
Running target unix
=== objc Summary ===
# of expected passes 1867
# of expected failures 15
# of unsupported tests 24
/home/dave/gnu/gcc-4.5/objdir/gcc/xgcc version 4.5.0 20091208 (experimental) [trunk revision 155091] (GCC)
=== libffi tests ===
Running target unix
=== libffi Summary ===
# of expected passes 1609
# of expected failures 10
# of unsupported tests 15
=== libgomp tests ===
Running target unix
=== libgomp Summary ===
# of expected passes 2412
# of unsupported tests 7
=== libjava tests ===
Running target unix
=== libjava Summary ===
# of expected passes 2574
=== libmudflap tests ===
Running target unix
FAIL: libmudflap.c/fail31-frag.c (-O3) crash test
FAIL: libmudflap.c/fail31-frag.c (-O3) output pattern test
FAIL: libmudflap.c/pass45-frag.c (-O3) execution test
FAIL: libmudflap.c/pass45-frag.c (-O3) output pattern test
FAIL: libmudflap.c/pass45-frag.c (-O3) execution test
FAIL: libmudflap.c/pass45-frag.c (-O3) output pattern test
FAIL: libmudflap.c++/pass41-frag.cxx execution test
FAIL: libmudflap.c++/pass41-frag.cxx (-static) execution test
FAIL: libmudflap.c++/pass41-frag.cxx ( -O) execution test
FAIL: libmudflap.c++/pass41-frag.cxx (-O2) execution test
FAIL: libmudflap.c++/pass41-frag.cxx (-O3) execution test
=== libmudflap Summary ===
# of expected passes 1883
# of unexpected failures 11
=== libstdc++ tests ===
Running target unix
FAIL: 22_locale/time_get/get_date/wchar_t/4.cc execution test
XPASS: 26_numerics/headers/cmath/c99_classification_macros_c.cc (test for excess errors)
FAIL: ext/pb_ds/regression/tree_data_map_rand.cc execution test
=== libstdc++ Summary ===
# of expected passes 6964
# of unexpected failures 2
# of unexpected successes 1
# of expected failures 88
# of unsupported tests 97
Compiler version: 4.5.0 20091208 (experimental) [trunk revision 155091] (GCC)
Platform: hppa-unknown-linux-gnu
configure flags: --with-gnu-as --with-gnu-ld --enable-shared --prefix=/home/dave/opt/gnu/gcc/gcc-4.5.0 --with-local-prefix=/home/dave/opt/gnu --enable-threads=posix --enable-__cxa_atexit --build=hppa-linux --enable-clocale=gnu --enable-java-gc=boehm --enable-java-awt=xlib --enable-languages=c,c++,objc,fortran,obj-c++,java,ada --with-libelf=/home/dave/opt/gnu