This is the mail archive of the
gcc-testresults@gcc.gnu.org
mailing list for the GCC project.
Results for 4.5.0 20091205 (experimental) [trunk revision 155009] (GCC) testsuite on hppa64-hp-hpux11.00
- From: John David Anglin <dave at hiauly2 dot hia dot nrc dot ca>
- To: dave at hiauly2 dot hia dot nrc dot ca, gcc-testresults at gcc dot gnu dot org
- Date: Mon, 7 Dec 2009 22:46:43 -0500 (EST)
- Subject: Results for 4.5.0 20091205 (experimental) [trunk revision 155009] (GCC) testsuite on hppa64-hp-hpux11.00
Native configuration is hppa64-hp-hpux11.00
=== g++ tests ===
Running target unix
UNRESOLVED: attribute_plugin.c compilation, -I. -I/xxx/gnu/gcc/gcc/gcc/testsuite -I/xxx/gnu/gcc/gcc/gcc/testsuite/../../gcc -I/home/gnu/gcc/objdir/gcc/testsuite/g++/../../../gcc -I/xxx/gnu/gcc/gcc/gcc/testsuite/../../include -I/xxx/gnu/gcc/gcc/gcc/testsuite/../../libcpp/include -I/opt/gnu64/gcc/gcc-4.4.2/include -DIN_GCC -fPIC -shared
UNRESOLVED: pragma_plugin.c compilation, -I. -I/xxx/gnu/gcc/gcc/gcc/testsuite -I/xxx/gnu/gcc/gcc/gcc/testsuite/../../gcc -I/home/gnu/gcc/objdir/gcc/testsuite/g++/../../../gcc -I/xxx/gnu/gcc/gcc/gcc/testsuite/../../include -I/xxx/gnu/gcc/gcc/gcc/testsuite/../../libcpp/include -I/opt/gnu64/gcc/gcc-4.4.2/include -DIN_GCC -fPIC -shared
UNRESOLVED: selfassign.c compilation, -I. -I/xxx/gnu/gcc/gcc/gcc/testsuite -I/xxx/gnu/gcc/gcc/gcc/testsuite/../../gcc -I/home/gnu/gcc/objdir/gcc/testsuite/g++/../../../gcc -I/xxx/gnu/gcc/gcc/gcc/testsuite/../../include -I/xxx/gnu/gcc/gcc/gcc/testsuite/../../libcpp/include -I/opt/gnu64/gcc/gcc-4.4.2/include -O -DIN_GCC -fPIC -shared
UNRESOLVED: dumb_plugin.c compilation, -I. -I/xxx/gnu/gcc/gcc/gcc/testsuite -I/xxx/gnu/gcc/gcc/gcc/testsuite/../../gcc -I/home/gnu/gcc/objdir/gcc/testsuite/g++/../../../gcc -I/xxx/gnu/gcc/gcc/gcc/testsuite/../../include -I/xxx/gnu/gcc/gcc/gcc/testsuite/../../libcpp/include -I/opt/gnu64/gcc/gcc-4.4.2/include -DIN_GCC -fPIC -shared
UNRESOLVED: header_plugin.c compilation, -I. -I/xxx/gnu/gcc/gcc/gcc/testsuite -I/xxx/gnu/gcc/gcc/gcc/testsuite/../../gcc -I/home/gnu/gcc/objdir/gcc/testsuite/g++/../../../gcc -I/xxx/gnu/gcc/gcc/gcc/testsuite/../../include -I/xxx/gnu/gcc/gcc/gcc/testsuite/../../libcpp/include -I/opt/gnu64/gcc/gcc-4.4.2/include -DIN_GCC -fPIC -shared
=== g++ Summary ===
# of expected passes 19763
# of expected failures 147
# of unresolved testcases 5
# of unsupported tests 218
/home/gnu/gcc/objdir/gcc/testsuite/g++/../../g++ version 4.5.0 20091205 (experimental) [trunk revision 155009] (GCC)
=== gcc tests ===
Running target unix
WARNING: program timed out.
FAIL: gcc.c-torture/compile/20001226-1.c -O3 -g (test for excess errors)
WARNING: program timed out.
FAIL: gcc.c-torture/compile/limits-fnargs.c -O2 (test for excess errors)
WARNING: program timed out.
FAIL: gcc.c-torture/compile/limits-fnargs.c -O3 -fomit-frame-pointer (test for excess errors)
WARNING: program timed out.
FAIL: gcc.c-torture/compile/limits-fnargs.c -O3 -g (test for excess errors)
WARNING: program timed out.
FAIL: gcc.c-torture/compile/limits-fndefn.c -O3 -g (test for excess errors)
WARNING: program timed out.
FAIL: gcc.c-torture/compile/limits-structnest.c -O2 (test for excess errors)
WARNING: program timed out.
FAIL: gcc.c-torture/compile/limits-structnest.c -O3 -fomit-frame-pointer (test for excess errors)
WARNING: program timed out.
FAIL: gcc.c-torture/compile/limits-structnest.c -O3 -g (test for excess errors)
WARNING: program timed out.
FAIL: gcc.c-torture/compile/limits-structnest.c -Os (test for excess errors)
XPASS: gcc.dg/Warray-bounds.c (test for warnings, line 59)
XPASS: gcc.dg/Warray-bounds.c (test for warnings, line 65)
XPASS: gcc.dg/Wunreachable-8.c (test for bogus messages, line 7)
WARNING: program timed out.
FAIL: gcc.dg/c99-intconst-1.c (test for excess errors)
XPASS: gcc.dg/funcorder.c scan-assembler-not link_error,%r
XPASS: gcc.dg/uninit-6.c uninitialized variable warning (test for bogus messages, line 42)
WARNING: program timed out.
UNRESOLVED: selfassign.c compilation, -I. -I/xxx/gnu/gcc/gcc/gcc/testsuite -I/xxx/gnu/gcc/gcc/gcc/testsuite/../../gcc -I/home/gnu/gcc/objdir/gcc/testsuite/gcc/../../../gcc -I/xxx/gnu/gcc/gcc/gcc/testsuite/../../include -I/xxx/gnu/gcc/gcc/gcc/testsuite/../../libcpp/include -I/opt/gnu64/gcc/gcc-4.4.2/include -O -DIN_GCC -fPIC -shared
UNRESOLVED: ggcplug.c compilation, -I. -I/xxx/gnu/gcc/gcc/gcc/testsuite -I/xxx/gnu/gcc/gcc/gcc/testsuite/../../gcc -I/home/gnu/gcc/objdir/gcc/testsuite/gcc/../../../gcc -I/xxx/gnu/gcc/gcc/gcc/testsuite/../../include -I/xxx/gnu/gcc/gcc/gcc/testsuite/../../libcpp/include -I/opt/gnu64/gcc/gcc-4.4.2/include -O -DIN_GCC -fPIC -shared
UNRESOLVED: one_time_plugin.c compilation, -I. -I/xxx/gnu/gcc/gcc/gcc/testsuite -I/xxx/gnu/gcc/gcc/gcc/testsuite/../../gcc -I/home/gnu/gcc/objdir/gcc/testsuite/gcc/../../../gcc -I/xxx/gnu/gcc/gcc/gcc/testsuite/../../include -I/xxx/gnu/gcc/gcc/gcc/testsuite/../../libcpp/include -I/opt/gnu64/gcc/gcc-4.4.2/include -DIN_GCC -fPIC -shared
UNRESOLVED: start_unit_plugin.c compilation, -I. -I/xxx/gnu/gcc/gcc/gcc/testsuite -I/xxx/gnu/gcc/gcc/gcc/testsuite/../../gcc -I/home/gnu/gcc/objdir/gcc/testsuite/gcc/../../../gcc -I/xxx/gnu/gcc/gcc/gcc/testsuite/../../include -I/xxx/gnu/gcc/gcc/gcc/testsuite/../../libcpp/include -I/opt/gnu64/gcc/gcc-4.4.2/include -DIN_GCC -fPIC -shared
UNRESOLVED: finish_unit_plugin.c compilation, -I. -I/xxx/gnu/gcc/gcc/gcc/testsuite -I/xxx/gnu/gcc/gcc/gcc/testsuite/../../gcc -I/home/gnu/gcc/objdir/gcc/testsuite/gcc/../../../gcc -I/xxx/gnu/gcc/gcc/gcc/testsuite/../../include -I/xxx/gnu/gcc/gcc/gcc/testsuite/../../libcpp/include -I/opt/gnu64/gcc/gcc-4.4.2/include -DIN_GCC -fPIC -shared
XPASS: gcc.dg/struct/wo_prof_array_through_pointer.c scan-ipa-dump ipa_struct_reorg "Number of structures to transform is 1"
FAIL: gcc.dg/torture/pr26565.c -O1 execution test
FAIL: gcc.dg/torture/pr26565.c -O2 execution test
FAIL: gcc.dg/torture/pr26565.c -Os execution test
FAIL: gcc.dg/tree-prof/pr34999.c compilation, -fprofile-use -D_PROFILE_USE
UNRESOLVED: gcc.dg/tree-prof/pr34999.c execution, -fprofile-use -D_PROFILE_USE
FAIL: gcc.dg/tree-ssa/20031015-1.c (internal compiler error)
FAIL: gcc.dg/tree-ssa/20031015-1.c (test for excess errors)
FAIL: gcc.dg/tree-ssa/asm-1.c (internal compiler error)
FAIL: gcc.dg/tree-ssa/asm-1.c (test for excess errors)
FAIL: gcc.dg/tree-ssa/asm-1.c scan-tree-dump-times optimized "63" 1
FAIL: gcc.dg/tree-ssa/asm-2.c (internal compiler error)
FAIL: gcc.dg/tree-ssa/asm-2.c (test for excess errors)
FAIL: gcc.dg/tree-ssa/asm-2.c scan-tree-dump-times optimized "asm[^\\r\\n]*xyzzy" 1
FAIL: gcc.dg/tree-ssa/asmgoto-1.c (internal compiler error)
FAIL: gcc.dg/tree-ssa/asmgoto-1.c (test for excess errors)
FAIL: gcc.dg/tree-ssa/asmgoto-1.c scan-tree-dump-times optimized "XYZZY" 1
FAIL: gcc.dg/tree-ssa/inline_asm-1.c (internal compiler error)
FAIL: gcc.dg/tree-ssa/inline_asm-1.c (test for excess errors)
FAIL: gcc.dg/tree-ssa/inline_asm-1.c scan-tree-dump-times optimized "test_function" 2: dump file does not exist
FAIL: gcc.dg/tree-ssa/pr23848-4.c (internal compiler error)
FAIL: gcc.dg/tree-ssa/pr23848-4.c (test for excess errors)
FAIL: gcc.dg/tree-ssa/pr38533.c (internal compiler error)
FAIL: gcc.dg/tree-ssa/pr38533.c (test for excess errors)
FAIL: gcc.dg/tree-ssa/pr38533.c scan-tree-dump-times reassoc1 "__asm__[^;
FAIL: gcc.dg/tree-ssa/stdarg-2.c (internal compiler error)
FAIL: gcc.dg/tree-ssa/stdarg-2.c (test for excess errors)
=== gcc Summary ===
# of expected passes 51279
# of unexpected failures 35
# of unexpected successes 6
# of expected failures 90
# of unresolved testcases 6
# of unsupported tests 692
/home/gnu/gcc/objdir/gcc/xgcc version 4.5.0 20091205 (experimental) [trunk revision 155009] (GCC)
=== gfortran tests ===
Running target unix
WARNING: program timed out.
FAIL: gfortran.dg/forall_1.f90 -O3 -g (test for excess errors)
WARNING: gfortran.dg/forall_1.f90 -O3 -g compilation failed to produce executable
=== gfortran Summary ===
# of expected passes 32066
# of unexpected failures 1
# of expected failures 22
# of unsupported tests 269
/home/gnu/gcc/objdir/gcc/testsuite/gfortran/../../gfortran version 4.5.0 20091205 (experimental) [trunk revision 155009] (GCC)
=== obj-c++ tests ===
Running target unix
WARNING: obj-c++.dg/lookup-2.mm compilation failed to produce executable
WARNING: obj-c++.dg/try-catch-2.mm compilation failed to produce executable
WARNING: obj-c++.dg/try-catch-9.mm compilation failed to produce executable
=== obj-c++ Summary ===
# of expected passes 430
# of expected failures 18
# of unsupported tests 13
/home/gnu/gcc/objdir/gcc/testsuite/obj-c++/../../g++ version 4.5.0 20091205 (experimental) [trunk revision 155009] (GCC)
=== objc tests ===
Running target unix
=== objc Summary ===
# of expected passes 1865
# of expected failures 15
# of unsupported tests 25
/home/gnu/gcc/objdir/gcc/xgcc version 4.5.0 20091205 (experimental) [trunk revision 155009] (GCC)
=== libgomp tests ===
Running target unix
=== libgomp Summary ===
# of expected passes 2408
# of unsupported tests 9
=== libstdc++ tests ===
Running target unix
FAIL: 21_strings/basic_string/requirements/typedefs.cc (test for excess errors)
FAIL: ext/new_allocator/deallocate_global.cc execution test
WARNING: program timed out.
FAIL: ext/pb_ds/regression/tree_data_map_rand.cc (test for excess errors)
WARNING: ext/pb_ds/regression/tree_data_map_rand.cc compilation failed to produce executable
WARNING: program timed out.
FAIL: ext/pb_ds/regression/tree_no_data_map_rand.cc (test for excess errors)
WARNING: ext/pb_ds/regression/tree_no_data_map_rand.cc compilation failed to produce executable
FAIL: ext/throw_allocator/deallocate_global.cc execution test
=== libstdc++ Summary ===
# of expected passes 5062
# of unexpected failures 5
# of expected failures 84
# of unsupported tests 446
Compiler version: 4.5.0 20091205 (experimental) [trunk revision 155009] (GCC)
Platform: hppa64-hp-hpux11.00
configure flags:Test Run By dave on Sun Dec 6 19:30:11 2009