This is the mail archive of the
gcc-testresults@gcc.gnu.org
mailing list for the GCC project.
Results for 4.5.0 20091206 (experimental) [trunk revision 155020] (GCC) testsuite on mips64el-unknown-linux-gnu
- From: Laurent GUERBY gcc42 <guerby at gcc42 dot fsffrance dot org>
- To: gcc-testresults at gcc dot gnu dot org
- Date: Tue, 08 Dec 2009 00:47:44 +0800
- Subject: Results for 4.5.0 20091206 (experimental) [trunk revision 155020] (GCC) testsuite on mips64el-unknown-linux-gnu
LAST_UPDATED: Sun Dec 6 03:09:32 UTC 2009 (revision 155020)
=== acats tests ===
FAIL: c52103x
FAIL: c52104x
FAIL: c52104y
FAIL: cb1010a
FAIL: cxg2001
FAIL: cxg2002
FAIL: cxg2003
FAIL: cxg2004
FAIL: cxg2006
FAIL: cxg2007
FAIL: cxg2010
FAIL: cxg2011
FAIL: cxg2012
FAIL: cxg2013
FAIL: cxg2014
FAIL: cxg2015
FAIL: cxg2016
FAIL: cxg2017
FAIL: cxg2018
FAIL: cxg2019
FAIL: cxg2020
FAIL: cxg2021
FAIL: cxg2024
=== acats Summary ===
# of expected passes 2298
# of unexpected failures 23
Native configuration is mips64el-unknown-linux-gnu
=== gcc tests ===
Running target unix/-mabi=32
FAIL: gcc.c-torture/compile/20001226-1.c -O3 -g (test for excess errors)
FAIL: gcc.c-torture/compile/limits-structnest.c -O2 (test for excess errors)
FAIL: gcc.c-torture/compile/limits-structnest.c -O3 -fomit-frame-pointer (test for excess errors)
FAIL: gcc.c-torture/compile/limits-structnest.c -O3 -g (test for excess errors)
FAIL: gcc.c-torture/compile/limits-structnest.c -Os (test for excess errors)
XPASS: gcc.dg/Warray-bounds.c (test for warnings, line 59)
XPASS: gcc.dg/Warray-bounds.c (test for warnings, line 65)
XPASS: gcc.dg/Wunreachable-8.c (test for bogus messages, line 7)
FAIL: gcc.dg/pr34668-1.c (internal compiler error)
FAIL: gcc.dg/pr34668-1.c (test for excess errors)
XPASS: gcc.dg/uninit-6.c uninitialized variable warning (test for bogus messages, line 42)
XPASS: gcc.dg/guality/example.c -O0 execution test
XPASS: gcc.dg/guality/guality.c -O0 execution test
XPASS: gcc.dg/guality/guality.c -O1 execution test
XPASS: gcc.dg/guality/pr41353-1.c -O0 line 28 j == 28 + 37
XPASS: gcc.dg/guality/pr41447-1.c -O0 execution test
XPASS: gcc.dg/guality/pr41616-1.c -O0 execution test
XPASS: gcc.dg/struct/wo_prof_array_through_pointer.c scan-ipa-dump ipa_struct_reorg "Number of structures to transform is 1"
FAIL: gcc.target/mips/mips16-attributes.c (test for excess errors)
FAIL: gcc.target/mips/octeon-bbit-1.c scan-assembler-times \\tbbit1\\t 4
FAIL: gcc.target/mips/octeon-bbit-1.c scan-assembler-times \\tbbit0\\t 2
=== gcc Summary for unix/-mabi=32 ===
# of expected passes 53798
# of unexpected failures 10
# of unexpected successes 11
# of expected failures 117
# of unsupported tests 656
Running target unix/-mabi=n32
FAIL: gcc.c-torture/compile/20001226-1.c -O3 -g (test for excess errors)
FAIL: gcc.c-torture/compile/limits-structnest.c -O2 (test for excess errors)
FAIL: gcc.c-torture/compile/limits-structnest.c -O3 -fomit-frame-pointer (test for excess errors)
FAIL: gcc.c-torture/compile/limits-structnest.c -O3 -g (test for excess errors)
FAIL: gcc.c-torture/compile/limits-structnest.c -Os (test for excess errors)
XPASS: gcc.dg/Warray-bounds.c (test for warnings, line 59)
XPASS: gcc.dg/Warray-bounds.c (test for warnings, line 65)
XPASS: gcc.dg/Wunreachable-8.c (test for bogus messages, line 7)
FAIL: gcc.dg/pr34668-1.c (internal compiler error)
FAIL: gcc.dg/pr34668-1.c (test for excess errors)
XPASS: gcc.dg/uninit-6.c uninitialized variable warning (test for bogus messages, line 42)
XPASS: gcc.dg/guality/example.c -O0 execution test
XPASS: gcc.dg/guality/example.c -O1 execution test
XPASS: gcc.dg/guality/guality.c -O0 execution test
XPASS: gcc.dg/guality/guality.c -O1 execution test
XPASS: gcc.dg/guality/guality.c -O2 execution test
XPASS: gcc.dg/guality/guality.c -O3 -fomit-frame-pointer execution test
XPASS: gcc.dg/guality/guality.c -O3 -g execution test
XPASS: gcc.dg/guality/pr41353-1.c -O0 line 28 j == 28 + 37
XPASS: gcc.dg/guality/pr41447-1.c -O0 execution test
XPASS: gcc.dg/guality/pr41616-1.c -O0 execution test
XPASS: gcc.dg/struct/wo_prof_array_through_pointer.c scan-ipa-dump ipa_struct_reorg "Number of structures to transform is 1"
FAIL: gcc.misc-tests/linkage.c link
FAIL: gcc.target/mips/mips16-attributes.c (test for excess errors)
=== gcc Summary for unix/-mabi=n32 ===
# of expected passes 53826
# of unexpected failures 9
# of unexpected successes 15
# of expected failures 113
# of unsupported tests 656
Running target unix/-mabi=64
FAIL: gcc.c-torture/compile/20001226-1.c -O3 -g (test for excess errors)
FAIL: gcc.c-torture/compile/limits-structnest.c -O2 (test for excess errors)
FAIL: gcc.c-torture/compile/limits-structnest.c -O3 -fomit-frame-pointer (test for excess errors)
FAIL: gcc.c-torture/compile/limits-structnest.c -O3 -g (test for excess errors)
FAIL: gcc.c-torture/compile/limits-structnest.c -Os (test for excess errors)
XPASS: gcc.dg/Warray-bounds.c (test for warnings, line 59)
XPASS: gcc.dg/Warray-bounds.c (test for warnings, line 65)
XPASS: gcc.dg/Wunreachable-8.c (test for bogus messages, line 7)
FAIL: gcc.dg/pr34668-1.c (internal compiler error)
FAIL: gcc.dg/pr34668-1.c (test for excess errors)
XPASS: gcc.dg/uninit-6.c uninitialized variable warning (test for bogus messages, line 42)
WARNING: program timed out.
XPASS: gcc.dg/struct/wo_prof_array_through_pointer.c scan-ipa-dump ipa_struct_reorg "Number of structures to transform is 1"
FAIL: gcc.dg/tree-ssa/ivopts-2.c scan-tree-dump-not ivopts "\\n candidates \\d+, \\d+,[^\\n]*\\n[^\\n]*\\nFinal cost"
FAIL: gcc.misc-tests/linkage.c link
FAIL: gcc.target/mips/mips16-attributes.c (test for excess errors)
FAIL: gcc.target/mips/octeon-bbit-2.c scan-assembler \\tbnel\\t
FAIL: gcc.target/mips/octeon-bbit-2.c scan-assembler-not \\tbne\\t
=== gcc Summary for unix/-mabi=64 ===
# of expected passes 53727
# of unexpected failures 12
# of unexpected successes 5
# of expected failures 86
# of unsupported tests 572
=== gcc Summary ===
# of expected passes 161351
# of unexpected failures 31
# of unexpected successes 31
# of expected failures 316
# of unsupported tests 1884
/home/guerby/build/gcc/xgcc version 4.5.0 20091206 (experimental) [trunk revision 155020] (GCC)
=== gnat tests ===
Running target unix/-mabi=32
FAIL: gnat.dg/stack_check1.adb execution test
FAIL: gnat.dg/stack_check2.adb execution test
=== gnat Summary for unix/-mabi=32 ===
# of expected passes 747
# of unexpected failures 2
# of expected failures 7
# of unsupported tests 1
Running target unix/-mabi=n32
FAIL: gnat.dg/stack_check1.adb execution test
FAIL: gnat.dg/stack_check2.adb execution test
FAIL: gnat.dg/specs/addr1.ads (test for bogus messages, line 24)
FAIL: gnat.dg/specs/addr1.ads (test for excess errors)
=== gnat Summary for unix/-mabi=n32 ===
# of expected passes 745
# of unexpected failures 4
# of expected failures 7
# of unsupported tests 1
Running target unix/-mabi=64
FAIL: gnat.dg/stack_check1.adb execution test
FAIL: gnat.dg/stack_check2.adb execution test
=== gnat Summary for unix/-mabi=64 ===
# of expected passes 747
# of unexpected failures 2
# of expected failures 7
# of unsupported tests 1
=== gnat Summary ===
# of expected passes 2239
# of unexpected failures 8
# of expected failures 21
# of unsupported tests 3
=== libgomp tests ===
Running target unix/-mabi=32
=== libgomp Summary for unix/-mabi=32 ===
# of expected passes 262
Running target unix/-mabi=n32
=== libgomp Summary for unix/-mabi=n32 ===
# of expected passes 262
Running target unix/-mabi=64
=== libgomp Summary for unix/-mabi=64 ===
# of expected passes 262
=== libgomp Summary ===
# of expected passes 786
Compiler version: 4.5.0 20091206 (experimental) [trunk revision 155020] (GCC)
Platform: mips64el-unknown-linux-gnu
configure flags: --enable-languages=c,ada --enable-__cxa_atexit --disable-nls --enable-threads=posix --prefix=/n/42/guerby/install-trunk-155020 --disable-fixed-point --with-mpfr=/opt/cfarm/mpfr-2.4.1-n32 --with-gmp=/opt/cfarm/gmp-4.2.4-n32 --with-mpc=/opt/cfarm/mpc-0.8-n32 --disable-libmudflap