This is the mail archive of the
gcc-testresults@gcc.gnu.org
mailing list for the GCC project.
Results for 4.5.0 20091206 (experimental) [trunk revision 155023] (GCC) testsuite on alphaev68-unknown-linux-gnu
- From: uros at gcc13 dot fsffrance dot org
- To: gcc-testresults at gcc dot gnu dot org
- Date: Mon, 07 Dec 2009 16:03:32 +0100
- Subject: Results for 4.5.0 20091206 (experimental) [trunk revision 155023] (GCC) testsuite on alphaev68-unknown-linux-gnu
LAST_UPDATED: Sun Dec 6 20:27:18 UTC 2009 (revision 155023)
Native configuration is alphaev68-unknown-linux-gnu
=== libffi tests ===
Running target unix
=== libffi Summary ===
# of expected passes 1609
# of expected failures 10
# of unsupported tests 15
=== libgomp tests ===
Running target unix
=== libgomp Summary ===
# of expected passes 2426
=== libjava tests ===
Running target unix
=== libjava Summary ===
# of expected passes 2574
=== libmudflap tests ===
Running target unix
FAIL: libmudflap.c/pass54-frag.c execution test
FAIL: libmudflap.c/pass54-frag.c execution test
FAIL: libmudflap.c/pass54-frag.c (-static) execution test
FAIL: libmudflap.c/pass54-frag.c (-static) execution test
FAIL: libmudflap.c/fail31-frag.c (-O3) crash test
FAIL: libmudflap.c/fail31-frag.c (-O3) output pattern test
FAIL: libmudflap.c/pass45-frag.c (-O3) execution test
FAIL: libmudflap.c/pass45-frag.c (-O3) output pattern test
FAIL: libmudflap.c/pass45-frag.c (-O3) execution test
FAIL: libmudflap.c/pass45-frag.c (-O3) output pattern test
FAIL: libmudflap.c++/pass41-frag.cxx execution test
FAIL: libmudflap.c++/pass41-frag.cxx (-static) execution test
FAIL: libmudflap.c++/pass41-frag.cxx ( -O) execution test
FAIL: libmudflap.c++/pass41-frag.cxx (-O2) execution test
FAIL: libmudflap.c++/pass41-frag.cxx (-O3) execution test
=== libmudflap Summary ===
# of expected passes 1879
# of unexpected failures 15
=== libstdc++ tests ===
Running target unix
FAIL: 23_containers/list/pthread5.cc execution test
XPASS: 26_numerics/headers/cmath/c99_classification_macros_c.cc (test for excess errors)
=== libstdc++ Summary ===
# of expected passes 6469
# of unexpected failures 1
# of unexpected successes 1
# of expected failures 90
# of unsupported tests 331
=== gcc tests ===
Running target unix
FAIL: gcc.c-torture/execute/builtins/memmove-2.c compilation, -O2 -fwhopr
UNRESOLVED: gcc.c-torture/execute/builtins/memmove-2.c execution, -O2 -fwhopr
FAIL: gcc.c-torture/execute/builtins/sprintf-chk.c execution, -O2 -fwhopr
FAIL: gcc.c-torture/execute/builtins/stpcpy-chk.c execution, -O2 -fwhopr
FAIL: gcc.c-torture/execute/builtins/strcpy-chk.c execution, -O2 -fwhopr
FAIL: gcc.c-torture/execute/stdarg-1.c execution, -O3 -fomit-frame-pointer
FAIL: gcc.c-torture/execute/stdarg-1.c execution, -O3 -g
XPASS: gcc.dg/Warray-bounds.c (test for warnings, line 59)
XPASS: gcc.dg/Warray-bounds.c (test for warnings, line 65)
XPASS: gcc.dg/Wunreachable-8.c (test for bogus messages, line 7)
FAIL: gcc.dg/pr34668-1.c (internal compiler error)
FAIL: gcc.dg/pr34668-1.c (test for excess errors)
XPASS: gcc.dg/uninit-6.c uninitialized variable warning (test for bogus messages, line 42)
XPASS: gcc.dg/guality/example.c -O0 execution test
XPASS: gcc.dg/guality/guality.c -O0 execution test
XPASS: gcc.dg/guality/inline-params.c -O0 execution test
XPASS: gcc.dg/guality/inline-params.c -O1 execution test
XPASS: gcc.dg/guality/inline-params.c -O2 execution test
XPASS: gcc.dg/guality/inline-params.c -O3 -fomit-frame-pointer execution test
XPASS: gcc.dg/guality/inline-params.c -O3 -g execution test
XPASS: gcc.dg/guality/inline-params.c -Os execution test
XPASS: gcc.dg/guality/pr41353-1.c -O0 line 28 j == 28 + 37
FAIL: gcc.dg/guality/pr41353-1.c -O1 line 39 i == 12
FAIL: gcc.dg/guality/pr41353-1.c -O1 line 39 i1 == 2 * 12
FAIL: gcc.dg/guality/pr41353-1.c -O1 line 39 i2 == 2 * 12
FAIL: gcc.dg/guality/pr41353-1.c -O1 line 39 i3 == 3 * 12
FAIL: gcc.dg/guality/pr41353-1.c -O2 line 39 i == 12
FAIL: gcc.dg/guality/pr41353-1.c -O2 line 39 i1 == 2 * 12
FAIL: gcc.dg/guality/pr41353-1.c -O2 line 39 i2 == 2 * 12
FAIL: gcc.dg/guality/pr41353-1.c -O2 line 39 i3 == 3 * 12
FAIL: gcc.dg/guality/pr41353-1.c -O3 -fomit-frame-pointer line 39 i == 12
FAIL: gcc.dg/guality/pr41353-1.c -O3 -fomit-frame-pointer line 39 i1 == 2 * 12
FAIL: gcc.dg/guality/pr41353-1.c -O3 -fomit-frame-pointer line 39 i2 == 2 * 12
FAIL: gcc.dg/guality/pr41353-1.c -O3 -fomit-frame-pointer line 39 i3 == 3 * 12
FAIL: gcc.dg/guality/pr41353-1.c -O3 -g line 39 i == 12
FAIL: gcc.dg/guality/pr41353-1.c -O3 -g line 39 i1 == 2 * 12
FAIL: gcc.dg/guality/pr41353-1.c -O3 -g line 39 i2 == 2 * 12
FAIL: gcc.dg/guality/pr41353-1.c -O3 -g line 39 i3 == 3 * 12
FAIL: gcc.dg/guality/pr41353-1.c -Os line 39 i == 12
FAIL: gcc.dg/guality/pr41353-1.c -Os line 39 i1 == 2 * 12
FAIL: gcc.dg/guality/pr41353-1.c -Os line 39 i2 == 2 * 12
FAIL: gcc.dg/guality/pr41353-1.c -Os line 39 i3 == 3 * 12
FAIL: gcc.dg/guality/pr41404-1.c -O1 line 10 *foo == 'f'
FAIL: gcc.dg/guality/pr41404-1.c -O2 line 10 *foo == 'f'
FAIL: gcc.dg/guality/pr41404-1.c -Os line 10 *foo == 'f'
XPASS: gcc.dg/guality/pr41447-1.c -O0 execution test
XPASS: gcc.dg/guality/pr41616-1.c -O0 execution test
XPASS: gcc.dg/guality/pr41616-1.c -O1 execution test
XPASS: gcc.dg/guality/pr41616-1.c -O2 execution test
XPASS: gcc.dg/guality/pr41616-1.c -Os execution test
FAIL: gcc.dg/lto/20090116 c_lto_20090116_0.o-c_lto_20090116_0.o link, (internal compiler error)
UNRESOLVED: gcc.dg/lto/20090116 c_lto_20090116_0.o-c_lto_20090116_0.o execute -O1 -fwhopr -fPIC
XPASS: gcc.dg/struct/wo_prof_array_through_pointer.c scan-ipa-dump ipa_struct_reorg "Number of structures to transform is 1"
FAIL: gcc.dg/torture/builtin-math-7.c -O2 -flto execution test
FAIL: gcc.dg/torture/builtin-math-7.c -O2 -fwhopr execution test
=== gcc Summary ===
# of expected passes 62330
# of unexpected failures 34
# of unexpected successes 19
# of expected failures 122
# of unresolved testcases 2
# of unsupported tests 741
/space/uros/gcc-build/gcc/xgcc version 4.5.0 20091206 (experimental) [trunk revision 155023] (GCC)
=== gfortran tests ===
Running target unix
FAIL: gfortran.dg/lto/pr40725 f_lto_pr40725_0.o-f_lto_pr40725_1.o execute -O2 -fwhopr
FAIL: gfortran.dg/lto/pr40725 f_lto_pr40725_0.o-f_lto_pr40725_1.o execute -O2 -flto
=== gfortran Summary ===
# of expected passes 33199
# of unexpected failures 2
# of expected failures 22
# of unsupported tests 61
/space/uros/gcc-build/gcc/testsuite/gfortran/../../gfortran version 4.5.0 20091206 (experimental) [trunk revision 155023] (GCC)
=== g++ tests ===
Running target unix
FAIL: g++.dg/lto/20080908-3 cp_lto_20080908-3_0.o-cp_lto_20080908-3_0.o execute -O0 -fwhopr
FAIL: g++.dg/lto/20080908-3 cp_lto_20080908-3_0.o-cp_lto_20080908-3_0.o execute -O0 -flto
=== g++ Summary ===
# of expected passes 21410
# of unexpected failures 2
# of expected failures 147
# of unsupported tests 172
/space/uros/gcc-build/gcc/testsuite/g++/../../g++ version 4.5.0 20091206 (experimental) [trunk revision 155023] (GCC)
=== objc tests ===
Running target unix
FAIL: objc/execute/forward-1.m execution, -O0 -fgnu-runtime
FAIL: objc/execute/forward-1.m execution, -O1 -fgnu-runtime
FAIL: objc/execute/forward-1.m execution, -O2 -fgnu-runtime
FAIL: objc/execute/forward-1.m execution, -O3 -fomit-frame-pointer -fgnu-runtime
FAIL: objc/execute/forward-1.m execution, -O3 -fomit-frame-pointer -funroll-loops -fgnu-runtime
FAIL: objc/execute/forward-1.m execution, -O3 -fomit-frame-pointer -funroll-all-loops -finline-functions -fgnu-runtime
FAIL: objc/execute/forward-1.m execution, -O3 -g -fgnu-runtime
FAIL: objc/execute/forward-1.m execution, -Os -fgnu-runtime
=== objc Summary ===
# of expected passes 1865
# of unexpected failures 8
# of expected failures 7
# of unsupported tests 25
/space/uros/gcc-build/gcc/xgcc version 4.5.0 20091206 (experimental) [trunk revision 155023] (GCC)
Compiler version: 4.5.0 20091206 (experimental) [trunk revision 155023] (GCC)
Platform: alphaev68-unknown-linux-gnu
configure flags: none
BOOT_CFLAGS=-g -O2