This is the mail archive of the
gcc-testresults@gcc.gnu.org
mailing list for the GCC project.
Results for 4.5.0 20091206 (experimental) [trunk revision 155023] (GCC) testsuite on x86_64-suse-linux-gnu
- From: Andreas Jaeger <aj at suse dot de>
- To: gcc-testresults at gcc dot gnu dot org
- Date: Mon, 7 Dec 2009 02:00:56 +0100
- Subject: Results for 4.5.0 20091206 (experimental) [trunk revision 155023] (GCC) testsuite on x86_64-suse-linux-gnu
Bootstrap and regtesting on x86_64-suse-linux-gnu.
SVN sources: mainline.
LAST_UPDATED: Sun Dec 6 19:19:12 UTC 2009 (revision 155023)
=== acats tests ===
=== acats Summary ===
# of expected passes 2321
# of unexpected failures 0
Native configuration is x86_64-suse-linux-gnu
=== gcc tests ===
Running target unix
FAIL: gcc.c-torture/execute/builtins/memmove-2.c compilation, -O2 -fwhopr
UNRESOLVED: gcc.c-torture/execute/builtins/memmove-2.c execution, -O2 -fwhopr
FAIL: gcc.c-torture/execute/builtins/sprintf-chk.c execution, -O2 -fwhopr
FAIL: gcc.c-torture/execute/builtins/stpcpy-chk.c execution, -O2 -fwhopr
FAIL: gcc.c-torture/execute/builtins/strcpy-chk.c execution, -O2 -fwhopr
XPASS: gcc.dg/Warray-bounds.c (test for warnings, line 59)
XPASS: gcc.dg/Warray-bounds.c (test for warnings, line 65)
XPASS: gcc.dg/Wunreachable-8.c (test for bogus messages, line 7)
FAIL: gcc.dg/pr34668-1.c (internal compiler error)
FAIL: gcc.dg/pr34668-1.c (test for excess errors)
XPASS: gcc.dg/uninit-6.c uninitialized variable warning (test for bogus messages, line 42)
XPASS: gcc.dg/guality/example.c -O0 execution test
XPASS: gcc.dg/guality/example.c -O1 execution test
XPASS: gcc.dg/guality/example.c -O2 execution test
XPASS: gcc.dg/guality/guality.c -O0 execution test
XPASS: gcc.dg/guality/guality.c -O1 execution test
XPASS: gcc.dg/guality/guality.c -O2 execution test
XPASS: gcc.dg/guality/guality.c -O3 -fomit-frame-pointer execution test
XPASS: gcc.dg/guality/guality.c -O3 -g execution test
XPASS: gcc.dg/guality/guality.c -Os execution test
XPASS: gcc.dg/guality/inline-params.c -O0 execution test
XPASS: gcc.dg/guality/inline-params.c -O1 execution test
XPASS: gcc.dg/guality/inline-params.c -O2 execution test
XPASS: gcc.dg/guality/inline-params.c -O3 -fomit-frame-pointer execution test
XPASS: gcc.dg/guality/inline-params.c -O3 -g execution test
XPASS: gcc.dg/guality/inline-params.c -Os execution test
XPASS: gcc.dg/guality/pr41353-1.c -O0 line 28 j == 28 + 37
XPASS: gcc.dg/guality/pr41447-1.c -O0 execution test
XPASS: gcc.dg/guality/pr41616-1.c -O0 execution test
XPASS: gcc.dg/guality/pr41616-1.c -O1 execution test
XPASS: gcc.dg/guality/pr41616-1.c -O2 execution test
XPASS: gcc.dg/guality/pr41616-1.c -Os execution test
XPASS: gcc.dg/struct/wo_prof_array_through_pointer.c scan-ipa-dump ipa_struct_reorg "Number of structures to transform is 1"
FAIL: gcc.dg/torture/builtin-math-7.c -O2 -flto execution test
FAIL: gcc.dg/torture/builtin-math-7.c -O2 -fwhopr execution test
FAIL: gcc.target/i386/avx-1.c (internal compiler error)
FAIL: gcc.target/i386/avx-1.c (test for excess errors)
FAIL: gcc.target/i386/avx-2.c (internal compiler error)
FAIL: gcc.target/i386/avx-2.c (test for excess errors)
FAIL: gcc.target/i386/avx-vperm2f128-256-1.c (internal compiler error)
FAIL: gcc.target/i386/avx-vperm2f128-256-1.c (test for excess errors)
WARNING: gcc.target/i386/avx-vperm2f128-256-1.c compilation failed to produce executable
FAIL: gcc.target/i386/avx-vperm2f128-256-2.c (internal compiler error)
FAIL: gcc.target/i386/avx-vperm2f128-256-2.c (test for excess errors)
WARNING: gcc.target/i386/avx-vperm2f128-256-2.c compilation failed to produce executable
FAIL: gcc.target/i386/avx-vperm2f128-256-3.c (internal compiler error)
FAIL: gcc.target/i386/avx-vperm2f128-256-3.c (test for excess errors)
WARNING: gcc.target/i386/avx-vperm2f128-256-3.c compilation failed to produce executable
FAIL: gcc.target/i386/sse-13.c (internal compiler error)
FAIL: gcc.target/i386/sse-13.c (test for excess errors)
FAIL: gcc.target/i386/sse-14.c (internal compiler error)
FAIL: gcc.target/i386/sse-14.c (test for excess errors)
=== gcc Summary for unix ===
# of expected passes 70325
# of unexpected successes 26
# of unexpected failures 22
# of expected failures 196
# of unresolved testcases 1
# of unsupported tests 971
Running target unix/-m32
FAIL: gcc.c-torture/execute/builtins/memmove-2.c compilation, -O2 -fwhopr
UNRESOLVED: gcc.c-torture/execute/builtins/memmove-2.c execution, -O2 -fwhopr
FAIL: gcc.c-torture/execute/builtins/sprintf-chk.c execution, -O2 -fwhopr
FAIL: gcc.c-torture/execute/builtins/stpcpy-chk.c execution, -O2 -fwhopr
FAIL: gcc.c-torture/execute/builtins/strcpy-chk.c execution, -O2 -fwhopr
XPASS: gcc.dg/Warray-bounds.c (test for warnings, line 59)
XPASS: gcc.dg/Warray-bounds.c (test for warnings, line 65)
XPASS: gcc.dg/Wunreachable-8.c (test for bogus messages, line 7)
FAIL: gcc.dg/pr34668-1.c (internal compiler error)
FAIL: gcc.dg/pr34668-1.c (test for excess errors)
XPASS: gcc.dg/uninit-6.c uninitialized variable warning (test for bogus messages, line 42)
XPASS: gcc.dg/guality/example.c -O0 execution test
XPASS: gcc.dg/guality/inline-params.c -O0 execution test
XPASS: gcc.dg/guality/inline-params.c -O1 execution test
XPASS: gcc.dg/guality/inline-params.c -O2 execution test
XPASS: gcc.dg/guality/inline-params.c -O3 -fomit-frame-pointer execution test
XPASS: gcc.dg/guality/inline-params.c -O3 -g execution test
XPASS: gcc.dg/guality/inline-params.c -Os execution test
XPASS: gcc.dg/guality/pr41353-1.c -O0 line 28 j == 28 + 37
FAIL: gcc.dg/guality/pr41353-1.c -O1 line 28 i1 == 2 * 37
FAIL: gcc.dg/guality/pr41353-1.c -O1 line 28 i2 == 3 * 37
FAIL: gcc.dg/guality/pr41353-1.c -O2 line 28 i1 == 2 * 37
FAIL: gcc.dg/guality/pr41353-1.c -O2 line 28 i2 == 3 * 37
FAIL: gcc.dg/guality/pr41353-1.c -O3 -fomit-frame-pointer line 28 i1 == 2 * 37
FAIL: gcc.dg/guality/pr41353-1.c -O3 -fomit-frame-pointer line 28 i2 == 3 * 37
FAIL: gcc.dg/guality/pr41353-1.c -O3 -g line 28 i1 == 2 * 37
FAIL: gcc.dg/guality/pr41353-1.c -O3 -g line 28 i2 == 3 * 37
FAIL: gcc.dg/guality/pr41353-1.c -Os line 28 i1 == 2 * 37
FAIL: gcc.dg/guality/pr41353-1.c -Os line 28 i2 == 3 * 37
XPASS: gcc.dg/guality/pr41447-1.c -O0 execution test
XPASS: gcc.dg/guality/pr41616-1.c -O0 execution test
XPASS: gcc.dg/guality/pr41616-1.c -O1 execution test
XPASS: gcc.dg/guality/pr41616-1.c -O2 execution test
XPASS: gcc.dg/guality/pr41616-1.c -Os execution test
XPASS: gcc.dg/struct/wo_prof_array_through_pointer.c scan-ipa-dump ipa_struct_reorg "Number of structures to transform is 1"
FAIL: gcc.dg/torture/builtin-math-7.c -O2 -flto execution test
FAIL: gcc.dg/torture/builtin-math-7.c -O2 -fwhopr execution test
FAIL: gcc.target/i386/avx-1.c (internal compiler error)
FAIL: gcc.target/i386/avx-1.c (test for excess errors)
FAIL: gcc.target/i386/avx-2.c (internal compiler error)
FAIL: gcc.target/i386/avx-2.c (test for excess errors)
FAIL: gcc.target/i386/avx-vperm2f128-256-1.c (internal compiler error)
FAIL: gcc.target/i386/avx-vperm2f128-256-1.c (test for excess errors)
WARNING: gcc.target/i386/avx-vperm2f128-256-1.c compilation failed to produce executable
FAIL: gcc.target/i386/avx-vperm2f128-256-2.c (internal compiler error)
FAIL: gcc.target/i386/avx-vperm2f128-256-2.c (test for excess errors)
WARNING: gcc.target/i386/avx-vperm2f128-256-2.c compilation failed to produce executable
FAIL: gcc.target/i386/avx-vperm2f128-256-3.c (internal compiler error)
FAIL: gcc.target/i386/avx-vperm2f128-256-3.c (test for excess errors)
WARNING: gcc.target/i386/avx-vperm2f128-256-3.c compilation failed to produce executable
FAIL: gcc.target/i386/funcspec-9.c scan-assembler vfmaddss
FAIL: gcc.target/i386/sse-13.c (internal compiler error)
FAIL: gcc.target/i386/sse-13.c (test for excess errors)
FAIL: gcc.target/i386/sse-14.c (internal compiler error)
FAIL: gcc.target/i386/sse-14.c (test for excess errors)
=== gcc Summary for unix/-m32 ===
# of expected passes 70782
# of unexpected successes 18
# of unexpected failures 33
# of expected failures 205
# of unresolved testcases 1
# of unsupported tests 619
=== gcc Summary ===
# of expected passes 141107
# of unexpected failures 55
# of unexpected successes 44
# of expected failures 401
# of unresolved testcases 2
# of unsupported tests 1590
/build/gcc/gcc/xgcc version 4.5.0 20091206 (experimental) [trunk revision 155023] (GCC)
=== gfortran tests ===
Running target unix
FAIL: gfortran.dg/lto/pr40725 f_lto_pr40725_0.o-f_lto_pr40725_1.o execute -O2 -fwhopr
FAIL: gfortran.dg/lto/pr40725 f_lto_pr40725_0.o-f_lto_pr40725_1.o execute -O2 -flto
=== gfortran Summary for unix ===
# of expected passes 33260
# of unexpected failures 2
# of expected failures 22
# of unsupported tests 58
Running target unix/-m32
FAIL: gfortran.dg/lto/pr40725 f_lto_pr40725_0.o-f_lto_pr40725_1.o execute -O2 -fwhopr
FAIL: gfortran.dg/lto/pr40725 f_lto_pr40725_0.o-f_lto_pr40725_1.o execute -O2 -flto
=== gfortran Summary for unix/-m32 ===
# of expected passes 33131
# of unexpected failures 2
# of expected failures 22
# of unsupported tests 118
=== gfortran Summary ===
# of expected passes 66391
# of unexpected failures 4
# of expected failures 44
# of unsupported tests 176
/build/gcc/gcc/testsuite/gfortran/../../gfortran version 4.5.0 20091206 (experimental) [trunk revision 155023] (GCC)
=== g++ tests ===
Running target unix
=== g++ Summary for unix ===
# of expected passes 22015
# of expected failures 147
# of unsupported tests 299
Running target unix/-m32
FAIL: g++.dg/lto/20081109 cp_lto_20081109_0.o-cp_lto_20081109_1.o execute -O2 -fwhopr
=== g++ Summary for unix/-m32 ===
# of expected passes 22409
# of unexpected failures 1
# of expected failures 147
# of unsupported tests 111
=== g++ Summary ===
# of expected passes 44424
# of unexpected failures 1
# of expected failures 294
# of unsupported tests 410
/build/gcc/gcc/testsuite/g++/../../g++ version 4.5.0 20091206 (experimental) [trunk revision 155023] (GCC)
=== gnat tests ===
Running target unix/-m32
=== gnat Summary for unix/-m32 ===
# of expected passes 750
# of expected failures 7
Running target unix
=== gnat Summary for unix ===
# of expected passes 750
# of expected failures 7
=== gnat Summary ===
# of expected passes 1500
# of expected failures 14
=== objc tests ===
Running target unix/-m32
=== objc Summary for unix/-m32 ===
# of expected passes 1875
# of expected failures 7
# of unsupported tests 24
Running target unix
=== objc Summary for unix ===
# of expected passes 1867
# of expected failures 15
# of unsupported tests 24
=== objc Summary ===
# of expected passes 3742
# of expected failures 22
# of unsupported tests 48
/build/gcc/gcc/xgcc version 4.5.0 20091206 (experimental) [trunk revision 155023] (GCC)
=== libffi tests ===
Running target unix/-m32
=== libffi Summary for unix/-m32 ===
# of expected passes 1609
# of expected failures 10
# of unsupported tests 15
Running target unix
=== libffi Summary for unix ===
# of expected passes 1609
# of expected failures 10
# of unsupported tests 15
=== libffi Summary ===
# of expected passes 3218
# of expected failures 20
# of unsupported tests 30
=== libgomp tests ===
Running target unix/-m32
=== libgomp Summary for unix/-m32 ===
# of expected passes 2426
Running target unix
=== libgomp Summary for unix ===
# of expected passes 2426
=== libgomp Summary ===
# of expected passes 4852
=== libjava tests ===
Running target unix/-m32
=== libjava Summary for unix/-m32 ===
# of expected passes 2574
Running target unix
=== libjava Summary for unix ===
# of expected passes 2574
=== libjava Summary ===
# of expected passes 5148
=== libmudflap tests ===
Running target unix/-m32
FAIL: libmudflap.c/fail17-frag.c (-static) (test for excess errors)
FAIL: libmudflap.c/fail23-frag.c (-static) (test for excess errors)
FAIL: libmudflap.c/fail25-frag.c (-static) (test for excess errors)
FAIL: libmudflap.c/fail4-frag.c (-static) (test for excess errors)
FAIL: libmudflap.c/fail5-frag.c (-static) (test for excess errors)
FAIL: libmudflap.c/fail6-frag.c (-static) (test for excess errors)
FAIL: libmudflap.c/fail7-frag.c (-static) (test for excess errors)
FAIL: libmudflap.c/fail8-frag.c (-static) (test for excess errors)
FAIL: libmudflap.c/fail9-frag.c (-static) (test for excess errors)
FAIL: libmudflap.c/heap-scalestress.c (-static) (test for excess errors)
FAIL: libmudflap.c/hook-allocstuff.c (-static) (test for excess errors)
FAIL: libmudflap.c/pass-stratcliff.c (-static) (test for excess errors)
FAIL: libmudflap.c/pass30-frag.c (-static) (test for excess errors)
FAIL: libmudflap.c/pass30-frag.c (-static) (test for excess errors)
FAIL: libmudflap.c/pass4-frag.c (-static) (test for excess errors)
FAIL: libmudflap.c/pass4-frag.c (-static) (test for excess errors)
FAIL: libmudflap.c/pass45-frag.c (-static) (test for excess errors)
FAIL: libmudflap.c/pass45-frag.c (-static) (test for excess errors)
FAIL: libmudflap.c/pass46-frag.c (-static) (test for excess errors)
FAIL: libmudflap.c/pass46-frag.c (-static) (test for excess errors)
FAIL: libmudflap.c/pass47-frag.c (-static) (test for excess errors)
FAIL: libmudflap.c/pass47-frag.c (-static) (test for excess errors)
FAIL: libmudflap.c/pass49-frag.c (-static) (test for excess errors)
FAIL: libmudflap.c/pass49-frag.c (-static) (test for excess errors)
FAIL: libmudflap.c/pass5-frag.c (-static) (test for excess errors)
FAIL: libmudflap.c/pass5-frag.c (-static) (test for excess errors)
FAIL: libmudflap.c/pass51-frag.c (-static) (test for excess errors)
FAIL: libmudflap.c/pass51-frag.c (-static) (test for excess errors)
FAIL: libmudflap.c/pass52-frag.c (-static) (test for excess errors)
FAIL: libmudflap.c/pass52-frag.c (-static) (test for excess errors)
FAIL: libmudflap.c/pass6-frag.c (-static) (test for excess errors)
FAIL: libmudflap.c/pass6-frag.c (-static) (test for excess errors)
FAIL: libmudflap.c/pass7-frag.c (-static) (test for excess errors)
FAIL: libmudflap.c/pass7-frag.c (-static) (test for excess errors)
FAIL: libmudflap.c/pass8-frag.c (-static) (test for excess errors)
FAIL: libmudflap.c/pass8-frag.c (-static) (test for excess errors)
FAIL: libmudflap.c/pass9-frag.c (-static) (test for excess errors)
FAIL: libmudflap.c/pass9-frag.c (-static) (test for excess errors)
FAIL: libmudflap.c/fail31-frag.c (-O3) output pattern test
FAIL: libmudflap.c/pass45-frag.c (-O3) execution test
FAIL: libmudflap.c/pass45-frag.c (-O3) output pattern test
FAIL: libmudflap.c/pass45-frag.c (-O3) execution test
FAIL: libmudflap.c/pass45-frag.c (-O3) output pattern test
FAIL: libmudflap.c++/pass41-frag.cxx execution test
FAIL: libmudflap.c++/fail24-frag.cxx (-static) (test for excess errors)
FAIL: libmudflap.c++/pass31-frag.cxx (-static) (test for excess errors)
FAIL: libmudflap.c++/pass41-frag.cxx (-static) execution test
FAIL: libmudflap.c++/pass41-frag.cxx ( -O) execution test
FAIL: libmudflap.c++/pass41-frag.cxx (-O2) execution test
FAIL: libmudflap.c++/pass41-frag.cxx (-O3) execution test
FAIL: libmudflap.cth/pass37-frag.c (-static -DSTATIC) (test for excess errors)
FAIL: libmudflap.cth/pass39-frag.c (-static -DSTATIC) (test for excess errors)
FAIL: libmudflap.cth/pass40-frag.c (-static -DSTATIC) (test for excess errors)
FAIL: libmudflap.cth/pass59-frag.c (-static -DSTATIC) (test for excess errors)
=== libmudflap Summary for unix/-m32 ===
# of expected passes 1840
# of unexpected failures 54
Running target unix
FAIL: libmudflap.c/fail17-frag.c (-static) (test for excess errors)
FAIL: libmudflap.c/fail23-frag.c (-static) (test for excess errors)
FAIL: libmudflap.c/fail25-frag.c (-static) (test for excess errors)
FAIL: libmudflap.c/fail4-frag.c (-static) (test for excess errors)
FAIL: libmudflap.c/fail5-frag.c (-static) (test for excess errors)
FAIL: libmudflap.c/fail6-frag.c (-static) (test for excess errors)
FAIL: libmudflap.c/fail7-frag.c (-static) (test for excess errors)
FAIL: libmudflap.c/fail8-frag.c (-static) (test for excess errors)
FAIL: libmudflap.c/fail9-frag.c (-static) (test for excess errors)
FAIL: libmudflap.c/heap-scalestress.c (-static) (test for excess errors)
FAIL: libmudflap.c/hook-allocstuff.c (-static) (test for excess errors)
FAIL: libmudflap.c/pass-stratcliff.c (-static) (test for excess errors)
FAIL: libmudflap.c/pass30-frag.c (-static) (test for excess errors)
FAIL: libmudflap.c/pass30-frag.c (-static) (test for excess errors)
FAIL: libmudflap.c/pass4-frag.c (-static) (test for excess errors)
FAIL: libmudflap.c/pass4-frag.c (-static) (test for excess errors)
FAIL: libmudflap.c/pass45-frag.c (-static) (test for excess errors)
FAIL: libmudflap.c/pass45-frag.c (-static) (test for excess errors)
FAIL: libmudflap.c/pass46-frag.c (-static) (test for excess errors)
FAIL: libmudflap.c/pass46-frag.c (-static) (test for excess errors)
FAIL: libmudflap.c/pass47-frag.c (-static) (test for excess errors)
FAIL: libmudflap.c/pass47-frag.c (-static) (test for excess errors)
FAIL: libmudflap.c/pass49-frag.c (-static) (test for excess errors)
FAIL: libmudflap.c/pass49-frag.c (-static) (test for excess errors)
FAIL: libmudflap.c/pass5-frag.c (-static) (test for excess errors)
FAIL: libmudflap.c/pass5-frag.c (-static) (test for excess errors)
FAIL: libmudflap.c/pass51-frag.c (-static) (test for excess errors)
FAIL: libmudflap.c/pass51-frag.c (-static) (test for excess errors)
FAIL: libmudflap.c/pass52-frag.c (-static) (test for excess errors)
FAIL: libmudflap.c/pass52-frag.c (-static) (test for excess errors)
FAIL: libmudflap.c/pass6-frag.c (-static) (test for excess errors)
FAIL: libmudflap.c/pass6-frag.c (-static) (test for excess errors)
FAIL: libmudflap.c/pass7-frag.c (-static) (test for excess errors)
FAIL: libmudflap.c/pass7-frag.c (-static) (test for excess errors)
FAIL: libmudflap.c/pass8-frag.c (-static) (test for excess errors)
FAIL: libmudflap.c/pass8-frag.c (-static) (test for excess errors)
FAIL: libmudflap.c/pass9-frag.c (-static) (test for excess errors)
FAIL: libmudflap.c/pass9-frag.c (-static) (test for excess errors)
FAIL: libmudflap.c/fail31-frag.c (-O3) output pattern test
FAIL: libmudflap.c/pass45-frag.c (-O3) execution test
FAIL: libmudflap.c/pass45-frag.c (-O3) output pattern test
FAIL: libmudflap.c/pass45-frag.c (-O3) execution test
FAIL: libmudflap.c/pass45-frag.c (-O3) output pattern test
FAIL: libmudflap.c++/pass41-frag.cxx execution test
FAIL: libmudflap.c++/fail24-frag.cxx (-static) (test for excess errors)
FAIL: libmudflap.c++/pass31-frag.cxx (-static) (test for excess errors)
FAIL: libmudflap.c++/pass41-frag.cxx (-static) execution test
FAIL: libmudflap.c++/pass41-frag.cxx ( -O) execution test
FAIL: libmudflap.c++/pass41-frag.cxx (-O2) execution test
FAIL: libmudflap.c++/pass41-frag.cxx (-O3) execution test
FAIL: libmudflap.cth/pass37-frag.c (-static -DSTATIC) (test for excess errors)
FAIL: libmudflap.cth/pass39-frag.c (-static -DSTATIC) (test for excess errors)
FAIL: libmudflap.cth/pass40-frag.c (-static -DSTATIC) (test for excess errors)
FAIL: libmudflap.cth/pass59-frag.c (-static -DSTATIC) (test for excess errors)
=== libmudflap Summary for unix ===
# of expected passes 1840
# of unexpected failures 54
=== libmudflap Summary ===
# of expected passes 3680
# of unexpected failures 108
=== libstdc++ tests ===
Running target unix
XPASS: 26_numerics/headers/cmath/c99_classification_macros_c.cc (test for excess errors)
=== libstdc++ Summary for unix ===
# of expected passes 7110
# of unexpected successes 1
# of expected failures 90
# of unsupported tests 11
Running target unix/-m32
XPASS: 26_numerics/headers/cmath/c99_classification_macros_c.cc (test for excess errors)
=== libstdc++ Summary for unix/-m32 ===
# of expected passes 6965
# of unexpected successes 1
# of expected failures 88
# of unsupported tests 81
=== libstdc++ Summary ===
# of expected passes 14075
# of unexpected successes 2
# of expected failures 178
# of unsupported tests 92
Compiler version: 4.5.0 20091206 (experimental) [trunk revision 155023] (GCC)
Platform: x86_64-suse-linux-gnu
configure flags: --prefix=/opt/gcc/4.5-devel --enable-checking=yes,rtl --enable-gold --enable-lto --enable-decimal-float --enable-threads=posix --enable-clocale=gnu --enable-ssp --disable-libssp --enable-libstdcxx-allocator=new --enable-__cxa_atexit --enable-shared --enable-languages=c,c++,ada,java,fortran,objc --with-system-zlib x86_64-suse-linux-gnu
Version of binutils: GNU ld (GNU Binutils; openSUSE 11.2) 2.19.51.20090527-10.26.4
Version of glibc (/lib/libc.so.6): 2.10.1 (20090918)
Version of glibc (/lib64/libc.so.6): 2.10.1 (20090918)