This is the mail archive of the
gcc-testresults@gcc.gnu.org
mailing list for the GCC project.
Results for 4.5.0 20091203 (experimental) (GCC) testsuite on i686-pc-cygwin
- From: Tim Prince <n8tm at aol dot com>
- To: gcc-testresults at gcc dot gnu dot org
- Date: Fri, 04 Dec 2009 20:24:51 -0800
- Subject: Results for 4.5.0 20091203 (experimental) (GCC) testsuite on i686-pc-cygwin
- Reply-to: tprince at computer dot org
LAST_UPDATED: Obtained from SVN: trunk revision 154958
Native configuration is i686-pc-cygwin
=== g++ tests ===
Running target unix
FAIL: g++.dg/abi/local1.C execution test
FAIL: g++.dg/abi/thunk5.C scan-assembler weak.*ZTv
FAIL: g++.dg/eh/weak1.C execution test
FAIL: g++.dg/ext/dllimport7.C C++ specific error (test for errors, line 24)
FAIL: g++.dg/ext/selectany1.C scan-assembler-dem \\nguard variable for x:
FAIL: g++.dg/init/cleanup3.C scan-assembler-not _tcf
FAIL: g++.old-deja/g++.eh/badalloc1.C execution test
XPASS: g++.old-deja/g++.ext/attrib5.C execution test
FAIL: g++.old-deja/g++.other/init5.C execution test
=== g++ Summary ===
# of expected passes 17284
# of unexpected failures 8
# of unexpected successes 1
# of expected failures 140
# of unsupported tests 219
=== gcc tests ===
Running target unix
WARNING: program timed out.
FAIL: gcc.c-torture/execute/builtins/strlen-2.c compilation, -O3
-fomit-frame-pointer
UNRESOLVED: gcc.c-torture/execute/builtins/strlen-2.c execution, -O3
-fomit-frame-pointer
WARNING: program timed out.
FAIL: gcc.c-torture/execute/builtins/strncat.c compilation, -O0
UNRESOLVED: gcc.c-torture/execute/builtins/strncat.c execution, -O0
FAIL: gcc.dg/cpp/include2.c (test for excess errors)
FAIL: gcc.dg/dfp/fe-binop.c (test for excess errors)
FAIL: gcc.dg/dfp/fe-convert-1.c (test for excess errors)
FAIL: gcc.dg/dfp/fe-convert-2.c (test for excess errors)
FAIL: gcc.dg/dfp/fe-convert-3.c (test for excess errors)
FAIL: c-c++-common/dfp/func-vararg-mixed-2.c (test for excess errors)
WARNING: c-c++-common/dfp/func-vararg-mixed-2.c compilation failed to
produce executable
FAIL: c-c++-common/dfp/pr36800.c (test for excess errors)
WARNING: c-c++-common/dfp/pr36800.c compilation failed to produce executable
FAIL: c-c++-common/dfp/pr39034.c (test for excess errors)
WARNING: c-c++-common/dfp/pr39034.c compilation failed to produce executable
FAIL: c-c++-common/dfp/pr39035.c (test for excess errors)
WARNING: c-c++-common/dfp/pr39035.c compilation failed to produce executable
FAIL: largefile.c (test for excess errors)
FAIL: gcc.dg/pch/largefile.c -O0 -g assembly comparison
FAIL: largefile.c (test for excess errors)
FAIL: gcc.dg/pch/largefile.c -O0 assembly comparison
FAIL: largefile.c (test for excess errors)
FAIL: gcc.dg/pch/largefile.c -O1 assembly comparison
FAIL: largefile.c (test for excess errors)
FAIL: gcc.dg/pch/largefile.c -O2 assembly comparison
FAIL: largefile.c (test for excess errors)
FAIL: gcc.dg/pch/largefile.c -O3 -fomit-frame-pointer assembly comparison
FAIL: largefile.c (test for excess errors)
FAIL: gcc.dg/pch/largefile.c -O3 -g assembly comparison
FAIL: largefile.c (test for excess errors)
FAIL: gcc.dg/pch/largefile.c -Os assembly comparison
XPASS: gcc.dg/struct/wo_prof_array_through_pointer.c scan-ipa-dump
ipa_struct_reorg "Number of structures to transform is 1"
FAIL: gcc.dg/tree-ssa/pr27781.c scan-tree-dump optimized "func \\(\\);"
FAIL: gcc.dg/tree-ssa/pr36881.c scan-assembler-not CSWTCH
FAIL: gcc.dg/tree-ssa/pr36881.c scan-tree-dump switchconv "need runtime
relocations"
FAIL: gcc.dg/tree-ssa/ssa-store-ccp-2.c scan-tree-dump-times optimized
"conststaticvariable" 1
FAIL: gcc.dg/tree-ssa/ssa-store-ccp-4.c scan-tree-dump-times optimized
"conststaticvariable" 1
=== gcc Summary ===
# of expected passes 21982
# of unexpected failures 30
# of unexpected successes 1
# of expected failures 119
# of unresolved testcases 2
# of unsupported tests 389
/cygdrive/e/gnu/xp/gcc/xgcc version 4.5.0 20091203 (experimental) (GCC)
=== gfortran tests ===
Running target unix
FAIL: gfortran.dg/atan2_1.f90 execution test
=== objc tests ===
Running target unix
=== objc Summary ===
# of expected passes 1967
# of expected failures 7
# of unsupported tests 24
/cygdrive/e/gnu/xp/gcc/xgcc version 4.5.0 20091203 (experimental) (GCC)
Compiler version: 4.5.0 20091203 (experimental) (GCC)
Platform: i686-pc-cygwin
configure flags: --prefix=/usr/local/gcc45 --enable-languages='c c++
fortran objc' --enable-threads=posix --disable-sjlj-exceptions
--enable-maintainer-mode --disable-shared --disable-mudflap
--with-dwarf2 --enable-decimal-float