This is the mail archive of the
gcc-testresults@gcc.gnu.org
mailing list for the GCC project.
Results for 4.5.0 20091202 (experimental) [trunk revision 154917] (GCC) testsuite on i686-pc-linux-gnu
- From: hjl at gnu-29 dot sc dot intel dot com (H.J. Lu (ia32))
- To: gcc-testresults at gcc dot gnu dot org
- Date: Wed, 02 Dec 2009 11:20:07 -0800
- Subject: Results for 4.5.0 20091202 (experimental) [trunk revision 154917] (GCC) testsuite on i686-pc-linux-gnu
LAST_UPDATED: Wed Dec 2 16:40:36 UTC 2009 (revision 154917)
Native configuration is i686-pc-linux-gnu
=== g++ tests ===
Running target unix
FAIL: g++.dg/cpp0x/pr31437.C (test for errors, line 3)
FAIL: g++.dg/cpp0x/pr31437.C (test for excess errors)
FAIL: g++.dg/cpp0x/pr31438.C (internal compiler error)
FAIL: g++.dg/cpp0x/pr31438.C (test for errors, line 9)
FAIL: g++.dg/cpp0x/pr31438.C (test for excess errors)
FAIL: g++.dg/cpp0x/pr32125.C (internal compiler error)
FAIL: g++.dg/cpp0x/pr32125.C (test for excess errors)
FAIL: g++.dg/cpp0x/pr32126.C (internal compiler error)
FAIL: g++.dg/cpp0x/pr32126.C (test for errors, line 9)
FAIL: g++.dg/cpp0x/pr32126.C (test for errors, line 10)
FAIL: g++.dg/cpp0x/pr32566.C (internal compiler error)
FAIL: g++.dg/cpp0x/pr32566.C (test for excess errors)
FAIL: g++.dg/cpp0x/pr34060.C (internal compiler error)
FAIL: g++.dg/cpp0x/pr34060.C (test for excess errors)
FAIL: g++.dg/cpp0x/variadic79.C (internal compiler error)
FAIL: g++.dg/cpp0x/variadic79.C (test for excess errors)
FAIL: g++.dg/cpp0x/variadic81.C (internal compiler error)
FAIL: g++.dg/cpp0x/variadic81.C (test for errors, line 11)
FAIL: g++.dg/cpp0x/variadic81.C (test for excess errors)
FAIL: g++.dg/cpp0x/variadic82.C (internal compiler error)
XPASS: g++.dg/cpp0x/variadic82.C (test for bogus messages, line 11)
FAIL: g++.dg/cpp0x/variadic82.C (test for excess errors)
FAIL: g++.dg/cpp0x/variadic83.C (internal compiler error)
XPASS: g++.dg/cpp0x/variadic83.C (test for bogus messages, line 8)
FAIL: g++.dg/cpp0x/variadic83.C (test for excess errors)
FAIL: g++.dg/cpp0x/vt-34055.C (internal compiler error)
FAIL: g++.dg/cpp0x/vt-34055.C (test for errors, line 10)
FAIL: g++.dg/cpp0x/vt-34055.C (test for errors, line 16)
FAIL: g++.dg/cpp0x/vt-34055.C (test for errors, line 21)
FAIL: g++.dg/cpp0x/vt-34055.C (test for errors, line 26)
FAIL: g++.dg/cpp0x/vt-34055.C (test for errors, line 31)
FAIL: g++.dg/cpp0x/vt-34055.C (test for excess errors)
FAIL: g++.dg/cpp0x/vt-34314.C (internal compiler error)
FAIL: g++.dg/cpp0x/vt-34314.C (test for errors, line 20)
FAIL: g++.dg/cpp0x/vt-34314.C (test for errors, line 24)
FAIL: g++.dg/cpp0x/vt-34314.C (test for errors, line 36)
FAIL: g++.dg/cpp0x/vt-34314.C (test for errors, line 40)
FAIL: g++.dg/cpp0x/vt-34314.C (test for excess errors)
FAIL: g++.dg/cpp0x/vt-34606.C (internal compiler error)
FAIL: g++.dg/cpp0x/vt-34606.C (test for excess errors)
FAIL: g++.dg/cpp0x/vt-35242.C (internal compiler error)
FAIL: g++.dg/cpp0x/vt-35242.C (test for excess errors)
FAIL: g++.dg/cpp0x/vt-35331.C (internal compiler error)
FAIL: g++.dg/cpp0x/vt-35331.C (test for excess errors)
FAIL: g++.dg/ext/attrib18.C (test for warnings, line 6)
FAIL: g++.dg/ext/attrib18.C (test for excess errors)
FAIL: g++.dg/ext/bitfield2.C (test for warnings, line 7)
FAIL: g++.dg/ext/bitfield2.C (test for excess errors)
FAIL: g++.dg/ext/bitfield4.C (test for warnings, line 6)
FAIL: g++.dg/ext/bitfield4.C (test for excess errors)
FAIL: g++.dg/ext/visibility/warn2.C (test for warnings, line 12)
FAIL: g++.dg/ext/visibility/warn2.C (test for excess errors)
FAIL: g++.dg/ext/visibility/warn3.C (test for warnings, line 18)
FAIL: g++.dg/ext/visibility/warn3.C (test for excess errors)
FAIL: g++.dg/inherit/covariant7.C (test for warnings, line 31)
FAIL: g++.dg/inherit/covariant7.C (test for excess errors)
FAIL: g++.dg/init/synth2.C (test for errors, line 9)
FAIL: g++.dg/init/synth2.C (test for excess errors)
FAIL: g++.dg/lookup/name-clash4.C (internal compiler error)
FAIL: g++.dg/lookup/name-clash4.C (test for errors, line 12)
FAIL: g++.dg/lookup/name-clash4.C (test for excess errors)
FAIL: g++.dg/lookup/using7.C (test for errors, line 7)
FAIL: g++.dg/lookup/using7.C (test for excess errors)
FAIL: g++.dg/other/crash-4.C (test for errors, line 18)
FAIL: g++.dg/other/crash-4.C (test for excess errors)
FAIL: g++.dg/other/error13.C (test for warnings, line 4)
FAIL: g++.dg/other/error13.C (test for excess errors)
FAIL: g++.dg/other/error17.C (internal compiler error)
FAIL: g++.dg/other/error17.C (test for errors, line 12)
FAIL: g++.dg/other/error17.C (test for excess errors)
FAIL: g++.dg/other/error20.C (test for warnings, line 5)
FAIL: g++.dg/other/error20.C (test for excess errors)
FAIL: g++.dg/parse/class1.C (internal compiler error)
FAIL: g++.dg/parse/class1.C (test for excess errors)
FAIL: g++.dg/parse/crash21.C (internal compiler error)
FAIL: g++.dg/parse/crash21.C (test for excess errors)
FAIL: g++.dg/parse/crash28.C (internal compiler error)
FAIL: g++.dg/parse/crash28.C (test for errors, line 13)
FAIL: g++.dg/parse/crash28.C (test for excess errors)
FAIL: g++.dg/parse/crash31.C (test for errors, line 2)
FAIL: g++.dg/parse/crash31.C (test for excess errors)
FAIL: g++.dg/parse/crash5.C (internal compiler error)
FAIL: g++.dg/parse/crash5.C (test for warnings, line 4)
FAIL: g++.dg/parse/crash5.C (test for errors, line 10)
FAIL: g++.dg/parse/crash5.C (test for errors, line 12)
FAIL: g++.dg/parse/crash5.C (test for excess errors)
FAIL: g++.dg/parse/crash6.C (internal compiler error)
FAIL: g++.dg/parse/crash6.C (test for excess errors)
FAIL: g++.dg/parse/crash9.C (internal compiler error)
FAIL: g++.dg/parse/crash9.C (test for excess errors)
FAIL: g++.dg/parse/error16.C (internal compiler error)
FAIL: g++.dg/parse/error16.C (test for errors, line 6)
FAIL: g++.dg/parse/error16.C (test for excess errors)
FAIL: g++.dg/parse/error19.C (test for warnings, line 5)
FAIL: g++.dg/parse/error19.C (test for excess errors)
FAIL: g++.dg/parse/error27.C (internal compiler error)
FAIL: g++.dg/parse/error27.C (test for errors, line 4)
FAIL: g++.dg/parse/error27.C (test for errors, line 5)
FAIL: g++.dg/parse/error27.C (test for errors, line 7)
FAIL: g++.dg/parse/error27.C (test for excess errors)
FAIL: g++.dg/parse/error28.C (test for warnings, line 5)
FAIL: g++.dg/parse/error28.C (test for excess errors)
FAIL: g++.dg/parse/fused-params1.C (test for errors, line 6)
FAIL: g++.dg/parse/fused-params1.C (test for excess errors)
FAIL: g++.dg/parse/namespace7.C (internal compiler error)
FAIL: g++.dg/parse/namespace7.C (test for excess errors)
FAIL: g++.dg/parse/struct-1.C (internal compiler error)
FAIL: g++.dg/parse/struct-1.C (test for excess errors)
FAIL: g++.dg/parse/struct-2.C (internal compiler error)
FAIL: g++.dg/parse/struct-2.C (test for excess errors)
FAIL: g++.dg/parse/struct-3.C (internal compiler error)
FAIL: g++.dg/parse/struct-3.C (test for excess errors)
FAIL: g++.dg/template/class2.C (internal compiler error)
FAIL: g++.dg/template/class2.C (test for excess errors)
FAIL: g++.dg/template/crash26.C (internal compiler error)
FAIL: g++.dg/template/crash26.C (test for excess errors)
FAIL: g++.dg/template/crash32.C (internal compiler error)
FAIL: g++.dg/template/crash32.C (test for excess errors)
FAIL: g++.dg/template/crash34.C (internal compiler error)
FAIL: g++.dg/template/crash34.C (test for errors, line 12)
FAIL: g++.dg/template/crash34.C (test for excess errors)
FAIL: g++.dg/template/crash58.C (internal compiler error)
FAIL: g++.dg/template/crash58.C (test for errors, line 10)
FAIL: g++.dg/template/crash58.C (test for excess errors)
FAIL: g++.dg/template/crash59.C (internal compiler error)
FAIL: g++.dg/template/crash59.C (test for errors, line 3)
FAIL: g++.dg/template/crash59.C (test for errors, line 9)
FAIL: g++.dg/template/crash59.C (test for errors, line 13)
FAIL: g++.dg/template/crash59.C (test for errors, line 16)
FAIL: g++.dg/template/crash59.C (test for errors, line 18)
FAIL: g++.dg/template/crash59.C (test for excess errors)
FAIL: g++.dg/template/crash74.C (internal compiler error)
FAIL: g++.dg/template/crash74.C (test for excess errors)
FAIL: g++.dg/template/crash82.C (internal compiler error)
FAIL: g++.dg/template/crash82.C (test for excess errors)
FAIL: g++.dg/template/crash83.C (internal compiler error)
FAIL: g++.dg/template/crash83.C (test for excess errors)
FAIL: g++.dg/template/error2.C (test for warnings, line 19)
FAIL: g++.dg/template/error7.C (internal compiler error)
FAIL: g++.dg/template/error7.C (test for errors, line 6)
FAIL: g++.dg/template/error7.C (test for excess errors)
FAIL: g++.dg/template/func2.C (internal compiler error)
FAIL: g++.dg/template/func2.C (test for excess errors)
FAIL: g++.dg/template/function1.C (internal compiler error)
FAIL: g++.dg/template/function1.C (test for errors, line 12)
FAIL: g++.dg/template/function1.C (test for errors, line 18)
FAIL: g++.dg/template/function1.C (test for errors, line 24)
FAIL: g++.dg/template/function1.C (test for excess errors)
FAIL: g++.dg/template/local6.C (test for warnings, line 2)
FAIL: g++.dg/template/local6.C (test for excess errors)
FAIL: g++.dg/template/nontype4.C (internal compiler error)
FAIL: g++.dg/template/nontype4.C (test for excess errors)
FAIL: g++.dg/template/qualttp15.C (internal compiler error)
FAIL: g++.dg/template/qualttp15.C (test for errors, line 16)
FAIL: g++.dg/template/qualttp15.C (test for excess errors)
FAIL: g++.dg/template/redecl1.C (internal compiler error)
FAIL: g++.dg/template/redecl1.C (test for excess errors)
FAIL: g++.dg/template/spec28.C (internal compiler error)
FAIL: g++.dg/template/spec28.C (test for excess errors)
FAIL: g++.dg/template/ttp22.C (internal compiler error)
FAIL: g++.dg/template/ttp22.C (test for excess errors)
FAIL: g++.dg/template/void8.C (internal compiler error)
FAIL: g++.dg/template/void8.C (test for excess errors)
FAIL: g++.dg/template/void9.C (internal compiler error)
FAIL: g++.dg/template/void9.C (test for excess errors)
FAIL: g++.dg/warn/Wnvdtor-2.C (test for warnings, line 26)
FAIL: g++.dg/warn/Wnvdtor-2.C (test for warnings, line 31)
FAIL: g++.dg/warn/Wnvdtor-2.C (test for warnings, line 39)
FAIL: g++.dg/warn/Wnvdtor-2.C (test for warnings, line 48)
FAIL: g++.dg/warn/Wnvdtor-2.C (test for excess errors)
FAIL: g++.dg/warn/anonymous-namespace-3.C (test for warnings, line 11)
FAIL: g++.dg/warn/anonymous-namespace-3.C (test for excess errors)
FAIL: g++.dg/gomp/pr26690-1.C (test for warnings, line 5)
FAIL: g++.dg/gomp/pr26690-1.C (test for excess errors)
FAIL: g++.dg/lto/20081109 cp_lto_20081109_0.o-cp_lto_20081109_1.o execute -O2 -fwhopr
FAIL: g++.dg/lto/20090106 cp_lto_20090106_0.o-cp_lto_20090106_0.o link
UNRESOLVED: g++.dg/lto/20090106 cp_lto_20090106_0.o-cp_lto_20090106_0.o execute -O0 -fwhopr
FAIL: g++.dg/lto/20090106 cp_lto_20090106_0.o-cp_lto_20090106_0.o link
UNRESOLVED: g++.dg/lto/20090106 cp_lto_20090106_0.o-cp_lto_20090106_0.o execute -O0 -flto
FAIL: g++.old-deja/g++.benjamin/15309-1.C (test for warnings, line 13)
FAIL: g++.old-deja/g++.benjamin/15309-1.C (test for excess errors)
FAIL: g++.old-deja/g++.benjamin/typedef01.C (internal compiler error)
FAIL: g++.old-deja/g++.benjamin/typedef01.C (test for errors, line 40)
FAIL: g++.old-deja/g++.benjamin/typedef01.C (test for errors, line 43)
FAIL: g++.old-deja/g++.benjamin/typedef01.C (test for errors, line 46)
FAIL: g++.old-deja/g++.benjamin/typedef01.C (test for excess errors)
FAIL: g++.old-deja/g++.brendan/crash29.C (test for warnings, line 10)
FAIL: g++.old-deja/g++.brendan/crash29.C (test for excess errors)
FAIL: g++.old-deja/g++.brendan/crash8.C (internal compiler error)
FAIL: g++.old-deja/g++.brendan/crash8.C (test for excess errors)
FAIL: g++.old-deja/g++.brendan/line1.C (internal compiler error)
FAIL: g++.old-deja/g++.brendan/line1.C (test for excess errors)
FAIL: g++.old-deja/g++.eh/spec6.C (test for errors, line 126)
FAIL: g++.old-deja/g++.eh/spec6.C (test for excess errors)
FAIL: g++.old-deja/g++.jason/crash3.C (test for warnings, line 6)
FAIL: g++.old-deja/g++.jason/crash3.C (test for excess errors)
FAIL: g++.old-deja/g++.jason/destruct2.C (test for warnings, line 14)
FAIL: g++.old-deja/g++.jason/destruct2.C (test for excess errors)
FAIL: g++.old-deja/g++.jason/tredecl4.C (internal compiler error)
FAIL: g++.old-deja/g++.jason/tredecl4.C (test for excess errors)
FAIL: g++.old-deja/g++.law/ctors5.C (test for warnings, line 9)
FAIL: g++.old-deja/g++.law/ctors5.C (test for excess errors)
FAIL: g++.old-deja/g++.law/ctors9.C (test for warnings, line 24)
FAIL: g++.old-deja/g++.law/ctors9.C (test for excess errors)
FAIL: g++.old-deja/g++.mike/net44.C (internal compiler error)
FAIL: g++.old-deja/g++.mike/net44.C (test for excess errors)
FAIL: g++.old-deja/g++.mike/p3538a.C (test for warnings, line 28)
FAIL: g++.old-deja/g++.mike/p3538a.C (test for excess errors)
FAIL: g++.old-deja/g++.mike/p3538b.C (test for warnings, line 30)
FAIL: g++.old-deja/g++.mike/p3538b.C (test for excess errors)
FAIL: g++.old-deja/g++.other/crash39.C (internal compiler error)
FAIL: g++.old-deja/g++.other/crash39.C (test for excess errors)
FAIL: g++.old-deja/g++.other/decl5.C (internal compiler error)
FAIL: g++.old-deja/g++.other/decl5.C (test for errors, line 35)
FAIL: g++.old-deja/g++.other/decl5.C (test for errors, line 38)
FAIL: g++.old-deja/g++.other/decl5.C (test for errors, line 42)
FAIL: g++.old-deja/g++.other/decl5.C (test for errors, line 45)
FAIL: g++.old-deja/g++.other/decl5.C (test for errors, line 56)
FAIL: g++.old-deja/g++.other/decl5.C (test for errors, line 57)
FAIL: g++.old-deja/g++.other/decl5.C (test for errors, line 58)
FAIL: g++.old-deja/g++.other/decl5.C (test for errors, line 61)
FAIL: g++.old-deja/g++.other/decl5.C (test for errors, line 64)
FAIL: g++.old-deja/g++.other/decl5.C (test for errors, line 67)
FAIL: g++.old-deja/g++.other/decl5.C (test for errors, line 70)
FAIL: g++.old-deja/g++.other/decl5.C (test for errors, line 75)
FAIL: g++.old-deja/g++.other/decl5.C (test for excess errors)
FAIL: g++.old-deja/g++.other/struct1.C (internal compiler error)
FAIL: g++.old-deja/g++.other/struct1.C (test for errors, line 10)
FAIL: g++.old-deja/g++.other/struct1.C (test for errors, line 17)
FAIL: g++.old-deja/g++.other/struct1.C (test for errors, line 19)
FAIL: g++.old-deja/g++.other/struct1.C (test for errors, line 24)
FAIL: g++.old-deja/g++.other/struct1.C (test for errors, line 26)
FAIL: g++.old-deja/g++.other/struct1.C (test for errors, line 31)
FAIL: g++.old-deja/g++.other/struct1.C (test for errors, line 33)
FAIL: g++.old-deja/g++.other/struct1.C (test for errors, line 38)
FAIL: g++.old-deja/g++.other/struct1.C (test for errors, line 40)
FAIL: g++.old-deja/g++.other/struct1.C (test for excess errors)
FAIL: g++.old-deja/g++.other/volatile1.C candidates (test for warnings, line 6)
FAIL: g++.old-deja/g++.other/volatile1.C note (test for warnings, line 6)
FAIL: g++.old-deja/g++.other/volatile1.C (test for excess errors)
FAIL: g++.old-deja/g++.pt/crash11.C (internal compiler error)
FAIL: g++.old-deja/g++.pt/crash11.C (test for excess errors)
FAIL: g++.old-deja/g++.pt/crash15.C (internal compiler error)
FAIL: g++.old-deja/g++.pt/crash15.C (test for excess errors)
FAIL: g++.old-deja/g++.pt/crash36.C (test for warnings, line 17)
FAIL: g++.old-deja/g++.pt/derived3.C (test for errors, line 9)
FAIL: g++.old-deja/g++.pt/derived3.C (test for excess errors)
FAIL: g++.old-deja/g++.pt/m9a.C (internal compiler error)
FAIL: g++.old-deja/g++.pt/m9a.C (test for excess errors)
FAIL: g++.old-deja/g++.pt/memclass10.C (internal compiler error)
FAIL: g++.old-deja/g++.pt/memclass10.C (test for excess errors)
FAIL: g++.old-deja/g++.pt/memtemp99.C (internal compiler error)
FAIL: g++.old-deja/g++.pt/memtemp99.C (test for excess errors)
FAIL: g++.old-deja/g++.pt/redecl1.C (internal compiler error)
FAIL: g++.old-deja/g++.pt/redecl1.C (test for warnings, line 9)
FAIL: g++.old-deja/g++.pt/redecl1.C (test for errors, line 13)
FAIL: g++.old-deja/g++.pt/redecl1.C (test for errors, line 15)
FAIL: g++.old-deja/g++.pt/redecl1.C (test for errors, line 19)
FAIL: g++.old-deja/g++.pt/redecl1.C (test for errors, line 22)
FAIL: g++.old-deja/g++.pt/redecl1.C (test for excess errors)
FAIL: g++.old-deja/g++.pt/spec20.C (internal compiler error)
FAIL: g++.old-deja/g++.pt/spec20.C (test for errors, line 14)
FAIL: g++.old-deja/g++.pt/spec20.C (test for errors, line 15)
FAIL: g++.old-deja/g++.pt/spec20.C (test for excess errors)
FAIL: g++.old-deja/g++.pt/spec23.C (internal compiler error)
FAIL: g++.old-deja/g++.pt/spec23.C (test for excess errors)
FAIL: g++.old-deja/g++.pt/ttp52.C (internal compiler error)
FAIL: g++.old-deja/g++.pt/ttp52.C (test for excess errors)
FAIL: g++.old-deja/g++.robertl/eb109.C (test for warnings, line 23)
FAIL: g++.old-deja/g++.robertl/eb109.C (test for excess errors)
FAIL: g++.old-deja/g++.robertl/eb4.C (test for warnings, line 20)
FAIL: g++.old-deja/g++.robertl/eb4.C (test for excess errors)
=== g++ Summary ===
# of expected passes 22200
# of unexpected failures 268
# of unexpected successes 2
# of expected failures 145
# of unresolved testcases 2
# of unsupported tests 110
/export/gnu/import/svn/gcc-test/bld/gcc/testsuite/g++/../../g++ version 4.5.0 20091202 (experimental) [trunk revision 154917] (GCC)
=== gcc tests ===
Running target unix
FAIL: gcc.c-torture/compile/limits-exprparen.c -O0 (test for excess errors)
FAIL: gcc.c-torture/compile/limits-exprparen.c -O1 (test for excess errors)
FAIL: gcc.c-torture/compile/limits-exprparen.c -O2 (test for excess errors)
FAIL: gcc.c-torture/compile/limits-exprparen.c -O3 -fomit-frame-pointer (test for excess errors)
FAIL: gcc.c-torture/compile/limits-exprparen.c -O3 -g (test for excess errors)
FAIL: gcc.c-torture/compile/limits-exprparen.c -Os (test for excess errors)
FAIL: gcc.c-torture/compile/limits-exprparen.c -O2 -flto (test for excess errors)
FAIL: gcc.c-torture/compile/limits-exprparen.c -O2 -fwhopr (test for excess errors)
FAIL: gcc.c-torture/execute/builtins/memmove-2.c compilation, -O2 -fwhopr
UNRESOLVED: gcc.c-torture/execute/builtins/memmove-2.c execution, -O2 -fwhopr
FAIL: gcc.c-torture/execute/builtins/sprintf-chk.c execution, -O2 -fwhopr
FAIL: gcc.c-torture/execute/builtins/stpcpy-chk.c execution, -O2 -fwhopr
FAIL: gcc.c-torture/execute/builtins/strcpy-chk.c execution, -O2 -fwhopr
XPASS: gcc.dg/Warray-bounds.c (test for warnings, line 59)
XPASS: gcc.dg/Warray-bounds.c (test for warnings, line 65)
XPASS: gcc.dg/Wunreachable-8.c (test for bogus messages, line 7)
FAIL: gcc.dg/pr34668-1.c (internal compiler error)
FAIL: gcc.dg/pr34668-1.c (test for excess errors)
XPASS: gcc.dg/struct/wo_prof_array_through_pointer.c scan-ipa-dump ipa_struct_reorg "Number of structures to transform is 1"
FAIL: gcc.dg/torture/builtin-math-7.c -O2 -flto execution test
FAIL: gcc.dg/torture/builtin-math-7.c -O2 -fwhopr execution test
FAIL: gcc.target/i386/vperm-v4si-2x.c (test for excess errors)
WARNING: gcc.target/i386/vperm-v4si-2x.c compilation failed to produce executable
=== gcc Summary ===
# of expected passes 70701
# of unexpected failures 17
# of unexpected successes 4
# of expected failures 180
# of unresolved testcases 1
# of unsupported tests 570
/export/gnu/import/svn/gcc-test/bld/gcc/xgcc version 4.5.0 20091202 (experimental) [trunk revision 154917] (GCC)
=== gfortran tests ===
Running target unix
FAIL: gfortran.dg/lto/pr40725 f_lto_pr40725_0.o-f_lto_pr40725_1.o execute -O2 -fwhopr
FAIL: gfortran.dg/lto/pr40725 f_lto_pr40725_0.o-f_lto_pr40725_1.o execute -O2 -flto
=== gfortran Summary ===
# of expected passes 33168
# of unexpected failures 2
# of expected failures 28
# of unsupported tests 111
/export/gnu/import/svn/gcc-test/bld/gcc/testsuite/gfortran/../../gfortran version 4.5.0 20091202 (experimental) [trunk revision 154917] (GCC)
=== objc tests ===
Running target unix
=== objc Summary ===
# of expected passes 1875
# of expected failures 7
# of unsupported tests 24
/export/gnu/import/svn/gcc-test/bld/gcc/xgcc version 4.5.0 20091202 (experimental) [trunk revision 154917] (GCC)
=== libffi tests ===
Running target unix
=== libffi Summary ===
# of expected passes 1604
# of expected failures 15
# of unsupported tests 15
=== libgomp tests ===
Running target unix
FAIL: libgomp.graphite/force-parallel-1.c execution test
FAIL: libgomp.graphite/force-parallel-2.c execution test
XPASS: libgomp.graphite/force-parallel-5.c scan-tree-dump-times optimized "loopfn.1" 5
=== libgomp Summary ===
# of expected passes 2466
# of unexpected failures 2
# of unexpected successes 1
=== libjava tests ===
Running target unix
=== libjava Summary ===
# of expected passes 2574
=== libmudflap tests ===
Running target unix
FAIL: libmudflap.c/fail31-frag.c (-O3) output pattern test
FAIL: libmudflap.c/pass45-frag.c (-O3) execution test
FAIL: libmudflap.c/pass45-frag.c (-O3) output pattern test
FAIL: libmudflap.c/pass45-frag.c (-O3) execution test
FAIL: libmudflap.c/pass45-frag.c (-O3) output pattern test
FAIL: libmudflap.c++/pass41-frag.cxx execution test
FAIL: libmudflap.c++/pass41-frag.cxx (-static) execution test
FAIL: libmudflap.c++/pass41-frag.cxx ( -O) execution test
FAIL: libmudflap.c++/pass41-frag.cxx (-O2) execution test
FAIL: libmudflap.c++/pass41-frag.cxx (-O3) execution test
=== libmudflap Summary ===
# of expected passes 1884
# of unexpected failures 10
=== libstdc++ tests ===
Running target unix
FAIL: 19_diagnostics/error_category/cons/copy_neg.cc (test for errors, line 31)
XPASS: 26_numerics/headers/cmath/c99_classification_macros_c.cc (test for excess errors)
FAIL: 27_io/ios_base/cons/copy_neg.cc (test for errors, line 27)
FAIL: 27_io/ios_base/cons/copy_neg.cc (test for excess errors)
FAIL: ext/profile/mutex_extensions.cc (test for errors, line 165)
FAIL: ext/type_traits/add_unsigned_integer_neg.cc (test for errors, line 62)
FAIL: ext/type_traits/add_unsigned_integer_neg.cc (test for excess errors)
FAIL: ext/type_traits/remove_unsigned_integer_neg.cc (test for errors, line 105)
FAIL: ext/type_traits/remove_unsigned_integer_neg.cc (test for excess errors)
=== libstdc++ Summary ===
# of expected passes 6945
# of unexpected failures 8
# of unexpected successes 1
# of expected failures 88
# of unsupported tests 81
Compiler version: 4.5.0 20091202 (experimental) [trunk revision 154917] (GCC)
Platform: i686-pc-linux-gnu
configure flags: --enable-clocale=gnu --with-system-zlib --enable-shared --with-demangler-in-ld -with-plugin-ld=ld.gold --enable-gold