This is the mail archive of the
gcc-testresults@gcc.gnu.org
mailing list for the GCC project.
Results for 4.5.0 20091201 (experimental) [trunk revision 154886] (GCC) testsuite on mips64-unknown-linux-gnu
- From: David Daney <ddaney at caviumnetworks dot com>
- To: gcc-testresults at gcc dot gnu dot org
- Date: Wed, 2 Dec 2009 09:05:08 -0800
- Subject: Results for 4.5.0 20091201 (experimental) [trunk revision 154886] (GCC) testsuite on mips64-unknown-linux-gnu
LAST_UPDATED: Tue Dec 1 22:40:54 UTC 2009 (revision 154886)
Native configuration is mips64-unknown-linux-gnu
=== gcc tests ===
Running target unix
WARNING: program timed out.
FAIL: gcc.c-torture/compile/20001226-1.c -O3 -g (test for excess errors)
XPASS: gcc.dg/Warray-bounds.c (test for warnings, line 59)
XPASS: gcc.dg/Warray-bounds.c (test for warnings, line 65)
XPASS: gcc.dg/Wunreachable-8.c (test for bogus messages, line 7)
FAIL: gcc.dg/pr34668-1.c (internal compiler error)
FAIL: gcc.dg/pr34668-1.c (test for excess errors)
XPASS: gcc.dg/struct/wo_prof_array_through_pointer.c scan-ipa-dump ipa_struct_reorg "Number of structures to transform is 1"
FAIL: gcc.misc-tests/linkage.c link
=== gcc Summary ===
# of expected passes 54748
# of unexpected failures 4
# of unexpected successes 4
# of expected failures 85
# of unsupported tests 597
/root/gccsvn/native-clean/gcc/xgcc version 4.5.0 20091201 (experimental) [trunk revision 154886] (GCC)
=== gfortran tests ===
Running target unix
FAIL: gfortran.dg/integer_exponentiation_2.f90 -O3 -fomit-frame-pointer -funroll-loops execution test
FAIL: gfortran.dg/integer_exponentiation_2.f90 -O3 -fomit-frame-pointer -funroll-all-loops -finline-functions execution test
=== gfortran Summary ===
# of expected passes 32597
# of unexpected failures 2
# of expected failures 22
# of unsupported tests 54
/root/gccsvn/native-clean/gcc/testsuite/gfortran/../../gfortran version 4.5.0 20091201 (experimental) [trunk revision 154886] (GCC)
=== g++ tests ===
Running target unix
FAIL: g++.dg/debug/dwarf2/icf.C scan-assembler \\\\.section.*.debug_dcall
FAIL: g++.dg/debug/dwarf2/icf.C scan-assembler New caller
FAIL: g++.dg/debug/dwarf2/icf.C scan-assembler Caller DIE offset
FAIL: g++.dg/debug/dwarf2/icf.C scan-assembler Callee DIE offset
FAIL: g++.dg/pch/system-1.C -g -I. (test for excess errors)
FAIL: g++.dg/pch/system-1.C -g assembly comparison
FAIL: g++.dg/pch/system-1.C -O2 -g -I. (test for excess errors)
FAIL: g++.dg/pch/system-1.C -O2 -g assembly comparison
FAIL: g++.dg/pch/system-1.C -O2 -I. (test for excess errors)
FAIL: g++.dg/pch/system-1.C -O2 assembly comparison
FAIL: g++.dg/pch/system-2.C -g -I. (test for excess errors)
FAIL: g++.dg/pch/system-2.C -g assembly comparison
FAIL: g++.dg/pch/system-2.C -O2 -g -I. (test for excess errors)
FAIL: g++.dg/pch/system-2.C -O2 -g assembly comparison
FAIL: g++.dg/pch/system-2.C -O2 -I. (test for excess errors)
FAIL: g++.dg/pch/system-2.C -O2 assembly comparison
=== g++ Summary ===
# of expected passes 20783
# of unexpected failures 16
# of expected failures 145
# of unsupported tests 172
/root/gccsvn/native-clean/gcc/testsuite/g++/../../g++ version 4.5.0 20091201 (experimental) [trunk revision 154886] (GCC)
=== objc tests ===
Running target unix
FAIL: objc/execute/forward-1.m execution, -O0 -fgnu-runtime
FAIL: objc/execute/forward-1.m execution, -O1 -fgnu-runtime
FAIL: objc/execute/forward-1.m execution, -O2 -fgnu-runtime
FAIL: objc/execute/forward-1.m execution, -O3 -fomit-frame-pointer -fgnu-runtime
FAIL: objc/execute/forward-1.m execution, -O3 -fomit-frame-pointer -funroll-loops -fgnu-runtime
FAIL: objc/execute/forward-1.m execution, -O3 -fomit-frame-pointer -funroll-all-loops -finline-functions -fgnu-runtime
FAIL: objc/execute/forward-1.m execution, -O3 -g -fgnu-runtime
FAIL: objc/execute/forward-1.m execution, -Os -fgnu-runtime
=== objc Summary ===
# of expected passes 1867
# of unexpected failures 8
# of expected failures 7
# of unsupported tests 24
/root/gccsvn/native-clean/gcc/xgcc version 4.5.0 20091201 (experimental) [trunk revision 154886] (GCC)
=== libffi tests ===
Running target unix
XPASS: libffi.call/cls_align_longdouble_split.c -O0 -W -Wall execution test
XPASS: libffi.call/cls_align_longdouble_split2.c -O0 -W -Wall execution test
XPASS: libffi.call/cls_double_va.c -O0 -W -Wall execution test
XPASS: libffi.call/cls_longdouble.c -O0 -W -Wall execution test
XPASS: libffi.call/cls_longdouble_va.c -O0 -W -Wall execution test
FAIL: libffi.call/cls_longdouble_va.c -O0 -W -Wall output pattern test, is %.1f
FAIL: libffi.call/cls_pointer.c -O0 -W -Wall (test for excess errors)
XPASS: libffi.call/cls_pointer.c -O0 -W -Wall execution test
FAIL: libffi.call/cls_pointer_stack.c -O0 -W -Wall (test for excess errors)
XPASS: libffi.call/cls_pointer_stack.c -O0 -W -Wall execution test
XPASS: libffi.call/stret_large.c -O0 -W -Wall execution test
XPASS: libffi.call/stret_large2.c -O0 -W -Wall execution test
XPASS: libffi.call/stret_medium.c -O0 -W -Wall execution test
XPASS: libffi.call/stret_medium2.c -O0 -W -Wall execution test
XPASS: libffi.call/cls_align_longdouble_split.c -O2 execution test
XPASS: libffi.call/cls_align_longdouble_split2.c -O2 execution test
XPASS: libffi.call/cls_double_va.c -O2 execution test
XPASS: libffi.call/cls_longdouble.c -O2 execution test
XPASS: libffi.call/cls_longdouble_va.c -O2 execution test
FAIL: libffi.call/cls_longdouble_va.c -O2 output pattern test, is %.1f
FAIL: libffi.call/cls_pointer.c -O2 (test for excess errors)
XPASS: libffi.call/cls_pointer.c -O2 execution test
FAIL: libffi.call/cls_pointer_stack.c -O2 (test for excess errors)
XPASS: libffi.call/cls_pointer_stack.c -O2 execution test
FAIL: libffi.call/return_ldl.c -O2 execution test
XPASS: libffi.call/stret_large.c -O2 execution test
XPASS: libffi.call/stret_large2.c -O2 execution test
XPASS: libffi.call/stret_medium.c -O2 execution test
XPASS: libffi.call/stret_medium2.c -O2 execution test
FAIL: libffi.call/struct2.c -O2 execution test
XPASS: libffi.call/cls_align_longdouble_split.c -O3 execution test
XPASS: libffi.call/cls_align_longdouble_split2.c -O3 execution test
XPASS: libffi.call/cls_double_va.c -O3 execution test
XPASS: libffi.call/cls_longdouble.c -O3 execution test
XPASS: libffi.call/cls_longdouble_va.c -O3 execution test
FAIL: libffi.call/cls_longdouble_va.c -O3 output pattern test, is %.1f
FAIL: libffi.call/cls_pointer.c -O3 (test for excess errors)
XPASS: libffi.call/cls_pointer.c -O3 execution test
FAIL: libffi.call/cls_pointer_stack.c -O3 (test for excess errors)
XPASS: libffi.call/cls_pointer_stack.c -O3 execution test
FAIL: libffi.call/return_ldl.c -O3 execution test
XPASS: libffi.call/stret_large.c -O3 execution test
XPASS: libffi.call/stret_large2.c -O3 execution test
XPASS: libffi.call/stret_medium.c -O3 execution test
XPASS: libffi.call/stret_medium2.c -O3 execution test
FAIL: libffi.call/struct2.c -O3 execution test
XPASS: libffi.call/cls_align_longdouble_split.c -Os execution test
XPASS: libffi.call/cls_align_longdouble_split2.c -Os execution test
XPASS: libffi.call/cls_double_va.c -Os execution test
XPASS: libffi.call/cls_longdouble.c -Os execution test
XPASS: libffi.call/cls_longdouble_va.c -Os execution test
FAIL: libffi.call/cls_longdouble_va.c -Os output pattern test, is %.1f
FAIL: libffi.call/cls_pointer.c -Os (test for excess errors)
XPASS: libffi.call/cls_pointer.c -Os execution test
FAIL: libffi.call/cls_pointer_stack.c -Os (test for excess errors)
XPASS: libffi.call/cls_pointer_stack.c -Os execution test
FAIL: libffi.call/return_ldl.c -Os execution test
XPASS: libffi.call/stret_large.c -Os execution test
XPASS: libffi.call/stret_large2.c -Os execution test
XPASS: libffi.call/stret_medium.c -Os execution test
XPASS: libffi.call/stret_medium2.c -Os execution test
FAIL: libffi.call/struct2.c -Os execution test
XPASS: libffi.call/cls_align_longdouble_split.c -O2 -fomit-frame-pointer execution test
XPASS: libffi.call/cls_align_longdouble_split2.c -O2 -fomit-frame-pointer execution test
XPASS: libffi.call/cls_double_va.c -O2 -fomit-frame-pointer execution test
XPASS: libffi.call/cls_longdouble.c -O2 -fomit-frame-pointer execution test
XPASS: libffi.call/cls_longdouble_va.c -O2 -fomit-frame-pointer execution test
FAIL: libffi.call/cls_longdouble_va.c -O2 -fomit-frame-pointer output pattern test, is %.1f
FAIL: libffi.call/cls_pointer.c -O2 -fomit-frame-pointer (test for excess errors)
XPASS: libffi.call/cls_pointer.c -O2 -fomit-frame-pointer execution test
FAIL: libffi.call/cls_pointer_stack.c -O2 -fomit-frame-pointer (test for excess errors)
XPASS: libffi.call/cls_pointer_stack.c -O2 -fomit-frame-pointer execution test
FAIL: libffi.call/return_ldl.c -O2 -fomit-frame-pointer execution test
XPASS: libffi.call/stret_large.c -O2 -fomit-frame-pointer execution test
XPASS: libffi.call/stret_large2.c -O2 -fomit-frame-pointer execution test
XPASS: libffi.call/stret_medium.c -O2 -fomit-frame-pointer execution test
XPASS: libffi.call/stret_medium2.c -O2 -fomit-frame-pointer execution test
FAIL: libffi.call/struct2.c -O2 -fomit-frame-pointer execution test
=== libffi Summary ===
# of expected passes 1531
# of unexpected failures 23
# of unexpected successes 55
# of expected failures 10
# of unsupported tests 15
=== libgomp tests ===
Running target unix
WARNING: program timed out.
FAIL: libgomp.fortran/strassen.f90 -O execution test
=== libgomp Summary ===
# of expected passes 2425
# of unexpected failures 1
=== libjava tests ===
Running target unix
=== libjava Summary ===
# of expected passes 2574
=== libmudflap tests ===
Running target unix
FAIL: libmudflap.c/fail17-frag.c (-static) (test for excess errors)
WARNING: libmudflap.c/fail17-frag.c (-static) compilation failed to produce executable
FAIL: libmudflap.c/fail23-frag.c (-static) (test for excess errors)
WARNING: libmudflap.c/fail23-frag.c (-static) compilation failed to produce executable
FAIL: libmudflap.c/fail25-frag.c (-static) (test for excess errors)
WARNING: libmudflap.c/fail25-frag.c (-static) compilation failed to produce executable
FAIL: libmudflap.c/fail4-frag.c (-static) (test for excess errors)
WARNING: libmudflap.c/fail4-frag.c (-static) compilation failed to produce executable
FAIL: libmudflap.c/fail5-frag.c (-static) (test for excess errors)
WARNING: libmudflap.c/fail5-frag.c (-static) compilation failed to produce executable
FAIL: libmudflap.c/fail6-frag.c (-static) (test for excess errors)
WARNING: libmudflap.c/fail6-frag.c (-static) compilation failed to produce executable
FAIL: libmudflap.c/fail7-frag.c (-static) (test for excess errors)
WARNING: libmudflap.c/fail7-frag.c (-static) compilation failed to produce executable
FAIL: libmudflap.c/fail8-frag.c (-static) (test for excess errors)
WARNING: libmudflap.c/fail8-frag.c (-static) compilation failed to produce executable
FAIL: libmudflap.c/fail9-frag.c (-static) (test for excess errors)
WARNING: libmudflap.c/fail9-frag.c (-static) compilation failed to produce executable
FAIL: libmudflap.c/heap-scalestress.c (-static) (test for excess errors)
WARNING: libmudflap.c/heap-scalestress.c (-static) compilation failed to produce executable
FAIL: libmudflap.c/hook-allocstuff.c (-static) (test for excess errors)
WARNING: libmudflap.c/hook-allocstuff.c (-static) compilation failed to produce executable
FAIL: libmudflap.c/pass-stratcliff.c (-static) (test for excess errors)
WARNING: libmudflap.c/pass-stratcliff.c (-static) compilation failed to produce executable
FAIL: libmudflap.c/pass30-frag.c (-static) (test for excess errors)
WARNING: libmudflap.c/pass30-frag.c (-static) compilation failed to produce executable
FAIL: libmudflap.c/pass30-frag.c (-static) (test for excess errors)
WARNING: libmudflap.c/pass30-frag.c (-static) compilation failed to produce executable
FAIL: libmudflap.c/pass4-frag.c (-static) (test for excess errors)
WARNING: libmudflap.c/pass4-frag.c (-static) compilation failed to produce executable
FAIL: libmudflap.c/pass4-frag.c (-static) (test for excess errors)
WARNING: libmudflap.c/pass4-frag.c (-static) compilation failed to produce executable
FAIL: libmudflap.c/pass45-frag.c (-static) (test for excess errors)
WARNING: libmudflap.c/pass45-frag.c (-static) compilation failed to produce executable
FAIL: libmudflap.c/pass45-frag.c (-static) (test for excess errors)
WARNING: libmudflap.c/pass45-frag.c (-static) compilation failed to produce executable
FAIL: libmudflap.c/pass46-frag.c (-static) (test for excess errors)
WARNING: libmudflap.c/pass46-frag.c (-static) compilation failed to produce executable
FAIL: libmudflap.c/pass46-frag.c (-static) (test for excess errors)
WARNING: libmudflap.c/pass46-frag.c (-static) compilation failed to produce executable
FAIL: libmudflap.c/pass47-frag.c (-static) (test for excess errors)
WARNING: libmudflap.c/pass47-frag.c (-static) compilation failed to produce executable
FAIL: libmudflap.c/pass47-frag.c (-static) (test for excess errors)
WARNING: libmudflap.c/pass47-frag.c (-static) compilation failed to produce executable
FAIL: libmudflap.c/pass49-frag.c (-static) (test for excess errors)
WARNING: libmudflap.c/pass49-frag.c (-static) compilation failed to produce executable
FAIL: libmudflap.c/pass49-frag.c (-static) (test for excess errors)
WARNING: libmudflap.c/pass49-frag.c (-static) compilation failed to produce executable
FAIL: libmudflap.c/pass5-frag.c (-static) (test for excess errors)
WARNING: libmudflap.c/pass5-frag.c (-static) compilation failed to produce executable
FAIL: libmudflap.c/pass5-frag.c (-static) (test for excess errors)
WARNING: libmudflap.c/pass5-frag.c (-static) compilation failed to produce executable
FAIL: libmudflap.c/pass51-frag.c (-static) (test for excess errors)
WARNING: libmudflap.c/pass51-frag.c (-static) compilation failed to produce executable
FAIL: libmudflap.c/pass51-frag.c (-static) (test for excess errors)
WARNING: libmudflap.c/pass51-frag.c (-static) compilation failed to produce executable
FAIL: libmudflap.c/pass52-frag.c (-static) (test for excess errors)
WARNING: libmudflap.c/pass52-frag.c (-static) compilation failed to produce executable
FAIL: libmudflap.c/pass52-frag.c (-static) (test for excess errors)
WARNING: libmudflap.c/pass52-frag.c (-static) compilation failed to produce executable
FAIL: libmudflap.c/pass6-frag.c (-static) (test for excess errors)
WARNING: libmudflap.c/pass6-frag.c (-static) compilation failed to produce executable
FAIL: libmudflap.c/pass6-frag.c (-static) (test for excess errors)
WARNING: libmudflap.c/pass6-frag.c (-static) compilation failed to produce executable
FAIL: libmudflap.c/pass7-frag.c (-static) (test for excess errors)
WARNING: libmudflap.c/pass7-frag.c (-static) compilation failed to produce executable
FAIL: libmudflap.c/pass7-frag.c (-static) (test for excess errors)
WARNING: libmudflap.c/pass7-frag.c (-static) compilation failed to produce executable
FAIL: libmudflap.c/pass8-frag.c (-static) (test for excess errors)
WARNING: libmudflap.c/pass8-frag.c (-static) compilation failed to produce executable
FAIL: libmudflap.c/pass8-frag.c (-static) (test for excess errors)
WARNING: libmudflap.c/pass8-frag.c (-static) compilation failed to produce executable
FAIL: libmudflap.c/pass9-frag.c (-static) (test for excess errors)
WARNING: libmudflap.c/pass9-frag.c (-static) compilation failed to produce executable
FAIL: libmudflap.c/pass9-frag.c (-static) (test for excess errors)
WARNING: libmudflap.c/pass9-frag.c (-static) compilation failed to produce executable
FAIL: libmudflap.c/fail31-frag.c (-O3) crash test
FAIL: libmudflap.c/fail31-frag.c (-O3) output pattern test
FAIL: libmudflap.c/pass45-frag.c (-O3) execution test
FAIL: libmudflap.c/pass45-frag.c (-O3) output pattern test
FAIL: libmudflap.c/pass45-frag.c (-O3) execution test
FAIL: libmudflap.c/pass45-frag.c (-O3) output pattern test
FAIL: libmudflap.c++/pass41-frag.cxx execution test
FAIL: libmudflap.c++/fail24-frag.cxx (-static) (test for excess errors)
WARNING: libmudflap.c++/fail24-frag.cxx (-static) compilation failed to produce executable
FAIL: libmudflap.c++/pass31-frag.cxx (-static) (test for excess errors)
WARNING: libmudflap.c++/pass31-frag.cxx (-static) compilation failed to produce executable
FAIL: libmudflap.c++/pass41-frag.cxx (-static) execution test
FAIL: libmudflap.c++/pass41-frag.cxx ( -O) execution test
FAIL: libmudflap.c++/pass41-frag.cxx (-O2) execution test
FAIL: libmudflap.c++/pass41-frag.cxx (-O3) execution test
WARNING: program timed out.
FAIL: libmudflap.cth/pass37-frag.c execution test
FAIL: libmudflap.cth/pass37-frag.c output pattern test
WARNING: program timed out.
FAIL: libmudflap.cth/pass37-frag.c (rerun 1) execution test
FAIL: libmudflap.cth/pass37-frag.c (rerun 1) output pattern test
WARNING: program timed out.
FAIL: libmudflap.cth/pass37-frag.c (rerun 2) execution test
FAIL: libmudflap.cth/pass37-frag.c (rerun 2) output pattern test
WARNING: program timed out.
FAIL: libmudflap.cth/pass37-frag.c (rerun 3) execution test
FAIL: libmudflap.cth/pass37-frag.c (rerun 3) output pattern test
WARNING: program timed out.
FAIL: libmudflap.cth/pass37-frag.c (rerun 4) execution test
FAIL: libmudflap.cth/pass37-frag.c (rerun 4) output pattern test
WARNING: program timed out.
FAIL: libmudflap.cth/pass37-frag.c (rerun 5) execution test
FAIL: libmudflap.cth/pass37-frag.c (rerun 5) output pattern test
WARNING: program timed out.
FAIL: libmudflap.cth/pass37-frag.c (rerun 6) execution test
FAIL: libmudflap.cth/pass37-frag.c (rerun 6) output pattern test
WARNING: program timed out.
FAIL: libmudflap.cth/pass37-frag.c (rerun 7) execution test
FAIL: libmudflap.cth/pass37-frag.c (rerun 7) output pattern test
WARNING: program timed out.
FAIL: libmudflap.cth/pass37-frag.c (rerun 8) execution test
FAIL: libmudflap.cth/pass37-frag.c (rerun 8) output pattern test
WARNING: program timed out.
FAIL: libmudflap.cth/pass37-frag.c (rerun 9) execution test
FAIL: libmudflap.cth/pass37-frag.c (rerun 9) output pattern test
WARNING: program timed out.
FAIL: libmudflap.cth/pass37-frag.c (rerun 10) execution test
FAIL: libmudflap.cth/pass37-frag.c (rerun 10) output pattern test
WARNING: program timed out.
FAIL: libmudflap.cth/pass37-frag.c (rerun 11) execution test
FAIL: libmudflap.cth/pass37-frag.c (rerun 11) output pattern test
WARNING: program timed out.
FAIL: libmudflap.cth/pass37-frag.c (rerun 12) execution test
FAIL: libmudflap.cth/pass37-frag.c (rerun 12) output pattern test
WARNING: program timed out.
FAIL: libmudflap.cth/pass37-frag.c (rerun 13) execution test
FAIL: libmudflap.cth/pass37-frag.c (rerun 13) output pattern test
WARNING: program timed out.
FAIL: libmudflap.cth/pass37-frag.c (rerun 14) execution test
FAIL: libmudflap.cth/pass37-frag.c (rerun 14) output pattern test
WARNING: program timed out.
FAIL: libmudflap.cth/pass37-frag.c (rerun 15) execution test
FAIL: libmudflap.cth/pass37-frag.c (rerun 15) output pattern test
WARNING: program timed out.
FAIL: libmudflap.cth/pass37-frag.c (rerun 16) execution test
FAIL: libmudflap.cth/pass37-frag.c (rerun 16) output pattern test
WARNING: program timed out.
FAIL: libmudflap.cth/pass37-frag.c (rerun 17) execution test
FAIL: libmudflap.cth/pass37-frag.c (rerun 17) output pattern test
WARNING: program timed out.
FAIL: libmudflap.cth/pass37-frag.c (rerun 18) execution test
FAIL: libmudflap.cth/pass37-frag.c (rerun 18) output pattern test
WARNING: program timed out.
FAIL: libmudflap.cth/pass37-frag.c (rerun 19) execution test
FAIL: libmudflap.cth/pass37-frag.c (rerun 19) output pattern test
WARNING: program timed out.
FAIL: libmudflap.cth/pass39-frag.c execution test
FAIL: libmudflap.cth/pass39-frag.c output pattern test
WARNING: program timed out.
FAIL: libmudflap.cth/pass39-frag.c (rerun 1) execution test
FAIL: libmudflap.cth/pass39-frag.c (rerun 1) output pattern test
WARNING: program timed out.
FAIL: libmudflap.cth/pass39-frag.c (rerun 2) execution test
FAIL: libmudflap.cth/pass39-frag.c (rerun 2) output pattern test
WARNING: program timed out.
FAIL: libmudflap.cth/pass39-frag.c (rerun 3) execution test
FAIL: libmudflap.cth/pass39-frag.c (rerun 3) output pattern test
WARNING: program timed out.
FAIL: libmudflap.cth/pass39-frag.c (rerun 4) execution test
FAIL: libmudflap.cth/pass39-frag.c (rerun 4) output pattern test
WARNING: program timed out.
FAIL: libmudflap.cth/pass39-frag.c (rerun 5) execution test
FAIL: libmudflap.cth/pass39-frag.c (rerun 5) output pattern test
WARNING: program timed out.
FAIL: libmudflap.cth/pass39-frag.c (rerun 6) execution test
FAIL: libmudflap.cth/pass39-frag.c (rerun 6) output pattern test
WARNING: program timed out.
FAIL: libmudflap.cth/pass39-frag.c (rerun 7) execution test
FAIL: libmudflap.cth/pass39-frag.c (rerun 7) output pattern test
WARNING: program timed out.
FAIL: libmudflap.cth/pass39-frag.c (rerun 8) execution test
FAIL: libmudflap.cth/pass39-frag.c (rerun 8) output pattern test
WARNING: program timed out.
FAIL: libmudflap.cth/pass39-frag.c (rerun 9) execution test
FAIL: libmudflap.cth/pass39-frag.c (rerun 9) output pattern test
WARNING: program timed out.
FAIL: libmudflap.cth/pass39-frag.c (rerun 10) execution test
FAIL: libmudflap.cth/pass39-frag.c (rerun 10) output pattern test
WARNING: program timed out.
FAIL: libmudflap.cth/pass39-frag.c (rerun 11) execution test
FAIL: libmudflap.cth/pass39-frag.c (rerun 11) output pattern test
WARNING: program timed out.
FAIL: libmudflap.cth/pass39-frag.c (rerun 12) execution test
FAIL: libmudflap.cth/pass39-frag.c (rerun 12) output pattern test
WARNING: program timed out.
FAIL: libmudflap.cth/pass39-frag.c (rerun 13) execution test
FAIL: libmudflap.cth/pass39-frag.c (rerun 13) output pattern test
WARNING: program timed out.
FAIL: libmudflap.cth/pass39-frag.c (rerun 14) execution test
FAIL: libmudflap.cth/pass39-frag.c (rerun 14) output pattern test
WARNING: program timed out.
FAIL: libmudflap.cth/pass39-frag.c (rerun 15) execution test
FAIL: libmudflap.cth/pass39-frag.c (rerun 15) output pattern test
WARNING: program timed out.
FAIL: libmudflap.cth/pass39-frag.c (rerun 16) execution test
FAIL: libmudflap.cth/pass39-frag.c (rerun 16) output pattern test
WARNING: program timed out.
FAIL: libmudflap.cth/pass39-frag.c (rerun 17) execution test
FAIL: libmudflap.cth/pass39-frag.c (rerun 17) output pattern test
WARNING: program timed out.
FAIL: libmudflap.cth/pass39-frag.c (rerun 18) execution test
FAIL: libmudflap.cth/pass39-frag.c (rerun 18) output pattern test
WARNING: program timed out.
FAIL: libmudflap.cth/pass39-frag.c (rerun 19) execution test
FAIL: libmudflap.cth/pass39-frag.c (rerun 19) output pattern test
WARNING: program timed out.
FAIL: libmudflap.cth/pass40-frag.c execution test
WARNING: program timed out.
FAIL: libmudflap.cth/pass59-frag.c execution test
FAIL: libmudflap.cth/pass59-frag.c output pattern test
FAIL: libmudflap.cth/pass37-frag.c (-static -DSTATIC) (test for excess errors)
FAIL: libmudflap.cth/pass39-frag.c (-static -DSTATIC) (test for excess errors)
FAIL: libmudflap.cth/pass40-frag.c (-static -DSTATIC) (test for excess errors)
FAIL: libmudflap.cth/pass59-frag.c (-static -DSTATIC) (test for excess errors)
WARNING: program timed out.
FAIL: libmudflap.cth/pass37-frag.c (-O2) execution test
FAIL: libmudflap.cth/pass37-frag.c (-O2) output pattern test
WARNING: program timed out.
FAIL: libmudflap.cth/pass37-frag.c (-O2) (rerun 1) execution test
FAIL: libmudflap.cth/pass37-frag.c (-O2) (rerun 1) output pattern test
WARNING: program timed out.
FAIL: libmudflap.cth/pass37-frag.c (-O2) (rerun 2) execution test
FAIL: libmudflap.cth/pass37-frag.c (-O2) (rerun 2) output pattern test
WARNING: program timed out.
FAIL: libmudflap.cth/pass37-frag.c (-O2) (rerun 3) execution test
FAIL: libmudflap.cth/pass37-frag.c (-O2) (rerun 3) output pattern test
WARNING: program timed out.
FAIL: libmudflap.cth/pass37-frag.c (-O2) (rerun 4) execution test
FAIL: libmudflap.cth/pass37-frag.c (-O2) (rerun 4) output pattern test
WARNING: program timed out.
FAIL: libmudflap.cth/pass37-frag.c (-O2) (rerun 5) execution test
FAIL: libmudflap.cth/pass37-frag.c (-O2) (rerun 5) output pattern test
WARNING: program timed out.
FAIL: libmudflap.cth/pass37-frag.c (-O2) (rerun 6) execution test
FAIL: libmudflap.cth/pass37-frag.c (-O2) (rerun 6) output pattern test
WARNING: program timed out.
FAIL: libmudflap.cth/pass37-frag.c (-O2) (rerun 7) execution test
FAIL: libmudflap.cth/pass37-frag.c (-O2) (rerun 7) output pattern test
WARNING: program timed out.
FAIL: libmudflap.cth/pass37-frag.c (-O2) (rerun 8) execution test
FAIL: libmudflap.cth/pass37-frag.c (-O2) (rerun 8) output pattern test
WARNING: program timed out.
FAIL: libmudflap.cth/pass37-frag.c (-O2) (rerun 9) execution test
FAIL: libmudflap.cth/pass37-frag.c (-O2) (rerun 9) output pattern test
WARNING: program timed out.
FAIL: libmudflap.cth/pass37-frag.c (-O2) (rerun 10) execution test
FAIL: libmudflap.cth/pass37-frag.c (-O2) (rerun 10) output pattern test
WARNING: program timed out.
FAIL: libmudflap.cth/pass37-frag.c (-O2) (rerun 11) execution test
FAIL: libmudflap.cth/pass37-frag.c (-O2) (rerun 11) output pattern test
WARNING: program timed out.
FAIL: libmudflap.cth/pass37-frag.c (-O2) (rerun 12) execution test
FAIL: libmudflap.cth/pass37-frag.c (-O2) (rerun 12) output pattern test
WARNING: program timed out.
FAIL: libmudflap.cth/pass37-frag.c (-O2) (rerun 13) execution test
FAIL: libmudflap.cth/pass37-frag.c (-O2) (rerun 13) output pattern test
WARNING: program timed out.
FAIL: libmudflap.cth/pass37-frag.c (-O2) (rerun 14) execution test
FAIL: libmudflap.cth/pass37-frag.c (-O2) (rerun 14) output pattern test
WARNING: program timed out.
FAIL: libmudflap.cth/pass37-frag.c (-O2) (rerun 15) execution test
FAIL: libmudflap.cth/pass37-frag.c (-O2) (rerun 15) output pattern test
WARNING: program timed out.
FAIL: libmudflap.cth/pass37-frag.c (-O2) (rerun 16) execution test
FAIL: libmudflap.cth/pass37-frag.c (-O2) (rerun 16) output pattern test
WARNING: program timed out.
FAIL: libmudflap.cth/pass37-frag.c (-O2) (rerun 17) execution test
FAIL: libmudflap.cth/pass37-frag.c (-O2) (rerun 17) output pattern test
WARNING: program timed out.
FAIL: libmudflap.cth/pass37-frag.c (-O2) (rerun 18) execution test
FAIL: libmudflap.cth/pass37-frag.c (-O2) (rerun 18) output pattern test
WARNING: program timed out.
FAIL: libmudflap.cth/pass37-frag.c (-O2) (rerun 19) execution test
FAIL: libmudflap.cth/pass37-frag.c (-O2) (rerun 19) output pattern test
WARNING: program timed out.
FAIL: libmudflap.cth/pass39-frag.c (-O2) execution test
FAIL: libmudflap.cth/pass39-frag.c (-O2) output pattern test
WARNING: program timed out.
FAIL: libmudflap.cth/pass39-frag.c (-O2) (rerun 1) execution test
FAIL: libmudflap.cth/pass39-frag.c (-O2) (rerun 1) output pattern test
WARNING: program timed out.
FAIL: libmudflap.cth/pass39-frag.c (-O2) (rerun 2) execution test
FAIL: libmudflap.cth/pass39-frag.c (-O2) (rerun 2) output pattern test
WARNING: program timed out.
FAIL: libmudflap.cth/pass39-frag.c (-O2) (rerun 3) execution test
FAIL: libmudflap.cth/pass39-frag.c (-O2) (rerun 3) output pattern test
WARNING: program timed out.
FAIL: libmudflap.cth/pass39-frag.c (-O2) (rerun 4) execution test
FAIL: libmudflap.cth/pass39-frag.c (-O2) (rerun 4) output pattern test
WARNING: program timed out.
FAIL: libmudflap.cth/pass39-frag.c (-O2) (rerun 5) execution test
FAIL: libmudflap.cth/pass39-frag.c (-O2) (rerun 5) output pattern test
WARNING: program timed out.
FAIL: libmudflap.cth/pass39-frag.c (-O2) (rerun 6) execution test
FAIL: libmudflap.cth/pass39-frag.c (-O2) (rerun 6) output pattern test
WARNING: program timed out.
FAIL: libmudflap.cth/pass39-frag.c (-O2) (rerun 7) execution test
FAIL: libmudflap.cth/pass39-frag.c (-O2) (rerun 7) output pattern test
WARNING: program timed out.
FAIL: libmudflap.cth/pass39-frag.c (-O2) (rerun 8) execution test
FAIL: libmudflap.cth/pass39-frag.c (-O2) (rerun 8) output pattern test
WARNING: program timed out.
FAIL: libmudflap.cth/pass39-frag.c (-O2) (rerun 9) execution test
FAIL: libmudflap.cth/pass39-frag.c (-O2) (rerun 9) output pattern test
WARNING: program timed out.
FAIL: libmudflap.cth/pass39-frag.c (-O2) (rerun 10) execution test
FAIL: libmudflap.cth/pass39-frag.c (-O2) (rerun 10) output pattern test
WARNING: program timed out.
FAIL: libmudflap.cth/pass39-frag.c (-O2) (rerun 11) execution test
FAIL: libmudflap.cth/pass39-frag.c (-O2) (rerun 11) output pattern test
WARNING: program timed out.
FAIL: libmudflap.cth/pass39-frag.c (-O2) (rerun 12) execution test
FAIL: libmudflap.cth/pass39-frag.c (-O2) (rerun 12) output pattern test
WARNING: program timed out.
FAIL: libmudflap.cth/pass39-frag.c (-O2) (rerun 13) execution test
FAIL: libmudflap.cth/pass39-frag.c (-O2) (rerun 13) output pattern test
WARNING: program timed out.
FAIL: libmudflap.cth/pass39-frag.c (-O2) (rerun 14) execution test
FAIL: libmudflap.cth/pass39-frag.c (-O2) (rerun 14) output pattern test
WARNING: program timed out.
FAIL: libmudflap.cth/pass39-frag.c (-O2) (rerun 15) execution test
FAIL: libmudflap.cth/pass39-frag.c (-O2) (rerun 15) output pattern test
WARNING: program timed out.
FAIL: libmudflap.cth/pass39-frag.c (-O2) (rerun 16) execution test
FAIL: libmudflap.cth/pass39-frag.c (-O2) (rerun 16) output pattern test
WARNING: program timed out.
FAIL: libmudflap.cth/pass39-frag.c (-O2) (rerun 17) execution test
FAIL: libmudflap.cth/pass39-frag.c (-O2) (rerun 17) output pattern test
WARNING: program timed out.
FAIL: libmudflap.cth/pass39-frag.c (-O2) (rerun 18) execution test
FAIL: libmudflap.cth/pass39-frag.c (-O2) (rerun 18) output pattern test
WARNING: program timed out.
FAIL: libmudflap.cth/pass39-frag.c (-O2) (rerun 19) execution test
FAIL: libmudflap.cth/pass39-frag.c (-O2) (rerun 19) output pattern test
WARNING: program timed out.
FAIL: libmudflap.cth/pass40-frag.c (-O2) execution test
WARNING: program timed out.
FAIL: libmudflap.cth/pass59-frag.c (-O2) execution test
FAIL: libmudflap.cth/pass59-frag.c (-O2) output pattern test
WARNING: program timed out.
FAIL: libmudflap.cth/pass37-frag.c (-O3) execution test
FAIL: libmudflap.cth/pass37-frag.c (-O3) output pattern test
WARNING: program timed out.
FAIL: libmudflap.cth/pass37-frag.c (-O3) (rerun 1) execution test
FAIL: libmudflap.cth/pass37-frag.c (-O3) (rerun 1) output pattern test
WARNING: program timed out.
FAIL: libmudflap.cth/pass37-frag.c (-O3) (rerun 2) execution test
FAIL: libmudflap.cth/pass37-frag.c (-O3) (rerun 2) output pattern test
WARNING: program timed out.
FAIL: libmudflap.cth/pass37-frag.c (-O3) (rerun 3) execution test
FAIL: libmudflap.cth/pass37-frag.c (-O3) (rerun 3) output pattern test
WARNING: program timed out.
FAIL: libmudflap.cth/pass37-frag.c (-O3) (rerun 4) execution test
FAIL: libmudflap.cth/pass37-frag.c (-O3) (rerun 4) output pattern test
WARNING: program timed out.
FAIL: libmudflap.cth/pass37-frag.c (-O3) (rerun 5) execution test
FAIL: libmudflap.cth/pass37-frag.c (-O3) (rerun 5) output pattern test
WARNING: program timed out.
FAIL: libmudflap.cth/pass37-frag.c (-O3) (rerun 6) execution test
FAIL: libmudflap.cth/pass37-frag.c (-O3) (rerun 6) output pattern test
WARNING: program timed out.
FAIL: libmudflap.cth/pass37-frag.c (-O3) (rerun 7) execution test
FAIL: libmudflap.cth/pass37-frag.c (-O3) (rerun 7) output pattern test
WARNING: program timed out.
FAIL: libmudflap.cth/pass37-frag.c (-O3) (rerun 8) execution test
FAIL: libmudflap.cth/pass37-frag.c (-O3) (rerun 8) output pattern test
WARNING: program timed out.
FAIL: libmudflap.cth/pass37-frag.c (-O3) (rerun 9) execution test
FAIL: libmudflap.cth/pass37-frag.c (-O3) (rerun 9) output pattern test
WARNING: program timed out.
FAIL: libmudflap.cth/pass37-frag.c (-O3) (rerun 10) execution test
FAIL: libmudflap.cth/pass37-frag.c (-O3) (rerun 10) output pattern test
WARNING: program timed out.
FAIL: libmudflap.cth/pass37-frag.c (-O3) (rerun 11) execution test
FAIL: libmudflap.cth/pass37-frag.c (-O3) (rerun 11) output pattern test
WARNING: program timed out.
FAIL: libmudflap.cth/pass37-frag.c (-O3) (rerun 12) execution test
FAIL: libmudflap.cth/pass37-frag.c (-O3) (rerun 12) output pattern test
WARNING: program timed out.
FAIL: libmudflap.cth/pass37-frag.c (-O3) (rerun 13) execution test
FAIL: libmudflap.cth/pass37-frag.c (-O3) (rerun 13) output pattern test
WARNING: program timed out.
FAIL: libmudflap.cth/pass37-frag.c (-O3) (rerun 14) execution test
FAIL: libmudflap.cth/pass37-frag.c (-O3) (rerun 14) output pattern test
WARNING: program timed out.
FAIL: libmudflap.cth/pass37-frag.c (-O3) (rerun 15) execution test
FAIL: libmudflap.cth/pass37-frag.c (-O3) (rerun 15) output pattern test
WARNING: program timed out.
FAIL: libmudflap.cth/pass37-frag.c (-O3) (rerun 16) execution test
FAIL: libmudflap.cth/pass37-frag.c (-O3) (rerun 16) output pattern test
WARNING: program timed out.
FAIL: libmudflap.cth/pass37-frag.c (-O3) (rerun 17) execution test
FAIL: libmudflap.cth/pass37-frag.c (-O3) (rerun 17) output pattern test
WARNING: program timed out.
FAIL: libmudflap.cth/pass37-frag.c (-O3) (rerun 18) execution test
FAIL: libmudflap.cth/pass37-frag.c (-O3) (rerun 18) output pattern test
WARNING: program timed out.
FAIL: libmudflap.cth/pass37-frag.c (-O3) (rerun 19) execution test
FAIL: libmudflap.cth/pass37-frag.c (-O3) (rerun 19) output pattern test
WARNING: program timed out.
FAIL: libmudflap.cth/pass39-frag.c (-O3) execution test
FAIL: libmudflap.cth/pass39-frag.c (-O3) output pattern test
WARNING: program timed out.
FAIL: libmudflap.cth/pass39-frag.c (-O3) (rerun 1) execution test
FAIL: libmudflap.cth/pass39-frag.c (-O3) (rerun 1) output pattern test
WARNING: program timed out.
FAIL: libmudflap.cth/pass39-frag.c (-O3) (rerun 2) execution test
FAIL: libmudflap.cth/pass39-frag.c (-O3) (rerun 2) output pattern test
WARNING: program timed out.
FAIL: libmudflap.cth/pass39-frag.c (-O3) (rerun 3) execution test
FAIL: libmudflap.cth/pass39-frag.c (-O3) (rerun 3) output pattern test
WARNING: program timed out.
FAIL: libmudflap.cth/pass39-frag.c (-O3) (rerun 4) execution test
FAIL: libmudflap.cth/pass39-frag.c (-O3) (rerun 4) output pattern test
WARNING: program timed out.
FAIL: libmudflap.cth/pass39-frag.c (-O3) (rerun 5) execution test
FAIL: libmudflap.cth/pass39-frag.c (-O3) (rerun 5) output pattern test
WARNING: program timed out.
FAIL: libmudflap.cth/pass39-frag.c (-O3) (rerun 6) execution test
FAIL: libmudflap.cth/pass39-frag.c (-O3) (rerun 6) output pattern test
WARNING: program timed out.
FAIL: libmudflap.cth/pass39-frag.c (-O3) (rerun 7) execution test
FAIL: libmudflap.cth/pass39-frag.c (-O3) (rerun 7) output pattern test
WARNING: program timed out.
FAIL: libmudflap.cth/pass39-frag.c (-O3) (rerun 8) execution test
FAIL: libmudflap.cth/pass39-frag.c (-O3) (rerun 8) output pattern test
WARNING: program timed out.
FAIL: libmudflap.cth/pass39-frag.c (-O3) (rerun 9) execution test
FAIL: libmudflap.cth/pass39-frag.c (-O3) (rerun 9) output pattern test
WARNING: program timed out.
FAIL: libmudflap.cth/pass39-frag.c (-O3) (rerun 10) execution test
FAIL: libmudflap.cth/pass39-frag.c (-O3) (rerun 10) output pattern test
WARNING: program timed out.
FAIL: libmudflap.cth/pass39-frag.c (-O3) (rerun 11) execution test
FAIL: libmudflap.cth/pass39-frag.c (-O3) (rerun 11) output pattern test
WARNING: program timed out.
FAIL: libmudflap.cth/pass39-frag.c (-O3) (rerun 12) execution test
FAIL: libmudflap.cth/pass39-frag.c (-O3) (rerun 12) output pattern test
WARNING: program timed out.
FAIL: libmudflap.cth/pass39-frag.c (-O3) (rerun 13) execution test
FAIL: libmudflap.cth/pass39-frag.c (-O3) (rerun 13) output pattern test
WARNING: program timed out.
FAIL: libmudflap.cth/pass39-frag.c (-O3) (rerun 14) execution test
FAIL: libmudflap.cth/pass39-frag.c (-O3) (rerun 14) output pattern test
WARNING: program timed out.
FAIL: libmudflap.cth/pass39-frag.c (-O3) (rerun 15) execution test
FAIL: libmudflap.cth/pass39-frag.c (-O3) (rerun 15) output pattern test
WARNING: program timed out.
FAIL: libmudflap.cth/pass39-frag.c (-O3) (rerun 16) execution test
FAIL: libmudflap.cth/pass39-frag.c (-O3) (rerun 16) output pattern test
WARNING: program timed out.
FAIL: libmudflap.cth/pass39-frag.c (-O3) (rerun 17) execution test
FAIL: libmudflap.cth/pass39-frag.c (-O3) (rerun 17) output pattern test
WARNING: program timed out.
FAIL: libmudflap.cth/pass39-frag.c (-O3) (rerun 18) execution test
FAIL: libmudflap.cth/pass39-frag.c (-O3) (rerun 18) output pattern test
WARNING: program timed out.
FAIL: libmudflap.cth/pass39-frag.c (-O3) (rerun 19) execution test
FAIL: libmudflap.cth/pass39-frag.c (-O3) (rerun 19) output pattern test
WARNING: program timed out.
FAIL: libmudflap.cth/pass40-frag.c (-O3) execution test
WARNING: program timed out.
FAIL: libmudflap.cth/pass59-frag.c (-O3) execution test
FAIL: libmudflap.cth/pass59-frag.c (-O3) output pattern test
=== libmudflap Summary ===
# of expected passes 1534
# of unexpected failures 304
=== libstdc++ tests ===
Running target unix
FAIL: abi_check
XPASS: 26_numerics/headers/cmath/c99_classification_macros_c.cc (test for excess errors)
FAIL: ext/pb_ds/regression/tree_data_map_rand.cc execution test
FAIL: ext/profile/mutex_extensions.cc (test for errors, line 165)
=== libstdc++ Summary ===
# of expected passes 6443
# of unexpected failures 3
# of unexpected successes 1
# of expected failures 90
# of unsupported tests 333
Compiler version: 4.5.0 20091201 (experimental) [trunk revision 154886] (GCC)
Platform: mips64-unknown-linux-gnu
configure flags: --with-float=soft --with-arch=octeon --with-gmp=/root/gccsvn/mp --with-mpfr=/root/gccsvn/mp