This is the mail archive of the
gcc-testresults@gcc.gnu.org
mailing list for the GCC project.
Results for 4.5.0 20091201 (GCC) testsuite on sparc-sun-solaris2.9
- From: botcazou at eu dot adacore dot com (Eric Botcazou)
- To: gcc-testresults at gcc dot gnu dot org
- Date: Tue, 1 Dec 2009 23:35:14 +0100 (CET)
- Subject: Results for 4.5.0 20091201 (GCC) testsuite on sparc-sun-solaris2.9
=== acats tests ===
=== acats Summary ===
# of expected passes 2321
# of unexpected failures 0
Native configuration is sparc-sun-solaris2.9
=== g++ tests ===
Running target unix
XPASS: g++.dg/other/ucnid-1.C (test for excess errors)
UNRESOLVED: attribute_plugin.c compilation, -I. -I/nile.build/botcazou/gcc-head/src/gcc/testsuite -I/nile.build/botcazou/gcc-head/src/gcc/testsuite/../../gcc -I/nfs/nile/nile.build/botcazou/gcc-head/sparc-sun-solaris2.9/gcc/testsuite/g++/../../../gcc -I/nile.build/botcazou/gcc-head/src/gcc/testsuite/../../include -I/nile.build/botcazou/gcc-head/src/gcc/testsuite/../../libcpp/include -I/nile.build/botcazou/support/sparc/include -I/nile.build/botcazou/support/sparc/include -I/nile.build/botcazou/support/sparc/include -DIN_GCC -fPIC -shared
UNRESOLVED: pragma_plugin.c compilation, -I. -I/nile.build/botcazou/gcc-head/src/gcc/testsuite -I/nile.build/botcazou/gcc-head/src/gcc/testsuite/../../gcc -I/nfs/nile/nile.build/botcazou/gcc-head/sparc-sun-solaris2.9/gcc/testsuite/g++/../../../gcc -I/nile.build/botcazou/gcc-head/src/gcc/testsuite/../../include -I/nile.build/botcazou/gcc-head/src/gcc/testsuite/../../libcpp/include -I/nile.build/botcazou/support/sparc/include -I/nile.build/botcazou/support/sparc/include -I/nile.build/botcazou/support/sparc/include -DIN_GCC -fPIC -shared
UNRESOLVED: selfassign.c compilation, -I. -I/nile.build/botcazou/gcc-head/src/gcc/testsuite -I/nile.build/botcazou/gcc-head/src/gcc/testsuite/../../gcc -I/nfs/nile/nile.build/botcazou/gcc-head/sparc-sun-solaris2.9/gcc/testsuite/g++/../../../gcc -I/nile.build/botcazou/gcc-head/src/gcc/testsuite/../../include -I/nile.build/botcazou/gcc-head/src/gcc/testsuite/../../libcpp/include -I/nile.build/botcazou/support/sparc/include -I/nile.build/botcazou/support/sparc/include -I/nile.build/botcazou/support/sparc/include -O -DIN_GCC -fPIC -shared
UNRESOLVED: dumb_plugin.c compilation, -I. -I/nile.build/botcazou/gcc-head/src/gcc/testsuite -I/nile.build/botcazou/gcc-head/src/gcc/testsuite/../../gcc -I/nfs/nile/nile.build/botcazou/gcc-head/sparc-sun-solaris2.9/gcc/testsuite/g++/../../../gcc -I/nile.build/botcazou/gcc-head/src/gcc/testsuite/../../include -I/nile.build/botcazou/gcc-head/src/gcc/testsuite/../../libcpp/include -I/nile.build/botcazou/support/sparc/include -I/nile.build/botcazou/support/sparc/include -I/nile.build/botcazou/support/sparc/include -DIN_GCC -fPIC -shared
UNRESOLVED: header_plugin.c compilation, -I. -I/nile.build/botcazou/gcc-head/src/gcc/testsuite -I/nile.build/botcazou/gcc-head/src/gcc/testsuite/../../gcc -I/nfs/nile/nile.build/botcazou/gcc-head/sparc-sun-solaris2.9/gcc/testsuite/g++/../../../gcc -I/nile.build/botcazou/gcc-head/src/gcc/testsuite/../../include -I/nile.build/botcazou/gcc-head/src/gcc/testsuite/../../libcpp/include -I/nile.build/botcazou/support/sparc/include -I/nile.build/botcazou/support/sparc/include -I/nile.build/botcazou/support/sparc/include -DIN_GCC -fPIC -shared
XPASS: g++.old-deja/g++.other/init19.C execution test
=== g++ Summary ===
# of expected passes 21208
# of unexpected successes 2
# of expected failures 148
# of unresolved testcases 5
# of unsupported tests 214
/nfs/nile/nile.build/botcazou/gcc-head/sparc-sun-solaris2.9/gcc/testsuite/g++/../../g++ version 4.5.0 20091201 for GNAT Pro 6.3.0w (20091130) (GCC)
=== gcc tests ===
Running target unix
WARNING: program timed out.
FAIL: gcc.c-torture/compile/20001226-1.c -O3 -g (test for excess errors)
FAIL: gcc.c-torture/execute/pr38819.c execution, -O2
FAIL: gcc.c-torture/execute/pr38819.c execution, -O3 -fomit-frame-pointer
FAIL: gcc.c-torture/execute/pr38819.c execution, -O3 -fomit-frame-pointer -funroll-loops
FAIL: gcc.c-torture/execute/pr38819.c execution, -O3 -fomit-frame-pointer -funroll-all-loops -finline-functions
FAIL: gcc.c-torture/execute/pr38819.c execution, -O3 -g
FAIL: gcc.c-torture/execute/pr38819.c execution, -O2 -flto
FAIL: gcc.c-torture/execute/pr38819.c execution, -O2 -fwhopr
XPASS: gcc.dg/Warray-bounds.c (test for warnings, line 59)
XPASS: gcc.dg/Warray-bounds.c (test for warnings, line 65)
XPASS: gcc.dg/Wunreachable-8.c (test for bogus messages, line 7)
FAIL: gcc.dg/pr34668-1.c (internal compiler error)
FAIL: gcc.dg/pr34668-1.c (test for excess errors)
XPASS: gcc.dg/ucnid-11.c (test for excess errors)
XPASS: gcc.dg/ucnid-12.c (test for excess errors)
XPASS: gcc.dg/ucnid-2.c (test for excess errors)
XPASS: gcc.dg/ucnid-3.c (test for excess errors)
XPASS: gcc.dg/ucnid-4.c (test for excess errors)
FAIL: gcc.dg/lto/20081201-2 c_lto_20081201-2_0.o-c_lto_20081201-2_1.o execute -O3 -fwhopr
FAIL: gcc.dg/lto/20090729 c_lto_20090729_0.o-c_lto_20090729_1.o link
UNRESOLVED: gcc.dg/lto/20090729 c_lto_20090729_0.o-c_lto_20090729_1.o execute -w
UNRESOLVED: selfassign.c compilation, -I. -I/nile.build/botcazou/gcc-head/src/gcc/testsuite -I/nile.build/botcazou/gcc-head/src/gcc/testsuite/../../gcc -I/nfs/nile/nile.build/botcazou/gcc-head/sparc-sun-solaris2.9/gcc/testsuite/gcc/../../../gcc -I/nile.build/botcazou/gcc-head/src/gcc/testsuite/../../include -I/nile.build/botcazou/gcc-head/src/gcc/testsuite/../../libcpp/include -I/nile.build/botcazou/support/sparc/include -I/nile.build/botcazou/support/sparc/include -I/nile.build/botcazou/support/sparc/include -O -DIN_GCC -fPIC -shared
UNRESOLVED: ggcplug.c compilation, -I. -I/nile.build/botcazou/gcc-head/src/gcc/testsuite -I/nile.build/botcazou/gcc-head/src/gcc/testsuite/../../gcc -I/nfs/nile/nile.build/botcazou/gcc-head/sparc-sun-solaris2.9/gcc/testsuite/gcc/../../../gcc -I/nile.build/botcazou/gcc-head/src/gcc/testsuite/../../include -I/nile.build/botcazou/gcc-head/src/gcc/testsuite/../../libcpp/include -I/nile.build/botcazou/support/sparc/include -I/nile.build/botcazou/support/sparc/include -I/nile.build/botcazou/support/sparc/include -O -DIN_GCC -fPIC -shared
UNRESOLVED: one_time_plugin.c compilation, -I. -I/nile.build/botcazou/gcc-head/src/gcc/testsuite -I/nile.build/botcazou/gcc-head/src/gcc/testsuite/../../gcc -I/nfs/nile/nile.build/botcazou/gcc-head/sparc-sun-solaris2.9/gcc/testsuite/gcc/../../../gcc -I/nile.build/botcazou/gcc-head/src/gcc/testsuite/../../include -I/nile.build/botcazou/gcc-head/src/gcc/testsuite/../../libcpp/include -I/nile.build/botcazou/support/sparc/include -I/nile.build/botcazou/support/sparc/include -I/nile.build/botcazou/support/sparc/include -DIN_GCC -fPIC -shared
UNRESOLVED: start_unit_plugin.c compilation, -I. -I/nile.build/botcazou/gcc-head/src/gcc/testsuite -I/nile.build/botcazou/gcc-head/src/gcc/testsuite/../../gcc -I/nfs/nile/nile.build/botcazou/gcc-head/sparc-sun-solaris2.9/gcc/testsuite/gcc/../../../gcc -I/nile.build/botcazou/gcc-head/src/gcc/testsuite/../../include -I/nile.build/botcazou/gcc-head/src/gcc/testsuite/../../libcpp/include -I/nile.build/botcazou/support/sparc/include -I/nile.build/botcazou/support/sparc/include -I/nile.build/botcazou/support/sparc/include -DIN_GCC -fPIC -shared
UNRESOLVED: finish_unit_plugin.c compilation, -I. -I/nile.build/botcazou/gcc-head/src/gcc/testsuite -I/nile.build/botcazou/gcc-head/src/gcc/testsuite/../../gcc -I/nfs/nile/nile.build/botcazou/gcc-head/sparc-sun-solaris2.9/gcc/testsuite/gcc/../../../gcc -I/nile.build/botcazou/gcc-head/src/gcc/testsuite/../../include -I/nile.build/botcazou/gcc-head/src/gcc/testsuite/../../libcpp/include -I/nile.build/botcazou/support/sparc/include -I/nile.build/botcazou/support/sparc/include -I/nile.build/botcazou/support/sparc/include -DIN_GCC -fPIC -shared
XPASS: gcc.dg/struct/wo_prof_array_through_pointer.c scan-ipa-dump ipa_struct_reorg "Number of structures to transform is 1"
FAIL: gcc.dg/torture/pr26565.c -O1 execution test
FAIL: gcc.dg/torture/pr26565.c -O2 execution test
FAIL: gcc.dg/torture/pr26565.c -Os execution test
FAIL: gcc.dg/torture/pr26565.c -O2 -flto execution test
FAIL: gcc.dg/torture/pr26565.c -O2 -fwhopr execution test
FAIL: gcc.dg/vect/slp-multitypes-2.c execution test
=== gcc Summary ===
# of expected passes 62857
# of unexpected failures 18
# of unexpected successes 9
# of expected failures 197
# of unresolved testcases 6
# of unsupported tests 911
/nfs/nile/nile.build/botcazou/gcc-head/sparc-sun-solaris2.9/gcc/xgcc version 4.5.0 20091201 for GNAT Pro 6.3.0w (20091130) (GCC)
=== gfortran tests ===
Running target unix
FAIL: gfortran.dg/lto/20091015-1 f_lto_20091015-1_0.o-f_lto_20091015-1_2.o link
UNRESOLVED: gfortran.dg/lto/20091015-1 f_lto_20091015-1_0.o-f_lto_20091015-1_2.o execute -O0 -fwhopr
FAIL: gfortran.dg/lto/20091015-1 f_lto_20091015-1_0.o-f_lto_20091015-1_2.o link
UNRESOLVED: gfortran.dg/lto/20091015-1 f_lto_20091015-1_0.o-f_lto_20091015-1_2.o execute -O2 -fwhopr
FAIL: gfortran.dg/lto/20091015-1 f_lto_20091015-1_0.o-f_lto_20091015-1_2.o link
UNRESOLVED: gfortran.dg/lto/20091015-1 f_lto_20091015-1_0.o-f_lto_20091015-1_2.o execute -O0 -flto
FAIL: gfortran.dg/lto/20091015-1 f_lto_20091015-1_0.o-f_lto_20091015-1_2.o link
UNRESOLVED: gfortran.dg/lto/20091015-1 f_lto_20091015-1_0.o-f_lto_20091015-1_2.o execute -O2 -flto
=== gfortran Summary ===
# of expected passes 32706
# of unexpected failures 4
# of expected failures 25
# of unresolved testcases 4
# of unsupported tests 302
/nfs/nile/nile.build/botcazou/gcc-head/sparc-sun-solaris2.9/gcc/testsuite/gfortran/../../gfortran version 4.5.0 20091201 for GNAT Pro 6.3.0w (20091130) (GCC)
=== gnat tests ===
Running target unix
=== gnat Summary ===
# of expected passes 745
# of expected failures 5
# of unsupported tests 1
=== obj-c++ tests ===
Running target unix
WARNING: obj-c++.dg/lookup-2.mm compilation failed to produce executable
WARNING: obj-c++.dg/try-catch-2.mm compilation failed to produce executable
WARNING: obj-c++.dg/try-catch-9.mm compilation failed to produce executable
=== obj-c++ Summary ===
# of expected passes 438
# of expected failures 10
# of unsupported tests 13
/nfs/nile/nile.build/botcazou/gcc-head/sparc-sun-solaris2.9/gcc/testsuite/obj-c++/../../g++ version 4.5.0 20091201 for GNAT Pro 6.3.0w (20091130) (GCC)
=== objc tests ===
Running target unix
FAIL: objc/execute/forward-1.m execution, -O0 -fgnu-runtime
FAIL: objc/execute/forward-1.m execution, -O1 -fgnu-runtime
FAIL: objc/execute/forward-1.m execution, -O2 -fgnu-runtime
FAIL: objc/execute/forward-1.m execution, -O3 -fomit-frame-pointer -fgnu-runtime
FAIL: objc/execute/forward-1.m execution, -O3 -fomit-frame-pointer -funroll-loops -fgnu-runtime
FAIL: objc/execute/forward-1.m execution, -O3 -fomit-frame-pointer -funroll-all-loops -finline-functions -fgnu-runtime
FAIL: objc/execute/forward-1.m execution, -O3 -g -fgnu-runtime
FAIL: objc/execute/forward-1.m execution, -Os -fgnu-runtime
=== objc Summary ===
# of expected passes 1867
# of unexpected failures 8
# of expected failures 7
# of unsupported tests 24
/nfs/nile/nile.build/botcazou/gcc-head/sparc-sun-solaris2.9/gcc/xgcc version 4.5.0 20091201 for GNAT Pro 6.3.0w (20091130) (GCC)
=== libgomp tests ===
Running target unix
=== libgomp Summary ===
# of expected passes 2408
# of unsupported tests 9
=== libstdc++ tests ===
Running target unix
FAIL: ext/new_allocator/deallocate_global.cc execution test
FAIL: ext/profile/mutex_extensions.cc (test for errors, line 165)
FAIL: ext/throw_allocator/deallocate_global.cc execution test
=== libstdc++ Summary ===
# of expected passes 5942
# of unexpected failures 3
# of expected failures 88
# of unsupported tests 591
=== libstdc++ Summary ===
Compiler version: 4.5.0 20091201 for GNAT Pro 6.3.0w (20091130) (GCC)
Platform: sparc-sun-solaris2.9
configure flags: --prefix=/nile.build/botcazou/gcc-head/install_sparc --with-as=/nile.build/botcazou/gcc-head/install_sparc/bin/as --with-gmp=/nile.build/botcazou/support/sparc --with-mpfr=/nile.build/botcazou/support/sparc --with-mpc=/nile.build/botcazou/support/sparc --with-libelf=/nile.build/botcazou/support/sparc --enable-languages=c,c++,objc,obj-c++,fortran,ada --disable-libstdcxx-pch --disable-nls
BOOT_CFLAGS=-g -O2