This is the mail archive of the
gcc-testresults@gcc.gnu.org
mailing list for the GCC project.
Results for 4.5.0 20091129 (experimental) [trunk revision 154736] (GCC) testsuite on hppa-unknown-linux-gnu
- From: dave at mx3210 dot hia dot nrc dot ca (John David Anglin)
- To: dave dot anglin at nrc-cnrc dot gc dot ca, gcc-testresults at gcc dot gnu dot org
- Date: Mon, 30 Nov 2009 21:18:15 -0500 (EST)
- Subject: Results for 4.5.0 20091129 (experimental) [trunk revision 154736] (GCC) testsuite on hppa-unknown-linux-gnu
LAST_UPDATED: Sun Nov 29 16:28:33 UTC 2009 (revision 154736)
=== acats tests ===
FAIL: c52103x
FAIL: c52104x
=== acats Summary ===
# of expected passes 2319
# of unexpected failures 2
Native configuration is hppa-unknown-linux-gnu
=== g++ tests ===
Running target unix
WARNING: program timed out.
FAIL: tmpdir-g++.dg-struct-layout-1/t004 cp_compat_y_tst.o compile
UNRESOLVED: tmpdir-g++.dg-struct-layout-1/t004 cp_compat_x_tst.o-cp_compat_y_tst.o link
UNRESOLVED: tmpdir-g++.dg-struct-layout-1/t004 cp_compat_x_tst.o-cp_compat_y_tst.o execute
FAIL: g++.dg/template/stmtexpr2.C (test for errors, line 10)
FAIL: g++.dg/template/stmtexpr2.C (test for errors, line 17)
FAIL: g++.dg/lto/20081109 cp_lto_20081109_0.o-cp_lto_20081109_1.o execute -O2 -fwhopr
FAIL: g++.dg/torture/pr34099.C -O1 (internal compiler error)
FAIL: g++.dg/torture/pr34099.C -O1 (test for excess errors)
UNRESOLVED: g++.dg/torture/pr34099.C -O1 compilation failed to produce executable
FAIL: g++.dg/torture/pr34099.C -O2 (internal compiler error)
FAIL: g++.dg/torture/pr34099.C -O2 (test for excess errors)
UNRESOLVED: g++.dg/torture/pr34099.C -O2 compilation failed to produce executable
FAIL: g++.dg/torture/pr34099.C -O3 -fomit-frame-pointer (internal compiler error)
FAIL: g++.dg/torture/pr34099.C -O3 -fomit-frame-pointer (test for excess errors)
UNRESOLVED: g++.dg/torture/pr34099.C -O3 -fomit-frame-pointer compilation failed to produce executable
FAIL: g++.dg/torture/pr34099.C -O3 -fomit-frame-pointer -funroll-loops (internal compiler error)
FAIL: g++.dg/torture/pr34099.C -O3 -fomit-frame-pointer -funroll-loops (test for excess errors)
UNRESOLVED: g++.dg/torture/pr34099.C -O3 -fomit-frame-pointer -funroll-loops compilation failed to produce executable
FAIL: g++.dg/torture/pr34099.C -O3 -fomit-frame-pointer -funroll-all-loops -finline-functions (internal compiler error)
FAIL: g++.dg/torture/pr34099.C -O3 -fomit-frame-pointer -funroll-all-loops -finline-functions (test for excess errors)
UNRESOLVED: g++.dg/torture/pr34099.C -O3 -fomit-frame-pointer -funroll-all-loops -finline-functions compilation failed to produce executable
FAIL: g++.dg/torture/pr34099.C -O3 -g (internal compiler error)
FAIL: g++.dg/torture/pr34099.C -O3 -g (test for excess errors)
UNRESOLVED: g++.dg/torture/pr34099.C -O3 -g compilation failed to produce executable
FAIL: g++.dg/torture/pr34099.C -Os execution test
FAIL: g++.dg/torture/pr34099.C -O2 -flto (internal compiler error)
FAIL: g++.dg/torture/pr34099.C -O2 -flto (test for excess errors)
UNRESOLVED: g++.dg/torture/pr34099.C -O2 -flto compilation failed to produce executable
FAIL: g++.dg/torture/pr34099.C -O2 -fwhopr (internal compiler error)
FAIL: g++.dg/torture/pr34099.C -O2 -fwhopr (test for excess errors)
UNRESOLVED: g++.dg/torture/pr34099.C -O2 -fwhopr compilation failed to produce executable
=== g++ Summary ===
# of expected passes 21403
# of unexpected failures 21
# of expected failures 147
# of unresolved testcases 10
# of unsupported tests 170
/home/dave/gnu/gcc/objdir/gcc/testsuite/g++/../../g++ version 4.5.0 20091129 (experimental) [trunk revision 154736] (GCC)
=== gcc tests ===
Running target unix
WARNING: program timed out.
FAIL: gcc.c-torture/compile/20001226-1.c -O3 -g (test for excess errors)
FAIL: gcc.c-torture/execute/builtins/memmove-2.c compilation, -O2 -fwhopr
UNRESOLVED: gcc.c-torture/execute/builtins/memmove-2.c execution, -O2 -fwhopr
FAIL: gcc.c-torture/execute/builtins/sprintf-chk.c execution, -O2 -fwhopr
WARNING: program timed out.
FAIL: gcc.c-torture/execute/builtins/stpcpy-chk.c compilation, -O3 -fomit-frame-pointer -funroll-all-loops -finline-functions
UNRESOLVED: gcc.c-torture/execute/builtins/stpcpy-chk.c execution, -O3 -fomit-frame-pointer -funroll-all-loops -finline-functions
FAIL: gcc.c-torture/execute/builtins/stpcpy-chk.c execution, -O2 -fwhopr
WARNING: program timed out.
FAIL: gcc.c-torture/execute/builtins/strcat-chk.c compilation, -Os
UNRESOLVED: gcc.c-torture/execute/builtins/strcat-chk.c execution, -Os
FAIL: gcc.c-torture/execute/builtins/strcpy-chk.c execution, -O2 -fwhopr
XPASS: gcc.dg/Warray-bounds.c (test for warnings, line 59)
XPASS: gcc.dg/Warray-bounds.c (test for warnings, line 65)
XPASS: gcc.dg/Wunreachable-8.c (test for bogus messages, line 7)
WARNING: program timed out.
FAIL: gcc.dg/pr34668-1.c (internal compiler error)
FAIL: gcc.dg/pr34668-1.c (test for excess errors)
XPASS: gcc.dg/struct/wo_prof_array_through_pointer.c scan-ipa-dump ipa_struct_reorg "Number of structures to transform is 1"
FAIL: gcc.dg/torture/builtin-math-7.c -O2 -flto execution test
FAIL: gcc.dg/torture/builtin-math-7.c -O2 -fwhopr execution test
XPASS: gcc.dg/tree-ssa/loop-1.c scan-assembler-times foo 5
=== gcc Summary ===
# of expected passes 62042
# of unexpected failures 11
# of unexpected successes 5
# of expected failures 88
# of unresolved testcases 3
# of unsupported tests 711
/home/dave/gnu/gcc/objdir/gcc/xgcc version 4.5.0 20091129 (experimental) [trunk revision 154736] (GCC)
=== gfortran tests ===
Running target unix
WARNING: program timed out.
FAIL: gfortran.dg/deallocate_stat.f90 -O2 (test for excess errors)
UNRESOLVED: gfortran.dg/deallocate_stat.f90 -O2 compilation failed to produce executable
FAIL: gfortran.dg/pr41928.f90 -O (internal compiler error)
FAIL: gfortran.dg/pr41928.f90 -O (test for excess errors)
FAIL: gfortran.dg/lto/20091028-2 f_lto_20091028-2_0.o-f_lto_20091028-2_1.o link, (internal compiler error)
UNRESOLVED: gfortran.dg/lto/20091028-2 f_lto_20091028-2_0.o-f_lto_20091028-2_1.o execute -O2 -fwhopr
FAIL: gfortran.dg/lto/20091028-2 f_lto_20091028-2_0.o-f_lto_20091028-2_1.o link, (internal compiler error)
UNRESOLVED: gfortran.dg/lto/20091028-2 f_lto_20091028-2_0.o-f_lto_20091028-2_1.o execute -O2 -flto
FAIL: gfortran.dg/lto/pr40725 f_lto_pr40725_0.o-f_lto_pr40725_1.o execute -O2 -fwhopr
FAIL: gfortran.dg/lto/pr40725 f_lto_pr40725_0.o-f_lto_pr40725_1.o execute -O2 -flto
WARNING: program timed out.
FAIL: gfortran.fortran-torture/execute/arrayarg.f90 compilation, -O2 -fbounds-check
=== gfortran Summary ===
# of expected passes 32205
# of unexpected failures 8
# of expected failures 22
# of unresolved testcases 3
# of untested testcases 1
# of unsupported tests 278
/home/dave/gnu/gcc/objdir/gcc/testsuite/gfortran/../../gfortran version 4.5.0 20091129 (experimental) [trunk revision 154736] (GCC)
=== gnat tests ===
Running target unix
FAIL: gnat.dg/null_pointer_deref1.adb execution test
=== gnat Summary ===
# of expected passes 744
# of unexpected failures 1
# of expected failures 5
# of unsupported tests 1
=== obj-c++ tests ===
Running target unix
UNRESOLVED: obj-c++.dg/lookup-2.mm compilation failed to produce executable
UNRESOLVED: obj-c++.dg/try-catch-2.mm compilation failed to produce executable
UNRESOLVED: obj-c++.dg/try-catch-9.mm compilation failed to produce executable
=== obj-c++ Summary ===
# of expected passes 438
# of expected failures 10
# of unresolved testcases 3
# of unsupported tests 13
/home/dave/gnu/gcc/objdir/gcc/testsuite/obj-c++/../../g++ version 4.5.0 20091129 (experimental) [trunk revision 154736] (GCC)
=== objc tests ===
Running target unix
WARNING: program timed out.
FAIL: objc.dg-struct-layout-encoding-1/t007_main.m (test for excess errors)
UNRESOLVED: objc.dg-struct-layout-encoding-1/t007_main.m compilation failed to produce executable
=== objc Summary ===
# of expected passes 1865
# of unexpected failures 1
# of expected failures 15
# of unresolved testcases 1
# of unsupported tests 24
/home/dave/gnu/gcc/objdir/gcc/xgcc version 4.5.0 20091129 (experimental) [trunk revision 154736] (GCC)
=== libffi tests ===
Running target unix
FAIL: libffi.call/cls_longdouble_va.c -O0 -W -Wall output pattern test, is %.1f
FAIL: libffi.call/cls_longdouble_va.c -O2 output pattern test, is %.1f
FAIL: libffi.call/cls_longdouble_va.c -O3 output pattern test, is %.1f
FAIL: libffi.call/cls_longdouble_va.c -Os output pattern test, is %.1f
FAIL: libffi.call/cls_longdouble_va.c -O2 -fomit-frame-pointer output pattern test, is %.1f
=== libffi Summary ===
# of expected passes 1604
# of unexpected failures 5
# of expected failures 10
# of unsupported tests 15
=== libgomp tests ===
Running target unix
=== libgomp Summary ===
# of expected passes 2412
# of unsupported tests 7
=== libjava tests ===
Running target unix
FAIL: PR218 -O3 execution - source compiled test
FAIL: Throw_3 -O3 execution - source compiled test
FAIL: Throw_3 -O3 -findirect-dispatch execution - source compiled test
=== libjava Summary ===
# of expected passes 2568
# of unexpected failures 3
# of untested testcases 3
=== libmudflap tests ===
Running target unix
FAIL: libmudflap.c/fail31-frag.c (-O3) crash test
FAIL: libmudflap.c/fail31-frag.c (-O3) output pattern test
FAIL: libmudflap.c/pass45-frag.c (-O3) execution test
FAIL: libmudflap.c/pass45-frag.c (-O3) output pattern test
FAIL: libmudflap.c/pass45-frag.c (-O3) execution test
FAIL: libmudflap.c/pass45-frag.c (-O3) output pattern test
FAIL: libmudflap.c++/pass41-frag.cxx execution test
FAIL: libmudflap.c++/pass41-frag.cxx (-static) execution test
FAIL: libmudflap.c++/pass41-frag.cxx ( -O) execution test
FAIL: libmudflap.c++/pass41-frag.cxx (-O2) execution test
FAIL: libmudflap.c++/pass41-frag.cxx (-O3) execution test
=== libmudflap Summary ===
# of expected passes 1883
# of unexpected failures 11
=== libstdc++ tests ===
Running target unix
FAIL: 22_locale/time_get/get_date/wchar_t/4.cc execution test
FAIL: ext/pb_ds/regression/tree_data_map_rand.cc execution test
=== libstdc++ Summary ===
# of expected passes 6925
# of unexpected failures 2
# of expected failures 88
# of unsupported tests 97
Compiler version: 4.5.0 20091129 (experimental) [trunk revision 154736] (GCC)
Platform: hppa-unknown-linux-gnu
configure flags: --with-gnu-as --with-gnu-ld --enable-shared --prefix=/home/dave/opt/gnu/gcc/gcc-4.5.0 --with-local-prefix=/home/dave/opt/gnu --enable-threads=posix --enable-__cxa_atexit --build=hppa-linux --enable-clocale=gnu --enable-java-gc=boehm --enable-java-awt=xlib --enable-languages=c,c++,objc,fortran,obj-c++,java,ada --without-cloog --without-ppl --disable-libstdcxx-pch