This is the mail archive of the
gcc-testresults@gcc.gnu.org
mailing list for the GCC project.
Results for 4.4.3 20091128 (prerelease) [gcc-4_4-branch revision 154718] (GCC) testsuite on hppa2.0w-hp-hpux11.11
- From: John David Anglin <dave at hiauly3 dot hia dot nrc dot ca>
- To: dave at hiauly3 dot hia dot nrc dot ca, gcc-testresults at gcc dot gnu dot org
- Date: Sun, 29 Nov 2009 11:43:21 -0500 (EST)
- Subject: Results for 4.4.3 20091128 (prerelease) [gcc-4_4-branch revision 154718] (GCC) testsuite on hppa2.0w-hp-hpux11.11
LAST_UPDATED: Sat Nov 28 02:43:19 UTC 2009 (revision 154718)
=== acats tests ===
=== acats Summary ===
# of expected passes 2315
# of unexpected failures 0
Native configuration is hppa2.0w-hp-hpux11.11
=== g++ tests ===
Running target unix
=== g++ Summary ===
# of expected passes 18259
# of expected failures 158
# of unsupported tests 256
/mnt/gnu/gcc/objdir/gcc/testsuite/g++/../../g++ version 4.4.3 20091128 (prerelease) [gcc-4_4-branch revision 154718] (GCC)
=== gcc tests ===
Running target unix
=== gcc Summary ===
# of expected passes 48665
# of expected failures 115
# of unsupported tests 692
/mnt/gnu/gcc/objdir/gcc/xgcc version 4.4.3 20091128 (prerelease) [gcc-4_4-branch revision 154718] (GCC)
=== gfortran tests ===
Running target unix
FAIL: gfortran.dg/pr41928.f90 -O (internal compiler error)
FAIL: gfortran.dg/pr41928.f90 -O (test for excess errors)
=== gfortran Summary ===
# of expected passes 28798
# of unexpected failures 2
# of expected failures 10
# of unsupported tests 278
/mnt/gnu/gcc/objdir/gcc/testsuite/gfortran/../../gfortran version 4.4.3 20091128 (prerelease) [gcc-4_4-branch revision 154718] (GCC)
=== gnat tests ===
Running target unix
=== gnat Summary ===
# of expected passes 616
# of expected failures 6
=== obj-c++ tests ===
Running target unix
XPASS: obj-c++.dg/comp-types-10.mm (test for excess errors)
WARNING: obj-c++.dg/lookup-2.mm compilation failed to produce executable
WARNING: obj-c++.dg/try-catch-2.mm compilation failed to produce executable
WARNING: obj-c++.dg/try-catch-9.mm compilation failed to produce executable
=== obj-c++ Summary ===
# of expected passes 434
# of unexpected successes 1
# of expected failures 9
# of unsupported tests 14
/mnt/gnu/gcc/objdir/gcc/testsuite/obj-c++/../../g++ version 4.4.3 20091128 (prerelease) [gcc-4_4-branch revision 154718] (GCC)
=== objc tests ===
Running target unix
=== objc Summary ===
# of expected passes 1860
# of expected failures 15
# of unsupported tests 27
/mnt/gnu/gcc/objdir/gcc/xgcc version 4.4.3 20091128 (prerelease) [gcc-4_4-branch revision 154718] (GCC)
=== libffi tests ===
Running target unix
=== libffi Summary ===
# of expected passes 1389
# of unsupported tests 10
=== libgomp tests ===
Running target unix
FAIL: libgomp.fortran/vla6.f90 -O3 -fomit-frame-pointer -funroll-loops execution test
=== libgomp Summary ===
# of expected passes 2405
# of unexpected failures 1
# of unsupported tests 9
=== libjava tests ===
Running target unix
FAIL: LargeFile execution - source compiled test
FAIL: LargeFile -findirect-dispatch execution - source compiled test
FAIL: LargeFile -O3 execution - source compiled test
FAIL: LargeFile -O3 -findirect-dispatch execution - source compiled test
=== libjava Summary ===
# of expected passes 2566
# of unexpected failures 4
# of untested testcases 4
=== libstdc++ tests ===
Running target unix
=== libstdc++ Summary ===
# of expected passes 5491
# of expected failures 71
# of unsupported tests 528
Compiler version: 4.4.3 20091128 (prerelease) [gcc-4_4-branch revision 154718] (GCC)
Platform: hppa2.0w-hp-hpux11.11
configure flags: --with-gnu-as --with-as=/opt/gnu/bin/as --enable-shared --with-local-prefix=/opt/gnu --prefix=/opt/gnu/gcc/gcc-4.4.3 --with-gmp=/opt/gnu/gcc/gcc-4.4.3 --enable-threads=posix --enable-debug=no --disable-nls --without-cloog --without-ppl --enable-checking=release --enable-languages=c,c++,objc,fortran,java,ada,obj-c++