This is the mail archive of the gcc-testresults@gcc.gnu.org mailing list for the GCC project.


Index Nav: [Date Index] [Subject Index] [Author Index] [Thread Index]
Message Nav: [Date Prev] [Date Next] [Thread Prev] [Thread Next]
Other format: [Raw text]

Results for 4.5.0 20091123 (experimental) (GCC) testsuite on xtensa-unknown-elf


Target is xtensa-unknown-elf
Host   is i686-pc-linux-gnu

		=== g++ tests ===


Running target xtensa-sim
UNRESOLVED: g++.dg/compat/abi/bitfield1 cp_compat_x_tst.o-cp_compat_y_tst.o link 
UNRESOLVED: g++.dg/compat/abi/bitfield1 cp_compat_x_tst.o-cp_compat_y_tst.o execute 
UNRESOLVED: g++.dg/compat/abi/bitfield2 cp_compat_x_tst.o-cp_compat_y_tst.o link 
UNRESOLVED: g++.dg/compat/abi/bitfield2 cp_compat_x_tst.o-cp_compat_y_tst.o execute 
UNRESOLVED: g++.dg/compat/abi/vbase8-10 cp_compat_x_tst.o-cp_compat_y_tst.o link 
UNRESOLVED: g++.dg/compat/abi/vbase8-10 cp_compat_x_tst.o-cp_compat_y_tst.o execute 
UNRESOLVED: g++.dg/compat/abi/vbase8-21 cp_compat_x_tst.o-cp_compat_y_tst.o link 
UNRESOLVED: g++.dg/compat/abi/vbase8-21 cp_compat_x_tst.o-cp_compat_y_tst.o execute 
UNRESOLVED: g++.dg/compat/abi/vbase8-22 cp_compat_x_tst.o-cp_compat_y_tst.o link 
UNRESOLVED: g++.dg/compat/abi/vbase8-22 cp_compat_x_tst.o-cp_compat_y_tst.o execute 
UNRESOLVED: g++.dg/compat/abi/vbase8-4 cp_compat_x_tst.o-cp_compat_y_tst.o link 
UNRESOLVED: g++.dg/compat/abi/vbase8-4 cp_compat_x_tst.o-cp_compat_y_tst.o execute 
UNRESOLVED: g++.dg/compat/break/bitfield5 cp_compat_x_tst.o-cp_compat_y_tst.o link 
UNRESOLVED: g++.dg/compat/break/bitfield5 cp_compat_x_tst.o-cp_compat_y_tst.o execute 
UNRESOLVED: g++.dg/compat/break/bitfield7 cp_compat_x_tst.o-cp_compat_y_tst.o link 
UNRESOLVED: g++.dg/compat/break/bitfield7 cp_compat_x_tst.o-cp_compat_y_tst.o execute 
UNRESOLVED: g++.dg/compat/break/empty6 cp_compat_x_tst.o-cp_compat_y_tst.o link 
UNRESOLVED: g++.dg/compat/break/empty6 cp_compat_x_tst.o-cp_compat_y_tst.o execute 
UNRESOLVED: g++.dg/compat/break/vbase10 cp_compat_x_tst.o-cp_compat_y_tst.o link 
UNRESOLVED: g++.dg/compat/break/vbase10 cp_compat_x_tst.o-cp_compat_y_tst.o execute 
UNRESOLVED: g++.dg/compat/break/vbase11 cp_compat_x_tst.o-cp_compat_y_tst.o link 
UNRESOLVED: g++.dg/compat/break/vbase11 cp_compat_x_tst.o-cp_compat_y_tst.o execute 
UNRESOLVED: g++.dg/compat/eh/ctor1 cp_compat_x_tst.o-cp_compat_y_tst.o link 
UNRESOLVED: g++.dg/compat/eh/ctor1 cp_compat_x_tst.o-cp_compat_y_tst.o execute 
UNRESOLVED: g++.dg/compat/eh/ctor2 cp_compat_x_tst.o-cp_compat_y_tst.o link 
UNRESOLVED: g++.dg/compat/eh/ctor2 cp_compat_x_tst.o-cp_compat_y_tst.o execute 
UNRESOLVED: g++.dg/compat/eh/dtor1 cp_compat_x_tst.o-cp_compat_y_tst.o link 
UNRESOLVED: g++.dg/compat/eh/dtor1 cp_compat_x_tst.o-cp_compat_y_tst.o execute 
UNRESOLVED: g++.dg/compat/eh/filter1 cp_compat_x_tst.o-cp_compat_y_tst.o link 
UNRESOLVED: g++.dg/compat/eh/filter1 cp_compat_x_tst.o-cp_compat_y_tst.o execute 
UNRESOLVED: g++.dg/compat/eh/filter2 cp_compat_x_tst.o-cp_compat_y_tst.o link 
UNRESOLVED: g++.dg/compat/eh/filter2 cp_compat_x_tst.o-cp_compat_y_tst.o execute 
UNRESOLVED: g++.dg/compat/eh/new1 cp_compat_x_tst.o-cp_compat_y_tst.o link 
UNRESOLVED: g++.dg/compat/eh/new1 cp_compat_x_tst.o-cp_compat_y_tst.o execute 
UNRESOLVED: g++.dg/compat/eh/nrv1 cp_compat_x_tst.o-cp_compat_y_tst.o link 
UNRESOLVED: g++.dg/compat/eh/nrv1 cp_compat_x_tst.o-cp_compat_y_tst.o execute 
UNRESOLVED: g++.dg/compat/eh/spec3 cp_compat_x_tst.o-cp_compat_y_tst.o link 
UNRESOLVED: g++.dg/compat/eh/spec3 cp_compat_x_tst.o-cp_compat_y_tst.o execute 
UNRESOLVED: g++.dg/compat/eh/template1 cp_compat_x_tst.o-cp_compat_y_tst.o link 
UNRESOLVED: g++.dg/compat/eh/template1 cp_compat_x_tst.o-cp_compat_y_tst.o execute 
UNRESOLVED: g++.dg/compat/eh/unexpected1 cp_compat_x_tst.o-cp_compat_y_tst.o link 
UNRESOLVED: g++.dg/compat/eh/unexpected1 cp_compat_x_tst.o-cp_compat_y_tst.o execute 
UNRESOLVED: g++.dg/compat/init/array5 cp_compat_x_tst.o-cp_compat_y_tst.o link 
UNRESOLVED: g++.dg/compat/init/array5 cp_compat_x_tst.o-cp_compat_y_tst.o execute 
UNRESOLVED: g++.dg/compat/init/byval1 cp_compat_x_tst.o-cp_compat_y_tst.o link 
UNRESOLVED: g++.dg/compat/init/byval1 cp_compat_x_tst.o-cp_compat_y_tst.o execute 
UNRESOLVED: g++.dg/compat/init/dtor1 cp_compat_x_tst.o-cp_compat_y_tst.o link 
UNRESOLVED: g++.dg/compat/init/dtor1 cp_compat_x_tst.o-cp_compat_y_tst.o execute 
UNRESOLVED: g++.dg/compat/init/elide1 cp_compat_x_tst.o-cp_compat_y_tst.o link 
UNRESOLVED: g++.dg/compat/init/elide1 cp_compat_x_tst.o-cp_compat_y_tst.o execute 
UNRESOLVED: g++.dg/compat/init/init-ref2 cp_compat_x_tst.o-cp_compat_y_tst.o link 
UNRESOLVED: g++.dg/compat/init/init-ref2 cp_compat_x_tst.o-cp_compat_y_tst.o execute 
UNRESOLVED: tmpdir-g++.dg-struct-layout-1/t001 cp_compat_x_tst.o-cp_compat_y_tst.o link 
UNRESOLVED: tmpdir-g++.dg-struct-layout-1/t001 cp_compat_x_tst.o-cp_compat_y_tst.o execute 
UNRESOLVED: tmpdir-g++.dg-struct-layout-1/t002 cp_compat_x_tst.o-cp_compat_y_tst.o link 
UNRESOLVED: tmpdir-g++.dg-struct-layout-1/t002 cp_compat_x_tst.o-cp_compat_y_tst.o execute 
UNRESOLVED: tmpdir-g++.dg-struct-layout-1/t003 cp_compat_x_tst.o-cp_compat_y_tst.o link 
UNRESOLVED: tmpdir-g++.dg-struct-layout-1/t003 cp_compat_x_tst.o-cp_compat_y_tst.o execute 
UNRESOLVED: tmpdir-g++.dg-struct-layout-1/t004 cp_compat_x_tst.o-cp_compat_y_tst.o link 
UNRESOLVED: tmpdir-g++.dg-struct-layout-1/t004 cp_compat_x_tst.o-cp_compat_y_tst.o execute 
UNRESOLVED: tmpdir-g++.dg-struct-layout-1/t005 cp_compat_x_tst.o-cp_compat_y_tst.o link 
UNRESOLVED: tmpdir-g++.dg-struct-layout-1/t005 cp_compat_x_tst.o-cp_compat_y_tst.o execute 
UNRESOLVED: tmpdir-g++.dg-struct-layout-1/t006 cp_compat_x_tst.o-cp_compat_y_tst.o link 
UNRESOLVED: tmpdir-g++.dg-struct-layout-1/t006 cp_compat_x_tst.o-cp_compat_y_tst.o execute 
UNRESOLVED: tmpdir-g++.dg-struct-layout-1/t007 cp_compat_x_tst.o-cp_compat_y_tst.o link 
UNRESOLVED: tmpdir-g++.dg-struct-layout-1/t007 cp_compat_x_tst.o-cp_compat_y_tst.o execute 
UNRESOLVED: tmpdir-g++.dg-struct-layout-1/t008 cp_compat_x_tst.o-cp_compat_y_tst.o link 
UNRESOLVED: tmpdir-g++.dg-struct-layout-1/t008 cp_compat_x_tst.o-cp_compat_y_tst.o execute 
UNRESOLVED: tmpdir-g++.dg-struct-layout-1/t009 cp_compat_x_tst.o-cp_compat_y_tst.o link 
UNRESOLVED: tmpdir-g++.dg-struct-layout-1/t009 cp_compat_x_tst.o-cp_compat_y_tst.o execute 
UNRESOLVED: tmpdir-g++.dg-struct-layout-1/t010 cp_compat_x_tst.o-cp_compat_y_tst.o link 
UNRESOLVED: tmpdir-g++.dg-struct-layout-1/t010 cp_compat_x_tst.o-cp_compat_y_tst.o execute 
UNRESOLVED: tmpdir-g++.dg-struct-layout-1/t011 cp_compat_x_tst.o-cp_compat_y_tst.o link 
UNRESOLVED: tmpdir-g++.dg-struct-layout-1/t011 cp_compat_x_tst.o-cp_compat_y_tst.o execute 
UNRESOLVED: tmpdir-g++.dg-struct-layout-1/t012 cp_compat_x_tst.o-cp_compat_y_tst.o link 
UNRESOLVED: tmpdir-g++.dg-struct-layout-1/t012 cp_compat_x_tst.o-cp_compat_y_tst.o execute 
UNRESOLVED: tmpdir-g++.dg-struct-layout-1/t013 cp_compat_x_tst.o-cp_compat_y_tst.o link 
UNRESOLVED: tmpdir-g++.dg-struct-layout-1/t013 cp_compat_x_tst.o-cp_compat_y_tst.o execute 
UNRESOLVED: tmpdir-g++.dg-struct-layout-1/t014 cp_compat_x_tst.o-cp_compat_y_tst.o link 
UNRESOLVED: tmpdir-g++.dg-struct-layout-1/t014 cp_compat_x_tst.o-cp_compat_y_tst.o execute 
UNRESOLVED: tmpdir-g++.dg-struct-layout-1/t015 cp_compat_x_tst.o-cp_compat_y_tst.o link 
UNRESOLVED: tmpdir-g++.dg-struct-layout-1/t015 cp_compat_x_tst.o-cp_compat_y_tst.o execute 
UNRESOLVED: tmpdir-g++.dg-struct-layout-1/t016 cp_compat_x_tst.o-cp_compat_y_tst.o link 
UNRESOLVED: tmpdir-g++.dg-struct-layout-1/t016 cp_compat_x_tst.o-cp_compat_y_tst.o execute 
UNRESOLVED: tmpdir-g++.dg-struct-layout-1/t017 cp_compat_x_tst.o-cp_compat_y_tst.o link 
UNRESOLVED: tmpdir-g++.dg-struct-layout-1/t017 cp_compat_x_tst.o-cp_compat_y_tst.o execute 
UNRESOLVED: tmpdir-g++.dg-struct-layout-1/t018 cp_compat_x_tst.o-cp_compat_y_tst.o link 
UNRESOLVED: tmpdir-g++.dg-struct-layout-1/t018 cp_compat_x_tst.o-cp_compat_y_tst.o execute 
UNRESOLVED: tmpdir-g++.dg-struct-layout-1/t019 cp_compat_x_tst.o-cp_compat_y_tst.o link 
UNRESOLVED: tmpdir-g++.dg-struct-layout-1/t019 cp_compat_x_tst.o-cp_compat_y_tst.o execute 
UNRESOLVED: tmpdir-g++.dg-struct-layout-1/t020 cp_compat_x_tst.o-cp_compat_y_tst.o link 
UNRESOLVED: tmpdir-g++.dg-struct-layout-1/t020 cp_compat_x_tst.o-cp_compat_y_tst.o execute 
UNRESOLVED: tmpdir-g++.dg-struct-layout-1/t021 cp_compat_x_tst.o-cp_compat_y_tst.o link 
UNRESOLVED: tmpdir-g++.dg-struct-layout-1/t021 cp_compat_x_tst.o-cp_compat_y_tst.o execute 
UNRESOLVED: tmpdir-g++.dg-struct-layout-1/t022 cp_compat_x_tst.o-cp_compat_y_tst.o link 
UNRESOLVED: tmpdir-g++.dg-struct-layout-1/t022 cp_compat_x_tst.o-cp_compat_y_tst.o execute 
UNRESOLVED: tmpdir-g++.dg-struct-layout-1/t023 cp_compat_x_tst.o-cp_compat_y_tst.o link 
UNRESOLVED: tmpdir-g++.dg-struct-layout-1/t023 cp_compat_x_tst.o-cp_compat_y_tst.o execute 
UNRESOLVED: tmpdir-g++.dg-struct-layout-1/t024 cp_compat_x_tst.o-cp_compat_y_tst.o link 
UNRESOLVED: tmpdir-g++.dg-struct-layout-1/t024 cp_compat_x_tst.o-cp_compat_y_tst.o execute 
UNRESOLVED: tmpdir-g++.dg-struct-layout-1/t025 cp_compat_x_tst.o-cp_compat_y_tst.o link 
UNRESOLVED: tmpdir-g++.dg-struct-layout-1/t025 cp_compat_x_tst.o-cp_compat_y_tst.o execute 
UNRESOLVED: tmpdir-g++.dg-struct-layout-1/t026 cp_compat_x_tst.o-cp_compat_y_tst.o link 
UNRESOLVED: tmpdir-g++.dg-struct-layout-1/t026 cp_compat_x_tst.o-cp_compat_y_tst.o execute 
UNRESOLVED: tmpdir-g++.dg-struct-layout-1/t027 cp_compat_x_tst.o-cp_compat_y_tst.o link 
UNRESOLVED: tmpdir-g++.dg-struct-layout-1/t027 cp_compat_x_tst.o-cp_compat_y_tst.o execute 
UNRESOLVED: tmpdir-g++.dg-struct-layout-1/t028 cp_compat_x_tst.o-cp_compat_y_tst.o link 
UNRESOLVED: tmpdir-g++.dg-struct-layout-1/t028 cp_compat_x_tst.o-cp_compat_y_tst.o execute 
UNRESOLVED: tmpdir-g++.dg-struct-layout-1/t029 cp_compat_x_tst.o-cp_compat_y_tst.o link 
UNRESOLVED: tmpdir-g++.dg-struct-layout-1/t029 cp_compat_x_tst.o-cp_compat_y_tst.o execute 
UNRESOLVED: tmpdir-g++.dg-struct-layout-1/t030 cp_compat_x_tst.o-cp_compat_y_tst.o link 
UNRESOLVED: tmpdir-g++.dg-struct-layout-1/t030 cp_compat_x_tst.o-cp_compat_y_tst.o execute 
FAIL: g++.dg/eh/gcsec1.C execution test
WARNING: program timed out.
FAIL: g++.dg/init/array16.C execution test
FAIL: g++.dg/pch/array-1.C -g
FAIL: g++.dg/pch/array-1.C -g assembly comparison
FAIL: g++.dg/pch/array-1.C -O2 -g
FAIL: g++.dg/pch/array-1.C -O2 -g assembly comparison
FAIL: g++.dg/pch/array-1.C -O2
FAIL: g++.dg/pch/array-1.C -O2 assembly comparison
FAIL: g++.dg/pch/empty.C -g
FAIL: g++.dg/pch/empty.C -g assembly comparison
FAIL: g++.dg/pch/empty.C -O2 -g
FAIL: g++.dg/pch/empty.C -O2 -g assembly comparison
FAIL: g++.dg/pch/empty.C -O2
FAIL: g++.dg/pch/empty.C -O2 assembly comparison
FAIL: g++.dg/pch/externc-1.C -g
FAIL: g++.dg/pch/externc-1.C -g assembly comparison
FAIL: g++.dg/pch/externc-1.C -O2 -g
FAIL: g++.dg/pch/externc-1.C -O2 -g assembly comparison
FAIL: g++.dg/pch/externc-1.C -O2
FAIL: g++.dg/pch/externc-1.C -O2 assembly comparison
FAIL: g++.dg/pch/local-1.C -g
FAIL: g++.dg/pch/local-1.C -g assembly comparison
FAIL: g++.dg/pch/local-1.C -O2 -g
FAIL: g++.dg/pch/local-1.C -O2 -g assembly comparison
FAIL: g++.dg/pch/local-1.C -O2
FAIL: g++.dg/pch/local-1.C -O2 assembly comparison
FAIL: g++.dg/pch/pch.C -g
FAIL: g++.dg/pch/pch.C -g assembly comparison
FAIL: g++.dg/pch/pch.C -O2 -g
FAIL: g++.dg/pch/pch.C -O2 -g assembly comparison
FAIL: g++.dg/pch/pch.C -O2
FAIL: g++.dg/pch/pch.C -O2 assembly comparison
FAIL: g++.dg/pch/static-1.C -g
FAIL: g++.dg/pch/static-1.C -g assembly comparison
FAIL: g++.dg/pch/static-1.C -O2 -g
FAIL: g++.dg/pch/static-1.C -O2 -g assembly comparison
FAIL: g++.dg/pch/static-1.C -O2
FAIL: g++.dg/pch/static-1.C -O2 assembly comparison
FAIL: g++.dg/pch/system-1.C -g
FAIL: g++.dg/pch/system-1.C -g assembly comparison
FAIL: g++.dg/pch/system-1.C -O2 -g
FAIL: g++.dg/pch/system-1.C -O2 -g assembly comparison
FAIL: g++.dg/pch/system-1.C -O2
FAIL: g++.dg/pch/system-1.C -O2 assembly comparison
FAIL: g++.dg/pch/system-2.C -g
FAIL: g++.dg/pch/system-2.C -g assembly comparison
FAIL: g++.dg/pch/system-2.C -O2 -g
FAIL: g++.dg/pch/system-2.C -O2 -g assembly comparison
FAIL: g++.dg/pch/system-2.C -O2
FAIL: g++.dg/pch/system-2.C -O2 assembly comparison
FAIL: g++.dg/pch/template-1.C -g
FAIL: g++.dg/pch/template-1.C -g assembly comparison
FAIL: g++.dg/pch/template-1.C -O2 -g
FAIL: g++.dg/pch/template-1.C -O2 -g assembly comparison
FAIL: g++.dg/pch/template-1.C -O2
FAIL: g++.dg/pch/template-1.C -O2 assembly comparison
FAIL: g++.dg/pch/uninst.C -g
FAIL: g++.dg/pch/uninst.C -g assembly comparison
FAIL: g++.dg/pch/uninst.C -O2 -g
FAIL: g++.dg/pch/uninst.C -O2 -g assembly comparison
FAIL: g++.dg/pch/uninst.C -O2
FAIL: g++.dg/pch/uninst.C -O2 assembly comparison
FAIL: g++.dg/pch/wchar-1.C -g
FAIL: g++.dg/pch/wchar-1.C -g assembly comparison
FAIL: g++.dg/pch/wchar-1.C -O2 -g
FAIL: g++.dg/pch/wchar-1.C -O2 -g assembly comparison
FAIL: g++.dg/pch/wchar-1.C -O2
FAIL: g++.dg/pch/wchar-1.C -O2 assembly comparison
FAIL: g++.old-deja/g++.jason/thunk3.C (test for excess errors)
WARNING: g++.old-deja/g++.jason/thunk3.C compilation failed to produce executable

		=== g++ Summary ===

# of expected passes		19852
# of unexpected failures	69
# of expected failures		147
# of unresolved testcases	112
# of unsupported tests		208
/fac/vol6/software/sterling/gcc_tot/build/gcc/testsuite/g++/../../g++  version 4.5.0 20091123 (experimental) (GCC) 

Host   is xtensa-unknown-elf

		=== libstdc++ tests ===


Running target xtensa-sim
FAIL: 17_intro/headers/c++200x/all_no_exceptions.cc (test for excess errors)
FAIL: 17_intro/headers/c++200x/all_pedantic_errors.cc (test for excess errors)
FAIL: 20_util/hash/requirements/explicit_instantiation.cc (test for excess errors)
XPASS: 20_util/shared_ptr/cons/weak_ptr_expired.cc execution test
FAIL: 21_strings/basic_string/requirements/typedefs.cc (test for excess errors)
WARNING: program timed out.
FAIL: 22_locale/locale/cons/12438.cc execution test
FAIL: 26_numerics/headers/cmath/25913.cc (test for excess errors)
FAIL: 26_numerics/headers/cmath/c99_classification_macros_c++.cc (test for excess errors)
FAIL: 26_numerics/headers/random/types_std_c++0x.cc (test for excess errors)
XPASS: 27_io/ios_base/sync_with_stdio/1.cc execution test
XPASS: 27_io/objects/char/12048-5.cc execution test
FAIL: ext/throw_allocator/variadic_construct.cc (test for excess errors)
WARNING: ext/throw_allocator/variadic_construct.cc compilation failed to produce executable

		=== libstdc++ Summary ===

# of expected passes		2793
# of unexpected failures	9
# of unexpected successes	3
# of expected failures		47
# of unsupported tests		234

Compiler version: 4.5.0 20091123 (experimental) (GCC) 
Platform: xtensa-unknown-elf
configure flags: --target=xtensa-elf --prefix=/fac/vol6/software/sterling/gcc_tot/install/ --disable-shared --with-as=/fac/vol6/software/sterling/gcc_tot/install//bin/xtensa-elf-as --with-ld=/fac/vol6/software/sterling/gcc_tot/install//bin/xtensa-elf-ld --with-gxx-include-dir=/fac/vol6/software/sterling/gcc_tot/install//xtensa-elf/include/c++ --with-gmp=/fac/vol6/software/sterling/gcc_stuff --with-mpfr=/fac/vol6/software/sterling/gcc_stuff --with-newlib target_alias=xtensa-elf --enable-languages=c,c++ --no-create --no-recursion


Index Nav: [Date Index] [Subject Index] [Author Index] [Thread Index]
Message Nav: [Date Prev] [Date Next] [Thread Prev] [Thread Next]