This is the mail archive of the
gcc-testresults@gcc.gnu.org
mailing list for the GCC project.
Results for 4.3.5 20091119 (prerelease) [gcc-4_3-branch revision 154349] (GCC) gcc testsuite on cris-axis-elf
- From: Mike Stein <mstein dot lists at googlemail dot com>
- To: gcc-testresults at gcc dot gnu dot org
- Date: Fri, 20 Nov 2009 23:55:21 +0100
- Subject: Results for 4.3.5 20091119 (prerelease) [gcc-4_3-branch revision 154349] (GCC) gcc testsuite on cris-axis-elf
- Reply-to: gcc at gcc dot gnu dot org
Debian 5 on x86_64
cross tool versions:
GNU assembler (GNU Binutils) 2.18.50.20080419
GNU gdb 6.8.50.20080419-cvs
GNU ld (GNU Binutils) 2.18.50.20080419
GNU Make 3.81
expect version 5.43.0
host gcc version: gcc (GCC) 4.5.0 20091119 (experimental) [trunk revision 154349]
LAST_UPDATED: Thu Nov 19 23:11:54 UTC 2009 (revision 154349)
Target is cris-axis-elf
Host is x86_64-unknown-linux-gnu
=== gcc tests ===
Running target cris-sim
FAIL: gcc.dg/large-size-array-2.c (internal compiler error)
FAIL: gcc.dg/large-size-array-2.c (test for errors, line 6)
FAIL: gcc.dg/large-size-array-2.c (test for excess errors)
FAIL: gcc.dg/large-size-array-4.c (internal compiler error)
FAIL: gcc.dg/large-size-array-4.c (test for errors, line 6)
FAIL: gcc.dg/large-size-array-4.c (test for excess errors)
FAIL: gcc.dg/setjmp-1.c spurious clobbered warning (test for bogus messages, line 16)
FAIL: gcc.dg/trampoline-1.c execution test
=== gcc Summary ===
# of expected passes 45918
# of unexpected failures 8
# of expected failures 87
# of untested testcases 35
# of unsupported tests 467
/home/mstein/sim/gcc-4_3-branch/cris-elf/build/gcc/xgcc version 4.3.5 20091119 (prerelease) [gcc-4_3-branch revision 154349] (GCC)
Compiler version: 4.3.5 20091119 (prerelease) [gcc-4_3-branch revision 154349] (GCC) gcc
Platform: cris-axis-elf
configure flags: --target=cris-elf --prefix=/home/mstein/cross-local/cris-elf --enable-languages=c --disable-nls --disable-build-warnings --with-sysroot=/home/mstein/cross-local/cris-elf --with-build-sysroot=/home/mstein/cross-local/cris-elf --with-ld=/home/mstein/cross-local/cris-elf/usr/bin/ld --with-as=/home/mstein/cross-local/cris-elf/usr/bin/as --disable-libssp --with-mpfr=/opt/cfarm/mpfr-2.3.2