This is the mail archive of the
gcc-testresults@gcc.gnu.org
mailing list for the GCC project.
Results for 4.5.0 20091118 (experimental) [trunk revision 154276] (GCC) testsuite on hppa-unknown-linux-gnu
- From: dave at hiauly6 dot hia dot nrc dot ca (John David Anglin)
- To: dave at hiauly6 dot hia dot nrc dot ca, gcc-testresults at gcc dot gnu dot org
- Date: Wed, 18 Nov 2009 23:06:35 -0500 (EST)
- Subject: Results for 4.5.0 20091118 (experimental) [trunk revision 154276] (GCC) testsuite on hppa-unknown-linux-gnu
LAST_UPDATED: Wed Nov 18 02:56:17 UTC 2009 (revision 154276)
=== acats tests ===
FAIL: a26007a
FAIL: a95074d
FAIL: ad8011a
FAIL: ae3002g
FAIL: c23003a
FAIL: c23003b
FAIL: c23003g
FAIL: c23003i
FAIL: c35003a
FAIL: c354003
FAIL: c35502d
FAIL: c35502f
FAIL: c35503a
FAIL: c35503d
FAIL: c35503f
FAIL: c35505c
FAIL: c35508o
FAIL: c35904a
FAIL: c37215d
FAIL: c37305a
FAIL: c37405a
FAIL: c38202a
FAIL: c390011
FAIL: c39006f
FAIL: c39008c
FAIL: c3a1001
FAIL: c41103b
FAIL: c41303i
FAIL: c43207d
FAIL: c45113a
FAIL: c45201a
FAIL: c45231d
FAIL: c45291a
FAIL: c45431a
FAIL: c45503a
FAIL: c45531n
FAIL: c45532b
FAIL: c45613c
FAIL: c460011
FAIL: c46031a
FAIL: c48008c
FAIL: c48009f
FAIL: c4a007a
FAIL: c52008b
FAIL: c52102b
FAIL: c52104a
FAIL: c55b06b
FAIL: c61010a
FAIL: c83033a
FAIL: c83f01b
FAIL: c83f03d
FAIL: c84008a
FAIL: c85005e
FAIL: c85014b
FAIL: c87b03a
FAIL: c87b17a
FAIL: c87b41a
FAIL: c87b62d
FAIL: c92003a
FAIL: c953001
FAIL: c954013
FAIL: c96005b
FAIL: c97203b
FAIL: ca11006
FAIL: ca11d03
FAIL: ca5003b
FAIL: cb20007
FAIL: cc1107b
FAIL: cc1225a
FAIL: cc1226b
FAIL: cc30001
FAIL: cc3120b
FAIL: cc70c01
FAIL: cd10001
FAIL: cd1009k
FAIL: cd1009t
FAIL: cd1009u
FAIL: cd1c03e
FAIL: cd1c06a
FAIL: cd2a22a
FAIL: cd2a23a
FAIL: cd2a83c
FAIL: cd2a91c
FAIL: cd2c11a
FAIL: cd2c11d
FAIL: cd30001
FAIL: cd30002
FAIL: cd3015c
FAIL: cd33002
FAIL: cd4041a
FAIL: cd5003a
FAIL: cd5003b
FAIL: cd5003c
FAIL: cd5003d
FAIL: cd5003e
FAIL: cd5003f
FAIL: cd5003g
FAIL: cd5003h
FAIL: cd5003i
FAIL: cd5011a
FAIL: cd5011c
FAIL: cd5011e
FAIL: cd5011g
FAIL: cd5011i
FAIL: cd5011k
FAIL: cd5011m
FAIL: cd5011q
FAIL: cd5011s
FAIL: cd5012a
FAIL: cd5012b
FAIL: cd5012e
FAIL: cd5012f
FAIL: cd5012i
FAIL: cd5012m
FAIL: cd5013a
FAIL: cd5013c
FAIL: cd5013e
FAIL: cd5013g
FAIL: cd5013i
FAIL: cd5013k
FAIL: cd5013m
FAIL: cd5013o
FAIL: cd5014a
FAIL: cd5014c
FAIL: cd5014e
FAIL: cd5014g
FAIL: cd5014i
FAIL: cd5014k
FAIL: cd5014m
FAIL: cd5014o
FAIL: cd5014t
FAIL: cd5014v
FAIL: cd5014x
FAIL: cd5014y
FAIL: cd5014z
FAIL: cd7101g
FAIL: cda201c
FAIL: ce2102c
FAIL: ce2102f
FAIL: ce2102h
FAIL: ce2103a
FAIL: ce2103b
FAIL: ce2201m
FAIL: ce2203a
FAIL: ce2403a
FAIL: ce3002b
FAIL: ce3002c
FAIL: ce3002f
FAIL: ce3102b
FAIL: ce3104c
FAIL: ce3107a
FAIL: ce3304a
FAIL: ce3806b
FAIL: ce3905c
FAIL: ce3906a
FAIL: cxa4007
FAIL: cxb3015
FAIL: cxf3a04
FAIL: cxg1004
FAIL: la14004
FAIL: la14006
FAIL: la14025
=== acats Summary ===
# of expected passes 1819
# of unexpected failures 502
Native configuration is hppa-unknown-linux-gnu
=== g++ tests ===
Running target unix
FAIL: g++.dg/lto/20081109 cp_lto_20081109_0.o-cp_lto_20081109_1.o execute -O2 -fwhopr
FAIL: g++.dg/lto/20090106 cp_lto_20090106_0.o-cp_lto_20090106_0.o link
UNRESOLVED: g++.dg/lto/20090106 cp_lto_20090106_0.o-cp_lto_20090106_0.o execute -O0 -fwhopr
FAIL: g++.dg/lto/20090106 cp_lto_20090106_0.o-cp_lto_20090106_0.o link
UNRESOLVED: g++.dg/lto/20090106 cp_lto_20090106_0.o-cp_lto_20090106_0.o execute -O0 -flto
FAIL: g++.dg/torture/pr34099.C -O1 (internal compiler error)
FAIL: g++.dg/torture/pr34099.C -O1 (test for excess errors)
UNRESOLVED: g++.dg/torture/pr34099.C -O1 compilation failed to produce executable
FAIL: g++.dg/torture/pr34099.C -O2 (internal compiler error)
FAIL: g++.dg/torture/pr34099.C -O2 (test for excess errors)
UNRESOLVED: g++.dg/torture/pr34099.C -O2 compilation failed to produce executable
FAIL: g++.dg/torture/pr34099.C -O3 -fomit-frame-pointer (internal compiler error)
FAIL: g++.dg/torture/pr34099.C -O3 -fomit-frame-pointer (test for excess errors)
UNRESOLVED: g++.dg/torture/pr34099.C -O3 -fomit-frame-pointer compilation failed to produce executable
FAIL: g++.dg/torture/pr34099.C -O3 -fomit-frame-pointer -funroll-loops (internal compiler error)
FAIL: g++.dg/torture/pr34099.C -O3 -fomit-frame-pointer -funroll-loops (test for excess errors)
UNRESOLVED: g++.dg/torture/pr34099.C -O3 -fomit-frame-pointer -funroll-loops compilation failed to produce executable
FAIL: g++.dg/torture/pr34099.C -O3 -fomit-frame-pointer -funroll-all-loops -finline-functions (internal compiler error)
FAIL: g++.dg/torture/pr34099.C -O3 -fomit-frame-pointer -funroll-all-loops -finline-functions (test for excess errors)
UNRESOLVED: g++.dg/torture/pr34099.C -O3 -fomit-frame-pointer -funroll-all-loops -finline-functions compilation failed to produce executable
FAIL: g++.dg/torture/pr34099.C -O3 -g (internal compiler error)
FAIL: g++.dg/torture/pr34099.C -O3 -g (test for excess errors)
UNRESOLVED: g++.dg/torture/pr34099.C -O3 -g compilation failed to produce executable
FAIL: g++.dg/torture/pr34099.C -Os execution test
FAIL: g++.dg/torture/pr34099.C -O2 -flto (internal compiler error)
FAIL: g++.dg/torture/pr34099.C -O2 -flto (test for excess errors)
UNRESOLVED: g++.dg/torture/pr34099.C -O2 -flto compilation failed to produce executable
FAIL: g++.dg/torture/pr34099.C -O2 -fwhopr (internal compiler error)
FAIL: g++.dg/torture/pr34099.C -O2 -fwhopr (test for excess errors)
UNRESOLVED: g++.dg/torture/pr34099.C -O2 -fwhopr compilation failed to produce executable
=== g++ Summary ===
# of expected passes 21364
# of unexpected failures 20
# of expected failures 152
# of unresolved testcases 10
# of unsupported tests 171
/home/dave/gnu/gcc-4.5/objdir/gcc/testsuite/g++/../../g++ version 4.5.0 20091118 (experimental) [trunk revision 154276] (GCC)
=== gcc tests ===
Running target unix
WARNING: program timed out.
FAIL: gcc.c-torture/compile/20001226-1.c -O3 -g (test for excess errors)
FAIL: gcc.c-torture/execute/builtins/memmove-2.c compilation, -O2 -fwhopr
UNRESOLVED: gcc.c-torture/execute/builtins/memmove-2.c execution, -O2 -fwhopr
FAIL: gcc.c-torture/execute/builtins/sprintf-chk.c execution, -O2 -fwhopr
FAIL: gcc.c-torture/execute/builtins/stpcpy-chk.c execution, -O2 -fwhopr
FAIL: gcc.c-torture/execute/builtins/strcpy-chk.c execution, -O2 -fwhopr
XPASS: gcc.dg/Warray-bounds.c (test for warnings, line 59)
XPASS: gcc.dg/Warray-bounds.c (test for warnings, line 65)
XPASS: gcc.dg/Wunreachable-8.c (test for bogus messages, line 7)
FAIL: gcc.dg/pr34668-1.c (internal compiler error)
FAIL: gcc.dg/pr34668-1.c (test for excess errors)
XPASS: gcc.dg/struct/wo_prof_array_through_pointer.c scan-ipa-dump ipa_struct_reorg "Number of structures to transform is 1"
FAIL: gcc.dg/struct/wo_prof_double_malloc.c (internal compiler error)
FAIL: gcc.dg/struct/wo_prof_double_malloc.c (test for excess errors)
UNRESOLVED: gcc.dg/struct/wo_prof_double_malloc.c compilation failed to produce executable
FAIL: gcc.dg/torture/builtin-math-7.c -O2 -flto execution test
FAIL: gcc.dg/torture/builtin-math-7.c -O2 -fwhopr execution test
XPASS: gcc.dg/tree-ssa/loop-1.c scan-assembler-times foo 5
=== gcc Summary ===
# of expected passes 61954
# of unexpected failures 11
# of unexpected successes 5
# of expected failures 88
# of unresolved testcases 2
# of unsupported tests 721
/home/dave/gnu/gcc-4.5/objdir/gcc/xgcc version 4.5.0 20091118 (experimental) [trunk revision 154276] (GCC)
=== gfortran tests ===
Running target unix
FAIL: gfortran.dg/pr41928.f90 -O (internal compiler error)
FAIL: gfortran.dg/pr41928.f90 -O (test for excess errors)
FAIL: gfortran.dg/lto/20091028-2 f_lto_20091028-2_0.o-f_lto_20091028-2_1.o link, (internal compiler error)
UNRESOLVED: gfortran.dg/lto/20091028-2 f_lto_20091028-2_0.o-f_lto_20091028-2_1.o execute -O2 -fwhopr
FAIL: gfortran.dg/lto/20091028-2 f_lto_20091028-2_0.o-f_lto_20091028-2_1.o link, (internal compiler error)
UNRESOLVED: gfortran.dg/lto/20091028-2 f_lto_20091028-2_0.o-f_lto_20091028-2_1.o execute -O2 -flto
FAIL: gfortran.dg/lto/pr40725 f_lto_pr40725_0.o-f_lto_pr40725_1.o execute -O2 -fwhopr
FAIL: gfortran.dg/lto/pr40725 f_lto_pr40725_0.o-f_lto_pr40725_1.o execute -O2 -flto
=== gfortran Summary ===
# of expected passes 32140
# of unexpected failures 6
# of expected failures 22
# of unresolved testcases 2
# of unsupported tests 286
/home/dave/gnu/gcc-4.5/objdir/gcc/testsuite/gfortran/../../gfortran version 4.5.0 20091118 (experimental) [trunk revision 154276] (GCC)
=== gnat tests ===
Running target unix
=== gnat Summary ===
# of expected passes 742
# of expected failures 5
# of unsupported tests 1
=== obj-c++ tests ===
Running target unix
UNRESOLVED: obj-c++.dg/lookup-2.mm compilation failed to produce executable
UNRESOLVED: obj-c++.dg/try-catch-2.mm compilation failed to produce executable
UNRESOLVED: obj-c++.dg/try-catch-9.mm compilation failed to produce executable
=== obj-c++ Summary ===
# of expected passes 438
# of expected failures 10
# of unresolved testcases 3
# of unsupported tests 13
/home/dave/gnu/gcc-4.5/objdir/gcc/testsuite/obj-c++/../../g++ version 4.5.0 20091118 (experimental) [trunk revision 154276] (GCC)
=== objc tests ===
Running target unix
=== objc Summary ===
# of expected passes 1867
# of expected failures 15
# of unsupported tests 24
/home/dave/gnu/gcc-4.5/objdir/gcc/xgcc version 4.5.0 20091118 (experimental) [trunk revision 154276] (GCC)
=== libffi tests ===
Running target unix
FAIL: libffi.call/cls_longdouble_va.c -O0 -W -Wall output pattern test, is %.1f
FAIL: libffi.call/cls_longdouble_va.c -O2 output pattern test, is %.1f
FAIL: libffi.call/cls_longdouble_va.c -O3 output pattern test, is %.1f
FAIL: libffi.call/cls_longdouble_va.c -Os output pattern test, is %.1f
FAIL: libffi.call/cls_longdouble_va.c -O2 -fomit-frame-pointer output pattern test, is %.1f
=== libffi Summary ===
# of expected passes 1604
# of unexpected failures 5
# of expected failures 10
# of unsupported tests 15
=== libgomp tests ===
Running target unix
FAIL: libgomp.fortran/vla6.f90 -O0 execution test
=== libgomp Summary ===
# of expected passes 2395
# of unexpected failures 1
# of unsupported tests 7
=== libjava tests ===
Running target unix
FAIL: Array_3 execution - source compiled test
FAIL: Array_3 -findirect-dispatch execution - source compiled test
FAIL: Array_3 -O3 execution - source compiled test
FAIL: Array_3 -O3 -findirect-dispatch execution - source compiled test
=== libjava Summary ===
# of expected passes 2566
# of unexpected failures 4
# of untested testcases 4
=== libmudflap tests ===
Running target unix
FAIL: libmudflap.c/fail31-frag.c (-O3) crash test
FAIL: libmudflap.c/fail31-frag.c (-O3) output pattern test
FAIL: libmudflap.c/pass45-frag.c (-O3) execution test
FAIL: libmudflap.c/pass45-frag.c (-O3) output pattern test
FAIL: libmudflap.c/pass45-frag.c (-O3) execution test
FAIL: libmudflap.c/pass45-frag.c (-O3) output pattern test
FAIL: libmudflap.c++/pass41-frag.cxx execution test
FAIL: libmudflap.c++/pass41-frag.cxx (-static) execution test
FAIL: libmudflap.c++/pass41-frag.cxx ( -O) execution test
FAIL: libmudflap.c++/pass41-frag.cxx (-O2) execution test
FAIL: libmudflap.c++/pass41-frag.cxx (-O3) execution test
=== libmudflap Summary ===
# of expected passes 1883
# of unexpected failures 11
=== libstdc++ tests ===
Running target unix
FAIL: 22_locale/time_get/get_date/wchar_t/4.cc execution test
XPASS: 26_numerics/headers/cmath/c99_classification_macros_c.cc (test for excess errors)
=== libstdc++ Summary ===
# of expected passes 6910
# of unexpected failures 1
# of unexpected successes 1
# of expected failures 87
# of unsupported tests 99
Compiler version: 4.5.0 20091118 (experimental) [trunk revision 154276] (GCC)
Platform: hppa-unknown-linux-gnu
configure flags: --with-gnu-as --with-gnu-ld --enable-shared --prefix=/home/dave/opt/gnu/gcc/gcc-4.5.0 --with-local-prefix=/home/dave/opt/gnu --enable-threads=posix --enable-__cxa_atexit --build=hppa-linux --enable-clocale=gnu --enable-java-gc=boehm --enable-java-awt=xlib --enable-languages=c,c++,objc,fortran,obj-c++,java,ada --with-libelf=/home/dave/opt/gnu