This is the mail archive of the
gcc-testresults@gcc.gnu.org
mailing list for the GCC project.
Results for 4.5.0 20091117 (experimental) [trunk revision 154243] (GCC) testsuite on i686-pc-linux-gnu
- From: hjl at gnu-68 dot sc dot intel dot com (H.J. Lu)
- To: gcc-testresults at gcc dot gnu dot org
- Date: Tue, 17 Nov 2009 07:14:37 -0800
- Subject: Results for 4.5.0 20091117 (experimental) [trunk revision 154243] (GCC) testsuite on i686-pc-linux-gnu
LAST_UPDATED: Tue Nov 17 11:40:39 UTC 2009 (revision 154243)
Native configuration is i686-pc-linux-gnu
=== g++ tests ===
Running target unix
FAIL: g++.dg/lto/20081109 cp_lto_20081109_0.o-cp_lto_20081109_1.o execute -O2 -fwhopr
FAIL: g++.dg/lto/20081119-1 cp_lto_20081119-1_0.o-cp_lto_20081119-1_1.o link
UNRESOLVED: g++.dg/lto/20081119-1 cp_lto_20081119-1_0.o-cp_lto_20081119-1_1.o execute -fPIC -fwhopr -shared
FAIL: g++.dg/lto/20081123 cp_lto_20081123_0.o-cp_lto_20081123_1.o link
UNRESOLVED: g++.dg/lto/20081123 cp_lto_20081123_0.o-cp_lto_20081123_1.o execute -fwhopr -shared -fPIC
FAIL: g++.dg/lto/20081219 cp_lto_20081219_0.o-cp_lto_20081219_1.o link
UNRESOLVED: g++.dg/lto/20081219 cp_lto_20081219_0.o-cp_lto_20081219_1.o execute -fPIC -fwhopr -O2
FAIL: g++.dg/lto/20090106 cp_lto_20090106_0.o-cp_lto_20090106_0.o link
UNRESOLVED: g++.dg/lto/20090106 cp_lto_20090106_0.o-cp_lto_20090106_0.o execute -O0 -fwhopr
FAIL: g++.dg/lto/20090106 cp_lto_20090106_0.o-cp_lto_20090106_0.o link
UNRESOLVED: g++.dg/lto/20090106 cp_lto_20090106_0.o-cp_lto_20090106_0.o execute -O0 -flto
FAIL: g++.dg/lto/20090311-1 cp_lto_20090311-1_0.o-cp_lto_20090311-1_1.o link
UNRESOLVED: g++.dg/lto/20090311-1 cp_lto_20090311-1_0.o-cp_lto_20090311-1_1.o execute -O0 -fwhopr
FAIL: g++.dg/lto/20090311-1 cp_lto_20090311-1_0.o-cp_lto_20090311-1_1.o link
UNRESOLVED: g++.dg/lto/20090311-1 cp_lto_20090311-1_0.o-cp_lto_20090311-1_1.o execute -O2 -fwhopr
FAIL: g++.dg/lto/20090315 cp_lto_20090315_0.o-cp_lto_20090315_1.o link
UNRESOLVED: g++.dg/lto/20090315 cp_lto_20090315_0.o-cp_lto_20090315_1.o execute -O0 -fwhopr
FAIL: g++.dg/lto/20090315 cp_lto_20090315_0.o-cp_lto_20090315_1.o link
UNRESOLVED: g++.dg/lto/20090315 cp_lto_20090315_0.o-cp_lto_20090315_1.o execute -O2 -fwhopr
FAIL: g++.dg/lto/20091026-1 cp_lto_20091026-1_0.o-cp_lto_20091026-1_1.o link
UNRESOLVED: g++.dg/lto/20091026-1 cp_lto_20091026-1_0.o-cp_lto_20091026-1_1.o execute -O0 -fwhopr
FAIL: g++.dg/lto/20091026-1 cp_lto_20091026-1_0.o-cp_lto_20091026-1_1.o link
UNRESOLVED: g++.dg/lto/20091026-1 cp_lto_20091026-1_0.o-cp_lto_20091026-1_1.o execute -O2 -fwhopr
FAIL: g++.dg/torture/stackalign/unwind-2.C -O1 execution test
FAIL: g++.dg/torture/stackalign/unwind-2.C -O2 execution test
FAIL: g++.dg/torture/stackalign/unwind-2.C -O2 -flto execution test
FAIL: g++.dg/torture/stackalign/unwind-2.C -O2 -fwhopr execution test
=== g++ Summary ===
# of expected passes 22331
# of unexpected failures 16
# of expected failures 152
# of unresolved testcases 11
# of unsupported tests 110
/export/gnu/import/svn/gcc-test/bld/gcc/testsuite/g++/../../g++ version 4.5.0 20091117 (experimental) [trunk revision 154243] (GCC)
=== gcc tests ===
Running target unix
FAIL: gcc.c-torture/execute/builtins/abs-1.c compilation, -O2 -fwhopr
UNRESOLVED: gcc.c-torture/execute/builtins/abs-1.c execution, -O2 -fwhopr
FAIL: gcc.c-torture/execute/builtins/memcpy-chk.c compilation, -O2 -fwhopr
UNRESOLVED: gcc.c-torture/execute/builtins/memcpy-chk.c execution, -O2 -fwhopr
FAIL: gcc.c-torture/execute/builtins/memmove-2.c compilation, -O2 -fwhopr
UNRESOLVED: gcc.c-torture/execute/builtins/memmove-2.c execution, -O2 -fwhopr
FAIL: gcc.c-torture/execute/builtins/memmove-chk.c compilation, -O2 -fwhopr
UNRESOLVED: gcc.c-torture/execute/builtins/memmove-chk.c execution, -O2 -fwhopr
FAIL: gcc.c-torture/execute/builtins/memmove.c compilation, -O2 -fwhopr
UNRESOLVED: gcc.c-torture/execute/builtins/memmove.c execution, -O2 -fwhopr
FAIL: gcc.c-torture/execute/builtins/memops-asm.c compilation, -O2 -fwhopr
UNRESOLVED: gcc.c-torture/execute/builtins/memops-asm.c execution, -O2 -fwhopr
FAIL: gcc.c-torture/execute/builtins/mempcpy-2.c compilation, -O2 -fwhopr
UNRESOLVED: gcc.c-torture/execute/builtins/mempcpy-2.c execution, -O2 -fwhopr
FAIL: gcc.c-torture/execute/builtins/mempcpy-chk.c compilation, -O2 -fwhopr
UNRESOLVED: gcc.c-torture/execute/builtins/mempcpy-chk.c execution, -O2 -fwhopr
FAIL: gcc.c-torture/execute/builtins/mempcpy.c compilation, -O2 -fwhopr
UNRESOLVED: gcc.c-torture/execute/builtins/mempcpy.c execution, -O2 -fwhopr
FAIL: gcc.c-torture/execute/builtins/memset-chk.c compilation, -O2 -fwhopr
UNRESOLVED: gcc.c-torture/execute/builtins/memset-chk.c execution, -O2 -fwhopr
FAIL: gcc.c-torture/execute/builtins/memset.c compilation, -O2 -fwhopr
UNRESOLVED: gcc.c-torture/execute/builtins/memset.c execution, -O2 -fwhopr
FAIL: gcc.c-torture/execute/builtins/snprintf-chk.c compilation, -O2 -fwhopr
UNRESOLVED: gcc.c-torture/execute/builtins/snprintf-chk.c execution, -O2 -fwhopr
FAIL: gcc.c-torture/execute/builtins/sprintf-chk.c compilation, -O2 -fwhopr
UNRESOLVED: gcc.c-torture/execute/builtins/sprintf-chk.c execution, -O2 -fwhopr
FAIL: gcc.c-torture/execute/builtins/stpcpy-chk.c compilation, -O2 -fwhopr
UNRESOLVED: gcc.c-torture/execute/builtins/stpcpy-chk.c execution, -O2 -fwhopr
FAIL: gcc.c-torture/execute/builtins/strcat-chk.c compilation, -O2 -fwhopr
UNRESOLVED: gcc.c-torture/execute/builtins/strcat-chk.c execution, -O2 -fwhopr
FAIL: gcc.c-torture/execute/builtins/strcmp.c compilation, -O2 -fwhopr
UNRESOLVED: gcc.c-torture/execute/builtins/strcmp.c execution, -O2 -fwhopr
FAIL: gcc.c-torture/execute/builtins/strcpy-chk.c compilation, -O2 -fwhopr
UNRESOLVED: gcc.c-torture/execute/builtins/strcpy-chk.c execution, -O2 -fwhopr
FAIL: gcc.c-torture/execute/builtins/strcpy.c compilation, -O2 -fwhopr
UNRESOLVED: gcc.c-torture/execute/builtins/strcpy.c execution, -O2 -fwhopr
FAIL: gcc.c-torture/execute/builtins/strlen-3.c compilation, -O2 -fwhopr
UNRESOLVED: gcc.c-torture/execute/builtins/strlen-3.c execution, -O2 -fwhopr
FAIL: gcc.c-torture/execute/builtins/strlen.c compilation, -O2 -fwhopr
UNRESOLVED: gcc.c-torture/execute/builtins/strlen.c execution, -O2 -fwhopr
FAIL: gcc.c-torture/execute/builtins/strncat-chk.c compilation, -O2 -fwhopr
UNRESOLVED: gcc.c-torture/execute/builtins/strncat-chk.c execution, -O2 -fwhopr
FAIL: gcc.c-torture/execute/builtins/strncat.c compilation, -O2 -fwhopr
UNRESOLVED: gcc.c-torture/execute/builtins/strncat.c execution, -O2 -fwhopr
FAIL: gcc.c-torture/execute/builtins/strncpy-chk.c compilation, -O2 -fwhopr
UNRESOLVED: gcc.c-torture/execute/builtins/strncpy-chk.c execution, -O2 -fwhopr
FAIL: gcc.c-torture/execute/builtins/strpcpy-2.c compilation, -O2 -fwhopr
UNRESOLVED: gcc.c-torture/execute/builtins/strpcpy-2.c execution, -O2 -fwhopr
FAIL: gcc.c-torture/execute/builtins/strpcpy.c compilation, -O2 -fwhopr
UNRESOLVED: gcc.c-torture/execute/builtins/strpcpy.c execution, -O2 -fwhopr
FAIL: gcc.c-torture/execute/builtins/strrchr.c compilation, -O2 -fwhopr
UNRESOLVED: gcc.c-torture/execute/builtins/strrchr.c execution, -O2 -fwhopr
FAIL: gcc.c-torture/execute/builtins/strstr-asm.c compilation, -O2 -fwhopr
UNRESOLVED: gcc.c-torture/execute/builtins/strstr-asm.c execution, -O2 -fwhopr
FAIL: gcc.c-torture/execute/builtins/vsnprintf-chk.c compilation, -O2 -fwhopr
UNRESOLVED: gcc.c-torture/execute/builtins/vsnprintf-chk.c execution, -O2 -fwhopr
FAIL: gcc.c-torture/execute/builtins/vsprintf-chk.c compilation, -O2 -fwhopr
UNRESOLVED: gcc.c-torture/execute/builtins/vsprintf-chk.c execution, -O2 -fwhopr
XPASS: gcc.dg/Warray-bounds.c (test for warnings, line 59)
XPASS: gcc.dg/Warray-bounds.c (test for warnings, line 65)
XPASS: gcc.dg/Wunreachable-8.c (test for bogus messages, line 7)
FAIL: gcc.dg/pr34668-1.c (internal compiler error)
FAIL: gcc.dg/pr34668-1.c (test for excess errors)
XPASS: gcc.dg/guality/example.c -O0 execution test
XPASS: gcc.dg/guality/inline-params.c -O0 execution test
XPASS: gcc.dg/guality/inline-params.c -O1 execution test
XPASS: gcc.dg/guality/inline-params.c -O2 execution test
XPASS: gcc.dg/guality/inline-params.c -O3 -fomit-frame-pointer execution test
XPASS: gcc.dg/guality/inline-params.c -O3 -g execution test
XPASS: gcc.dg/guality/inline-params.c -Os execution test
XPASS: gcc.dg/guality/pr41353-1.c -O0 line 28 j == 28 + 37
FAIL: gcc.dg/guality/pr41353-1.c -O1 line 28 i1 == 2 * 37
FAIL: gcc.dg/guality/pr41353-1.c -O1 line 28 i2 == 3 * 37
FAIL: gcc.dg/guality/pr41353-1.c -O2 line 28 i1 == 2 * 37
FAIL: gcc.dg/guality/pr41353-1.c -O2 line 28 i2 == 3 * 37
FAIL: gcc.dg/guality/pr41353-1.c -O3 -fomit-frame-pointer line 28 i1 == 2 * 37
FAIL: gcc.dg/guality/pr41353-1.c -O3 -fomit-frame-pointer line 28 i2 == 3 * 37
FAIL: gcc.dg/guality/pr41353-1.c -O3 -g line 28 i1 == 2 * 37
FAIL: gcc.dg/guality/pr41353-1.c -O3 -g line 28 i2 == 3 * 37
FAIL: gcc.dg/guality/pr41353-1.c -Os line 28 i1 == 2 * 37
FAIL: gcc.dg/guality/pr41353-1.c -Os line 28 i2 == 3 * 37
XPASS: gcc.dg/guality/pr41447-1.c -O0 execution test
XPASS: gcc.dg/guality/pr41616-1.c -O0 execution test
XPASS: gcc.dg/guality/pr41616-1.c -O1 execution test
XPASS: gcc.dg/guality/pr41616-1.c -O2 execution test
XPASS: gcc.dg/guality/pr41616-1.c -Os execution test
FAIL: gcc.dg/lto/20081111 c_lto_20081111_0.o-c_lto_20081111_1.o link
UNRESOLVED: gcc.dg/lto/20081111 c_lto_20081111_0.o-c_lto_20081111_1.o execute -O0 -fwhopr
FAIL: gcc.dg/lto/20081111 c_lto_20081111_0.o-c_lto_20081111_1.o link
UNRESOLVED: gcc.dg/lto/20081111 c_lto_20081111_0.o-c_lto_20081111_1.o execute -O2 -fwhopr
FAIL: gcc.dg/lto/20081112 c_lto_20081112_0.o-c_lto_20081112_1.o link
UNRESOLVED: gcc.dg/lto/20081112 c_lto_20081112_0.o-c_lto_20081112_1.o execute -O2 -fwhopr
FAIL: gcc.dg/lto/20081120-2 c_lto_20081120-2_0.o-c_lto_20081120-2_1.o link
UNRESOLVED: gcc.dg/lto/20081120-2 c_lto_20081120-2_0.o-c_lto_20081120-2_1.o execute -fwhopr -r -nostdlib
FAIL: gcc.dg/struct/wo_prof_array_field.c (internal compiler error)
FAIL: gcc.dg/struct/wo_prof_array_field.c (test for excess errors)
WARNING: gcc.dg/struct/wo_prof_array_field.c compilation failed to produce executable
XPASS: gcc.dg/struct/wo_prof_array_through_pointer.c scan-ipa-dump ipa_struct_reorg "Number of structures to transform is 1"
FAIL: gcc.dg/struct/wo_prof_double_malloc.c (internal compiler error)
FAIL: gcc.dg/struct/wo_prof_double_malloc.c (test for excess errors)
WARNING: gcc.dg/struct/wo_prof_double_malloc.c compilation failed to produce executable
FAIL: gcc.dg/struct/wo_prof_global_var.c (internal compiler error)
FAIL: gcc.dg/struct/wo_prof_global_var.c (test for excess errors)
WARNING: gcc.dg/struct/wo_prof_global_var.c compilation failed to produce executable
FAIL: gcc.dg/struct/wo_prof_local_var.c (internal compiler error)
FAIL: gcc.dg/struct/wo_prof_local_var.c (test for excess errors)
WARNING: gcc.dg/struct/wo_prof_local_var.c compilation failed to produce executable
FAIL: gcc.dg/struct/wo_prof_malloc_size_var.c (internal compiler error)
FAIL: gcc.dg/struct/wo_prof_malloc_size_var.c (test for excess errors)
WARNING: gcc.dg/struct/wo_prof_malloc_size_var.c compilation failed to produce executable
FAIL: gcc.dg/struct/wo_prof_mult_field_peeling.c (internal compiler error)
FAIL: gcc.dg/struct/wo_prof_mult_field_peeling.c (test for excess errors)
WARNING: gcc.dg/struct/wo_prof_mult_field_peeling.c compilation failed to produce executable
FAIL: gcc.dg/struct/wo_prof_two_strs.c (internal compiler error)
FAIL: gcc.dg/struct/wo_prof_two_strs.c (test for excess errors)
WARNING: gcc.dg/struct/wo_prof_two_strs.c compilation failed to produce executable
FAIL: gcc.dg/struct/w_prof_global_var.c compilation, -O3 -fwhole-program -combine -fipa-type-escape -fprofile-use -fipa-struct-reorg -fdump-ipa-all (internal compiler error)
UNRESOLVED: gcc.dg/struct/w_prof_global_var.c execution, -O3 -fwhole-program -combine -fipa-type-escape -fprofile-use -fipa-struct-reorg -fdump-ipa-all
FAIL: gcc.dg/struct/w_prof_local_var.c compilation, -O3 -fwhole-program -combine -fipa-type-escape -fprofile-use -fipa-struct-reorg -fdump-ipa-all (internal compiler error)
UNRESOLVED: gcc.dg/struct/w_prof_local_var.c execution, -O3 -fwhole-program -combine -fipa-type-escape -fprofile-use -fipa-struct-reorg -fdump-ipa-all
FAIL: gcc.dg/struct/w_prof_two_strs.c compilation, -O3 -fwhole-program -combine -fipa-type-escape -fprofile-use -fipa-struct-reorg -fdump-ipa-all (internal compiler error)
UNRESOLVED: gcc.dg/struct/w_prof_two_strs.c execution, -O3 -fwhole-program -combine -fipa-type-escape -fprofile-use -fipa-struct-reorg -fdump-ipa-all
FAIL: gcc.dg/torture/builtin-math-7.c -O2 -flto execution test
FAIL: gcc.dg/torture/builtin-math-7.c -O2 -fwhopr execution test
FAIL: gcc.misc-tests/linkage.c link
=== gcc Summary ===
# of expected passes 70542
# of unexpected failures 65
# of unexpected successes 17
# of expected failures 205
# of unresolved testcases 36
# of unsupported tests 613
/export/gnu/import/svn/gcc-test/bld/gcc/xgcc version 4.5.0 20091117 (experimental) [trunk revision 154243] (GCC)
=== gfortran tests ===
Running target unix
FAIL: gfortran.dg/lto/pr40725 f_lto_pr40725_0.o-f_lto_pr40725_1.o execute -O2 -fwhopr
FAIL: gfortran.dg/lto/pr40725 f_lto_pr40725_0.o-f_lto_pr40725_1.o execute -O2 -flto
=== gfortran Summary ===
# of expected passes 33037
# of unexpected failures 2
# of expected failures 22
# of unsupported tests 111
/export/gnu/import/svn/gcc-test/bld/gcc/testsuite/gfortran/../../gfortran version 4.5.0 20091117 (experimental) [trunk revision 154243] (GCC)
=== objc tests ===
Running target unix
=== objc Summary ===
# of expected passes 1875
# of expected failures 7
# of unsupported tests 24
/export/gnu/import/svn/gcc-test/bld/gcc/xgcc version 4.5.0 20091117 (experimental) [trunk revision 154243] (GCC)
=== libffi tests ===
Running target unix
=== libffi Summary ===
# of expected passes 1604
# of expected failures 15
# of unsupported tests 15
=== libgomp tests ===
Running target unix
=== libgomp Summary ===
# of expected passes 2410
=== libjava tests ===
Running target unix
=== libjava Summary ===
# of expected passes 2574
=== libmudflap tests ===
Running target unix
FAIL: libmudflap.c/fail31-frag.c (-O3) output pattern test
FAIL: libmudflap.c/pass45-frag.c (-O3) execution test
FAIL: libmudflap.c/pass45-frag.c (-O3) output pattern test
FAIL: libmudflap.c/pass45-frag.c (-O3) execution test
FAIL: libmudflap.c/pass45-frag.c (-O3) output pattern test
FAIL: libmudflap.c++/pass41-frag.cxx execution test
FAIL: libmudflap.c++/pass41-frag.cxx (-static) execution test
FAIL: libmudflap.c++/pass41-frag.cxx ( -O) execution test
FAIL: libmudflap.c++/pass41-frag.cxx (-O2) execution test
FAIL: libmudflap.c++/pass41-frag.cxx (-O3) execution test
=== libmudflap Summary ===
# of expected passes 1884
# of unexpected failures 10
=== libstdc++ tests ===
Running target unix
XPASS: 26_numerics/headers/cmath/c99_classification_macros_c.cc (test for excess errors)
=== libstdc++ Summary ===
# of expected passes 6923
# of unexpected successes 1
# of expected failures 87
# of unsupported tests 81
Compiler version: 4.5.0 20091117 (experimental) [trunk revision 154243] (GCC)
Platform: i686-pc-linux-gnu
configure flags: --enable-clocale=gnu --with-system-zlib --enable-shared --with-demangler-in-ld i686-linux --enable-tls -with-plugin-ld=ld.gold --enable-gold