This is the mail archive of the gcc-testresults@gcc.gnu.org mailing list for the GCC project.


Index Nav: [Date Index] [Subject Index] [Author Index] [Thread Index]
Message Nav: [Date Prev] [Date Next] [Thread Prev] [Thread Next]
Other format: [Raw text]

Results for 4.4.2 (GCC) testsuite on i686-apple-darwin10


Using fink packaging by Jack Howarth, rev. 1000
Mac OS X 10.6.1

Native compiler:
Using built-in specs.
Target: i686-apple-darwin10
Configured with: /var/tmp/gcc/gcc-5646~6/src/configure --disable-checking --enable-werror --prefix=/usr --mandir=/share/man --enable-languages=c,objc,c++,obj-c++ --program-transform-name=/^[cg][^.-]*\$/s/\$/-4.2/ --with-slibdir=/usr/lib --build=i686-apple-darwin10 --with-gxx-include-dir=/include/c++/4.2.1 --program-prefix=i686-apple-darwin10- --host=x86_64-apple-darwin10 --target=i686-apple-darwin10
Thread model: posix
gcc version 4.2.1 (Apple Inc. build 5646)

LAST_UPDATED: Obtained from SVN: tags/gcc_4_4_2_release revision 152840

Native configuration is i686-apple-darwin10

		=== g++ tests ===


Running target unix
FAIL: g++.dg/debug/dwarf2/pubnames-1.C scan-assembler-times .debug_pubnames 1
FAIL: g++.dg/debug/dwarf2/pubnames-1.C scan-assembler-times "main".*external name 1
FAIL: g++.dg/debug/dwarf2/typedef1.C scan-assembler-times DW_AT_name: "foo<1u>" 1
FAIL: g++.dg/debug/dwarf2/typedef1.C scan-assembler-times DW_AT_name: "typedef foo<1u>::type type" 1
FAIL: g++.dg/eh/async-unwind2.C execution test
FAIL: g++.dg/torture/stackalign/eh-alloca-1.C  -O3 -g  execution test
FAIL: g++.dg/torture/stackalign/eh-vararg-1.C  -O3 -g  execution test
FAIL: g++.dg/torture/stackalign/eh-vararg-2.C  -O3 -g  execution test
FAIL: g++.dg/torture/stackalign/throw-1.C  -O3 -g  execution test
FAIL: g++.dg/torture/stackalign/eh-alloca-1.C  -O3 -g  execution test
FAIL: g++.dg/torture/stackalign/eh-vararg-1.C  -O3 -g  execution test
FAIL: g++.dg/torture/stackalign/eh-vararg-2.C  -O3 -g  execution test
FAIL: g++.dg/torture/stackalign/throw-1.C  -O3 -g  execution test

		=== g++ Summary ===

# of expected passes		19776
# of unexpected failures	13
# of expected failures		156
# of unsupported tests		151
/Volumes/MacSpare/sw/src/fink.build/gcc44-4.4.2-1000/darwin_objdir/gcc/testsuite/g++/../../g++  version 4.4.2 (GCC) 

		=== gcc tests ===


Running target unix
FAIL: gcc.dg/framework-1.c (test for excess errors)

		=== gcc Summary ===

# of expected passes		55086
# of unexpected failures	1
# of expected failures		207
# of unsupported tests		1070
/Volumes/MacSpare/sw/src/fink.build/gcc44-4.4.2-1000/darwin_objdir/gcc/xgcc  version 4.4.2 (GCC) 

		=== gfortran tests ===


Running target unix
FAIL: gfortran.dg/stat_1.f90  -O0  execution test
FAIL: gfortran.dg/stat_1.f90  -O1  execution test
FAIL: gfortran.dg/stat_1.f90  -O2  execution test
FAIL: gfortran.dg/stat_1.f90  -O3 -fomit-frame-pointer  execution test
FAIL: gfortran.dg/stat_1.f90  -O3 -fomit-frame-pointer -funroll-loops  execution test
FAIL: gfortran.dg/stat_1.f90  -O3 -fomit-frame-pointer -funroll-all-loops -finline-functions  execution test
FAIL: gfortran.dg/stat_1.f90  -O3 -g  execution test
FAIL: gfortran.dg/stat_1.f90  -Os  execution test
FAIL: gfortran.dg/stat_2.f90  -O0  execution test
FAIL: gfortran.dg/stat_2.f90  -O1  execution test
FAIL: gfortran.dg/stat_2.f90  -O2  execution test
FAIL: gfortran.dg/stat_2.f90  -O3 -fomit-frame-pointer  execution test
FAIL: gfortran.dg/stat_2.f90  -O3 -fomit-frame-pointer -funroll-loops  execution test
FAIL: gfortran.dg/stat_2.f90  -O3 -fomit-frame-pointer -funroll-all-loops -finline-functions  execution test
FAIL: gfortran.dg/stat_2.f90  -O3 -g  execution test
FAIL: gfortran.dg/stat_2.f90  -Os  execution test
WARNING: program timed out.

		=== gfortran Summary ===

# of expected passes		29592
# of unexpected failures	16
# of expected failures		14
# of unsupported tests		127
/Volumes/MacSpare/sw/src/fink.build/gcc44-4.4.2-1000/darwin_objdir/gcc/testsuite/gfortran/../../gfortran  version 4.4.2 (GCC) 

		=== objc tests ===


Running target unix
FAIL: objc/execute/exceptions/finally-1.m execution,  -O0 -fgnu-runtime
FAIL: objc/execute/exceptions/finally-1.m execution,  -O1 -fgnu-runtime
FAIL: objc/execute/exceptions/finally-1.m execution,  -O2 -fgnu-runtime
FAIL: objc/execute/exceptions/finally-1.m execution,  -Os -fgnu-runtime
FAIL: objc/execute/exceptions/handler-1.m compilation,  -O0 -fnext-runtime
UNRESOLVED: objc/execute/exceptions/handler-1.m execution,  -O0 -fnext-runtime
FAIL: objc/execute/exceptions/handler-1.m compilation,  -O1 -fnext-runtime
UNRESOLVED: objc/execute/exceptions/handler-1.m execution,  -O1 -fnext-runtime
FAIL: objc/execute/exceptions/handler-1.m compilation,  -O2 -fnext-runtime
UNRESOLVED: objc/execute/exceptions/handler-1.m execution,  -O2 -fnext-runtime
FAIL: objc/execute/exceptions/handler-1.m compilation,  -O3 -fomit-frame-pointer -fnext-runtime
UNRESOLVED: objc/execute/exceptions/handler-1.m execution,  -O3 -fomit-frame-pointer -fnext-runtime
FAIL: objc/execute/exceptions/handler-1.m compilation,  -O3 -g -fnext-runtime
UNRESOLVED: objc/execute/exceptions/handler-1.m execution,  -O3 -g -fnext-runtime
FAIL: objc/execute/exceptions/handler-1.m compilation,  -Os -fnext-runtime
UNRESOLVED: objc/execute/exceptions/handler-1.m execution,  -Os -fnext-runtime
FAIL: objc/execute/bycopy-1.m compilation,  -O0 -fnext-runtime
UNRESOLVED: objc/execute/bycopy-1.m execution,  -O0 -fnext-runtime
FAIL: objc/execute/bycopy-1.m compilation,  -O1 -fnext-runtime
UNRESOLVED: objc/execute/bycopy-1.m execution,  -O1 -fnext-runtime
FAIL: objc/execute/bycopy-1.m compilation,  -O2 -fnext-runtime
UNRESOLVED: objc/execute/bycopy-1.m execution,  -O2 -fnext-runtime
FAIL: objc/execute/bycopy-1.m compilation,  -O3 -fomit-frame-pointer -fnext-runtime
UNRESOLVED: objc/execute/bycopy-1.m execution,  -O3 -fomit-frame-pointer -fnext-runtime
FAIL: objc/execute/bycopy-1.m compilation,  -O3 -g -fnext-runtime
UNRESOLVED: objc/execute/bycopy-1.m execution,  -O3 -g -fnext-runtime
FAIL: objc/execute/bycopy-1.m compilation,  -Os -fnext-runtime
UNRESOLVED: objc/execute/bycopy-1.m execution,  -Os -fnext-runtime
FAIL: objc/execute/bycopy-2.m compilation,  -O0 -fnext-runtime
UNRESOLVED: objc/execute/bycopy-2.m execution,  -O0 -fnext-runtime
FAIL: objc/execute/bycopy-2.m compilation,  -O1 -fnext-runtime
UNRESOLVED: objc/execute/bycopy-2.m execution,  -O1 -fnext-runtime
FAIL: objc/execute/bycopy-2.m compilation,  -O2 -fnext-runtime
UNRESOLVED: objc/execute/bycopy-2.m execution,  -O2 -fnext-runtime
FAIL: objc/execute/bycopy-2.m compilation,  -O3 -fomit-frame-pointer -fnext-runtime
UNRESOLVED: objc/execute/bycopy-2.m execution,  -O3 -fomit-frame-pointer -fnext-runtime
FAIL: objc/execute/bycopy-2.m compilation,  -O3 -g -fnext-runtime
UNRESOLVED: objc/execute/bycopy-2.m execution,  -O3 -g -fnext-runtime
FAIL: objc/execute/bycopy-2.m compilation,  -Os -fnext-runtime
UNRESOLVED: objc/execute/bycopy-2.m execution,  -Os -fnext-runtime
FAIL: objc/execute/bycopy-3.m compilation,  -O0 -fnext-runtime
UNRESOLVED: objc/execute/bycopy-3.m execution,  -O0 -fnext-runtime
FAIL: objc/execute/bycopy-3.m compilation,  -O1 -fnext-runtime
UNRESOLVED: objc/execute/bycopy-3.m execution,  -O1 -fnext-runtime
FAIL: objc/execute/bycopy-3.m compilation,  -O2 -fnext-runtime
UNRESOLVED: objc/execute/bycopy-3.m execution,  -O2 -fnext-runtime
FAIL: objc/execute/bycopy-3.m compilation,  -O3 -fomit-frame-pointer -fnext-runtime
UNRESOLVED: objc/execute/bycopy-3.m execution,  -O3 -fomit-frame-pointer -fnext-runtime
FAIL: objc/execute/bycopy-3.m compilation,  -O3 -g -fnext-runtime
UNRESOLVED: objc/execute/bycopy-3.m execution,  -O3 -g -fnext-runtime
FAIL: objc/execute/bycopy-3.m compilation,  -Os -fnext-runtime
UNRESOLVED: objc/execute/bycopy-3.m execution,  -Os -fnext-runtime
FAIL: objc/execute/formal_protocol-5.m compilation,  -O0 -fnext-runtime
UNRESOLVED: objc/execute/formal_protocol-5.m execution,  -O0 -fnext-runtime
FAIL: objc/execute/formal_protocol-5.m compilation,  -O1 -fnext-runtime
UNRESOLVED: objc/execute/formal_protocol-5.m execution,  -O1 -fnext-runtime
FAIL: objc/execute/formal_protocol-5.m compilation,  -O2 -fnext-runtime
UNRESOLVED: objc/execute/formal_protocol-5.m execution,  -O2 -fnext-runtime
FAIL: objc/execute/formal_protocol-5.m compilation,  -O3 -fomit-frame-pointer -fnext-runtime
UNRESOLVED: objc/execute/formal_protocol-5.m execution,  -O3 -fomit-frame-pointer -fnext-runtime
FAIL: objc/execute/formal_protocol-5.m compilation,  -O3 -g -fnext-runtime
UNRESOLVED: objc/execute/formal_protocol-5.m execution,  -O3 -g -fnext-runtime
FAIL: objc/execute/formal_protocol-5.m compilation,  -Os -fnext-runtime
UNRESOLVED: objc/execute/formal_protocol-5.m execution,  -Os -fnext-runtime
FAIL: objc/execute/formal_protocol-6.m compilation,  -O0 -fnext-runtime
UNRESOLVED: objc/execute/formal_protocol-6.m execution,  -O0 -fnext-runtime
FAIL: objc/execute/formal_protocol-6.m compilation,  -O1 -fnext-runtime
UNRESOLVED: objc/execute/formal_protocol-6.m execution,  -O1 -fnext-runtime
FAIL: objc/execute/formal_protocol-6.m compilation,  -O2 -fnext-runtime
UNRESOLVED: objc/execute/formal_protocol-6.m execution,  -O2 -fnext-runtime
FAIL: objc/execute/formal_protocol-6.m compilation,  -O3 -fomit-frame-pointer -fnext-runtime
UNRESOLVED: objc/execute/formal_protocol-6.m execution,  -O3 -fomit-frame-pointer -fnext-runtime
FAIL: objc/execute/formal_protocol-6.m compilation,  -O3 -g -fnext-runtime
UNRESOLVED: objc/execute/formal_protocol-6.m execution,  -O3 -g -fnext-runtime
FAIL: objc/execute/formal_protocol-6.m compilation,  -Os -fnext-runtime
UNRESOLVED: objc/execute/formal_protocol-6.m execution,  -Os -fnext-runtime
FAIL: objc/execute/formal_protocol-7.m compilation,  -O0 -fnext-runtime
UNRESOLVED: objc/execute/formal_protocol-7.m execution,  -O0 -fnext-runtime
FAIL: objc/execute/formal_protocol-7.m compilation,  -O1 -fnext-runtime
UNRESOLVED: objc/execute/formal_protocol-7.m execution,  -O1 -fnext-runtime
FAIL: objc/execute/formal_protocol-7.m compilation,  -O2 -fnext-runtime
UNRESOLVED: objc/execute/formal_protocol-7.m execution,  -O2 -fnext-runtime
FAIL: objc/execute/formal_protocol-7.m compilation,  -O3 -fomit-frame-pointer -fnext-runtime
UNRESOLVED: objc/execute/formal_protocol-7.m execution,  -O3 -fomit-frame-pointer -fnext-runtime
FAIL: objc/execute/formal_protocol-7.m compilation,  -O3 -g -fnext-runtime
UNRESOLVED: objc/execute/formal_protocol-7.m execution,  -O3 -g -fnext-runtime
FAIL: objc/execute/formal_protocol-7.m compilation,  -Os -fnext-runtime
UNRESOLVED: objc/execute/formal_protocol-7.m execution,  -Os -fnext-runtime
FAIL: objc/execute/np-1.m compilation,  -O0 -fnext-runtime
UNRESOLVED: objc/execute/np-1.m execution,  -O0 -fnext-runtime
FAIL: objc/execute/np-1.m compilation,  -O1 -fnext-runtime
UNRESOLVED: objc/execute/np-1.m execution,  -O1 -fnext-runtime
FAIL: objc/execute/np-1.m compilation,  -O2 -fnext-runtime
UNRESOLVED: objc/execute/np-1.m execution,  -O2 -fnext-runtime
FAIL: objc/execute/np-1.m compilation,  -O3 -fomit-frame-pointer -fnext-runtime
UNRESOLVED: objc/execute/np-1.m execution,  -O3 -fomit-frame-pointer -fnext-runtime
FAIL: objc/execute/np-1.m compilation,  -O3 -g -fnext-runtime
UNRESOLVED: objc/execute/np-1.m execution,  -O3 -g -fnext-runtime
FAIL: objc/execute/np-1.m compilation,  -Os -fnext-runtime
UNRESOLVED: objc/execute/np-1.m execution,  -Os -fnext-runtime
FAIL: objc/execute/np-2.m compilation,  -O0 -fnext-runtime
UNRESOLVED: objc/execute/np-2.m execution,  -O0 -fnext-runtime
FAIL: objc/execute/np-2.m compilation,  -O1 -fnext-runtime
UNRESOLVED: objc/execute/np-2.m execution,  -O1 -fnext-runtime
FAIL: objc/execute/np-2.m compilation,  -O2 -fnext-runtime
UNRESOLVED: objc/execute/np-2.m execution,  -O2 -fnext-runtime
FAIL: objc/execute/np-2.m compilation,  -O3 -fomit-frame-pointer -fnext-runtime
UNRESOLVED: objc/execute/np-2.m execution,  -O3 -fomit-frame-pointer -fnext-runtime
FAIL: objc/execute/np-2.m compilation,  -O3 -g -fnext-runtime
UNRESOLVED: objc/execute/np-2.m execution,  -O3 -g -fnext-runtime
FAIL: objc/execute/np-2.m compilation,  -Os -fnext-runtime
UNRESOLVED: objc/execute/np-2.m execution,  -Os -fnext-runtime
FAIL: objc/execute/protocol-isEqual-1.m compilation,  -O0 -fnext-runtime
UNRESOLVED: objc/execute/protocol-isEqual-1.m execution,  -O0 -fnext-runtime
FAIL: objc/execute/protocol-isEqual-1.m compilation,  -O1 -fnext-runtime
UNRESOLVED: objc/execute/protocol-isEqual-1.m execution,  -O1 -fnext-runtime
FAIL: objc/execute/protocol-isEqual-1.m compilation,  -O2 -fnext-runtime
UNRESOLVED: objc/execute/protocol-isEqual-1.m execution,  -O2 -fnext-runtime
FAIL: objc/execute/protocol-isEqual-1.m compilation,  -O3 -fomit-frame-pointer -fnext-runtime
UNRESOLVED: objc/execute/protocol-isEqual-1.m execution,  -O3 -fomit-frame-pointer -fnext-runtime
FAIL: objc/execute/protocol-isEqual-1.m compilation,  -O3 -g -fnext-runtime
UNRESOLVED: objc/execute/protocol-isEqual-1.m execution,  -O3 -g -fnext-runtime
FAIL: objc/execute/protocol-isEqual-1.m compilation,  -Os -fnext-runtime
UNRESOLVED: objc/execute/protocol-isEqual-1.m execution,  -Os -fnext-runtime
FAIL: objc/execute/protocol-isEqual-2.m compilation,  -O0 -fnext-runtime
UNRESOLVED: objc/execute/protocol-isEqual-2.m execution,  -O0 -fnext-runtime
FAIL: objc/execute/protocol-isEqual-2.m compilation,  -O1 -fnext-runtime
UNRESOLVED: objc/execute/protocol-isEqual-2.m execution,  -O1 -fnext-runtime
FAIL: objc/execute/protocol-isEqual-2.m compilation,  -O2 -fnext-runtime
UNRESOLVED: objc/execute/protocol-isEqual-2.m execution,  -O2 -fnext-runtime
FAIL: objc/execute/protocol-isEqual-2.m compilation,  -O3 -fomit-frame-pointer -fnext-runtime
UNRESOLVED: objc/execute/protocol-isEqual-2.m execution,  -O3 -fomit-frame-pointer -fnext-runtime
FAIL: objc/execute/protocol-isEqual-2.m compilation,  -O3 -g -fnext-runtime
UNRESOLVED: objc/execute/protocol-isEqual-2.m execution,  -O3 -g -fnext-runtime
FAIL: objc/execute/protocol-isEqual-2.m compilation,  -Os -fnext-runtime
UNRESOLVED: objc/execute/protocol-isEqual-2.m execution,  -Os -fnext-runtime
FAIL: objc/execute/protocol-isEqual-3.m compilation,  -O0 -fnext-runtime
UNRESOLVED: objc/execute/protocol-isEqual-3.m execution,  -O0 -fnext-runtime
FAIL: objc/execute/protocol-isEqual-3.m compilation,  -O1 -fnext-runtime
UNRESOLVED: objc/execute/protocol-isEqual-3.m execution,  -O1 -fnext-runtime
FAIL: objc/execute/protocol-isEqual-3.m compilation,  -O2 -fnext-runtime
UNRESOLVED: objc/execute/protocol-isEqual-3.m execution,  -O2 -fnext-runtime
FAIL: objc/execute/protocol-isEqual-3.m compilation,  -O3 -fomit-frame-pointer -fnext-runtime
UNRESOLVED: objc/execute/protocol-isEqual-3.m execution,  -O3 -fomit-frame-pointer -fnext-runtime
FAIL: objc/execute/protocol-isEqual-3.m compilation,  -O3 -g -fnext-runtime
UNRESOLVED: objc/execute/protocol-isEqual-3.m execution,  -O3 -g -fnext-runtime
FAIL: objc/execute/protocol-isEqual-3.m compilation,  -Os -fnext-runtime
UNRESOLVED: objc/execute/protocol-isEqual-3.m execution,  -Os -fnext-runtime
FAIL: objc/execute/protocol-isEqual-4.m compilation,  -O0 -fnext-runtime
UNRESOLVED: objc/execute/protocol-isEqual-4.m execution,  -O0 -fnext-runtime
FAIL: objc/execute/protocol-isEqual-4.m compilation,  -O1 -fnext-runtime
UNRESOLVED: objc/execute/protocol-isEqual-4.m execution,  -O1 -fnext-runtime
FAIL: objc/execute/protocol-isEqual-4.m compilation,  -O2 -fnext-runtime
UNRESOLVED: objc/execute/protocol-isEqual-4.m execution,  -O2 -fnext-runtime
FAIL: objc/execute/protocol-isEqual-4.m compilation,  -O3 -fomit-frame-pointer -fnext-runtime
UNRESOLVED: objc/execute/protocol-isEqual-4.m execution,  -O3 -fomit-frame-pointer -fnext-runtime
FAIL: objc/execute/protocol-isEqual-4.m compilation,  -O3 -g -fnext-runtime
UNRESOLVED: objc/execute/protocol-isEqual-4.m execution,  -O3 -g -fnext-runtime
FAIL: objc/execute/protocol-isEqual-4.m compilation,  -Os -fnext-runtime
UNRESOLVED: objc/execute/protocol-isEqual-4.m execution,  -Os -fnext-runtime
FAIL: objc.dg/category-1.m (test for excess errors)
FAIL: objc.dg/const-str-10.m (test for excess errors)
FAIL: objc.dg/const-str-11.m (test for excess errors)
FAIL: objc.dg/const-str-3.m (test for excess errors)
FAIL: objc.dg/const-str-7.m (test for excess errors)
FAIL: objc.dg/const-str-8.m (test for excess errors)
FAIL: objc.dg/const-str-9.m (test for excess errors)
FAIL: objc.dg/encode-2.m (test for excess errors)
FAIL: objc.dg/encode-3.m (test for excess errors)
WARNING: objc.dg/encode-3.m compilation failed to produce executable
FAIL: objc.dg/encode-4.m (test for excess errors)
FAIL: objc.dg/encode-5.m (test for excess errors)
FAIL: objc.dg/headers.m (test for excess errors)
FAIL: objc.dg/method-6.m (test for excess errors)
FAIL: objc.dg/no-extra-load.m (test for excess errors)
ERROR: objc.dg/no-extra-load.m: error executing dg-final: couldn't open "no-extra-load.s": no such file or directory
UNRESOLVED: objc.dg/no-extra-load.m: error executing dg-final: couldn't open "no-extra-load.s": no such file or directory
FAIL: objc.dg/proto-lossage-3.m (test for excess errors)
WARNING: objc.dg/proto-lossage-3.m compilation failed to produce executable
FAIL: objc.dg/proto-qual-1.m (test for excess errors)
WARNING: objc.dg/proto-qual-1.m compilation failed to produce executable
FAIL: objc.dg/stret-2.m scan-assembler objc_msgSend_stret
FAIL: objc.dg/stret-2.m scan-assembler-not objc_msgSend[^_S]
FAIL: objc.dg/stret-2.m scan-assembler-not objc_msgSendSuper[^_]
FAIL: objc.dg/stubify-1.m (test for excess errors)
ERROR: objc.dg/stubify-1.m: error executing dg-final: couldn't open "stubify-1.s": no such file or directory
UNRESOLVED: objc.dg/stubify-1.m: error executing dg-final: couldn't open "stubify-1.s": no such file or directory
FAIL: objc.dg/stubify-2.m (test for excess errors)
FAIL: objc.dg/stubify-2.m scan-rtl-dump-not jump "symbol_ref.*"objc_msgSend"": dump file does not exist
FAIL: objc.dg/symtab-1.m scan-assembler L_OBJC_SYMBOLS.*:\\n\\t.long\\t0\\n\\t.long\\t0\\n\\t.short\\t2\\n\\t.short\\t0\\n\\t.long\\tL_OBJC_CLASS_Derived.*\\n\\t.long\\tL_OBJC_CLASS_Base.*\\n
FAIL: objc.dg/type-size-2.m (test for excess errors)

		=== objc Summary ===

# of expected passes		2969
# of unexpected failures	106
# of expected failures		7
# of unresolved testcases	80
# of unsupported tests		2
/Volumes/MacSpare/sw/src/fink.build/gcc44-4.4.2-1000/darwin_objdir/gcc/xgcc  version 4.4.2 (GCC) 

		=== libffi tests ===


Running target unix
FAIL: libffi.special/unwindtest.cc  -shared-libgcc -lstdc++ execution test
FAIL: libffi.special/unwindtest_ffi_call.cc  -shared-libgcc -lstdc++ execution test
FAIL: libffi.special/unwindtest.cc  -shared-libgcc -lstdc++ execution test
FAIL: libffi.special/unwindtest_ffi_call.cc  -shared-libgcc -lstdc++ execution test
FAIL: libffi.special/unwindtest.cc  -shared-libgcc -lstdc++ execution test
FAIL: libffi.special/unwindtest_ffi_call.cc  -shared-libgcc -lstdc++ execution test
FAIL: libffi.special/unwindtest.cc  -shared-libgcc -lstdc++ execution test
FAIL: libffi.special/unwindtest_ffi_call.cc  -shared-libgcc -lstdc++ execution test

		=== libffi Summary ===

# of expected passes		1373
# of unexpected failures	8
# of unsupported tests		10
		=== libgomp tests ===


Running target unix

		=== libgomp Summary ===

# of expected passes		2150
# of unsupported tests		128
		=== libjava tests ===


Running target unix
FAIL: noclass execution - gij test
FAIL: pr11951 run
FAIL: throwit execution - gij test
FAIL: pr29812 execution - gij test
FAIL: ExtraClassLoader execution - source compiled test
FAIL: ExtraClassLoader -findirect-dispatch execution - source compiled test
FAIL: ExtraClassLoader -O3 execution - source compiled test
FAIL: ExtraClassLoader -O3 -findirect-dispatch execution - source compiled test
FAIL: StackTrace2 output - source compiled test
FAIL: StackTrace2 -findirect-dispatch output - source compiled test
FAIL: StackTrace2 -O3 output - source compiled test
FAIL: StackTrace2 -O3 -findirect-dispatch output - source compiled test
FAIL: Throw_3 output - source compiled test
FAIL: Throw_3 -findirect-dispatch output - source compiled test
FAIL: Throw_3 -O3 output - source compiled test
FAIL: Throw_3 -O3 -findirect-dispatch output - source compiled test
FAIL: WalkerTest execution - source compiled test
FAIL: WalkerTest -findirect-dispatch execution - source compiled test
FAIL: WalkerTest -O3 execution - source compiled test
FAIL: WalkerTest -O3 -findirect-dispatch execution - source compiled test
FAIL: invokethrow execution - source compiled test
FAIL: invokethrow -findirect-dispatch execution - source compiled test
FAIL: invokethrow -O3 execution - source compiled test
FAIL: invokethrow -O3 -findirect-dispatch execution - source compiled test
FAIL: stacktrace -O3 output - source compiled test

		=== libjava Summary ===

# of expected passes		2532
# of unexpected failures	25
# of untested testcases		16
		=== libstdc++ tests ===


Running target unix
FAIL: 21_strings/basic_string/element_access/char/21674.cc execution test
FAIL: 21_strings/basic_string/element_access/wchar_t/21674.cc execution test

		=== libstdc++ Summary ===

# of expected passes		5614
# of unexpected failures	2
# of expected failures		75
# of unsupported tests		462

		=== libstdc++ Summary ===


Compiler version: 4.4.2 (GCC) 
Platform: i686-apple-darwin10
configure flags: --prefix=/sw --prefix=/sw/lib/gcc4.4 --mandir=/sw/share/man --infodir=/sw/share/info --enable-languages=c,c++,fortran,objc,java --with-gmp=/sw --with-libiconv-prefix=/sw --with-ppl=/sw --with-cloog=/sw --with-system-zlib --x-includes=/usr/X11R6/include --x-libraries=/usr/X11R6/lib --disable-libjava-multilib --with-arch=nocona --with-tune=generic --build=i686-apple-darwin10 --host=i686-apple-darwin10 --target=i686-apple-darwin10


Index Nav: [Date Index] [Subject Index] [Author Index] [Thread Index]
Message Nav: [Date Prev] [Date Next] [Thread Prev] [Thread Next]