This is the mail archive of the gcc-testresults@gcc.gnu.org mailing list for the GCC project.


Index Nav: [Date Index] [Subject Index] [Author Index] [Thread Index]
Message Nav: [Date Prev] [Date Next] [Thread Prev] [Thread Next]
Other format: [Raw text]

Results for 4.4.2 (GCC) testsuite on sparc-sun-solaris2.10


Build info:
==================================================================

$ uname -a
SunOS gandalf 5.10 Generic_141444-09 sun4u sparc SUNW,Sun-Blade-2500

$ cat /etc/release
                       Solaris 10 10/08 s10s_u6wos_07b SPARC
            Copyright 2008 Sun Microsystems, Inc.  All Rights Reserved.
                         Use is subject to license terms.
                             Assembled 27 October 2008
$ psrinfo -pv
The physical processor has 1 virtual processor (0)
   UltraSPARC-IIIi (portid 0 impl 0x16 ver 0x24 clock 1280 MHz)
The physical processor has 1 virtual processor (1)
   UltraSPARC-IIIi (portid 1 impl 0x16 ver 0x24 clock 1280 MHz)

Built against the csw package tree (opencsw.org /opt/csw)

$ /opt/csw/bin/gas --version
GNU assembler (GNU Binutils) 2.19

Bootstraped by:
$ gcc -v

Reading specs from /opt/local/gcc4.4.1gas/lib/gcc/sparc-sun-solaris2.10/4.4.1/specs
Target: sparc-sun-solaris2.10
Configured with: gcc-4.4.1/configure --prefix=/opt/local/gcc4.4.1gas --enable-bootstrap -enable-shared --enable-threads=posix
--with-local-prefix=/opt/local --with-system-zlib --enable-__cxa_atexit --enable-checking=release --enable-ssp --enable-libssp
--enable-shared --with-gnu-as --with-as=/opt/csw/bin/gas --without-gnu-ld --with-ld=/usr/ccs/bin/ld --disable-nls
--with-libiconv-prefix=/opt/csw --with-mpfr=/opt/csw --with-gmp=/opt/csw --enable-languages=c,c++,objc,obj-c++,fortran,ada
--enable-version-specific-runtime-libs --enable-libstdcxx-allocator=mt --verbose
Thread model: posix
gcc version 4.4.1 (GCC)

=================================================================

LAST_UPDATED
Obtained from SVN: tags/gcc_4_4_2_release revision 152840

=== gcc tests ===
FAIL: gcc.c-torture/execute/pr38819.c execution,  -O2
FAIL: gcc.c-torture/execute/pr38819.c execution,  -O3 -fomit-frame-pointer
FAIL: gcc.c-torture/execute/pr38819.c execution,  -O3 -fomit-frame-pointer -funroll-loops
FAIL: gcc.c-torture/execute/pr38819.c execution,  -O3 -fomit-frame-pointer -funroll-all-loops -finline-functions
FAIL: gcc.c-torture/execute/pr38819.c execution,  -O3 -g
FAIL: gcc.dg/debug/dwarf2/inline2.c scan-assembler-times \(DIE \(.*?\) DW_TAG_inlined_subroutine 6
FAIL: gcc.dg/debug/dwarf2/inline2.c scan-assembler-times \(DIE \(.*?\) DW_TAG_lexical_block 6
XPASS: gcc.dg/ucnid-2.c (test for excess errors)
XPASS: gcc.dg/ucnid-3.c (test for excess errors)
XPASS: gcc.dg/ucnid-4.c (test for excess errors)
FAIL: gcc.dg/visibility-d.c scan-not-hidden
FAIL: gcc.dg/visibility-d.c scan-not-hidden
FAIL: gcc.dg/visibility-d.c scan-not-hidden
FAIL: gcc.dg/visibility-d.c scan-not-hidden
FAIL: gcc.dg/visibility-d.c scan-not-hidden
FAIL: gcc.dg/visibility-d.c scan-not-hidden
FAIL: gcc.dg/visibility-d.c scan-not-hidden
FAIL: gcc.dg/visibility-d.c scan-not-hidden
FAIL: gcc.dg/visibility-d.c scan-not-hidden
FAIL: gcc.dg/visibility-d.c scan-not-hidden
FAIL: gcc.dg/visibility-d.c scan-not-hidden
FAIL: gcc.dg/visibility-d.c scan-not-hidden
FAIL: gcc.dg/visibility-d.c scan-not-hidden
FAIL: gcc.dg/visibility-d.c scan-not-hidden
FAIL: gcc.dg/visibility-d.c scan-not-hidden
FAIL: gcc.dg/visibility-d.c scan-not-hidden
FAIL: gcc.dg/visibility-d.c scan-not-hidden
FAIL: gcc.dg/visibility-d.c scan-not-hidden
FAIL: gcc.dg/visibility-d.c scan-not-hidden
FAIL: gcc.dg/visibility-d.c scan-not-hidden
FAIL: gcc.dg/visibility-d.c scan-not-hidden
FAIL: gcc.dg/visibility-d.c scan-not-hidden
FAIL: gcc.dg/visibility-d.c scan-not-hidden
FAIL: gcc.dg/visibility-d.c scan-not-hidden
FAIL: gcc.dg/visibility-d.c scan-not-hidden
FAIL: gcc.dg/visibility-d.c scan-not-hidden
FAIL: gcc.dg/visibility-d.c scan-not-hidden
FAIL: gcc.dg/visibility-d.c scan-not-hidden
FAIL: gcc.dg/visibility-d.c scan-not-hidden
FAIL: gcc.dg/visibility-d.c scan-not-hidden
FAIL: gcc.dg/vect/vect-35.c scan-tree-dump-times vect "vectorized 1 loops" 1
FAIL: gcc.dg/vect/vect-multitypes-12.c scan-tree-dump-times vect "vectorized 1 loops" 1
FAIL: gcc.dg/vect/vect-multitypes-5.c scan-tree-dump-times vect "vectorized 1 loops" 1
FAIL: gcc.dg/vect/vect-multitypes-6.c scan-tree-dump-times vect "vectorized 1 loops" 1
FAIL: gcc.dg/vect/slp-multitypes-2.c execution test
FAIL: gcc.dg/vect/slp-multitypes-3.c scan-tree-dump-times vect "vectorized 1 loops" 1
FAIL: gcc.dg/vect/slp-multitypes-3.c scan-tree-dump-times vect "vectorizing stmts using SLP" 2
skipping test framework tests, CHECK_TEST_FRAMEWORK is not defined

=== gcc Summary ===
# of expected passes		50727
# of unexpected failures	44
# of unexpected successes	3
# of expected failures		234
# of unsupported tests		678

=== acats tests ===
=== acats Summary ===
# of expected passes		2315
# of unexpected failures	0

=== gnat tests ===
=== gnat Summary ===
# of expected passes		616
# of expected failures		6

=== g++ tests ===
FAIL: g++.dg/ext/visibility/fvisibility-inlines-hidden-2.C scan-not-hidden
FAIL: g++.dg/ext/visibility/fvisibility-inlines-hidden-3.C scan-not-hidden
FAIL: g++.dg/ext/visibility/fvisibility-inlines-hidden-3.C scan-not-hidden
FAIL: g++.dg/ext/visibility/fvisibility-override1.C scan-not-hidden
FAIL: g++.dg/ext/visibility/fvisibility-override2.C scan-not-hidden
FAIL: g++.dg/ext/visibility/guard1.C scan-not-hidden
FAIL: g++.dg/ext/visibility/ms-compat-1.C scan-not-hidden
FAIL: g++.dg/ext/visibility/ms-compat-1.C scan-not-hidden
FAIL: g++.dg/ext/visibility/ms-compat-1.C scan-not-hidden
FAIL: g++.dg/ext/visibility/namespace1.C scan-not-hidden
FAIL: g++.dg/ext/visibility/new1.C scan-not-hidden
FAIL: g++.dg/ext/visibility/template1.C scan-not-hidden
FAIL: g++.dg/ext/visibility/template1.C scan-not-hidden
FAIL: g++.dg/ext/visibility/template2.C scan-not-hidden
FAIL: g++.dg/ext/visibility/template2.C scan-not-hidden
FAIL: g++.dg/ext/visibility/template3.C scan-not-hidden
FAIL: g++.dg/ext/visibility/template3.C scan-not-hidden
FAIL: g++.dg/ext/visibility/template4.C scan-not-hidden
FAIL: g++.dg/ext/visibility/template4.C scan-not-hidden
FAIL: g++.dg/ext/visibility/template4.C scan-not-hidden
FAIL: g++.dg/ext/visibility/template4.C scan-not-hidden
FAIL: g++.dg/ext/visibility/template6.C scan-not-hidden
FAIL: g++.dg/ext/visibility/typeinfo1.C scan-not-hidden
FAIL: g++.dg/ext/visibility/typeinfo1.C scan-not-hidden
FAIL: g++.dg/ext/visibility/typeinfo2.C scan-not-hidden
FAIL: g++.dg/ext/visibility/typeinfo3.C scan-not-hidden
FAIL: g++.dg/ext/visibility/typeinfo3.C scan-not-hidden
FAIL: g++.dg/ext/visibility/warn3.C scan-not-hidden
XPASS: g++.dg/other/ucnid-1.C (test for excess errors)
FAIL: g++.old-deja/g++.mike/visibility-1.C scan-not-hidden
XPASS: g++.old-deja/g++.other/init19.C execution test

=== g++ Summary ===
# of expected passes		19254
# of unexpected failures	29
# of unexpected successes	2
# of expected failures		157
# of unsupported tests		182

=== gfortran tests ===
=== gfortran Summary ===
# of expected passes		29595
# of expected failures		12
# of unsupported tests		143

=== objc tests ===
FAIL: objc/execute/forward-1.m execution,  -O0 -fgnu-runtime
FAIL: objc/execute/forward-1.m execution,  -O1 -fgnu-runtime
FAIL: objc/execute/forward-1.m execution,  -O2 -fgnu-runtime
FAIL: objc/execute/forward-1.m execution,  -O3 -fomit-frame-pointer -fgnu-runtime
FAIL: objc/execute/forward-1.m execution,  -O3 -fomit-frame-pointer -funroll-loops -fgnu-runtime
FAIL: objc/execute/forward-1.m execution,  -O3 -fomit-frame-pointer -funroll-all-loops -finline-functions -fgnu-runtime
FAIL: objc/execute/forward-1.m execution,  -O3 -g -fgnu-runtime
FAIL: objc/execute/forward-1.m execution,  -Os -fgnu-runtime

=== objc Summary ===
# of expected passes		1866
# of unexpected failures	8
# of expected failures		7
# of unsupported tests		24

=== obj-c++ tests ===
XPASS: obj-c++.dg/comp-types-10.mm (test for excess errors)
WARNING: obj-c++.dg/lookup-2.mm compilation failed to produce executable
WARNING: obj-c++.dg/try-catch-2.mm compilation failed to produce executable
WARNING: obj-c++.dg/try-catch-9.mm compilation failed to produce executable

=== obj-c++ Summary ===
# of expected passes		436
# of unexpected successes	1
# of expected failures		9
# of unsupported tests		13

=== libstdc++ tests ===
FAIL: 20_util/shared_ptr/cons/unique_ptr.cc execution test
FAIL: 20_util/shared_ptr/cons/unique_ptr_deleter.cc execution test
FAIL: 20_util/shared_ptr/cons/unique_ptr_deleter_ref_1.cc execution test
FAIL: 20_util/shared_ptr/cons/unique_ptr_deleter_ref_2.cc execution test
XPASS: 27_io/basic_istream/extractors_arithmetic/char/12.cc execution test
XPASS: 27_io/basic_istream/extractors_arithmetic/wchar_t/12.cc execution test
FAIL: ext/throw_allocator/check_delete.cc execution test
FAIL: ext/throw_allocator/deallocate_global.cc execution test
FAIL: ext/throw_allocator/deallocate_local.cc execution test

=== libstdc++ Summary ===
# of expected passes		5751
# of unexpected failures	7
# of unexpected successes	2
# of expected failures		79
# of unsupported tests		393

=== libgomp tests ===
=== libgomp Summary ===
# of expected passes		2388
# of unsupported tests		9

=================================================================
gcc -v
Target: sparc-sun-solaris2.10
Configured with: gcc-4.4.2/configure --prefix=/opt/local/gcc4.4.2gas --enable-bootstrap -enable-shared --enable-threads=posix
--with-local-prefix=/opt/local --with-system-zlib --enable-__cxa_atexit --enable-checking=release --enable-ssp --enable-libssp
--enable-shared --with-gnu-as --with-as=/opt/csw/bin/gas --without-gnu-ld --with-ld=/usr/ccs/bin/ld --disable-nls
--with-libiconv-prefix=/opt/csw --with-mpfr=/opt/csw --with-gmp=/opt/csw --enable-languages=c,c++,objc,obj-c++,fortran,ada
--enable-version-specific-runtime-libs --enable-libstdcxx-allocator=mt --verbose
Thread model: posix
gcc version 4.4.2 (GCC)










Index Nav: [Date Index] [Subject Index] [Author Index] [Thread Index]
Message Nav: [Date Prev] [Date Next] [Thread Prev] [Thread Next]