This is the mail archive of the
gcc-testresults@gcc.gnu.org
mailing list for the GCC project.
Results for 4.5.0 20091112 (experimental) (GCC) testsuite on i686-pc-linux-gnu
- From: GCC regression tester <regress at geoffk dot org>
- To: gcc-testresults at gcc dot gnu dot org
- Date: Thu, 12 Nov 2009 17:24:58 -0800
- Subject: Results for 4.5.0 20091112 (experimental) (GCC) testsuite on i686-pc-linux-gnu
This build run by an automatic regression tester.
See <http://glutton.geoffk.org/HEAD/> for more information.
Date: 2009-11-13T00:07:53Z
Revision: 154135
URL: svn://gcc.gnu.org/svn/gcc/trunk
Status: regress-12
Prev-Endtime: 2009-11-13T00:06:58Z
Native configuration is i686-pc-linux-gnu
=== g++ tests ===
Running target unix
FAIL: g++.dg/abi/mangle2.C (internal compiler error)
FAIL: g++.dg/abi/mangle2.C (test for excess errors)
WARNING: g++.dg/abi/mangle2.C compilation failed to produce executable
FAIL: g++.dg/torture/stackalign/unwind-2.C -O1 execution test
FAIL: g++.dg/torture/stackalign/unwind-2.C -O2 execution test
FAIL: g++.old-deja/g++.other/linkage6.C (internal compiler error)
FAIL: g++.old-deja/g++.other/linkage6.C (test for excess errors)
=== g++ Summary ===
# of expected passes 21510
# of unexpected failures 6
# of expected failures 154
# of unsupported tests 114
/home/regress/tbox/native/build/gcc/testsuite/g++/../../g++ version 4.5.0 20091112 (experimental) (GCC)
=== gcc tests ===
Running target unix
XPASS: gcc.dg/Warray-bounds.c (test for warnings, line 59)
XPASS: gcc.dg/Warray-bounds.c (test for warnings, line 65)
XPASS: gcc.dg/Wunreachable-8.c (test for bogus messages, line 7)
FAIL: gcc.dg/pr34668-1.c (internal compiler error)
FAIL: gcc.dg/pr34668-1.c (test for excess errors)
XPASS: gcc.dg/guality/example.c -O0 execution test
XPASS: gcc.dg/guality/pr41353-1.c -O0 line 28 j == 28 + 37
FAIL: gcc.dg/guality/pr41353-1.c -O1 line 28 i1 == 2 * 37
FAIL: gcc.dg/guality/pr41353-1.c -O1 line 28 i2 == 3 * 37
FAIL: gcc.dg/guality/pr41353-1.c -O2 line 28 i1 == 2 * 37
FAIL: gcc.dg/guality/pr41353-1.c -O2 line 28 i2 == 3 * 37
FAIL: gcc.dg/guality/pr41353-1.c -O3 -fomit-frame-pointer line 28 i1 == 2 * 37
FAIL: gcc.dg/guality/pr41353-1.c -O3 -fomit-frame-pointer line 28 i2 == 3 * 37
FAIL: gcc.dg/guality/pr41353-1.c -O3 -g line 28 i1 == 2 * 37
FAIL: gcc.dg/guality/pr41353-1.c -O3 -g line 28 i2 == 3 * 37
FAIL: gcc.dg/guality/pr41353-1.c -Os line 28 i1 == 2 * 37
FAIL: gcc.dg/guality/pr41353-1.c -Os line 28 i2 == 3 * 37
XPASS: gcc.dg/guality/pr41447-1.c -O0 execution test
XPASS: gcc.dg/guality/pr41616-1.c -O0 execution test
XPASS: gcc.dg/struct/wo_prof_array_through_pointer.c scan-ipa-dump ipa_struct_reorg "Number of structures to transform is 1"
FAIL: gcc.dg/struct/wo_prof_double_malloc.c (internal compiler error)
FAIL: gcc.dg/struct/wo_prof_double_malloc.c (test for excess errors)
WARNING: gcc.dg/struct/wo_prof_double_malloc.c compilation failed to produce executable
FAIL: gcc.dg/torture/pr41094.c -O0 (test for excess errors)
WARNING: gcc.dg/torture/pr41094.c -O0 compilation failed to produce executable
=== gcc Summary ===
# of expected passes 59489
# of unexpected failures 15
# of unexpected successes 8
# of expected failures 204
# of unsupported tests 1054
/home/regress/tbox/native/build/gcc/xgcc version 4.5.0 20091112 (experimental) (GCC)
=== gfortran tests ===
Running target unix
=== gfortran Summary ===
# of expected passes 32921
# of expected failures 22
# of unsupported tests 121
/home/regress/tbox/native/build/gcc/testsuite/gfortran/../../gfortran version 4.5.0 20091112 (experimental) (GCC)
=== objc tests ===
Running target unix
FAIL: objc/execute/string1.m compilation, -O0 -fgnu-runtime (internal compiler error)
UNRESOLVED: objc/execute/string1.m execution, -O0 -fgnu-runtime
FAIL: objc/execute/string1.m compilation, -O1 -fgnu-runtime (internal compiler error)
UNRESOLVED: objc/execute/string1.m execution, -O1 -fgnu-runtime
FAIL: objc/execute/string1.m compilation, -O2 -fgnu-runtime (internal compiler error)
UNRESOLVED: objc/execute/string1.m execution, -O2 -fgnu-runtime
FAIL: objc/execute/string1.m compilation, -O3 -fomit-frame-pointer -fgnu-runtime (internal compiler error)
UNRESOLVED: objc/execute/string1.m execution, -O3 -fomit-frame-pointer -fgnu-runtime
FAIL: objc/execute/string1.m compilation, -O3 -g -fgnu-runtime (internal compiler error)
UNRESOLVED: objc/execute/string1.m execution, -O3 -g -fgnu-runtime
FAIL: objc/execute/string1.m compilation, -Os -fgnu-runtime (internal compiler error)
UNRESOLVED: objc/execute/string1.m execution, -Os -fgnu-runtime
FAIL: objc/execute/string2.m compilation, -O0 -fgnu-runtime (internal compiler error)
UNRESOLVED: objc/execute/string2.m execution, -O0 -fgnu-runtime
FAIL: objc/execute/string2.m compilation, -O1 -fgnu-runtime (internal compiler error)
UNRESOLVED: objc/execute/string2.m execution, -O1 -fgnu-runtime
FAIL: objc/execute/string2.m compilation, -O2 -fgnu-runtime (internal compiler error)
UNRESOLVED: objc/execute/string2.m execution, -O2 -fgnu-runtime
FAIL: objc/execute/string2.m compilation, -O3 -fomit-frame-pointer -fgnu-runtime (internal compiler error)
UNRESOLVED: objc/execute/string2.m execution, -O3 -fomit-frame-pointer -fgnu-runtime
FAIL: objc/execute/string2.m compilation, -O3 -g -fgnu-runtime (internal compiler error)
UNRESOLVED: objc/execute/string2.m execution, -O3 -g -fgnu-runtime
FAIL: objc/execute/string2.m compilation, -Os -fgnu-runtime (internal compiler error)
UNRESOLVED: objc/execute/string2.m execution, -Os -fgnu-runtime
FAIL: objc/execute/string3.m compilation, -O0 -fgnu-runtime (internal compiler error)
UNRESOLVED: objc/execute/string3.m execution, -O0 -fgnu-runtime
FAIL: objc/execute/string3.m compilation, -O1 -fgnu-runtime (internal compiler error)
UNRESOLVED: objc/execute/string3.m execution, -O1 -fgnu-runtime
FAIL: objc/execute/string3.m compilation, -O2 -fgnu-runtime (internal compiler error)
UNRESOLVED: objc/execute/string3.m execution, -O2 -fgnu-runtime
FAIL: objc/execute/string3.m compilation, -O3 -fomit-frame-pointer -fgnu-runtime (internal compiler error)
UNRESOLVED: objc/execute/string3.m execution, -O3 -fomit-frame-pointer -fgnu-runtime
FAIL: objc/execute/string3.m compilation, -O3 -g -fgnu-runtime (internal compiler error)
UNRESOLVED: objc/execute/string3.m execution, -O3 -g -fgnu-runtime
FAIL: objc/execute/string3.m compilation, -Os -fgnu-runtime (internal compiler error)
UNRESOLVED: objc/execute/string3.m execution, -Os -fgnu-runtime
FAIL: objc/execute/string4.m compilation, -O0 -fgnu-runtime (internal compiler error)
UNRESOLVED: objc/execute/string4.m execution, -O0 -fgnu-runtime
FAIL: objc/execute/string4.m compilation, -O1 -fgnu-runtime (internal compiler error)
UNRESOLVED: objc/execute/string4.m execution, -O1 -fgnu-runtime
FAIL: objc/execute/string4.m compilation, -O2 -fgnu-runtime (internal compiler error)
UNRESOLVED: objc/execute/string4.m execution, -O2 -fgnu-runtime
FAIL: objc/execute/string4.m compilation, -O3 -fomit-frame-pointer -fgnu-runtime (internal compiler error)
UNRESOLVED: objc/execute/string4.m execution, -O3 -fomit-frame-pointer -fgnu-runtime
FAIL: objc/execute/string4.m compilation, -O3 -g -fgnu-runtime (internal compiler error)
UNRESOLVED: objc/execute/string4.m execution, -O3 -g -fgnu-runtime
FAIL: objc/execute/string4.m compilation, -Os -fgnu-runtime (internal compiler error)
UNRESOLVED: objc/execute/string4.m execution, -Os -fgnu-runtime
FAIL: objc.dg/const-str-12.m (internal compiler error)
FAIL: objc.dg/const-str-12.m (test for excess errors)
FAIL: objc.dg/const-str-5.m (internal compiler error)
FAIL: objc.dg/const-str-5.m (test for excess errors)
FAIL: objc.dg/gnu-runtime-2.m (internal compiler error)
FAIL: objc.dg/gnu-runtime-2.m (test for excess errors)
=== objc Summary ===
# of expected passes 1824
# of unexpected failures 30
# of expected failures 7
# of unresolved testcases 24
# of unsupported tests 24
/home/regress/tbox/native/build/gcc/xgcc version 4.5.0 20091112 (experimental) (GCC)
=== libffi tests ===
Running target unix
=== libffi Summary ===
# of expected passes 1604
# of expected failures 15
# of unsupported tests 15
=== libgomp tests ===
Running target unix
=== libgomp Summary ===
# of expected passes 2408
=== libjava tests ===
Running target unix
=== libjava Summary ===
# of expected passes 2574
=== libmudflap tests ===
Running target unix
FAIL: libmudflap.c/fail31-frag.c (-O3) output pattern test
FAIL: libmudflap.c/pass45-frag.c (-O3) execution test
FAIL: libmudflap.c/pass45-frag.c (-O3) output pattern test
FAIL: libmudflap.c/pass45-frag.c (-O3) execution test
FAIL: libmudflap.c/pass45-frag.c (-O3) output pattern test
FAIL: libmudflap.c++/pass41-frag.cxx execution test
FAIL: libmudflap.c++/pass41-frag.cxx (-static) execution test
FAIL: libmudflap.c++/pass41-frag.cxx ( -O) execution test
FAIL: libmudflap.c++/pass41-frag.cxx (-O2) execution test
FAIL: libmudflap.c++/pass41-frag.cxx (-O3) execution test
=== libmudflap Summary ===
# of expected passes 1884
# of unexpected failures 10
=== libstdc++ tests ===
Running target unix
XPASS: 26_numerics/headers/cmath/c99_classification_macros_c.cc (test for excess errors)
=== libstdc++ Summary ===
# of expected passes 6906
# of unexpected successes 1
# of expected failures 86
# of unsupported tests 83
Compiler version: 4.5.0 20091112 (experimental) (GCC)
Platform: i686-pc-linux-gnu
configure flags: --prefix=/home/regress/tbox/objs --target=i686-pc-linux-gnu