This is the mail archive of the
gcc-testresults@gcc.gnu.org
mailing list for the GCC project.
Results for 4.5.0 20091106 (experimental) [trunk revision 153968] (GCC) testsuite on sparc-sun-solaris2.10
- From: Rainer Orth <ro at CeBiTec dot Uni-Bielefeld dot DE>
- To: gcc-testresults at gcc dot gnu dot org
- Date: Wed, 11 Nov 2009 12:21:40 +0100 (MET)
- Subject: Results for 4.5.0 20091106 (experimental) [trunk revision 153968] (GCC) testsuite on sparc-sun-solaris2.10
LAST_UPDATED: Fri Nov 6 14:28:53 UTC 2009 (revision 153968)
=== acats tests ===
FAIL: c52103x
FAIL: c52104x
FAIL: c52104y
FAIL: cb1010a
FAIL: cb1010c
FAIL: cb1010d
=== acats Summary ===
# of expected passes 2315
# of unexpected failures 6
Native configuration is sparc-sun-solaris2.10
=== g++ tests ===
Running target unix
WARNING: g++.dg/other/ucnid-1.C compilation failed to produce executable
FAIL: g++.dg/lto/20091026-1 cp_lto_20091026-1_0.o-cp_lto_20091026-1_1.o link
UNRESOLVED: g++.dg/lto/20091026-1 cp_lto_20091026-1_0.o-cp_lto_20091026-1_1.o execute -O0 -fwhopr
FAIL: g++.dg/lto/20091026-1 cp_lto_20091026-1_0.o-cp_lto_20091026-1_1.o link
UNRESOLVED: g++.dg/lto/20091026-1 cp_lto_20091026-1_0.o-cp_lto_20091026-1_1.o execute -O2 -fwhopr
FAIL: g++.dg/lto/20091026-1 cp_lto_20091026-1_0.o-cp_lto_20091026-1_1.o link
UNRESOLVED: g++.dg/lto/20091026-1 cp_lto_20091026-1_0.o-cp_lto_20091026-1_1.o execute -O0 -flto
FAIL: g++.dg/lto/20091026-1 cp_lto_20091026-1_0.o-cp_lto_20091026-1_1.o link
UNRESOLVED: g++.dg/lto/20091026-1 cp_lto_20091026-1_0.o-cp_lto_20091026-1_1.o execute -O2 -flto
XPASS: g++.old-deja/g++.other/init19.C execution test
=== g++ Summary for unix ===
# of expected passes 21214
# of unexpected failures 4
# of unexpected successes 1
# of expected failures 158
# of unresolved testcases 4
# of unsupported tests 200
Running target unix/-m64
FAIL: tmpdir-g++.dg-struct-layout-1/t003 cp_compat_x_tst.o-cp_compat_y_tst.o execute "-O2","-fwhopr"
FAIL: tmpdir-g++.dg-struct-layout-1/t003 cp_compat_x_tst.o-cp_compat_y_tst.o execute "-O2","-flto"
FAIL: tmpdir-g++.dg-struct-layout-1/t019 cp_compat_x_tst.o-cp_compat_y_tst.o execute "-O2","-fwhopr"
FAIL: tmpdir-g++.dg-struct-layout-1/t019 cp_compat_x_tst.o-cp_compat_y_tst.o execute "-O2","-flto"
FAIL: tmpdir-g++.dg-struct-layout-1/t030 cp_compat_x_tst.o-cp_compat_y_tst.o execute "-O2","-fwhopr"
FAIL: tmpdir-g++.dg-struct-layout-1/t030 cp_compat_x_tst.o-cp_compat_y_tst.o execute "-O2","-flto"
WARNING: g++.dg/other/ucnid-1.C compilation failed to produce executable
FAIL: g++.dg/lto/20091026-1 cp_lto_20091026-1_0.o-cp_lto_20091026-1_1.o link
UNRESOLVED: g++.dg/lto/20091026-1 cp_lto_20091026-1_0.o-cp_lto_20091026-1_1.o execute -O0 -fwhopr
FAIL: g++.dg/lto/20091026-1 cp_lto_20091026-1_0.o-cp_lto_20091026-1_1.o link
UNRESOLVED: g++.dg/lto/20091026-1 cp_lto_20091026-1_0.o-cp_lto_20091026-1_1.o execute -O2 -fwhopr
FAIL: g++.dg/lto/20091026-1 cp_lto_20091026-1_0.o-cp_lto_20091026-1_1.o link
UNRESOLVED: g++.dg/lto/20091026-1 cp_lto_20091026-1_0.o-cp_lto_20091026-1_1.o execute -O0 -flto
FAIL: g++.dg/lto/20091026-1 cp_lto_20091026-1_0.o-cp_lto_20091026-1_1.o link
UNRESOLVED: g++.dg/lto/20091026-1 cp_lto_20091026-1_0.o-cp_lto_20091026-1_1.o execute -O2 -flto
XPASS: g++.old-deja/g++.other/init19.C execution test
=== g++ Summary for unix/-m64 ===
# of expected passes 22009
# of unexpected failures 10
# of unexpected successes 1
# of expected failures 158
# of unresolved testcases 4
# of unsupported tests 201
=== g++ Summary ===
# of expected passes 43223
# of unexpected failures 14
# of unexpected successes 2
# of expected failures 316
# of unresolved testcases 8
# of unsupported tests 401
/vol/gcc/obj/gcc-4.5.0-20091106/10-gcc/gcc/testsuite/g++/../../g++ version 4.5.0 20091106 (experimental) [trunk revision 153968] (GCC)
=== gcc tests ===
Running target unix
WARNING: program timed out.
FAIL: gcc.c-torture/compile/20001226-1.c -O3 -g (test for excess errors)
FAIL: gcc.c-torture/compile/20010605-1.c -O0 (internal compiler error)
FAIL: gcc.c-torture/compile/20010605-1.c -O0 (test for excess errors)
FAIL: gcc.c-torture/compile/pr38789.c -O0 (test for excess errors)
FAIL: gcc.c-torture/compile/pr38789.c -O1 (test for excess errors)
FAIL: gcc.c-torture/compile/pr38789.c -O2 (test for excess errors)
FAIL: gcc.c-torture/compile/pr38789.c -O3 -fomit-frame-pointer (test for excess errors)
FAIL: gcc.c-torture/compile/pr38789.c -O3 -g (test for excess errors)
FAIL: gcc.c-torture/compile/pr38789.c -Os (test for excess errors)
FAIL: gcc.c-torture/compile/pr38789.c -O2 -flto (test for excess errors)
FAIL: gcc.c-torture/compile/pr38789.c -O2 -fwhopr (test for excess errors)
FAIL: gcc.c-torture/execute/pr38819.c execution, -O2
FAIL: gcc.c-torture/execute/pr38819.c execution, -O3 -fomit-frame-pointer
FAIL: gcc.c-torture/execute/pr38819.c execution, -O3 -fomit-frame-pointer -funroll-loops
FAIL: gcc.c-torture/execute/pr38819.c execution, -O3 -fomit-frame-pointer -funroll-all-loops -finline-functions
FAIL: gcc.c-torture/execute/pr38819.c execution, -O3 -g
FAIL: gcc.c-torture/execute/pr38819.c execution, -O2 -flto
FAIL: gcc.c-torture/execute/pr38819.c execution, -O2 -fwhopr
FAIL: gcc.dg/cpp/pragma-float-const-decimal64-1.c (test for warnings, line 4)
XPASS: gcc.dg/Warray-bounds.c (test for warnings, line 59)
XPASS: gcc.dg/Warray-bounds.c (test for warnings, line 65)
XPASS: gcc.dg/Wunreachable-8.c (test for bogus messages, line 7)
FAIL: gcc.dg/c99-stdint-1.c (test for excess errors)
FAIL: gcc.dg/nodfp-1.c reject decimal float (test for errors, line 4)
FAIL: gcc.dg/nodfp-1.c reject decimal float (test for errors, line 5)
FAIL: gcc.dg/nodfp-1.c reject decimal float (test for errors, line 6)
FAIL: gcc.dg/pr34668-1.c (internal compiler error)
FAIL: gcc.dg/pr34668-1.c (test for excess errors)
WARNING: gcc.dg/ucnid-11.c compilation failed to produce executable
WARNING: gcc.dg/ucnid-12.c compilation failed to produce executable
WARNING: gcc.dg/ucnid-2.c compilation failed to produce executable
WARNING: gcc.dg/ucnid-3.c compilation failed to produce executable
WARNING: gcc.dg/ucnid-4.c compilation failed to produce executable
FAIL: gcc.dg/ucnid-6.c (test for excess errors)
WARNING: gcc.dg/ucnid-6.c compilation failed to produce executable
FAIL: gcc.dg/ucnid-9.c (test for excess errors)
WARNING: gcc.dg/ucnid-9.c compilation failed to produce executable
FAIL: gcc.dg/lto/20081120-1 c_lto_20081120-1_0.o-c_lto_20081120-1_1.o link
UNRESOLVED: gcc.dg/lto/20081120-1 c_lto_20081120-1_0.o-c_lto_20081120-1_1.o execute -flto -r -nostdlib
FAIL: gcc.dg/lto/20081120-2 c_lto_20081120-2_0.o-c_lto_20081120-2_1.o link
UNRESOLVED: gcc.dg/lto/20081120-2 c_lto_20081120-2_0.o-c_lto_20081120-2_1.o execute -fwhopr -r -nostdlib
FAIL: gcc.dg/lto/20081201-2 c_lto_20081201-2_0.o-c_lto_20081201-2_1.o execute -O3 -fwhopr
FAIL: gcc.dg/lto/20081204-1 c_lto_20081204-1_0.o-c_lto_20081204-1_1.o link
UNRESOLVED: gcc.dg/lto/20081204-1 c_lto_20081204-1_0.o-c_lto_20081204-1_1.o execute -fwhopr -fPIC -r -nostdlib
FAIL: gcc.dg/lto/20081212-1 c_lto_20081212-1_0.o-c_lto_20081212-1_0.o link
UNRESOLVED: gcc.dg/lto/20081212-1 c_lto_20081212-1_0.o-c_lto_20081212-1_0.o execute -r -nostdlib
ERROR: tcl error sourcing /vol/gcc/src/gcc-dist/gcc/testsuite/gcc.dg/lto/lto.exp.
ERROR: can't read "name": no such variable
XPASS: gcc.dg/struct/wo_prof_array_through_pointer.c scan-ipa-dump ipa_struct_reorg "Number of structures to transform is 1"
FAIL: gcc.dg/struct/wo_prof_double_malloc.c (internal compiler error)
FAIL: gcc.dg/struct/wo_prof_double_malloc.c (test for excess errors)
WARNING: gcc.dg/struct/wo_prof_double_malloc.c compilation failed to produce executable
FAIL: gcc.dg/torture/pr26565.c -O1 execution test
FAIL: gcc.dg/torture/pr26565.c -O2 execution test
FAIL: gcc.dg/torture/pr26565.c -Os execution test
FAIL: gcc.dg/torture/pr26565.c -O2 -flto execution test
FAIL: gcc.dg/torture/pr26565.c -O2 -fwhopr execution test
FAIL: gcc.dg/vect/vect-multitypes-12.c scan-tree-dump-times vect "vectorized 1 loops" 1
FAIL: gcc.dg/vect/vect-multitypes-5.c scan-tree-dump-times vect "vectorized 1 loops" 1
FAIL: gcc.dg/vect/vect-multitypes-6.c scan-tree-dump-times vect "vectorized 1 loops" 1
FAIL: gcc.dg/vect/slp-multitypes-2.c execution test
FAIL: gcc.dg/vect/slp-multitypes-3.c scan-tree-dump-times vect "vectorized 1 loops" 1
FAIL: gcc.dg/vect/slp-multitypes-3.c scan-tree-dump-times vect "vectorizing stmts using SLP" 2
=== gcc Summary for unix ===
# of expected passes 62561
# of unexpected failures 45
# of unexpected successes 4
# of expected failures 198
# of unresolved testcases 4
# of unsupported tests 877
Running target unix/-m64
WARNING: program timed out.
FAIL: gcc.c-torture/compile/20001226-1.c -O3 -g (test for excess errors)
FAIL: gcc.c-torture/compile/pr38789.c -O0 (test for excess errors)
FAIL: gcc.c-torture/compile/pr38789.c -O1 (test for excess errors)
FAIL: gcc.c-torture/compile/pr38789.c -O2 (test for excess errors)
FAIL: gcc.c-torture/compile/pr38789.c -O3 -fomit-frame-pointer (test for excess errors)
FAIL: gcc.c-torture/compile/pr38789.c -O3 -g (test for excess errors)
FAIL: gcc.c-torture/compile/pr38789.c -Os (test for excess errors)
FAIL: gcc.c-torture/compile/pr38789.c -O2 -flto (test for excess errors)
FAIL: gcc.c-torture/compile/pr38789.c -O2 -fwhopr (test for excess errors)
FAIL: gcc.c-torture/execute/ipa-sra-2.c execution, -O0
FAIL: gcc.c-torture/execute/ipa-sra-2.c execution, -O1
FAIL: gcc.c-torture/execute/ipa-sra-2.c execution, -O2
FAIL: gcc.c-torture/execute/ipa-sra-2.c execution, -O3 -fomit-frame-pointer
FAIL: gcc.c-torture/execute/ipa-sra-2.c execution, -O3 -g
FAIL: gcc.c-torture/execute/ipa-sra-2.c execution, -Os
FAIL: gcc.c-torture/execute/ipa-sra-2.c execution, -O2 -flto
FAIL: gcc.c-torture/execute/ipa-sra-2.c execution, -O2 -fwhopr
FAIL: gcc.dg/compat/fnptr-by-value-1 c_compat_x_tst.o-c_compat_y_tst.o link
UNRESOLVED: gcc.dg/compat/fnptr-by-value-1 c_compat_x_tst.o-c_compat_y_tst.o execute "-r","-nostdlib"
FAIL: gcc.dg/compat/scalar-by-value-1 c_compat_x_tst.o-c_compat_y_tst.o link
UNRESOLVED: gcc.dg/compat/scalar-by-value-1 c_compat_x_tst.o-c_compat_y_tst.o execute "-r","-nostdlib"
FAIL: gcc.dg/compat/scalar-by-value-2 c_compat_x_tst.o-c_compat_y_tst.o link
UNRESOLVED: gcc.dg/compat/scalar-by-value-2 c_compat_x_tst.o-c_compat_y_tst.o execute "-r","-nostdlib"
FAIL: gcc.dg/compat/scalar-by-value-3 c_compat_x_tst.o-c_compat_y_tst.o link
UNRESOLVED: gcc.dg/compat/scalar-by-value-3 c_compat_x_tst.o-c_compat_y_tst.o execute "-r","-nostdlib"
FAIL: gcc.dg/compat/scalar-by-value-4 c_compat_x_tst.o-c_compat_y_tst.o link
UNRESOLVED: gcc.dg/compat/scalar-by-value-4 c_compat_x_tst.o-c_compat_y_tst.o execute "-r","-nostdlib"
FAIL: gcc.dg/compat/scalar-by-value-5 c_compat_x_tst.o-c_compat_y_tst.o link
UNRESOLVED: gcc.dg/compat/scalar-by-value-5 c_compat_x_tst.o-c_compat_y_tst.o execute "-r","-nostdlib"
FAIL: gcc.dg/compat/scalar-by-value-6 c_compat_x_tst.o-c_compat_y_tst.o link
UNRESOLVED: gcc.dg/compat/scalar-by-value-6 c_compat_x_tst.o-c_compat_y_tst.o execute "-r","-nostdlib"
FAIL: gcc.dg/compat/scalar-return-1 c_compat_x_tst.o-c_compat_y_tst.o link
UNRESOLVED: gcc.dg/compat/scalar-return-1 c_compat_x_tst.o-c_compat_y_tst.o execute "-r","-nostdlib"
FAIL: gcc.dg/compat/scalar-return-2 c_compat_x_tst.o-c_compat_y_tst.o link
UNRESOLVED: gcc.dg/compat/scalar-return-2 c_compat_x_tst.o-c_compat_y_tst.o execute "-r","-nostdlib"
FAIL: gcc.dg/compat/scalar-return-3 c_compat_x_tst.o-c_compat_y_tst.o link
UNRESOLVED: gcc.dg/compat/scalar-return-3 c_compat_x_tst.o-c_compat_y_tst.o execute "-r","-nostdlib"
FAIL: gcc.dg/compat/scalar-return-4 c_compat_x_tst.o-c_compat_y_tst.o link
UNRESOLVED: gcc.dg/compat/scalar-return-4 c_compat_x_tst.o-c_compat_y_tst.o execute "-r","-nostdlib"
FAIL: gcc.dg/compat/sdata-1 c_compat_x_tst.o-c_compat_y_tst.o link
UNRESOLVED: gcc.dg/compat/sdata-1 c_compat_x_tst.o-c_compat_y_tst.o execute "-r","-nostdlib"
FAIL: gcc.dg/compat/struct-align-1 c_compat_x_tst.o-c_compat_y_tst.o link
UNRESOLVED: gcc.dg/compat/struct-align-1 c_compat_x_tst.o-c_compat_y_tst.o execute "-r","-nostdlib"
FAIL: gcc.dg/compat/struct-align-2 c_compat_x_tst.o-c_compat_y_tst.o link
UNRESOLVED: gcc.dg/compat/struct-align-2 c_compat_x_tst.o-c_compat_y_tst.o execute "-r","-nostdlib"
FAIL: gcc.dg/compat/struct-by-value-10 c_compat_x_tst.o-c_compat_y_tst.o link
UNRESOLVED: gcc.dg/compat/struct-by-value-10 c_compat_x_tst.o-c_compat_y_tst.o execute "-r","-nostdlib"
FAIL: gcc.dg/compat/struct-by-value-11 c_compat_x_tst.o-c_compat_y_tst.o link
UNRESOLVED: gcc.dg/compat/struct-by-value-11 c_compat_x_tst.o-c_compat_y_tst.o execute "-r","-nostdlib"
FAIL: gcc.dg/compat/struct-by-value-12 c_compat_x_tst.o-c_compat_y_tst.o link
UNRESOLVED: gcc.dg/compat/struct-by-value-12 c_compat_x_tst.o-c_compat_y_tst.o execute "-r","-nostdlib"
FAIL: gcc.dg/compat/struct-by-value-13 c_compat_x_tst.o-c_compat_y_tst.o link
UNRESOLVED: gcc.dg/compat/struct-by-value-13 c_compat_x_tst.o-c_compat_y_tst.o execute "-r","-nostdlib"
FAIL: gcc.dg/compat/struct-by-value-14 c_compat_x_tst.o-c_compat_y_tst.o link
UNRESOLVED: gcc.dg/compat/struct-by-value-14 c_compat_x_tst.o-c_compat_y_tst.o execute "-r","-nostdlib"
FAIL: gcc.dg/compat/struct-by-value-15 c_compat_x_tst.o-c_compat_y_tst.o link
UNRESOLVED: gcc.dg/compat/struct-by-value-15 c_compat_x_tst.o-c_compat_y_tst.o execute "-r","-nostdlib"
FAIL: gcc.dg/compat/struct-by-value-16 c_compat_x_tst.o-c_compat_y_tst.o link
UNRESOLVED: gcc.dg/compat/struct-by-value-16 c_compat_x_tst.o-c_compat_y_tst.o execute "-r","-nostdlib"
FAIL: gcc.dg/compat/struct-by-value-16a c_compat_x_tst.o-c_compat_y_tst.o link
UNRESOLVED: gcc.dg/compat/struct-by-value-16a c_compat_x_tst.o-c_compat_y_tst.o execute "-r","-nostdlib"
FAIL: gcc.dg/compat/struct-by-value-17 c_compat_x_tst.o-c_compat_y_tst.o link
UNRESOLVED: gcc.dg/compat/struct-by-value-17 c_compat_x_tst.o-c_compat_y_tst.o execute "-r","-nostdlib"
FAIL: gcc.dg/compat/struct-by-value-17a c_compat_x_tst.o-c_compat_y_tst.o link
UNRESOLVED: gcc.dg/compat/struct-by-value-17a c_compat_x_tst.o-c_compat_y_tst.o execute "-r","-nostdlib"
FAIL: gcc.dg/compat/struct-by-value-18 c_compat_x_tst.o-c_compat_y_tst.o link
UNRESOLVED: gcc.dg/compat/struct-by-value-18 c_compat_x_tst.o-c_compat_y_tst.o execute "-r","-nostdlib"
FAIL: gcc.dg/compat/struct-by-value-18a c_compat_x_tst.o-c_compat_y_tst.o link
UNRESOLVED: gcc.dg/compat/struct-by-value-18a c_compat_x_tst.o-c_compat_y_tst.o execute "-r","-nostdlib"
FAIL: gcc.dg/compat/struct-by-value-19 c_compat_x_tst.o-c_compat_y_tst.o link
UNRESOLVED: gcc.dg/compat/struct-by-value-19 c_compat_x_tst.o-c_compat_y_tst.o execute "-r","-nostdlib"
FAIL: gcc.dg/compat/struct-by-value-1 c_compat_x_tst.o-c_compat_y_tst.o link
UNRESOLVED: gcc.dg/compat/struct-by-value-1 c_compat_x_tst.o-c_compat_y_tst.o execute "-r","-nostdlib"
FAIL: gcc.dg/compat/struct-by-value-20 c_compat_x_tst.o-c_compat_y_tst.o link
UNRESOLVED: gcc.dg/compat/struct-by-value-20 c_compat_x_tst.o-c_compat_y_tst.o execute "-r","-nostdlib"
FAIL: gcc.dg/compat/struct-by-value-21 c_compat_x_tst.o-c_compat_y_tst.o link
UNRESOLVED: gcc.dg/compat/struct-by-value-21 c_compat_x_tst.o-c_compat_y_tst.o execute "-r","-nostdlib"
FAIL: gcc.dg/compat/struct-by-value-22 c_compat_x_tst.o-c_compat_y_tst.o link
UNRESOLVED: gcc.dg/compat/struct-by-value-22 c_compat_x_tst.o-c_compat_y_tst.o execute "-r","-nostdlib"
FAIL: gcc.dg/compat/struct-by-value-2 c_compat_x_tst.o-c_compat_y_tst.o link
UNRESOLVED: gcc.dg/compat/struct-by-value-2 c_compat_x_tst.o-c_compat_y_tst.o execute "-r","-nostdlib"
FAIL: gcc.dg/compat/struct-by-value-3 c_compat_x_tst.o-c_compat_y_tst.o link
UNRESOLVED: gcc.dg/compat/struct-by-value-3 c_compat_x_tst.o-c_compat_y_tst.o execute "-r","-nostdlib"
FAIL: gcc.dg/compat/struct-by-value-4 c_compat_x_tst.o-c_compat_y_tst.o link
UNRESOLVED: gcc.dg/compat/struct-by-value-4 c_compat_x_tst.o-c_compat_y_tst.o execute "-r","-nostdlib"
FAIL: gcc.dg/compat/struct-by-value-5a c_compat_x_tst.o-c_compat_y_tst.o link
UNRESOLVED: gcc.dg/compat/struct-by-value-5a c_compat_x_tst.o-c_compat_y_tst.o execute "-r","-nostdlib"
FAIL: gcc.dg/compat/struct-by-value-5b c_compat_x_tst.o-c_compat_y_tst.o link
UNRESOLVED: gcc.dg/compat/struct-by-value-5b c_compat_x_tst.o-c_compat_y_tst.o execute "-r","-nostdlib"
FAIL: gcc.dg/compat/struct-by-value-6a c_compat_x_tst.o-c_compat_y_tst.o link
UNRESOLVED: gcc.dg/compat/struct-by-value-6a c_compat_x_tst.o-c_compat_y_tst.o execute "-r","-nostdlib"
FAIL: gcc.dg/compat/struct-by-value-6b c_compat_x_tst.o-c_compat_y_tst.o link
UNRESOLVED: gcc.dg/compat/struct-by-value-6b c_compat_x_tst.o-c_compat_y_tst.o execute "-r","-nostdlib"
FAIL: gcc.dg/compat/struct-by-value-7a c_compat_x_tst.o-c_compat_y_tst.o link
UNRESOLVED: gcc.dg/compat/struct-by-value-7a c_compat_x_tst.o-c_compat_y_tst.o execute "-r","-nostdlib"
FAIL: gcc.dg/compat/struct-by-value-7b c_compat_x_tst.o-c_compat_y_tst.o link
UNRESOLVED: gcc.dg/compat/struct-by-value-7b c_compat_x_tst.o-c_compat_y_tst.o execute "-r","-nostdlib"
FAIL: gcc.dg/compat/struct-by-value-8 c_compat_x_tst.o-c_compat_y_tst.o link
UNRESOLVED: gcc.dg/compat/struct-by-value-8 c_compat_x_tst.o-c_compat_y_tst.o execute "-r","-nostdlib"
FAIL: gcc.dg/compat/struct-by-value-9 c_compat_x_tst.o-c_compat_y_tst.o link
UNRESOLVED: gcc.dg/compat/struct-by-value-9 c_compat_x_tst.o-c_compat_y_tst.o execute "-r","-nostdlib"
FAIL: gcc.dg/compat/struct-complex-1 c_compat_x_tst.o-c_compat_y_tst.o link
UNRESOLVED: gcc.dg/compat/struct-complex-1 c_compat_x_tst.o-c_compat_y_tst.o execute "-r","-nostdlib"
FAIL: gcc.dg/compat/struct-complex-2 c_compat_x_tst.o-c_compat_y_tst.o link
UNRESOLVED: gcc.dg/compat/struct-complex-2 c_compat_x_tst.o-c_compat_y_tst.o execute "-r","-nostdlib"
FAIL: gcc.dg/compat/struct-layout-1 c_compat_x_tst.o-c_compat_y_tst.o link
UNRESOLVED: gcc.dg/compat/struct-layout-1 c_compat_x_tst.o-c_compat_y_tst.o execute "-r","-nostdlib"
FAIL: gcc.dg/compat/struct-return-10 c_compat_x_tst.o-c_compat_y_tst.o link
UNRESOLVED: gcc.dg/compat/struct-return-10 c_compat_x_tst.o-c_compat_y_tst.o execute "-r","-nostdlib"
FAIL: gcc.dg/compat/struct-return-19 c_compat_x_tst.o-c_compat_y_tst.o link
UNRESOLVED: gcc.dg/compat/struct-return-19 c_compat_x_tst.o-c_compat_y_tst.o execute "-r","-nostdlib"
FAIL: gcc.dg/compat/struct-return-20 c_compat_x_tst.o-c_compat_y_tst.o link
UNRESOLVED: gcc.dg/compat/struct-return-20 c_compat_x_tst.o-c_compat_y_tst.o execute "-r","-nostdlib"
FAIL: gcc.dg/compat/struct-return-21 c_compat_x_tst.o-c_compat_y_tst.o link
UNRESOLVED: gcc.dg/compat/struct-return-21 c_compat_x_tst.o-c_compat_y_tst.o execute "-r","-nostdlib"
FAIL: gcc.dg/compat/struct-return-2 c_compat_x_tst.o-c_compat_y_tst.o link
UNRESOLVED: gcc.dg/compat/struct-return-2 c_compat_x_tst.o-c_compat_y_tst.o execute "-r","-nostdlib"
FAIL: gcc.dg/compat/struct-return-3 c_compat_x_tst.o-c_compat_y_tst.o link
UNRESOLVED: gcc.dg/compat/struct-return-3 c_compat_x_tst.o-c_compat_y_tst.o execute "-r","-nostdlib"
FAIL: gcc.dg/compat/union-by-value-1 c_compat_x_tst.o-c_compat_y_tst.o link
UNRESOLVED: gcc.dg/compat/union-by-value-1 c_compat_x_tst.o-c_compat_y_tst.o execute "-r","-nostdlib"
FAIL: gcc.dg/compat/union-return-1 c_compat_x_tst.o-c_compat_y_tst.o link
UNRESOLVED: gcc.dg/compat/union-return-1 c_compat_x_tst.o-c_compat_y_tst.o execute "-r","-nostdlib"
FAIL: gcc.dg/compat/vector-1 c_compat_x_tst.o-c_compat_y_tst.o link
UNRESOLVED: gcc.dg/compat/vector-1 c_compat_x_tst.o-c_compat_y_tst.o execute "-r","-nostdlib"
FAIL: gcc.dg/compat/vector-2 c_compat_x_tst.o-c_compat_y_tst.o link
UNRESOLVED: gcc.dg/compat/vector-2 c_compat_x_tst.o-c_compat_y_tst.o execute "-r","-nostdlib"
FAIL: tmpdir-gcc.dg-struct-layout-1/t001 c_compat_x_tst.o-c_compat_y_tst.o link
UNRESOLVED: tmpdir-gcc.dg-struct-layout-1/t001 c_compat_x_tst.o-c_compat_y_tst.o execute "-r","-nostdlib"
FAIL: tmpdir-gcc.dg-struct-layout-1/t002 c_compat_x_tst.o-c_compat_y_tst.o link
UNRESOLVED: tmpdir-gcc.dg-struct-layout-1/t002 c_compat_x_tst.o-c_compat_y_tst.o execute "-r","-nostdlib"
FAIL: tmpdir-gcc.dg-struct-layout-1/t003 c_compat_x_tst.o-c_compat_y_tst.o link
UNRESOLVED: tmpdir-gcc.dg-struct-layout-1/t003 c_compat_x_tst.o-c_compat_y_tst.o execute "-r","-nostdlib"
FAIL: tmpdir-gcc.dg-struct-layout-1/t004 c_compat_x_tst.o-c_compat_y_tst.o link
UNRESOLVED: tmpdir-gcc.dg-struct-layout-1/t004 c_compat_x_tst.o-c_compat_y_tst.o execute "-r","-nostdlib"
FAIL: tmpdir-gcc.dg-struct-layout-1/t005 c_compat_x_tst.o-c_compat_y_tst.o link
UNRESOLVED: tmpdir-gcc.dg-struct-layout-1/t005 c_compat_x_tst.o-c_compat_y_tst.o execute "-r","-nostdlib"
FAIL: tmpdir-gcc.dg-struct-layout-1/t006 c_compat_x_tst.o-c_compat_y_tst.o link
UNRESOLVED: tmpdir-gcc.dg-struct-layout-1/t006 c_compat_x_tst.o-c_compat_y_tst.o execute "-r","-nostdlib"
FAIL: tmpdir-gcc.dg-struct-layout-1/t007 c_compat_x_tst.o-c_compat_y_tst.o link
UNRESOLVED: tmpdir-gcc.dg-struct-layout-1/t007 c_compat_x_tst.o-c_compat_y_tst.o execute "-r","-nostdlib"
FAIL: tmpdir-gcc.dg-struct-layout-1/t008 c_compat_x_tst.o-c_compat_y_tst.o link
UNRESOLVED: tmpdir-gcc.dg-struct-layout-1/t008 c_compat_x_tst.o-c_compat_y_tst.o execute "-r","-nostdlib"
FAIL: tmpdir-gcc.dg-struct-layout-1/t009 c_compat_x_tst.o-c_compat_y_tst.o link
UNRESOLVED: tmpdir-gcc.dg-struct-layout-1/t009 c_compat_x_tst.o-c_compat_y_tst.o execute "-r","-nostdlib"
FAIL: tmpdir-gcc.dg-struct-layout-1/t010 c_compat_x_tst.o-c_compat_y_tst.o link
UNRESOLVED: tmpdir-gcc.dg-struct-layout-1/t010 c_compat_x_tst.o-c_compat_y_tst.o execute "-r","-nostdlib"
FAIL: tmpdir-gcc.dg-struct-layout-1/t011 c_compat_x_tst.o-c_compat_y_tst.o link
UNRESOLVED: tmpdir-gcc.dg-struct-layout-1/t011 c_compat_x_tst.o-c_compat_y_tst.o execute "-r","-nostdlib"
FAIL: tmpdir-gcc.dg-struct-layout-1/t012 c_compat_x_tst.o-c_compat_y_tst.o link
UNRESOLVED: tmpdir-gcc.dg-struct-layout-1/t012 c_compat_x_tst.o-c_compat_y_tst.o execute "-r","-nostdlib"
FAIL: tmpdir-gcc.dg-struct-layout-1/t013 c_compat_x_tst.o-c_compat_y_tst.o link
UNRESOLVED: tmpdir-gcc.dg-struct-layout-1/t013 c_compat_x_tst.o-c_compat_y_tst.o execute "-r","-nostdlib"
FAIL: tmpdir-gcc.dg-struct-layout-1/t014 c_compat_x_tst.o-c_compat_y_tst.o link
UNRESOLVED: tmpdir-gcc.dg-struct-layout-1/t014 c_compat_x_tst.o-c_compat_y_tst.o execute "-r","-nostdlib"
FAIL: tmpdir-gcc.dg-struct-layout-1/t015 c_compat_x_tst.o-c_compat_y_tst.o link
UNRESOLVED: tmpdir-gcc.dg-struct-layout-1/t015 c_compat_x_tst.o-c_compat_y_tst.o execute "-r","-nostdlib"
FAIL: tmpdir-gcc.dg-struct-layout-1/t016 c_compat_x_tst.o-c_compat_y_tst.o link
UNRESOLVED: tmpdir-gcc.dg-struct-layout-1/t016 c_compat_x_tst.o-c_compat_y_tst.o execute "-r","-nostdlib"
FAIL: tmpdir-gcc.dg-struct-layout-1/t017 c_compat_x_tst.o-c_compat_y_tst.o link
UNRESOLVED: tmpdir-gcc.dg-struct-layout-1/t017 c_compat_x_tst.o-c_compat_y_tst.o execute "-r","-nostdlib"
FAIL: tmpdir-gcc.dg-struct-layout-1/t018 c_compat_x_tst.o-c_compat_y_tst.o link
UNRESOLVED: tmpdir-gcc.dg-struct-layout-1/t018 c_compat_x_tst.o-c_compat_y_tst.o execute "-r","-nostdlib"
FAIL: tmpdir-gcc.dg-struct-layout-1/t019 c_compat_x_tst.o-c_compat_y_tst.o link
UNRESOLVED: tmpdir-gcc.dg-struct-layout-1/t019 c_compat_x_tst.o-c_compat_y_tst.o execute "-r","-nostdlib"
FAIL: tmpdir-gcc.dg-struct-layout-1/t020 c_compat_x_tst.o-c_compat_y_tst.o link
UNRESOLVED: tmpdir-gcc.dg-struct-layout-1/t020 c_compat_x_tst.o-c_compat_y_tst.o execute "-r","-nostdlib"
FAIL: tmpdir-gcc.dg-struct-layout-1/t021 c_compat_x_tst.o-c_compat_y_tst.o link
UNRESOLVED: tmpdir-gcc.dg-struct-layout-1/t021 c_compat_x_tst.o-c_compat_y_tst.o execute "-r","-nostdlib"
FAIL: tmpdir-gcc.dg-struct-layout-1/t022 c_compat_x_tst.o-c_compat_y_tst.o link
UNRESOLVED: tmpdir-gcc.dg-struct-layout-1/t022 c_compat_x_tst.o-c_compat_y_tst.o execute "-r","-nostdlib"
FAIL: tmpdir-gcc.dg-struct-layout-1/t023 c_compat_x_tst.o-c_compat_y_tst.o link
UNRESOLVED: tmpdir-gcc.dg-struct-layout-1/t023 c_compat_x_tst.o-c_compat_y_tst.o execute "-r","-nostdlib"
FAIL: tmpdir-gcc.dg-struct-layout-1/t024 c_compat_x_tst.o-c_compat_y_tst.o link
UNRESOLVED: tmpdir-gcc.dg-struct-layout-1/t024 c_compat_x_tst.o-c_compat_y_tst.o execute "-r","-nostdlib"
FAIL: tmpdir-gcc.dg-struct-layout-1/t025 c_compat_x_tst.o-c_compat_y_tst.o link
UNRESOLVED: tmpdir-gcc.dg-struct-layout-1/t025 c_compat_x_tst.o-c_compat_y_tst.o execute "-r","-nostdlib"
FAIL: tmpdir-gcc.dg-struct-layout-1/t026 c_compat_x_tst.o-c_compat_y_tst.o link
UNRESOLVED: tmpdir-gcc.dg-struct-layout-1/t026 c_compat_x_tst.o-c_compat_y_tst.o execute "-r","-nostdlib"
FAIL: tmpdir-gcc.dg-struct-layout-1/t027 c_compat_x_tst.o-c_compat_y_tst.o link
UNRESOLVED: tmpdir-gcc.dg-struct-layout-1/t027 c_compat_x_tst.o-c_compat_y_tst.o execute "-r","-nostdlib"
FAIL: tmpdir-gcc.dg-struct-layout-1/t028 c_compat_x_tst.o-c_compat_y_tst.o link
UNRESOLVED: tmpdir-gcc.dg-struct-layout-1/t028 c_compat_x_tst.o-c_compat_y_tst.o execute "-r","-nostdlib"
FAIL: gcc.dg/cpp/pragma-float-const-decimal64-1.c (test for warnings, line 4)
FAIL: gcc.dg/cpp/trad/include.c (internal compiler error)
FAIL: gcc.dg/cpp/trad/include.c (test for excess errors)
XPASS: gcc.dg/Warray-bounds.c (test for warnings, line 59)
XPASS: gcc.dg/Warray-bounds.c (test for warnings, line 65)
XPASS: gcc.dg/Wunreachable-8.c (test for bogus messages, line 7)
FAIL: gcc.dg/nodfp-1.c reject decimal float (test for errors, line 4)
FAIL: gcc.dg/nodfp-1.c reject decimal float (test for errors, line 5)
FAIL: gcc.dg/nodfp-1.c reject decimal float (test for errors, line 6)
FAIL: gcc.dg/pr34668-1.c (internal compiler error)
FAIL: gcc.dg/pr34668-1.c (test for excess errors)
WARNING: gcc.dg/ucnid-11.c compilation failed to produce executable
WARNING: gcc.dg/ucnid-12.c compilation failed to produce executable
WARNING: gcc.dg/ucnid-2.c compilation failed to produce executable
WARNING: gcc.dg/ucnid-3.c compilation failed to produce executable
WARNING: gcc.dg/ucnid-4.c compilation failed to produce executable
FAIL: gcc.dg/ucnid-6.c (test for excess errors)
WARNING: gcc.dg/ucnid-6.c compilation failed to produce executable
FAIL: gcc.dg/ucnid-9.c (test for excess errors)
WARNING: gcc.dg/ucnid-9.c compilation failed to produce executable
FAIL: gcc.dg/lto/20081120-1 c_lto_20081120-1_0.o-c_lto_20081120-1_1.o link
UNRESOLVED: gcc.dg/lto/20081120-1 c_lto_20081120-1_0.o-c_lto_20081120-1_1.o execute -flto -r -nostdlib
FAIL: gcc.dg/lto/20081120-2 c_lto_20081120-2_0.o-c_lto_20081120-2_1.o link
UNRESOLVED: gcc.dg/lto/20081120-2 c_lto_20081120-2_0.o-c_lto_20081120-2_1.o execute -fwhopr -r -nostdlib
FAIL: gcc.dg/lto/20081201-2 c_lto_20081201-2_0.o-c_lto_20081201-2_1.o execute -O3 -fwhopr
FAIL: gcc.dg/lto/20081204-1 c_lto_20081204-1_0.o-c_lto_20081204-1_1.o link
UNRESOLVED: gcc.dg/lto/20081204-1 c_lto_20081204-1_0.o-c_lto_20081204-1_1.o execute -fwhopr -fPIC -r -nostdlib
FAIL: gcc.dg/lto/20081212-1 c_lto_20081212-1_0.o-c_lto_20081212-1_0.o link
UNRESOLVED: gcc.dg/lto/20081212-1 c_lto_20081212-1_0.o-c_lto_20081212-1_0.o execute -r -nostdlib
ERROR: tcl error sourcing /vol/gcc/src/gcc-dist/gcc/testsuite/gcc.dg/lto/lto.exp.
ERROR: can't read "name": no such variable
XPASS: gcc.dg/struct/wo_prof_array_through_pointer.c scan-ipa-dump ipa_struct_reorg "Number of structures to transform is 1"
FAIL: gcc.dg/struct/wo_prof_double_malloc.c (internal compiler error)
FAIL: gcc.dg/struct/wo_prof_double_malloc.c (test for excess errors)
WARNING: gcc.dg/struct/wo_prof_double_malloc.c compilation failed to produce executable
FAIL: gcc.dg/torture/pr26565.c -O1 execution test
FAIL: gcc.dg/torture/pr26565.c -O2 execution test
FAIL: gcc.dg/torture/pr26565.c -Os execution test
FAIL: gcc.dg/torture/pr26565.c -O2 -flto execution test
FAIL: gcc.dg/torture/pr26565.c -O2 -fwhopr execution test
=== gcc Summary for unix/-m64 ===
# of expected passes 62388
# of unexpected failures 122
# of unexpected successes 4
# of expected failures 199
# of unresolved testcases 87
# of unsupported tests 881
=== gcc Summary ===
# of expected passes 124949
# of unexpected failures 167
# of unexpected successes 8
# of expected failures 397
# of unresolved testcases 91
# of unsupported tests 1758
/vol/gcc/obj/gcc-4.5.0-20091106/10-gcc/gcc/xgcc version 4.5.0 20091106 (experimental) [trunk revision 153968] (GCC)
=== gfortran tests ===
Running target unix
FAIL: gfortran.dg/stat_1.f90 -O0 execution test
FAIL: gfortran.dg/stat_1.f90 -O1 execution test
FAIL: gfortran.dg/stat_1.f90 -O2 execution test
FAIL: gfortran.dg/stat_1.f90 -O3 -fomit-frame-pointer execution test
FAIL: gfortran.dg/stat_1.f90 -O3 -fomit-frame-pointer -funroll-loops execution test
FAIL: gfortran.dg/stat_1.f90 -O3 -fomit-frame-pointer -funroll-all-loops -finline-functions execution test
FAIL: gfortran.dg/stat_1.f90 -O3 -g execution test
FAIL: gfortran.dg/stat_1.f90 -Os execution test
FAIL: gfortran.dg/stat_2.f90 -O0 execution test
FAIL: gfortran.dg/stat_2.f90 -O1 execution test
FAIL: gfortran.dg/stat_2.f90 -O2 execution test
FAIL: gfortran.dg/stat_2.f90 -O3 -fomit-frame-pointer execution test
FAIL: gfortran.dg/stat_2.f90 -O3 -fomit-frame-pointer -funroll-loops execution test
FAIL: gfortran.dg/stat_2.f90 -O3 -fomit-frame-pointer -funroll-all-loops -finline-functions execution test
FAIL: gfortran.dg/stat_2.f90 -O3 -g execution test
FAIL: gfortran.dg/stat_2.f90 -Os execution test
FAIL: gfortran.dg/lto/20091015-1 f_lto_20091015-1_0.o-f_lto_20091015-1_2.o link
UNRESOLVED: gfortran.dg/lto/20091015-1 f_lto_20091015-1_0.o-f_lto_20091015-1_2.o execute -O0 -fwhopr
FAIL: gfortran.dg/lto/20091015-1 f_lto_20091015-1_0.o-f_lto_20091015-1_2.o link
UNRESOLVED: gfortran.dg/lto/20091015-1 f_lto_20091015-1_0.o-f_lto_20091015-1_2.o execute -O2 -fwhopr
FAIL: gfortran.dg/lto/20091015-1 f_lto_20091015-1_0.o-f_lto_20091015-1_2.o link
UNRESOLVED: gfortran.dg/lto/20091015-1 f_lto_20091015-1_0.o-f_lto_20091015-1_2.o execute -O0 -flto
FAIL: gfortran.dg/lto/20091015-1 f_lto_20091015-1_0.o-f_lto_20091015-1_2.o link
UNRESOLVED: gfortran.dg/lto/20091015-1 f_lto_20091015-1_0.o-f_lto_20091015-1_2.o execute -O2 -flto
FAIL: gfortran.dg/lto/20091028-1 f_lto_20091028-1_0.o-f_lto_20091028-1_1.o link
UNRESOLVED: gfortran.dg/lto/20091028-1 f_lto_20091028-1_0.o-f_lto_20091028-1_1.o execute -O0 -fwhopr
FAIL: gfortran.dg/lto/20091028-1 f_lto_20091028-1_0.o-f_lto_20091028-1_1.o link
UNRESOLVED: gfortran.dg/lto/20091028-1 f_lto_20091028-1_0.o-f_lto_20091028-1_1.o execute -O2 -fwhopr
FAIL: gfortran.dg/lto/20091028-1 f_lto_20091028-1_0.o-f_lto_20091028-1_1.o link
UNRESOLVED: gfortran.dg/lto/20091028-1 f_lto_20091028-1_0.o-f_lto_20091028-1_1.o execute -O0 -flto
FAIL: gfortran.dg/lto/20091028-1 f_lto_20091028-1_0.o-f_lto_20091028-1_1.o link
UNRESOLVED: gfortran.dg/lto/20091028-1 f_lto_20091028-1_0.o-f_lto_20091028-1_1.o execute -O2 -flto
FAIL: gfortran.dg/lto/20091028-2 f_lto_20091028-2_0.o-f_lto_20091028-2_1.o link
UNRESOLVED: gfortran.dg/lto/20091028-2 f_lto_20091028-2_0.o-f_lto_20091028-2_1.o execute -O0 -fwhopr
FAIL: gfortran.dg/lto/20091028-2 f_lto_20091028-2_0.o-f_lto_20091028-2_1.o link
UNRESOLVED: gfortran.dg/lto/20091028-2 f_lto_20091028-2_0.o-f_lto_20091028-2_1.o execute -O2 -fwhopr
FAIL: gfortran.dg/lto/20091028-2 f_lto_20091028-2_0.o-f_lto_20091028-2_1.o link
UNRESOLVED: gfortran.dg/lto/20091028-2 f_lto_20091028-2_0.o-f_lto_20091028-2_1.o execute -O0 -flto
FAIL: gfortran.dg/lto/20091028-2 f_lto_20091028-2_0.o-f_lto_20091028-2_1.o link
UNRESOLVED: gfortran.dg/lto/20091028-2 f_lto_20091028-2_0.o-f_lto_20091028-2_1.o execute -O2 -flto
=== gfortran Summary for unix ===
# of expected passes 32900
# of unexpected failures 28
# of expected failures 25
# of unresolved testcases 12
# of unsupported tests 167
Running target unix/-m64
FAIL: gfortran.dg/stat_1.f90 -O0 execution test
FAIL: gfortran.dg/stat_1.f90 -O1 execution test
FAIL: gfortran.dg/stat_1.f90 -O2 execution test
FAIL: gfortran.dg/stat_1.f90 -O3 -fomit-frame-pointer execution test
FAIL: gfortran.dg/stat_1.f90 -O3 -fomit-frame-pointer -funroll-loops execution test
FAIL: gfortran.dg/stat_1.f90 -O3 -fomit-frame-pointer -funroll-all-loops -finline-functions execution test
FAIL: gfortran.dg/stat_1.f90 -O3 -g execution test
FAIL: gfortran.dg/stat_1.f90 -Os execution test
FAIL: gfortran.dg/stat_2.f90 -O0 execution test
FAIL: gfortran.dg/stat_2.f90 -O1 execution test
FAIL: gfortran.dg/stat_2.f90 -O2 execution test
FAIL: gfortran.dg/stat_2.f90 -O3 -fomit-frame-pointer execution test
FAIL: gfortran.dg/stat_2.f90 -O3 -fomit-frame-pointer -funroll-loops execution test
FAIL: gfortran.dg/stat_2.f90 -O3 -fomit-frame-pointer -funroll-all-loops -finline-functions execution test
FAIL: gfortran.dg/stat_2.f90 -O3 -g execution test
FAIL: gfortran.dg/stat_2.f90 -Os execution test
FAIL: gfortran.dg/lto/20091015-1 f_lto_20091015-1_0.o-f_lto_20091015-1_2.o link
UNRESOLVED: gfortran.dg/lto/20091015-1 f_lto_20091015-1_0.o-f_lto_20091015-1_2.o execute -O0 -fwhopr
FAIL: gfortran.dg/lto/20091015-1 f_lto_20091015-1_0.o-f_lto_20091015-1_2.o link
UNRESOLVED: gfortran.dg/lto/20091015-1 f_lto_20091015-1_0.o-f_lto_20091015-1_2.o execute -O2 -fwhopr
FAIL: gfortran.dg/lto/20091015-1 f_lto_20091015-1_0.o-f_lto_20091015-1_2.o link
UNRESOLVED: gfortran.dg/lto/20091015-1 f_lto_20091015-1_0.o-f_lto_20091015-1_2.o execute -O0 -flto
FAIL: gfortran.dg/lto/20091015-1 f_lto_20091015-1_0.o-f_lto_20091015-1_2.o link
UNRESOLVED: gfortran.dg/lto/20091015-1 f_lto_20091015-1_0.o-f_lto_20091015-1_2.o execute -O2 -flto
FAIL: gfortran.dg/lto/20091028-1 f_lto_20091028-1_0.o-f_lto_20091028-1_1.o link
UNRESOLVED: gfortran.dg/lto/20091028-1 f_lto_20091028-1_0.o-f_lto_20091028-1_1.o execute -O0 -fwhopr
FAIL: gfortran.dg/lto/20091028-1 f_lto_20091028-1_0.o-f_lto_20091028-1_1.o link
UNRESOLVED: gfortran.dg/lto/20091028-1 f_lto_20091028-1_0.o-f_lto_20091028-1_1.o execute -O2 -fwhopr
FAIL: gfortran.dg/lto/20091028-1 f_lto_20091028-1_0.o-f_lto_20091028-1_1.o link
UNRESOLVED: gfortran.dg/lto/20091028-1 f_lto_20091028-1_0.o-f_lto_20091028-1_1.o execute -O0 -flto
FAIL: gfortran.dg/lto/20091028-1 f_lto_20091028-1_0.o-f_lto_20091028-1_1.o link
UNRESOLVED: gfortran.dg/lto/20091028-1 f_lto_20091028-1_0.o-f_lto_20091028-1_1.o execute -O2 -flto
FAIL: gfortran.dg/lto/20091028-2 f_lto_20091028-2_0.o-f_lto_20091028-2_1.o link
UNRESOLVED: gfortran.dg/lto/20091028-2 f_lto_20091028-2_0.o-f_lto_20091028-2_1.o execute -O0 -fwhopr
FAIL: gfortran.dg/lto/20091028-2 f_lto_20091028-2_0.o-f_lto_20091028-2_1.o link
UNRESOLVED: gfortran.dg/lto/20091028-2 f_lto_20091028-2_0.o-f_lto_20091028-2_1.o execute -O2 -fwhopr
FAIL: gfortran.dg/lto/20091028-2 f_lto_20091028-2_0.o-f_lto_20091028-2_1.o link
UNRESOLVED: gfortran.dg/lto/20091028-2 f_lto_20091028-2_0.o-f_lto_20091028-2_1.o execute -O0 -flto
FAIL: gfortran.dg/lto/20091028-2 f_lto_20091028-2_0.o-f_lto_20091028-2_1.o link
UNRESOLVED: gfortran.dg/lto/20091028-2 f_lto_20091028-2_0.o-f_lto_20091028-2_1.o execute -O2 -flto
=== gfortran Summary for unix/-m64 ===
# of expected passes 33067
# of unexpected failures 28
# of expected failures 25
# of unresolved testcases 12
# of unsupported tests 86
=== gfortran Summary ===
# of expected passes 65967
# of unexpected failures 56
# of expected failures 50
# of unresolved testcases 24
# of unsupported tests 253
/vol/gcc/obj/gcc-4.5.0-20091106/10-gcc/gcc/testsuite/gfortran/../../gfortran version 4.5.0 20091106 (experimental) [trunk revision 153968] (GCC)
=== gnat tests ===
Running target unix
FAIL: gnat.dg/null_pointer_deref2.adb execution test
FAIL: gnat.dg/stack_check1.adb execution test
FAIL: gnat.dg/stack_check2.adb execution test
=== gnat Summary for unix ===
# of expected passes 735
# of unexpected failures 3
# of expected failures 5
# of unsupported tests 1
Running target unix/-m64
FAIL: gnat.dg/null_pointer_deref2.adb execution test
FAIL: gnat.dg/socket1.adb execution test
FAIL: gnat.dg/stack_check1.adb execution test
FAIL: gnat.dg/stack_check2.adb execution test
=== gnat Summary for unix/-m64 ===
# of expected passes 734
# of unexpected failures 4
# of expected failures 5
# of unsupported tests 1
=== gnat Summary ===
# of expected passes 1469
# of unexpected failures 7
# of expected failures 10
# of unsupported tests 2
=== objc tests ===
Running target unix
FAIL: objc/execute/forward-1.m execution, -O0 -fgnu-runtime
FAIL: objc/execute/forward-1.m execution, -O1 -fgnu-runtime
FAIL: objc/execute/forward-1.m execution, -O2 -fgnu-runtime
FAIL: objc/execute/forward-1.m execution, -O3 -fomit-frame-pointer -fgnu-runtime
FAIL: objc/execute/forward-1.m execution, -O3 -fomit-frame-pointer -funroll-loops -fgnu-runtime
FAIL: objc/execute/forward-1.m execution, -O3 -fomit-frame-pointer -funroll-all-loops -finline-functions -fgnu-runtime
FAIL: objc/execute/forward-1.m execution, -O3 -g -fgnu-runtime
FAIL: objc/execute/forward-1.m execution, -Os -fgnu-runtime
=== objc Summary for unix ===
# of expected passes 1867
# of unexpected failures 8
# of expected failures 7
# of unsupported tests 24
Running target unix/-m64
FAIL: objc/execute/forward-1.m execution, -O0 -fgnu-runtime
FAIL: objc/execute/forward-1.m execution, -O1 -fgnu-runtime
FAIL: objc/execute/forward-1.m execution, -O2 -fgnu-runtime
FAIL: objc/execute/forward-1.m execution, -O3 -fomit-frame-pointer -fgnu-runtime
FAIL: objc/execute/forward-1.m execution, -O3 -fomit-frame-pointer -funroll-loops -fgnu-runtime
FAIL: objc/execute/forward-1.m execution, -O3 -fomit-frame-pointer -funroll-all-loops -finline-functions -fgnu-runtime
FAIL: objc/execute/forward-1.m execution, -O3 -g -fgnu-runtime
FAIL: objc/execute/forward-1.m execution, -Os -fgnu-runtime
=== objc Summary for unix/-m64 ===
# of expected passes 1867
# of unexpected failures 8
# of expected failures 7
# of unsupported tests 24
=== objc Summary ===
# of expected passes 3734
# of unexpected failures 16
# of expected failures 14
# of unsupported tests 48
/vol/gcc/obj/gcc-4.5.0-20091106/10-gcc/gcc/xgcc version 4.5.0 20091106 (experimental) [trunk revision 153968] (GCC)
=== libffi tests ===
Running target unix
=== libffi Summary for unix ===
# of expected passes 1609
# of expected failures 10
# of unsupported tests 15
Running target unix/-m64
FAIL: libffi.call/cls_longdouble_va.c -O0 -W -Wall output pattern test, is 7.0
FAIL: libffi.call/cls_longdouble_va.c -O2 output pattern test, is 7.0
FAIL: libffi.call/cls_longdouble_va.c -O3 output pattern test, is 7.0
FAIL: libffi.call/cls_longdouble_va.c -Os output pattern test, is 7.0
FAIL: libffi.call/cls_longdouble_va.c -O2 -fomit-frame-pointer output pattern test, is 7.0
=== libffi Summary for unix/-m64 ===
# of expected passes 1604
# of unexpected failures 5
# of expected failures 10
# of unsupported tests 15
=== libffi Summary ===
# of expected passes 3213
# of unexpected failures 5
# of expected failures 20
# of unsupported tests 30
=== libgomp tests ===
Running target unix
FAIL: libgomp.c++/ctor-5.C -O0 (test for excess errors)
WARNING: libgomp.c++/ctor-5.C -O0 compilation failed to produce executable
FAIL: libgomp.c++/ctor-5.C -O1 (test for excess errors)
WARNING: libgomp.c++/ctor-5.C -O1 compilation failed to produce executable
FAIL: libgomp.c++/ctor-5.C -O2 (test for excess errors)
WARNING: libgomp.c++/ctor-5.C -O2 compilation failed to produce executable
FAIL: libgomp.c++/ctor-5.C -O3 -fomit-frame-pointer (test for excess errors)
WARNING: libgomp.c++/ctor-5.C -O3 -fomit-frame-pointer compilation failed to produce executable
FAIL: libgomp.c++/ctor-5.C -O3 -fomit-frame-pointer -funroll-loops (test for excess errors)
WARNING: libgomp.c++/ctor-5.C -O3 -fomit-frame-pointer -funroll-loops compilation failed to produce executable
FAIL: libgomp.c++/ctor-5.C -O3 -fomit-frame-pointer -funroll-all-loops -finline-functions (test for excess errors)
WARNING: libgomp.c++/ctor-5.C -O3 -fomit-frame-pointer -funroll-all-loops -finline-functions compilation failed to produce executable
FAIL: libgomp.c++/ctor-5.C -O3 -g (test for excess errors)
WARNING: libgomp.c++/ctor-5.C -O3 -g compilation failed to produce executable
FAIL: libgomp.c++/ctor-5.C -Os (test for excess errors)
WARNING: libgomp.c++/ctor-5.C -Os compilation failed to produce executable
FAIL: libgomp.c++/ctor-8.C -O0 (test for excess errors)
WARNING: libgomp.c++/ctor-8.C -O0 compilation failed to produce executable
FAIL: libgomp.c++/ctor-8.C -O1 (test for excess errors)
WARNING: libgomp.c++/ctor-8.C -O1 compilation failed to produce executable
FAIL: libgomp.c++/ctor-8.C -O2 (test for excess errors)
WARNING: libgomp.c++/ctor-8.C -O2 compilation failed to produce executable
FAIL: libgomp.c++/ctor-8.C -O3 -fomit-frame-pointer (test for excess errors)
WARNING: libgomp.c++/ctor-8.C -O3 -fomit-frame-pointer compilation failed to produce executable
FAIL: libgomp.c++/ctor-8.C -O3 -fomit-frame-pointer -funroll-loops (test for excess errors)
WARNING: libgomp.c++/ctor-8.C -O3 -fomit-frame-pointer -funroll-loops compilation failed to produce executable
FAIL: libgomp.c++/ctor-8.C -O3 -fomit-frame-pointer -funroll-all-loops -finline-functions (test for excess errors)
WARNING: libgomp.c++/ctor-8.C -O3 -fomit-frame-pointer -funroll-all-loops -finline-functions compilation failed to produce executable
FAIL: libgomp.c++/ctor-8.C -O3 -g (test for excess errors)
WARNING: libgomp.c++/ctor-8.C -O3 -g compilation failed to produce executable
FAIL: libgomp.c++/ctor-8.C -Os (test for excess errors)
WARNING: libgomp.c++/ctor-8.C -Os compilation failed to produce executable
FAIL: libgomp.c++/ctor-9.C -O0 (test for excess errors)
WARNING: libgomp.c++/ctor-9.C -O0 compilation failed to produce executable
FAIL: libgomp.c++/ctor-9.C -O1 (test for excess errors)
WARNING: libgomp.c++/ctor-9.C -O1 compilation failed to produce executable
FAIL: libgomp.c++/ctor-9.C -O2 (test for excess errors)
WARNING: libgomp.c++/ctor-9.C -O2 compilation failed to produce executable
FAIL: libgomp.c++/ctor-9.C -O3 -fomit-frame-pointer (test for excess errors)
WARNING: libgomp.c++/ctor-9.C -O3 -fomit-frame-pointer compilation failed to produce executable
FAIL: libgomp.c++/ctor-9.C -O3 -fomit-frame-pointer -funroll-loops (test for excess errors)
WARNING: libgomp.c++/ctor-9.C -O3 -fomit-frame-pointer -funroll-loops compilation failed to produce executable
FAIL: libgomp.c++/ctor-9.C -O3 -fomit-frame-pointer -funroll-all-loops -finline-functions (test for excess errors)
WARNING: libgomp.c++/ctor-9.C -O3 -fomit-frame-pointer -funroll-all-loops -finline-functions compilation failed to produce executable
FAIL: libgomp.c++/ctor-9.C -O3 -g (test for excess errors)
WARNING: libgomp.c++/ctor-9.C -O3 -g compilation failed to produce executable
FAIL: libgomp.c++/ctor-9.C -Os (test for excess errors)
WARNING: libgomp.c++/ctor-9.C -Os compilation failed to produce executable
FAIL: libgomp.fortran/allocatable2.f90 -O0 (test for excess errors)
WARNING: libgomp.fortran/allocatable2.f90 -O0 compilation failed to produce executable
FAIL: libgomp.fortran/allocatable2.f90 -O1 (test for excess errors)
WARNING: libgomp.fortran/allocatable2.f90 -O1 compilation failed to produce executable
FAIL: libgomp.fortran/allocatable2.f90 -O2 (test for excess errors)
WARNING: libgomp.fortran/allocatable2.f90 -O2 compilation failed to produce executable
FAIL: libgomp.fortran/allocatable2.f90 -O3 -fomit-frame-pointer (test for excess errors)
WARNING: libgomp.fortran/allocatable2.f90 -O3 -fomit-frame-pointer compilation failed to produce executable
FAIL: libgomp.fortran/allocatable2.f90 -O3 -fomit-frame-pointer -funroll-loops (test for excess errors)
WARNING: libgomp.fortran/allocatable2.f90 -O3 -fomit-frame-pointer -funroll-loops compilation failed to produce executable
FAIL: libgomp.fortran/allocatable2.f90 -O3 -fomit-frame-pointer -funroll-all-loops -finline-functions (test for excess errors)
WARNING: libgomp.fortran/allocatable2.f90 -O3 -fomit-frame-pointer -funroll-all-loops -finline-functions compilation failed to produce executable
FAIL: libgomp.fortran/allocatable2.f90 -O3 -g (test for excess errors)
WARNING: libgomp.fortran/allocatable2.f90 -O3 -g compilation failed to produce executable
FAIL: libgomp.fortran/allocatable2.f90 -Os (test for excess errors)
WARNING: libgomp.fortran/allocatable2.f90 -Os compilation failed to produce executable
FAIL: libgomp.fortran/appendix-a/a.22.7.f90 -O0 (test for excess errors)
WARNING: libgomp.fortran/appendix-a/a.22.7.f90 -O0 compilation failed to produce executable
FAIL: libgomp.fortran/appendix-a/a.22.7.f90 -O1 (test for excess errors)
WARNING: libgomp.fortran/appendix-a/a.22.7.f90 -O1 compilation failed to produce executable
FAIL: libgomp.fortran/appendix-a/a.22.7.f90 -O2 (test for excess errors)
WARNING: libgomp.fortran/appendix-a/a.22.7.f90 -O2 compilation failed to produce executable
FAIL: libgomp.fortran/appendix-a/a.22.7.f90 -O3 -fomit-frame-pointer (test for excess errors)
WARNING: libgomp.fortran/appendix-a/a.22.7.f90 -O3 -fomit-frame-pointer compilation failed to produce executable
FAIL: libgomp.fortran/appendix-a/a.22.7.f90 -O3 -fomit-frame-pointer -funroll-loops (test for excess errors)
WARNING: libgomp.fortran/appendix-a/a.22.7.f90 -O3 -fomit-frame-pointer -funroll-loops compilation failed to produce executable
FAIL: libgomp.fortran/appendix-a/a.22.7.f90 -O3 -fomit-frame-pointer -funroll-all-loops -finline-functions (test for excess errors)
WARNING: libgomp.fortran/appendix-a/a.22.7.f90 -O3 -fomit-frame-pointer -funroll-all-loops -finline-functions compilation failed to produce executable
FAIL: libgomp.fortran/appendix-a/a.22.7.f90 -O3 -g (test for excess errors)
WARNING: libgomp.fortran/appendix-a/a.22.7.f90 -O3 -g compilation failed to produce executable
FAIL: libgomp.fortran/appendix-a/a.22.7.f90 -Os (test for excess errors)
WARNING: libgomp.fortran/appendix-a/a.22.7.f90 -Os compilation failed to produce executable
FAIL: libgomp.fortran/crayptr2.f90 -O0 (test for excess errors)
WARNING: libgomp.fortran/crayptr2.f90 -O0 compilation failed to produce executable
FAIL: libgomp.fortran/crayptr2.f90 -O1 (test for excess errors)
WARNING: libgomp.fortran/crayptr2.f90 -O1 compilation failed to produce executable
FAIL: libgomp.fortran/crayptr2.f90 -O2 (test for excess errors)
WARNING: libgomp.fortran/crayptr2.f90 -O2 compilation failed to produce executable
FAIL: libgomp.fortran/crayptr2.f90 -O3 -fomit-frame-pointer (test for excess errors)
WARNING: libgomp.fortran/crayptr2.f90 -O3 -fomit-frame-pointer compilation failed to produce executable
FAIL: libgomp.fortran/crayptr2.f90 -O3 -fomit-frame-pointer -funroll-loops (test for excess errors)
WARNING: libgomp.fortran/crayptr2.f90 -O3 -fomit-frame-pointer -funroll-loops compilation failed to produce executable
FAIL: libgomp.fortran/crayptr2.f90 -O3 -fomit-frame-pointer -funroll-all-loops -finline-functions (test for excess errors)
WARNING: libgomp.fortran/crayptr2.f90 -O3 -fomit-frame-pointer -funroll-all-loops -finline-functions compilation failed to produce executable
FAIL: libgomp.fortran/crayptr2.f90 -O3 -g (test for excess errors)
WARNING: libgomp.fortran/crayptr2.f90 -O3 -g compilation failed to produce executable
FAIL: libgomp.fortran/crayptr2.f90 -Os (test for excess errors)
WARNING: libgomp.fortran/crayptr2.f90 -Os compilation failed to produce executable
FAIL: libgomp.fortran/omp_parse3.f90 -O0 (test for excess errors)
WARNING: libgomp.fortran/omp_parse3.f90 -O0 compilation failed to produce executable
FAIL: libgomp.fortran/omp_parse3.f90 -O1 (test for excess errors)
WARNING: libgomp.fortran/omp_parse3.f90 -O1 compilation failed to produce executable
FAIL: libgomp.fortran/omp_parse3.f90 -O2 (test for excess errors)
WARNING: libgomp.fortran/omp_parse3.f90 -O2 compilation failed to produce executable
FAIL: libgomp.fortran/omp_parse3.f90 -O3 -fomit-frame-pointer (test for excess errors)
WARNING: libgomp.fortran/omp_parse3.f90 -O3 -fomit-frame-pointer compilation failed to produce executable
FAIL: libgomp.fortran/omp_parse3.f90 -O3 -fomit-frame-pointer -funroll-loops (test for excess errors)
WARNING: libgomp.fortran/omp_parse3.f90 -O3 -fomit-frame-pointer -funroll-loops compilation failed to produce executable
FAIL: libgomp.fortran/omp_parse3.f90 -O3 -fomit-frame-pointer -funroll-all-loops -finline-functions (test for excess errors)
WARNING: libgomp.fortran/omp_parse3.f90 -O3 -fomit-frame-pointer -funroll-all-loops -finline-functions compilation failed to produce executable
FAIL: libgomp.fortran/omp_parse3.f90 -O3 -g (test for excess errors)
WARNING: libgomp.fortran/omp_parse3.f90 -O3 -g compilation failed to produce executable
FAIL: libgomp.fortran/omp_parse3.f90 -Os (test for excess errors)
WARNING: libgomp.fortran/omp_parse3.f90 -Os compilation failed to produce executable
FAIL: libgomp.fortran/pr32550.f90 -O0 (test for excess errors)
WARNING: libgomp.fortran/pr32550.f90 -O0 compilation failed to produce executable
FAIL: libgomp.fortran/pr32550.f90 -O1 (test for excess errors)
WARNING: libgomp.fortran/pr32550.f90 -O1 compilation failed to produce executable
FAIL: libgomp.fortran/pr32550.f90 -O2 (test for excess errors)
WARNING: libgomp.fortran/pr32550.f90 -O2 compilation failed to produce executable
FAIL: libgomp.fortran/pr32550.f90 -O3 -fomit-frame-pointer (test for excess errors)
WARNING: libgomp.fortran/pr32550.f90 -O3 -fomit-frame-pointer compilation failed to produce executable
FAIL: libgomp.fortran/pr32550.f90 -O3 -fomit-frame-pointer -funroll-loops (test for excess errors)
WARNING: libgomp.fortran/pr32550.f90 -O3 -fomit-frame-pointer -funroll-loops compilation failed to produce executable
FAIL: libgomp.fortran/pr32550.f90 -O3 -fomit-frame-pointer -funroll-all-loops -finline-functions (test for excess errors)
WARNING: libgomp.fortran/pr32550.f90 -O3 -fomit-frame-pointer -funroll-all-loops -finline-functions compilation failed to produce executable
FAIL: libgomp.fortran/pr32550.f90 -O3 -g (test for excess errors)
WARNING: libgomp.fortran/pr32550.f90 -O3 -g compilation failed to produce executable
FAIL: libgomp.fortran/pr32550.f90 -Os (test for excess errors)
WARNING: libgomp.fortran/pr32550.f90 -Os compilation failed to produce executable
FAIL: libgomp.fortran/threadprivate2.f90 -O0 (test for excess errors)
WARNING: libgomp.fortran/threadprivate2.f90 -O0 compilation failed to produce executable
FAIL: libgomp.fortran/threadprivate2.f90 -O1 (test for excess errors)
WARNING: libgomp.fortran/threadprivate2.f90 -O1 compilation failed to produce executable
FAIL: libgomp.fortran/threadprivate2.f90 -O2 (test for excess errors)
WARNING: libgomp.fortran/threadprivate2.f90 -O2 compilation failed to produce executable
FAIL: libgomp.fortran/threadprivate2.f90 -O3 -fomit-frame-pointer (test for excess errors)
WARNING: libgomp.fortran/threadprivate2.f90 -O3 -fomit-frame-pointer compilation failed to produce executable
FAIL: libgomp.fortran/threadprivate2.f90 -O3 -fomit-frame-pointer -funroll-loops (test for excess errors)
WARNING: libgomp.fortran/threadprivate2.f90 -O3 -fomit-frame-pointer -funroll-loops compilation failed to produce executable
FAIL: libgomp.fortran/threadprivate2.f90 -O3 -fomit-frame-pointer -funroll-all-loops -finline-functions (test for excess errors)
WARNING: libgomp.fortran/threadprivate2.f90 -O3 -fomit-frame-pointer -funroll-all-loops -finline-functions compilation failed to produce executable
FAIL: libgomp.fortran/threadprivate2.f90 -O3 -g (test for excess errors)
WARNING: libgomp.fortran/threadprivate2.f90 -O3 -g compilation failed to produce executable
FAIL: libgomp.fortran/threadprivate2.f90 -Os (test for excess errors)
WARNING: libgomp.fortran/threadprivate2.f90 -Os compilation failed to produce executable
FAIL: libgomp.fortran/threadprivate3.f90 -O0 (test for excess errors)
WARNING: libgomp.fortran/threadprivate3.f90 -O0 compilation failed to produce executable
FAIL: libgomp.fortran/threadprivate3.f90 -O1 (test for excess errors)
WARNING: libgomp.fortran/threadprivate3.f90 -O1 compilation failed to produce executable
FAIL: libgomp.fortran/threadprivate3.f90 -O2 (test for excess errors)
WARNING: libgomp.fortran/threadprivate3.f90 -O2 compilation failed to produce executable
FAIL: libgomp.fortran/threadprivate3.f90 -O3 -fomit-frame-pointer (test for excess errors)
WARNING: libgomp.fortran/threadprivate3.f90 -O3 -fomit-frame-pointer compilation failed to produce executable
FAIL: libgomp.fortran/threadprivate3.f90 -O3 -fomit-frame-pointer -funroll-loops (test for excess errors)
WARNING: libgomp.fortran/threadprivate3.f90 -O3 -fomit-frame-pointer -funroll-loops compilation failed to produce executable
FAIL: libgomp.fortran/threadprivate3.f90 -O3 -fomit-frame-pointer -funroll-all-loops -finline-functions (test for excess errors)
WARNING: libgomp.fortran/threadprivate3.f90 -O3 -fomit-frame-pointer -funroll-all-loops -finline-functions compilation failed to produce executable
FAIL: libgomp.fortran/threadprivate3.f90 -O3 -g (test for excess errors)
WARNING: libgomp.fortran/threadprivate3.f90 -O3 -g compilation failed to produce executable
FAIL: libgomp.fortran/threadprivate3.f90 -Os (test for excess errors)
WARNING: libgomp.fortran/threadprivate3.f90 -Os compilation failed to produce executable
=== libgomp Summary for unix ===
# of expected passes 2230
# of unexpected failures 80
# of unsupported tests 9
Running target unix/-m64
FAIL: libgomp.c++/ctor-5.C -O0 (test for excess errors)
WARNING: libgomp.c++/ctor-5.C -O0 compilation failed to produce executable
FAIL: libgomp.c++/ctor-5.C -O1 (test for excess errors)
WARNING: libgomp.c++/ctor-5.C -O1 compilation failed to produce executable
FAIL: libgomp.c++/ctor-5.C -O2 (test for excess errors)
WARNING: libgomp.c++/ctor-5.C -O2 compilation failed to produce executable
FAIL: libgomp.c++/ctor-5.C -O3 -fomit-frame-pointer (test for excess errors)
WARNING: libgomp.c++/ctor-5.C -O3 -fomit-frame-pointer compilation failed to produce executable
FAIL: libgomp.c++/ctor-5.C -O3 -fomit-frame-pointer -funroll-loops (test for excess errors)
WARNING: libgomp.c++/ctor-5.C -O3 -fomit-frame-pointer -funroll-loops compilation failed to produce executable
FAIL: libgomp.c++/ctor-5.C -O3 -fomit-frame-pointer -funroll-all-loops -finline-functions (test for excess errors)
WARNING: libgomp.c++/ctor-5.C -O3 -fomit-frame-pointer -funroll-all-loops -finline-functions compilation failed to produce executable
FAIL: libgomp.c++/ctor-5.C -O3 -g (test for excess errors)
WARNING: libgomp.c++/ctor-5.C -O3 -g compilation failed to produce executable
FAIL: libgomp.c++/ctor-5.C -Os (test for excess errors)
WARNING: libgomp.c++/ctor-5.C -Os compilation failed to produce executable
FAIL: libgomp.c++/ctor-8.C -O0 (test for excess errors)
WARNING: libgomp.c++/ctor-8.C -O0 compilation failed to produce executable
FAIL: libgomp.c++/ctor-8.C -O1 (test for excess errors)
WARNING: libgomp.c++/ctor-8.C -O1 compilation failed to produce executable
FAIL: libgomp.c++/ctor-8.C -O2 (test for excess errors)
WARNING: libgomp.c++/ctor-8.C -O2 compilation failed to produce executable
FAIL: libgomp.c++/ctor-8.C -O3 -fomit-frame-pointer (test for excess errors)
WARNING: libgomp.c++/ctor-8.C -O3 -fomit-frame-pointer compilation failed to produce executable
FAIL: libgomp.c++/ctor-8.C -O3 -fomit-frame-pointer -funroll-loops (test for excess errors)
WARNING: libgomp.c++/ctor-8.C -O3 -fomit-frame-pointer -funroll-loops compilation failed to produce executable
FAIL: libgomp.c++/ctor-8.C -O3 -fomit-frame-pointer -funroll-all-loops -finline-functions (test for excess errors)
WARNING: libgomp.c++/ctor-8.C -O3 -fomit-frame-pointer -funroll-all-loops -finline-functions compilation failed to produce executable
FAIL: libgomp.c++/ctor-8.C -O3 -g (test for excess errors)
WARNING: libgomp.c++/ctor-8.C -O3 -g compilation failed to produce executable
FAIL: libgomp.c++/ctor-8.C -Os (test for excess errors)
WARNING: libgomp.c++/ctor-8.C -Os compilation failed to produce executable
FAIL: libgomp.c++/ctor-9.C -O0 (test for excess errors)
WARNING: libgomp.c++/ctor-9.C -O0 compilation failed to produce executable
FAIL: libgomp.c++/ctor-9.C -O1 (test for excess errors)
WARNING: libgomp.c++/ctor-9.C -O1 compilation failed to produce executable
FAIL: libgomp.c++/ctor-9.C -O2 (test for excess errors)
WARNING: libgomp.c++/ctor-9.C -O2 compilation failed to produce executable
FAIL: libgomp.c++/ctor-9.C -O3 -fomit-frame-pointer (test for excess errors)
WARNING: libgomp.c++/ctor-9.C -O3 -fomit-frame-pointer compilation failed to produce executable
FAIL: libgomp.c++/ctor-9.C -O3 -fomit-frame-pointer -funroll-loops (test for excess errors)
WARNING: libgomp.c++/ctor-9.C -O3 -fomit-frame-pointer -funroll-loops compilation failed to produce executable
FAIL: libgomp.c++/ctor-9.C -O3 -fomit-frame-pointer -funroll-all-loops -finline-functions (test for excess errors)
WARNING: libgomp.c++/ctor-9.C -O3 -fomit-frame-pointer -funroll-all-loops -finline-functions compilation failed to produce executable
FAIL: libgomp.c++/ctor-9.C -O3 -g (test for excess errors)
WARNING: libgomp.c++/ctor-9.C -O3 -g compilation failed to produce executable
FAIL: libgomp.c++/ctor-9.C -Os (test for excess errors)
WARNING: libgomp.c++/ctor-9.C -Os compilation failed to produce executable
FAIL: libgomp.fortran/allocatable2.f90 -O0 (test for excess errors)
WARNING: libgomp.fortran/allocatable2.f90 -O0 compilation failed to produce executable
FAIL: libgomp.fortran/allocatable2.f90 -O1 (test for excess errors)
WARNING: libgomp.fortran/allocatable2.f90 -O1 compilation failed to produce executable
FAIL: libgomp.fortran/allocatable2.f90 -O2 (test for excess errors)
WARNING: libgomp.fortran/allocatable2.f90 -O2 compilation failed to produce executable
FAIL: libgomp.fortran/allocatable2.f90 -O3 -fomit-frame-pointer (test for excess errors)
WARNING: libgomp.fortran/allocatable2.f90 -O3 -fomit-frame-pointer compilation failed to produce executable
FAIL: libgomp.fortran/allocatable2.f90 -O3 -fomit-frame-pointer -funroll-loops (test for excess errors)
WARNING: libgomp.fortran/allocatable2.f90 -O3 -fomit-frame-pointer -funroll-loops compilation failed to produce executable
FAIL: libgomp.fortran/allocatable2.f90 -O3 -fomit-frame-pointer -funroll-all-loops -finline-functions (test for excess errors)
WARNING: libgomp.fortran/allocatable2.f90 -O3 -fomit-frame-pointer -funroll-all-loops -finline-functions compilation failed to produce executable
FAIL: libgomp.fortran/allocatable2.f90 -O3 -g (test for excess errors)
WARNING: libgomp.fortran/allocatable2.f90 -O3 -g compilation failed to produce executable
FAIL: libgomp.fortran/allocatable2.f90 -Os (test for excess errors)
WARNING: libgomp.fortran/allocatable2.f90 -Os compilation failed to produce executable
FAIL: libgomp.fortran/appendix-a/a.22.7.f90 -O0 (test for excess errors)
WARNING: libgomp.fortran/appendix-a/a.22.7.f90 -O0 compilation failed to produce executable
FAIL: libgomp.fortran/appendix-a/a.22.7.f90 -O1 (test for excess errors)
WARNING: libgomp.fortran/appendix-a/a.22.7.f90 -O1 compilation failed to produce executable
FAIL: libgomp.fortran/appendix-a/a.22.7.f90 -O2 (test for excess errors)
WARNING: libgomp.fortran/appendix-a/a.22.7.f90 -O2 compilation failed to produce executable
FAIL: libgomp.fortran/appendix-a/a.22.7.f90 -O3 -fomit-frame-pointer (test for excess errors)
WARNING: libgomp.fortran/appendix-a/a.22.7.f90 -O3 -fomit-frame-pointer compilation failed to produce executable
FAIL: libgomp.fortran/appendix-a/a.22.7.f90 -O3 -fomit-frame-pointer -funroll-loops (test for excess errors)
WARNING: libgomp.fortran/appendix-a/a.22.7.f90 -O3 -fomit-frame-pointer -funroll-loops compilation failed to produce executable
FAIL: libgomp.fortran/appendix-a/a.22.7.f90 -O3 -fomit-frame-pointer -funroll-all-loops -finline-functions (test for excess errors)
WARNING: libgomp.fortran/appendix-a/a.22.7.f90 -O3 -fomit-frame-pointer -funroll-all-loops -finline-functions compilation failed to produce executable
FAIL: libgomp.fortran/appendix-a/a.22.7.f90 -O3 -g (test for excess errors)
WARNING: libgomp.fortran/appendix-a/a.22.7.f90 -O3 -g compilation failed to produce executable
FAIL: libgomp.fortran/appendix-a/a.22.7.f90 -Os (test for excess errors)
WARNING: libgomp.fortran/appendix-a/a.22.7.f90 -Os compilation failed to produce executable
FAIL: libgomp.fortran/crayptr2.f90 -O0 (test for excess errors)
WARNING: libgomp.fortran/crayptr2.f90 -O0 compilation failed to produce executable
FAIL: libgomp.fortran/crayptr2.f90 -O1 (test for excess errors)
WARNING: libgomp.fortran/crayptr2.f90 -O1 compilation failed to produce executable
FAIL: libgomp.fortran/crayptr2.f90 -O2 (test for excess errors)
WARNING: libgomp.fortran/crayptr2.f90 -O2 compilation failed to produce executable
FAIL: libgomp.fortran/crayptr2.f90 -O3 -fomit-frame-pointer (test for excess errors)
WARNING: libgomp.fortran/crayptr2.f90 -O3 -fomit-frame-pointer compilation failed to produce executable
FAIL: libgomp.fortran/crayptr2.f90 -O3 -fomit-frame-pointer -funroll-loops (test for excess errors)
WARNING: libgomp.fortran/crayptr2.f90 -O3 -fomit-frame-pointer -funroll-loops compilation failed to produce executable
FAIL: libgomp.fortran/crayptr2.f90 -O3 -fomit-frame-pointer -funroll-all-loops -finline-functions (test for excess errors)
WARNING: libgomp.fortran/crayptr2.f90 -O3 -fomit-frame-pointer -funroll-all-loops -finline-functions compilation failed to produce executable
FAIL: libgomp.fortran/crayptr2.f90 -O3 -g (test for excess errors)
WARNING: libgomp.fortran/crayptr2.f90 -O3 -g compilation failed to produce executable
FAIL: libgomp.fortran/crayptr2.f90 -Os (test for excess errors)
WARNING: libgomp.fortran/crayptr2.f90 -Os compilation failed to produce executable
FAIL: libgomp.fortran/omp_parse3.f90 -O0 (test for excess errors)
WARNING: libgomp.fortran/omp_parse3.f90 -O0 compilation failed to produce executable
FAIL: libgomp.fortran/omp_parse3.f90 -O1 (test for excess errors)
WARNING: libgomp.fortran/omp_parse3.f90 -O1 compilation failed to produce executable
FAIL: libgomp.fortran/omp_parse3.f90 -O2 (test for excess errors)
WARNING: libgomp.fortran/omp_parse3.f90 -O2 compilation failed to produce executable
FAIL: libgomp.fortran/omp_parse3.f90 -O3 -fomit-frame-pointer (test for excess errors)
WARNING: libgomp.fortran/omp_parse3.f90 -O3 -fomit-frame-pointer compilation failed to produce executable
FAIL: libgomp.fortran/omp_parse3.f90 -O3 -fomit-frame-pointer -funroll-loops (test for excess errors)
WARNING: libgomp.fortran/omp_parse3.f90 -O3 -fomit-frame-pointer -funroll-loops compilation failed to produce executable
FAIL: libgomp.fortran/omp_parse3.f90 -O3 -fomit-frame-pointer -funroll-all-loops -finline-functions (test for excess errors)
WARNING: libgomp.fortran/omp_parse3.f90 -O3 -fomit-frame-pointer -funroll-all-loops -finline-functions compilation failed to produce executable
FAIL: libgomp.fortran/omp_parse3.f90 -O3 -g (test for excess errors)
WARNING: libgomp.fortran/omp_parse3.f90 -O3 -g compilation failed to produce executable
FAIL: libgomp.fortran/omp_parse3.f90 -Os (test for excess errors)
WARNING: libgomp.fortran/omp_parse3.f90 -Os compilation failed to produce executable
FAIL: libgomp.fortran/pr32550.f90 -O0 (test for excess errors)
WARNING: libgomp.fortran/pr32550.f90 -O0 compilation failed to produce executable
FAIL: libgomp.fortran/pr32550.f90 -O1 (test for excess errors)
WARNING: libgomp.fortran/pr32550.f90 -O1 compilation failed to produce executable
FAIL: libgomp.fortran/pr32550.f90 -O2 (test for excess errors)
WARNING: libgomp.fortran/pr32550.f90 -O2 compilation failed to produce executable
FAIL: libgomp.fortran/pr32550.f90 -O3 -fomit-frame-pointer (test for excess errors)
WARNING: libgomp.fortran/pr32550.f90 -O3 -fomit-frame-pointer compilation failed to produce executable
FAIL: libgomp.fortran/pr32550.f90 -O3 -fomit-frame-pointer -funroll-loops (test for excess errors)
WARNING: libgomp.fortran/pr32550.f90 -O3 -fomit-frame-pointer -funroll-loops compilation failed to produce executable
FAIL: libgomp.fortran/pr32550.f90 -O3 -fomit-frame-pointer -funroll-all-loops -finline-functions (test for excess errors)
WARNING: libgomp.fortran/pr32550.f90 -O3 -fomit-frame-pointer -funroll-all-loops -finline-functions compilation failed to produce executable
FAIL: libgomp.fortran/pr32550.f90 -O3 -g (test for excess errors)
WARNING: libgomp.fortran/pr32550.f90 -O3 -g compilation failed to produce executable
FAIL: libgomp.fortran/pr32550.f90 -Os (test for excess errors)
WARNING: libgomp.fortran/pr32550.f90 -Os compilation failed to produce executable
FAIL: libgomp.fortran/threadprivate2.f90 -O0 (test for excess errors)
WARNING: libgomp.fortran/threadprivate2.f90 -O0 compilation failed to produce executable
FAIL: libgomp.fortran/threadprivate2.f90 -O1 (test for excess errors)
WARNING: libgomp.fortran/threadprivate2.f90 -O1 compilation failed to produce executable
FAIL: libgomp.fortran/threadprivate2.f90 -O2 (test for excess errors)
WARNING: libgomp.fortran/threadprivate2.f90 -O2 compilation failed to produce executable
FAIL: libgomp.fortran/threadprivate2.f90 -O3 -fomit-frame-pointer (test for excess errors)
WARNING: libgomp.fortran/threadprivate2.f90 -O3 -fomit-frame-pointer compilation failed to produce executable
FAIL: libgomp.fortran/threadprivate2.f90 -O3 -fomit-frame-pointer -funroll-loops (test for excess errors)
WARNING: libgomp.fortran/threadprivate2.f90 -O3 -fomit-frame-pointer -funroll-loops compilation failed to produce executable
FAIL: libgomp.fortran/threadprivate2.f90 -O3 -fomit-frame-pointer -funroll-all-loops -finline-functions (test for excess errors)
WARNING: libgomp.fortran/threadprivate2.f90 -O3 -fomit-frame-pointer -funroll-all-loops -finline-functions compilation failed to produce executable
FAIL: libgomp.fortran/threadprivate2.f90 -O3 -g (test for excess errors)
WARNING: libgomp.fortran/threadprivate2.f90 -O3 -g compilation failed to produce executable
FAIL: libgomp.fortran/threadprivate2.f90 -Os (test for excess errors)
WARNING: libgomp.fortran/threadprivate2.f90 -Os compilation failed to produce executable
FAIL: libgomp.fortran/threadprivate3.f90 -O0 (test for excess errors)
WARNING: libgomp.fortran/threadprivate3.f90 -O0 compilation failed to produce executable
FAIL: libgomp.fortran/threadprivate3.f90 -O1 (test for excess errors)
WARNING: libgomp.fortran/threadprivate3.f90 -O1 compilation failed to produce executable
FAIL: libgomp.fortran/threadprivate3.f90 -O2 (test for excess errors)
WARNING: libgomp.fortran/threadprivate3.f90 -O2 compilation failed to produce executable
FAIL: libgomp.fortran/threadprivate3.f90 -O3 -fomit-frame-pointer (test for excess errors)
WARNING: libgomp.fortran/threadprivate3.f90 -O3 -fomit-frame-pointer compilation failed to produce executable
FAIL: libgomp.fortran/threadprivate3.f90 -O3 -fomit-frame-pointer -funroll-loops (test for excess errors)
WARNING: libgomp.fortran/threadprivate3.f90 -O3 -fomit-frame-pointer -funroll-loops compilation failed to produce executable
FAIL: libgomp.fortran/threadprivate3.f90 -O3 -fomit-frame-pointer -funroll-all-loops -finline-functions (test for excess errors)
WARNING: libgomp.fortran/threadprivate3.f90 -O3 -fomit-frame-pointer -funroll-all-loops -finline-functions compilation failed to produce executable
FAIL: libgomp.fortran/threadprivate3.f90 -O3 -g (test for excess errors)
WARNING: libgomp.fortran/threadprivate3.f90 -O3 -g compilation failed to produce executable
FAIL: libgomp.fortran/threadprivate3.f90 -Os (test for excess errors)
WARNING: libgomp.fortran/threadprivate3.f90 -Os compilation failed to produce executable
FAIL: libgomp.fortran/vla5.f90 -O3 -g execution test
=== libgomp Summary for unix/-m64 ===
# of expected passes 2229
# of unexpected failures 81
# of unsupported tests 9
=== libgomp Summary ===
# of expected passes 4459
# of unexpected failures 161
# of unsupported tests 18
=== libjava tests ===
Running target unix
=== libjava Summary for unix ===
# of expected passes 2574
Running target unix/-m64
=== libjava Summary for unix/-m64 ===
# of expected passes 2574
=== libjava Summary ===
# of expected passes 5148
=== libstdc++ tests ===
Running target unix
XPASS: 27_io/basic_istream/extractors_arithmetic/char/12.cc execution test
XPASS: 27_io/basic_istream/extractors_arithmetic/wchar_t/12.cc execution test
FAIL: 30_threads/call_once/39909.cc execution test
FAIL: 30_threads/call_once/call_once1.cc execution test
FAIL: ext/enc_filebuf/char/13598.cc execution test
FAIL: ext/new_allocator/deallocate_global.cc execution test
FAIL: ext/throw_allocator/deallocate_global.cc execution test
=== libstdc++ Summary for unix ===
# of expected passes 6277
# of unexpected failures 5
# of unexpected successes 2
# of expected failures 88
# of unsupported tests 419
Running target unix/-m64
XPASS: 27_io/basic_istream/extractors_arithmetic/char/12.cc execution test
XPASS: 27_io/basic_istream/extractors_arithmetic/wchar_t/12.cc execution test
FAIL: ext/enc_filebuf/char/13598.cc execution test
FAIL: ext/new_allocator/deallocate_global.cc execution test
FAIL: ext/throw_allocator/deallocate_global.cc execution test
=== libstdc++ Summary for unix/-m64 ===
# of expected passes 6279
# of unexpected failures 3
# of unexpected successes 2
# of expected failures 88
# of unsupported tests 419
=== libstdc++ Summary ===
# of expected passes 12556
# of unexpected failures 8
# of unexpected successes 4
# of expected failures 176
# of unsupported tests 838
Compiler version: 4.5.0 20091106 (experimental) [trunk revision 153968] (GCC)
Platform: sparc-sun-solaris2.10
configure flags: --prefix=/vol/gcc --with-local-prefix=/vol/gcc --disable-nls --enable-decimal-float --with-gmp=/vol/gcc --with-mpfr=/vol/gcc --with-mpc=/vol/gcc --with-libelf=/vol/gcc --enable-languages=c,c++,fortran,java,objc,ada --disable-libmudflap
BOOT_CFLAGS=-g -O2