This is the mail archive of the
gcc-testresults@gcc.gnu.org
mailing list for the GCC project.
Results for 4.5.0 20091109 (GCC) testsuite on sparc64-sun-solaris2.10
- From: botcazou at eu dot adacore dot com (Eric Botcazou)
- To: gcc-testresults at gcc dot gnu dot org
- Date: Tue, 10 Nov 2009 09:53:28 +0100 (CET)
- Subject: Results for 4.5.0 20091109 (GCC) testsuite on sparc64-sun-solaris2.10
=== acats tests ===
FAIL: c52103x
FAIL: c52104x
FAIL: c52104y
FAIL: cb1010a
FAIL: cb1010c
FAIL: cb1010d
=== acats Summary ===
# of expected passes 2315
# of unexpected failures 6
Native configuration is sparc64-sun-solaris2.10
=== g++ tests ===
Running target unix
XPASS: g++.dg/other/ucnid-1.C (test for excess errors)
FAIL: g++.dg/lto/20091026-1 cp_lto_20091026-1_0.o-cp_lto_20091026-1_1.o link
UNRESOLVED: g++.dg/lto/20091026-1 cp_lto_20091026-1_0.o-cp_lto_20091026-1_1.o execute -O0 -fwhopr
FAIL: g++.dg/lto/20091026-1 cp_lto_20091026-1_0.o-cp_lto_20091026-1_1.o link
UNRESOLVED: g++.dg/lto/20091026-1 cp_lto_20091026-1_0.o-cp_lto_20091026-1_1.o execute -O2 -fwhopr
FAIL: g++.dg/lto/20091026-1 cp_lto_20091026-1_0.o-cp_lto_20091026-1_1.o link
UNRESOLVED: g++.dg/lto/20091026-1 cp_lto_20091026-1_0.o-cp_lto_20091026-1_1.o execute -O0 -flto
FAIL: g++.dg/lto/20091026-1 cp_lto_20091026-1_0.o-cp_lto_20091026-1_1.o link
UNRESOLVED: g++.dg/lto/20091026-1 cp_lto_20091026-1_0.o-cp_lto_20091026-1_1.o execute -O2 -flto
XPASS: g++.old-deja/g++.other/init19.C execution test
=== g++ Summary ===
# of expected passes 21201
# of unexpected failures 4
# of unexpected successes 2
# of expected failures 157
# of unresolved testcases 4
# of unsupported tests 201
/nfs/nile/nile.build/botcazou/gcc-head/sparc64-sun-solaris2.10/gcc/testsuite/g++/../../g++ version 4.5.0 20091109 for GNAT Pro 6.3.0w (20091108) (GCC)
=== gcc tests ===
Running target unix
WARNING: program timed out.
FAIL: gcc.c-torture/compile/20001226-1.c -O3 -g (test for excess errors)
FAIL: gcc.c-torture/execute/ipa-sra-2.c execution, -O0
FAIL: gcc.c-torture/execute/ipa-sra-2.c execution, -O1
FAIL: gcc.c-torture/execute/ipa-sra-2.c execution, -O2
FAIL: gcc.c-torture/execute/ipa-sra-2.c execution, -O3 -fomit-frame-pointer
FAIL: gcc.c-torture/execute/ipa-sra-2.c execution, -O3 -g
FAIL: gcc.c-torture/execute/ipa-sra-2.c execution, -Os
FAIL: gcc.c-torture/execute/ipa-sra-2.c execution, -O2 -flto
FAIL: gcc.c-torture/execute/ipa-sra-2.c execution, -O2 -fwhopr
FAIL: gcc.dg/cpp/trad/include.c (internal compiler error)
FAIL: gcc.dg/cpp/trad/include.c (test for excess errors)
FAIL: gcc.dg/20020425-1.c (test for excess errors)
XPASS: gcc.dg/Warray-bounds.c (test for warnings, line 59)
XPASS: gcc.dg/Warray-bounds.c (test for warnings, line 65)
XPASS: gcc.dg/Wunreachable-8.c (test for bogus messages, line 7)
FAIL: gcc.dg/pr34668-1.c (internal compiler error)
FAIL: gcc.dg/pr34668-1.c (test for excess errors)
XPASS: gcc.dg/ucnid-11.c (test for excess errors)
XPASS: gcc.dg/ucnid-12.c (test for excess errors)
XPASS: gcc.dg/ucnid-2.c (test for excess errors)
XPASS: gcc.dg/ucnid-3.c (test for excess errors)
XPASS: gcc.dg/ucnid-4.c (test for excess errors)
FAIL: gcc.dg/lto/20081120-1 c_lto_20081120-1_0.o-c_lto_20081120-1_1.o link
UNRESOLVED: gcc.dg/lto/20081120-1 c_lto_20081120-1_0.o-c_lto_20081120-1_1.o execute -flto -r -nostdlib
FAIL: gcc.dg/lto/20081120-2 c_lto_20081120-2_0.o-c_lto_20081120-2_1.o link
UNRESOLVED: gcc.dg/lto/20081120-2 c_lto_20081120-2_0.o-c_lto_20081120-2_1.o execute -fwhopr -r -nostdlib
FAIL: gcc.dg/lto/20081201-2 c_lto_20081201-2_0.o-c_lto_20081201-2_1.o execute -O3 -fwhopr
FAIL: gcc.dg/lto/20081204-1 c_lto_20081204-1_0.o-c_lto_20081204-1_1.o link
UNRESOLVED: gcc.dg/lto/20081204-1 c_lto_20081204-1_0.o-c_lto_20081204-1_1.o execute -fwhopr -fPIC -r -nostdlib
FAIL: gcc.dg/lto/20081212-1 c_lto_20081212-1_0.o-c_lto_20081212-1_0.o link
UNRESOLVED: gcc.dg/lto/20081212-1 c_lto_20081212-1_0.o-c_lto_20081212-1_0.o execute -r -nostdlib
ERROR: tcl error sourcing /nile.build/botcazou/gcc-head/src/gcc/testsuite/gcc.dg/lto/lto.exp.
ERROR: can't read "name": no such variable
FAIL: largefile.c -O0 -g -I. (test for excess errors)
FAIL: gcc.dg/pch/largefile.c -O0 -g assembly comparison
FAIL: largefile.c -O0 -I. (test for excess errors)
FAIL: gcc.dg/pch/largefile.c -O0 assembly comparison
FAIL: largefile.c -O1 -I. (test for excess errors)
FAIL: gcc.dg/pch/largefile.c -O1 assembly comparison
FAIL: largefile.c -O2 -I. (test for excess errors)
FAIL: gcc.dg/pch/largefile.c -O2 assembly comparison
FAIL: largefile.c -O3 -fomit-frame-pointer -I. (test for excess errors)
FAIL: gcc.dg/pch/largefile.c -O3 -fomit-frame-pointer assembly comparison
FAIL: largefile.c -O3 -g -I. (internal compiler error)
FAIL: largefile.c -O3 -g -I. (test for excess errors)
FAIL: gcc.dg/pch/largefile.c -O3 -g assembly comparison
FAIL: largefile.c -Os -I. (test for excess errors)
FAIL: gcc.dg/pch/largefile.c -Os assembly comparison
XPASS: gcc.dg/struct/wo_prof_array_through_pointer.c scan-ipa-dump ipa_struct_reorg "Number of structures to transform is 1"
FAIL: gcc.dg/struct/wo_prof_double_malloc.c (internal compiler error)
FAIL: gcc.dg/struct/wo_prof_double_malloc.c (test for excess errors)
WARNING: gcc.dg/struct/wo_prof_double_malloc.c compilation failed to produce executable
FAIL: gcc.dg/torture/pr26565.c -O1 execution test
FAIL: gcc.dg/torture/pr26565.c -O2 execution test
FAIL: gcc.dg/torture/pr26565.c -Os execution test
FAIL: gcc.dg/torture/pr26565.c -O2 -flto execution test
FAIL: gcc.dg/torture/pr26565.c -O2 -fwhopr execution test
=== gcc Summary ===
# of expected passes 62484
# of unexpected failures 41
# of unexpected successes 9
# of expected failures 194
# of unresolved testcases 4
# of unsupported tests 886
/nfs/nile/nile.build/botcazou/gcc-head/sparc64-sun-solaris2.10/gcc/xgcc version 4.5.0 20091109 for GNAT Pro 6.3.0w (20091108) (GCC)
=== gfortran tests ===
Running target unix
FAIL: gfortran.dg/lto/20091015-1 f_lto_20091015-1_0.o-f_lto_20091015-1_2.o link
UNRESOLVED: gfortran.dg/lto/20091015-1 f_lto_20091015-1_0.o-f_lto_20091015-1_2.o execute -O0 -fwhopr
FAIL: gfortran.dg/lto/20091015-1 f_lto_20091015-1_0.o-f_lto_20091015-1_2.o link
UNRESOLVED: gfortran.dg/lto/20091015-1 f_lto_20091015-1_0.o-f_lto_20091015-1_2.o execute -O2 -fwhopr
FAIL: gfortran.dg/lto/20091015-1 f_lto_20091015-1_0.o-f_lto_20091015-1_2.o link
UNRESOLVED: gfortran.dg/lto/20091015-1 f_lto_20091015-1_0.o-f_lto_20091015-1_2.o execute -O0 -flto
FAIL: gfortran.dg/lto/20091015-1 f_lto_20091015-1_0.o-f_lto_20091015-1_2.o link
UNRESOLVED: gfortran.dg/lto/20091015-1 f_lto_20091015-1_0.o-f_lto_20091015-1_2.o execute -O2 -flto
FAIL: gfortran.dg/lto/20091028-1 f_lto_20091028-1_0.o-f_lto_20091028-1_1.o link
UNRESOLVED: gfortran.dg/lto/20091028-1 f_lto_20091028-1_0.o-f_lto_20091028-1_1.o execute -O0 -fwhopr
FAIL: gfortran.dg/lto/20091028-1 f_lto_20091028-1_0.o-f_lto_20091028-1_1.o link
UNRESOLVED: gfortran.dg/lto/20091028-1 f_lto_20091028-1_0.o-f_lto_20091028-1_1.o execute -O2 -fwhopr
FAIL: gfortran.dg/lto/20091028-1 f_lto_20091028-1_0.o-f_lto_20091028-1_1.o link
UNRESOLVED: gfortran.dg/lto/20091028-1 f_lto_20091028-1_0.o-f_lto_20091028-1_1.o execute -O0 -flto
FAIL: gfortran.dg/lto/20091028-1 f_lto_20091028-1_0.o-f_lto_20091028-1_1.o link
UNRESOLVED: gfortran.dg/lto/20091028-1 f_lto_20091028-1_0.o-f_lto_20091028-1_1.o execute -O2 -flto
FAIL: gfortran.dg/lto/20091028-2 f_lto_20091028-2_0.o-f_lto_20091028-2_1.o link
UNRESOLVED: gfortran.dg/lto/20091028-2 f_lto_20091028-2_0.o-f_lto_20091028-2_1.o execute -O0 -fwhopr
FAIL: gfortran.dg/lto/20091028-2 f_lto_20091028-2_0.o-f_lto_20091028-2_1.o link
UNRESOLVED: gfortran.dg/lto/20091028-2 f_lto_20091028-2_0.o-f_lto_20091028-2_1.o execute -O2 -fwhopr
FAIL: gfortran.dg/lto/20091028-2 f_lto_20091028-2_0.o-f_lto_20091028-2_1.o link
UNRESOLVED: gfortran.dg/lto/20091028-2 f_lto_20091028-2_0.o-f_lto_20091028-2_1.o execute -O0 -flto
FAIL: gfortran.dg/lto/20091028-2 f_lto_20091028-2_0.o-f_lto_20091028-2_1.o link
UNRESOLVED: gfortran.dg/lto/20091028-2 f_lto_20091028-2_0.o-f_lto_20091028-2_1.o execute -O2 -flto
=== gfortran Summary ===
# of expected passes 33095
# of unexpected failures 12
# of expected failures 25
# of unresolved testcases 12
# of unsupported tests 78
/nfs/nile/nile.build/botcazou/gcc-head/sparc64-sun-solaris2.10/gcc/testsuite/gfortran/../../gfortran version 4.5.0 20091109 for GNAT Pro 6.3.0w (20091108) (GCC)
=== gnat tests ===
Running target unix
FAIL: gnat.dg/stack_check1.adb execution test
FAIL: gnat.dg/stack_check2.adb execution test
=== gnat Summary ===
# of expected passes 740
# of unexpected failures 2
# of expected failures 5
# of unsupported tests 1
=== obj-c++ tests ===
Running target unix
WARNING: obj-c++.dg/lookup-2.mm compilation failed to produce executable
WARNING: obj-c++.dg/try-catch-2.mm compilation failed to produce executable
WARNING: obj-c++.dg/try-catch-9.mm compilation failed to produce executable
=== obj-c++ Summary ===
# of expected passes 430
# of expected failures 18
# of unsupported tests 13
/nfs/nile/nile.build/botcazou/gcc-head/sparc64-sun-solaris2.10/gcc/testsuite/obj-c++/../../g++ version 4.5.0 20091109 for GNAT Pro 6.3.0w (20091108) (GCC)
=== objc tests ===
Running target unix
FAIL: objc/execute/forward-1.m execution, -O0 -fgnu-runtime
FAIL: objc/execute/forward-1.m execution, -O1 -fgnu-runtime
FAIL: objc/execute/forward-1.m execution, -O2 -fgnu-runtime
FAIL: objc/execute/forward-1.m execution, -O3 -fomit-frame-pointer -fgnu-runtime
FAIL: objc/execute/forward-1.m execution, -O3 -fomit-frame-pointer -funroll-loops -fgnu-runtime
FAIL: objc/execute/forward-1.m execution, -O3 -fomit-frame-pointer -funroll-all-loops -finline-functions -fgnu-runtime
FAIL: objc/execute/forward-1.m execution, -O3 -g -fgnu-runtime
FAIL: objc/execute/forward-1.m execution, -Os -fgnu-runtime
=== objc Summary ===
# of expected passes 1867
# of unexpected failures 8
# of expected failures 7
# of unsupported tests 24
/nfs/nile/nile.build/botcazou/gcc-head/sparc64-sun-solaris2.10/gcc/xgcc version 4.5.0 20091109 for GNAT Pro 6.3.0w (20091108) (GCC)
=== libgomp tests ===
Running target unix
=== libgomp Summary ===
# of expected passes 2404
# of unsupported tests 2
=== libstdc++ tests ===
Running target unix
FAIL: 22_locale/num_put/put/char/14220.cc execution test
FAIL: 22_locale/num_put/put/wchar_t/14220.cc execution test
XPASS: 27_io/basic_istream/extractors_arithmetic/char/12.cc execution test
XPASS: 27_io/basic_istream/extractors_arithmetic/wchar_t/12.cc execution test
FAIL: ext/new_allocator/deallocate_global.cc execution test
FAIL: ext/throw_allocator/deallocate_global.cc execution test
=== libstdc++ Summary ===
# of expected passes 5906
# of unexpected failures 4
# of unexpected successes 2
# of expected failures 84
# of unsupported tests 589
=== libstdc++ Summary ===
Compiler version: 4.5.0 20091109 for GNAT Pro 6.3.0w (20091108) (GCC)
Platform: sparc64-sun-solaris2.10
configure flags: --build=sparc64-sun-solaris2.10 --prefix=/nile.build/botcazou/gcc-head/install_sparc64 --with-as=/nile.build/botcazou/gcc-head/install_sparc64/bin/as --with-gmp=/nile.build/botcazou/gcc-head/install_sparc64 --with-gmp-lib=/nile.build/botcazou/gcc-head/install_sparc64/lib/sparcv9 --with-mpfr=/nile.build/botcazou/gcc-head/install_sparc64 --with-mpfr-lib=/nile.build/botcazou/gcc-head/install_sparc64/lib/sparcv9 --with-mpc=/nile.build/botcazou/gcc-head/install_sparc64 --with-mpc-lib=/nile.build/botcazou/gcc-head/install_sparc64/lib/sparcv9 --with-libelf=/nile.build/botcazou/gcc-head/install_sparc64 --with-libelf-lib=/nile.build/botcazou/gcc-head/install_sparc64/lib/sparcv9 --enable-languages=c,c++,objc,obj-c++,fortran,ada --disable-libstdcxx-pch --disable-nls
BOOT_CFLAGS=-g -O2