This is the mail archive of the
gcc-testresults@gcc.gnu.org
mailing list for the GCC project.
Results for 4.5.0 20091028 (experimental) [trunk revision 153678] (GCC) testsuite on i686-pc-linux-gnu
- From: hjl at gnu-9 dot sc dot intel dot com (H.J. Lu (ia32))
- To: gcc-testresults at gcc dot gnu dot org
- Date: Wed, 28 Oct 2009 13:06:06 -0700 (PDT)
- Subject: Results for 4.5.0 20091028 (experimental) [trunk revision 153678] (GCC) testsuite on i686-pc-linux-gnu
LAST_UPDATED: Wed Oct 28 17:23:12 UTC 2009 (revision 153678)
Native configuration is i686-pc-linux-gnu
=== gcc tests ===
Running target unix
FAIL: gcc.c-torture/compile/limits-exprparen.c -O0 (test for excess errors)
FAIL: gcc.c-torture/compile/limits-exprparen.c -O1 (test for excess errors)
FAIL: gcc.c-torture/compile/limits-exprparen.c -O2 (test for excess errors)
FAIL: gcc.c-torture/compile/limits-exprparen.c -O3 -fomit-frame-pointer (test for excess errors)
FAIL: gcc.c-torture/compile/limits-exprparen.c -O3 -g (test for excess errors)
FAIL: gcc.c-torture/compile/limits-exprparen.c -Os (test for excess errors)
FAIL: gcc.c-torture/compile/limits-exprparen.c -O2 -flto (test for excess errors)
FAIL: gcc.c-torture/compile/limits-exprparen.c -O2 -fwhopr (test for excess errors)
FAIL: gcc.c-torture/execute/builtins/memmove-2.c compilation, -O2 -fwhopr
UNRESOLVED: gcc.c-torture/execute/builtins/memmove-2.c execution, -O2 -fwhopr
FAIL: gcc.c-torture/execute/builtins/sprintf-chk.c execution, -O2 -fwhopr
FAIL: gcc.c-torture/execute/builtins/stpcpy-chk.c execution, -O2 -fwhopr
FAIL: gcc.c-torture/execute/builtins/strcpy-chk.c execution, -O2 -fwhopr
XPASS: gcc.dg/Warray-bounds.c (test for warnings, line 59)
XPASS: gcc.dg/Warray-bounds.c (test for warnings, line 65)
XPASS: gcc.dg/Wunreachable-8.c (test for bogus messages, line 7)
XPASS: gcc.dg/guality/example.c -O0 execution test
WARNING: program timed out.
WARNING: program timed out.
XPASS: gcc.dg/guality/inline-params.c -O0 execution test
XPASS: gcc.dg/guality/inline-params.c -O1 execution test
XPASS: gcc.dg/guality/inline-params.c -O2 execution test
XPASS: gcc.dg/guality/inline-params.c -O3 -fomit-frame-pointer execution test
XPASS: gcc.dg/guality/inline-params.c -O3 -g execution test
XPASS: gcc.dg/guality/inline-params.c -Os execution test
XPASS: gcc.dg/guality/pr41353-1.c -O0 line 28 j == 28 + 37
FAIL: gcc.dg/guality/pr41353-1.c -O1 line 28 i1 == 2 * 37
FAIL: gcc.dg/guality/pr41353-1.c -O1 line 28 i2 == 3 * 37
FAIL: gcc.dg/guality/pr41353-1.c -O2 line 28 i1 == 2 * 37
FAIL: gcc.dg/guality/pr41353-1.c -O2 line 28 i2 == 3 * 37
FAIL: gcc.dg/guality/pr41353-1.c -O3 -fomit-frame-pointer line 28 i1 == 2 * 37
FAIL: gcc.dg/guality/pr41353-1.c -O3 -fomit-frame-pointer line 28 i2 == 3 * 37
FAIL: gcc.dg/guality/pr41353-1.c -O3 -g line 28 i1 == 2 * 37
FAIL: gcc.dg/guality/pr41353-1.c -O3 -g line 28 i2 == 3 * 37
FAIL: gcc.dg/guality/pr41353-1.c -Os line 28 i1 == 2 * 37
FAIL: gcc.dg/guality/pr41353-1.c -Os line 28 i2 == 3 * 37
XPASS: gcc.dg/guality/pr41447-1.c -O0 execution test
XPASS: gcc.dg/guality/pr41616-1.c -O0 execution test
XPASS: gcc.dg/guality/pr41616-1.c -O1 execution test
XPASS: gcc.dg/guality/pr41616-1.c -O2 execution test
XPASS: gcc.dg/guality/pr41616-1.c -Os execution test
FAIL: gcc.dg/lto/20081120-1 c_lto_20081120-1_0.o-c_lto_20081120-1_1.o link
UNRESOLVED: gcc.dg/lto/20081120-1 c_lto_20081120-1_0.o-c_lto_20081120-1_1.o execute -flto -r -nostdlib
FAIL: gcc.dg/lto/20081120-2 c_lto_20081120-2_0.o-c_lto_20081120-2_1.o link
UNRESOLVED: gcc.dg/lto/20081120-2 c_lto_20081120-2_0.o-c_lto_20081120-2_1.o execute -fwhopr -r -nostdlib
FAIL: gcc.dg/lto/20081126 c_lto_20081126_0.o-c_lto_20081126_0.o link
UNRESOLVED: gcc.dg/lto/20081126 c_lto_20081126_0.o-c_lto_20081126_0.o execute -flto -r -nostdlib
FAIL: gcc.dg/lto/20081204-1 c_lto_20081204-1_0.o-c_lto_20081204-1_1.o link
UNRESOLVED: gcc.dg/lto/20081204-1 c_lto_20081204-1_0.o-c_lto_20081204-1_1.o execute -fwhopr -fPIC -r -nostdlib
FAIL: gcc.dg/lto/20081204-2 c_lto_20081204-2_0.o-c_lto_20081204-2_0.o link
UNRESOLVED: gcc.dg/lto/20081204-2 c_lto_20081204-2_0.o-c_lto_20081204-2_0.o execute -w -flto -fPIC -r -nostdlib
FAIL: gcc.dg/lto/20081212-1 c_lto_20081212-1_0.o-c_lto_20081212-1_0.o link
UNRESOLVED: gcc.dg/lto/20081212-1 c_lto_20081212-1_0.o-c_lto_20081212-1_0.o execute -r -nostdlib
ERROR: tcl error sourcing /net/gnu-13/export/gnu/src/gcc/gcc/gcc/testsuite/gcc.dg/lto/lto.exp.
ERROR: can't read "name": no such variable
XPASS: gcc.dg/struct/wo_prof_array_through_pointer.c scan-ipa-dump ipa_struct_reorg "Number of structures to transform is 1"
=== gcc Summary ===
# of expected passes 70460
# of unexpected failures 28
# of unexpected successes 17
# of expected failures 215
# of unresolved testcases 7
# of unsupported tests 621
/export/build/gnu/gcc/build-i686-linux/gcc/xgcc version 4.5.0 20091028 (experimental) [trunk revision 153678] (GCC)
=== gfortran tests ===
Running target unix
FAIL: gfortran.dg/lto/20091028-1 f_lto_20091028-1_0.o-f_lto_20091028-1_1.o link
UNRESOLVED: gfortran.dg/lto/20091028-1 f_lto_20091028-1_0.o-f_lto_20091028-1_1.o execute -O0 -fwhopr
FAIL: gfortran.dg/lto/20091028-1 f_lto_20091028-1_0.o-f_lto_20091028-1_1.o link
UNRESOLVED: gfortran.dg/lto/20091028-1 f_lto_20091028-1_0.o-f_lto_20091028-1_1.o execute -O2 -fwhopr
FAIL: gfortran.dg/lto/20091028-1 f_lto_20091028-1_0.o-f_lto_20091028-1_1.o link
UNRESOLVED: gfortran.dg/lto/20091028-1 f_lto_20091028-1_0.o-f_lto_20091028-1_1.o execute -O0 -flto
FAIL: gfortran.dg/lto/20091028-1 f_lto_20091028-1_0.o-f_lto_20091028-1_1.o link
UNRESOLVED: gfortran.dg/lto/20091028-1 f_lto_20091028-1_0.o-f_lto_20091028-1_1.o execute -O2 -flto
FAIL: gfortran.dg/lto/20091028-2 f_lto_20091028-2_0.o-f_lto_20091028-2_1.o link
UNRESOLVED: gfortran.dg/lto/20091028-2 f_lto_20091028-2_0.o-f_lto_20091028-2_1.o execute -O0 -fwhopr
FAIL: gfortran.dg/lto/20091028-2 f_lto_20091028-2_0.o-f_lto_20091028-2_1.o link
UNRESOLVED: gfortran.dg/lto/20091028-2 f_lto_20091028-2_0.o-f_lto_20091028-2_1.o execute -O2 -fwhopr
FAIL: gfortran.dg/lto/20091028-2 f_lto_20091028-2_0.o-f_lto_20091028-2_1.o link
UNRESOLVED: gfortran.dg/lto/20091028-2 f_lto_20091028-2_0.o-f_lto_20091028-2_1.o execute -O0 -flto
FAIL: gfortran.dg/lto/20091028-2 f_lto_20091028-2_0.o-f_lto_20091028-2_1.o link
UNRESOLVED: gfortran.dg/lto/20091028-2 f_lto_20091028-2_0.o-f_lto_20091028-2_1.o execute -O2 -flto
FAIL: gfortran.dg/lto/pr40725 f_lto_pr40725_0.o-f_lto_pr40725_1.o execute -O2 -fwhopr
FAIL: gfortran.dg/lto/pr40725 f_lto_pr40725_0.o-f_lto_pr40725_1.o execute -O2 -flto
=== gfortran Summary ===
# of expected passes 32878
# of unexpected failures 10
# of expected failures 22
# of unresolved testcases 8
# of unsupported tests 121
/export/build/gnu/gcc/build-i686-linux/gcc/testsuite/gfortran/../../gfortran version 4.5.0 20091028 (experimental) [trunk revision 153678] (GCC)
=== g++ tests ===
Running target unix
FAIL: g++.dg/lto/20081109 cp_lto_20081109_0.o-cp_lto_20081109_1.o execute -O2 -fwhopr
FAIL: g++.dg/lto/20090106 cp_lto_20090106_0.o-cp_lto_20090106_0.o link
UNRESOLVED: g++.dg/lto/20090106 cp_lto_20090106_0.o-cp_lto_20090106_0.o execute -O0 -fwhopr
FAIL: g++.dg/lto/20090106 cp_lto_20090106_0.o-cp_lto_20090106_0.o link
UNRESOLVED: g++.dg/lto/20090106 cp_lto_20090106_0.o-cp_lto_20090106_0.o execute -O0 -flto
FAIL: g++.dg/lto/20091026-1 cp_lto_20091026-1_0.o-cp_lto_20091026-1_1.o link
UNRESOLVED: g++.dg/lto/20091026-1 cp_lto_20091026-1_0.o-cp_lto_20091026-1_1.o execute -O0 -fwhopr
FAIL: g++.dg/lto/20091026-1 cp_lto_20091026-1_0.o-cp_lto_20091026-1_1.o link
UNRESOLVED: g++.dg/lto/20091026-1 cp_lto_20091026-1_0.o-cp_lto_20091026-1_1.o execute -O2 -fwhopr
FAIL: g++.dg/lto/20091026-1 cp_lto_20091026-1_0.o-cp_lto_20091026-1_1.o link
UNRESOLVED: g++.dg/lto/20091026-1 cp_lto_20091026-1_0.o-cp_lto_20091026-1_1.o execute -O0 -flto
FAIL: g++.dg/lto/20091026-1 cp_lto_20091026-1_0.o-cp_lto_20091026-1_1.o link
UNRESOLVED: g++.dg/lto/20091026-1 cp_lto_20091026-1_0.o-cp_lto_20091026-1_1.o execute -O2 -flto
=== g++ Summary ===
# of expected passes 23299
# of unexpected failures 7
# of expected failures 157
# of unresolved testcases 6
# of unsupported tests 111
/export/build/gnu/gcc/build-i686-linux/gcc/testsuite/g++/../../g++ version 4.5.0 20091028 (experimental) [trunk revision 153678] (GCC)
=== objc tests ===
Running target unix
=== objc Summary ===
# of expected passes 1875
# of expected failures 7
# of unsupported tests 24
/export/build/gnu/gcc/build-i686-linux/gcc/xgcc version 4.5.0 20091028 (experimental) [trunk revision 153678] (GCC)
=== libffi tests ===
Running target unix
=== libffi Summary ===
# of expected passes 1589
# of expected failures 15
# of unsupported tests 15
=== libgomp tests ===
Running target unix
=== libgomp Summary ===
# of expected passes 2408
=== libjava tests ===
Running target unix
=== libjava Summary ===
# of expected passes 2574
=== libmudflap tests ===
Running target unix
FAIL: libmudflap.c/fail31-frag.c (-O3) output pattern test
FAIL: libmudflap.c/pass45-frag.c (-O3) execution test
FAIL: libmudflap.c/pass45-frag.c (-O3) output pattern test
FAIL: libmudflap.c/pass45-frag.c (-O3) execution test
FAIL: libmudflap.c/pass45-frag.c (-O3) output pattern test
FAIL: libmudflap.c++/pass41-frag.cxx execution test
FAIL: libmudflap.c++/pass41-frag.cxx (-static) execution test
FAIL: libmudflap.c++/pass41-frag.cxx ( -O) execution test
FAIL: libmudflap.c++/pass41-frag.cxx (-O2) execution test
FAIL: libmudflap.c++/pass41-frag.cxx (-O3) execution test
FAIL: libmudflap.cth/pass37-frag.c (-static -DSTATIC) execution test
FAIL: libmudflap.cth/pass37-frag.c (-static -DSTATIC) output pattern test
FAIL: libmudflap.cth/pass37-frag.c (-static -DSTATIC) (rerun 1) execution test
FAIL: libmudflap.cth/pass37-frag.c (-static -DSTATIC) (rerun 1) output pattern test
FAIL: libmudflap.cth/pass37-frag.c (-static -DSTATIC) (rerun 2) execution test
FAIL: libmudflap.cth/pass37-frag.c (-static -DSTATIC) (rerun 2) output pattern test
FAIL: libmudflap.cth/pass37-frag.c (-static -DSTATIC) (rerun 3) execution test
FAIL: libmudflap.cth/pass37-frag.c (-static -DSTATIC) (rerun 3) output pattern test
FAIL: libmudflap.cth/pass37-frag.c (-static -DSTATIC) (rerun 4) execution test
FAIL: libmudflap.cth/pass37-frag.c (-static -DSTATIC) (rerun 4) output pattern test
FAIL: libmudflap.cth/pass37-frag.c (-static -DSTATIC) (rerun 5) execution test
FAIL: libmudflap.cth/pass37-frag.c (-static -DSTATIC) (rerun 5) output pattern test
FAIL: libmudflap.cth/pass37-frag.c (-static -DSTATIC) (rerun 6) execution test
FAIL: libmudflap.cth/pass37-frag.c (-static -DSTATIC) (rerun 6) output pattern test
FAIL: libmudflap.cth/pass37-frag.c (-static -DSTATIC) (rerun 7) execution test
FAIL: libmudflap.cth/pass37-frag.c (-static -DSTATIC) (rerun 7) output pattern test
FAIL: libmudflap.cth/pass37-frag.c (-static -DSTATIC) (rerun 8) execution test
FAIL: libmudflap.cth/pass37-frag.c (-static -DSTATIC) (rerun 8) output pattern test
FAIL: libmudflap.cth/pass37-frag.c (-static -DSTATIC) (rerun 9) execution test
FAIL: libmudflap.cth/pass37-frag.c (-static -DSTATIC) (rerun 9) output pattern test
FAIL: libmudflap.cth/pass37-frag.c (-static -DSTATIC) (rerun 10) execution test
FAIL: libmudflap.cth/pass37-frag.c (-static -DSTATIC) (rerun 10) output pattern test
FAIL: libmudflap.cth/pass37-frag.c (-static -DSTATIC) (rerun 11) execution test
FAIL: libmudflap.cth/pass37-frag.c (-static -DSTATIC) (rerun 11) output pattern test
FAIL: libmudflap.cth/pass37-frag.c (-static -DSTATIC) (rerun 12) execution test
FAIL: libmudflap.cth/pass37-frag.c (-static -DSTATIC) (rerun 12) output pattern test
FAIL: libmudflap.cth/pass37-frag.c (-static -DSTATIC) (rerun 13) execution test
FAIL: libmudflap.cth/pass37-frag.c (-static -DSTATIC) (rerun 13) output pattern test
FAIL: libmudflap.cth/pass37-frag.c (-static -DSTATIC) (rerun 14) execution test
FAIL: libmudflap.cth/pass37-frag.c (-static -DSTATIC) (rerun 14) output pattern test
FAIL: libmudflap.cth/pass37-frag.c (-static -DSTATIC) (rerun 15) execution test
FAIL: libmudflap.cth/pass37-frag.c (-static -DSTATIC) (rerun 15) output pattern test
FAIL: libmudflap.cth/pass37-frag.c (-static -DSTATIC) (rerun 16) execution test
FAIL: libmudflap.cth/pass37-frag.c (-static -DSTATIC) (rerun 16) output pattern test
FAIL: libmudflap.cth/pass37-frag.c (-static -DSTATIC) (rerun 17) execution test
FAIL: libmudflap.cth/pass37-frag.c (-static -DSTATIC) (rerun 17) output pattern test
FAIL: libmudflap.cth/pass37-frag.c (-static -DSTATIC) (rerun 18) execution test
FAIL: libmudflap.cth/pass37-frag.c (-static -DSTATIC) (rerun 18) output pattern test
FAIL: libmudflap.cth/pass37-frag.c (-static -DSTATIC) (rerun 19) execution test
FAIL: libmudflap.cth/pass37-frag.c (-static -DSTATIC) (rerun 19) output pattern test
FAIL: libmudflap.cth/pass39-frag.c (-static -DSTATIC) execution test
FAIL: libmudflap.cth/pass39-frag.c (-static -DSTATIC) output pattern test
FAIL: libmudflap.cth/pass39-frag.c (-static -DSTATIC) (rerun 1) execution test
FAIL: libmudflap.cth/pass39-frag.c (-static -DSTATIC) (rerun 1) output pattern test
FAIL: libmudflap.cth/pass39-frag.c (-static -DSTATIC) (rerun 2) execution test
FAIL: libmudflap.cth/pass39-frag.c (-static -DSTATIC) (rerun 2) output pattern test
FAIL: libmudflap.cth/pass39-frag.c (-static -DSTATIC) (rerun 3) execution test
FAIL: libmudflap.cth/pass39-frag.c (-static -DSTATIC) (rerun 3) output pattern test
FAIL: libmudflap.cth/pass39-frag.c (-static -DSTATIC) (rerun 4) execution test
FAIL: libmudflap.cth/pass39-frag.c (-static -DSTATIC) (rerun 4) output pattern test
FAIL: libmudflap.cth/pass39-frag.c (-static -DSTATIC) (rerun 5) execution test
FAIL: libmudflap.cth/pass39-frag.c (-static -DSTATIC) (rerun 5) output pattern test
FAIL: libmudflap.cth/pass39-frag.c (-static -DSTATIC) (rerun 6) execution test
FAIL: libmudflap.cth/pass39-frag.c (-static -DSTATIC) (rerun 6) output pattern test
FAIL: libmudflap.cth/pass39-frag.c (-static -DSTATIC) (rerun 7) execution test
FAIL: libmudflap.cth/pass39-frag.c (-static -DSTATIC) (rerun 7) output pattern test
FAIL: libmudflap.cth/pass39-frag.c (-static -DSTATIC) (rerun 8) execution test
FAIL: libmudflap.cth/pass39-frag.c (-static -DSTATIC) (rerun 8) output pattern test
FAIL: libmudflap.cth/pass39-frag.c (-static -DSTATIC) (rerun 9) execution test
FAIL: libmudflap.cth/pass39-frag.c (-static -DSTATIC) (rerun 9) output pattern test
FAIL: libmudflap.cth/pass39-frag.c (-static -DSTATIC) (rerun 10) execution test
FAIL: libmudflap.cth/pass39-frag.c (-static -DSTATIC) (rerun 10) output pattern test
FAIL: libmudflap.cth/pass39-frag.c (-static -DSTATIC) (rerun 11) execution test
FAIL: libmudflap.cth/pass39-frag.c (-static -DSTATIC) (rerun 11) output pattern test
FAIL: libmudflap.cth/pass39-frag.c (-static -DSTATIC) (rerun 12) execution test
FAIL: libmudflap.cth/pass39-frag.c (-static -DSTATIC) (rerun 12) output pattern test
FAIL: libmudflap.cth/pass39-frag.c (-static -DSTATIC) (rerun 13) execution test
FAIL: libmudflap.cth/pass39-frag.c (-static -DSTATIC) (rerun 13) output pattern test
FAIL: libmudflap.cth/pass39-frag.c (-static -DSTATIC) (rerun 14) execution test
FAIL: libmudflap.cth/pass39-frag.c (-static -DSTATIC) (rerun 14) output pattern test
FAIL: libmudflap.cth/pass39-frag.c (-static -DSTATIC) (rerun 15) execution test
FAIL: libmudflap.cth/pass39-frag.c (-static -DSTATIC) (rerun 15) output pattern test
FAIL: libmudflap.cth/pass39-frag.c (-static -DSTATIC) (rerun 16) execution test
FAIL: libmudflap.cth/pass39-frag.c (-static -DSTATIC) (rerun 16) output pattern test
FAIL: libmudflap.cth/pass39-frag.c (-static -DSTATIC) (rerun 17) execution test
FAIL: libmudflap.cth/pass39-frag.c (-static -DSTATIC) (rerun 17) output pattern test
FAIL: libmudflap.cth/pass39-frag.c (-static -DSTATIC) (rerun 18) execution test
FAIL: libmudflap.cth/pass39-frag.c (-static -DSTATIC) (rerun 18) output pattern test
FAIL: libmudflap.cth/pass39-frag.c (-static -DSTATIC) (rerun 19) execution test
FAIL: libmudflap.cth/pass39-frag.c (-static -DSTATIC) (rerun 19) output pattern test
FAIL: libmudflap.cth/pass40-frag.c (-static -DSTATIC) execution test
FAIL: libmudflap.cth/pass40-frag.c (-static -DSTATIC) output pattern test
FAIL: libmudflap.cth/pass59-frag.c (-static -DSTATIC) execution test
FAIL: libmudflap.cth/pass59-frag.c (-static -DSTATIC) output pattern test
=== libmudflap Summary ===
# of expected passes 1800
# of unexpected failures 94
=== libstdc++ tests ===
Running target unix
XPASS: 26_numerics/headers/cmath/c99_classification_macros_c.cc (test for excess errors)
FAIL: ext/pb_ds/regression/hash_data_map_rand.cc execution test
FAIL: ext/pb_ds/regression/hash_no_data_map_rand.cc execution test
FAIL: ext/pb_ds/regression/list_update_data_map_rand.cc execution test
FAIL: ext/pb_ds/regression/list_update_no_data_map_rand.cc execution test
FAIL: ext/pb_ds/regression/tree_data_map_rand.cc execution test
FAIL: ext/pb_ds/regression/tree_no_data_map_rand.cc execution test
FAIL: ext/pb_ds/regression/trie_data_map_rand.cc execution test
FAIL: ext/pb_ds/regression/trie_no_data_map_rand.cc execution test
=== libstdc++ Summary ===
# of expected passes 6891
# of unexpected failures 8
# of unexpected successes 1
# of expected failures 87
# of unsupported tests 83
Compiler version: 4.5.0 20091028 (experimental) [trunk revision 153678] (GCC)
Platform: i686-pc-linux-gnu
configure flags: --enable-clocale=gnu --with-system-zlib --enable-checking=assert --with-demangler-in-ld --enable-shared --enable-threads=posix --enable-haifa --prefix=/usr/gcc-4.5 --with-local-prefix=/usr/local