This is the mail archive of the gcc-testresults@gcc.gnu.org mailing list for the GCC project.


Index Nav: [Date Index] [Subject Index] [Author Index] [Thread Index]
Message Nav: [Date Prev] [Date Next] [Thread Prev] [Thread Next]
Other format: [Raw text]

Results for 4.4.2 (GCC) testsuite on x86_64-unknown-linux-gnu


This is a Red Hat Enterprise (GNU/)Linux 4.0 U4 system
running on a dual 2.19 GHz AMD Opteron machine.

boot compiler: gcc 3.4.6 (Red Hat 3.4.6-3)

kernel: 2.6.9-55.ELsmp (from Red Hat)
glibc: 2.3.4-2-25 (from Red Hat)
binutils: 2.17 (FSF release)
MPFR: 2.3.1

All languages were tested.
LAST_UPDATED: Obtained from SVN: tags/gcc_4_4_2_release revision 152840

Native configuration is x86_64-unknown-linux-gnu

		=== gcc tests ===


Running target unix/
FAIL: gcc.dg/tree-prof/bb-reorg.c compilation,  -fprofile-use -D_PROFILE_USE
UNRESOLVED: gcc.dg/tree-prof/bb-reorg.c execution,    -fprofile-use -D_PROFILE_USE
FAIL: gcc.dg/tree-prof/pr34999.c compilation,  -fprofile-use -D_PROFILE_USE
UNRESOLVED: gcc.dg/tree-prof/pr34999.c execution,    -fprofile-use -D_PROFILE_USE

		=== gcc Summary ===

# of expected passes		55678
# of unexpected failures	2
# of expected failures		190
# of unresolved testcases	2
# of unsupported tests		1291
/remote/atg10/jbuck/gnu/build-4.4.2-linux/gcc/xgcc  version 4.4.2 (GCC) 

		=== gfortran tests ===


Running target unix/

		=== gfortran Summary ===

# of expected passes		29807
# of expected failures		10
# of unsupported tests		44
/remote/atg10/jbuck/gnu/build-4.4.2-linux/gcc/testsuite/gfortran/../../gfortran  version 4.4.2 (GCC) 

		=== g++ tests ===


Running target unix/

		=== g++ Summary ===

# of expected passes		19641
# of expected failures		156
# of unsupported tests		251
/remote/atg10/jbuck/gnu/build-4.4.2-linux/gcc/testsuite/g++/../../g++  version 4.4.2 (GCC) 

		=== objc tests ===


Running target unix/

		=== objc Summary ===

# of expected passes		1866
# of expected failures		15
# of unsupported tests		24
/remote/atg10/jbuck/gnu/build-4.4.2-linux/gcc/xgcc  version 4.4.2 (GCC) 

		=== libffi tests ===


Running target unix/

		=== libffi Summary ===

# of expected passes		1389
# of unsupported tests		10
		=== libgomp tests ===


Running target unix/

		=== libgomp Summary ===

# of expected passes		2406
		=== libjava tests ===


Running target unix/

		=== libjava Summary ===

# of expected passes		2574
		=== libmudflap tests ===


Running target unix/
FAIL: libmudflap.c++/pass41-frag.cxx execution test
FAIL: libmudflap.c++/pass41-frag.cxx (-static) execution test
FAIL: libmudflap.c++/pass41-frag.cxx (-O2) execution test
FAIL: libmudflap.c++/pass41-frag.cxx (-O3) execution test

		=== libmudflap Summary ===

# of expected passes		1890
# of unexpected failures	4
		=== libstdc++ tests ===


Running target unix/
XPASS: 26_numerics/headers/cmath/c99_classification_macros_c.cc (test for excess errors)

		=== libstdc++ Summary ===

# of expected passes		6502
# of unexpected successes	1
# of expected failures		79
# of unsupported tests		15

Compiler version: 4.4.2 (GCC) 
Platform: x86_64-unknown-linux-gnu
configure flags: --prefix=/u/jbuck/cvs.x86_64/4.4.2 --with-gnu-as --with-as=/u/jbuck/gnu.amd64/bin/as --with-gnu-ld --with-ld=/u/jbuck/gnu.amd64/bin/ld --with-mpfr=/u/jbuck/gnu.amd64


Index Nav: [Date Index] [Subject Index] [Author Index] [Thread Index]
Message Nav: [Date Prev] [Date Next] [Thread Prev] [Thread Next]