This is the mail archive of the gcc-testresults@gcc.gnu.org mailing list for the GCC project.


Index Nav: [Date Index] [Subject Index] [Author Index] [Thread Index]
Message Nav: [Date Prev] [Date Next] [Thread Prev] [Thread Next]
Other format: [Raw text]

Results for 4.5.0 20091025 (experimental) [trunk revision 153538] (GCC) testsuite on ia64-suse-linux-gnu


LAST_UPDATED: Sun Oct 25 09:00:49 UTC 2009 (revision 153538)

		=== acats tests ===

		=== acats Summary ===
# of expected passes		2315
# of unexpected failures	0
Native configuration is ia64-suse-linux-gnu

		=== g++ tests ===


Running target unix
FAIL: g++.dg/debug/dwarf2/icf.C scan-assembler \\\\.section.*.debug_vcall
FAIL: g++.dg/debug/dwarf2/icf.C scan-assembler 0x0.*Vtable slot
FAIL: g++.dg/debug/dwarf2/icf.C scan-assembler 0x1.*Vtable slot

		=== g++ Summary ===

# of expected passes		19786
# of unexpected failures	3
# of expected failures		155
# of unsupported tests		169
/usr/local/gcc/gcc-20091025/Build/gcc/testsuite/g++/../../g++  version 4.5.0 20091025 (experimental) [trunk revision 153538] (GCC) 

		=== gcc tests ===


Running target unix
FAIL: gcc.dg/debug/dwarf2/inline2.c scan-assembler-times byte.*?0x3.*? DW_AT_inline 3
XPASS: gcc.dg/Warray-bounds.c  (test for warnings, line 59)
XPASS: gcc.dg/Warray-bounds.c  (test for warnings, line 65)
XPASS: gcc.dg/Wunreachable-8.c  (test for bogus messages, line 7)
FAIL: gcc.dg/builtin-apply4.c execution test
FAIL: gcc.dg/pr34668-1.c (internal compiler error)
FAIL: gcc.dg/pr34668-1.c (test for excess errors)
FAIL: gcc.dg/pr37106-1.c (internal compiler error)
FAIL: gcc.dg/pr37106-1.c (test for excess errors)
XPASS: gcc.dg/guality/example.c  -O0  execution test
WARNING: program timed out.
XPASS: gcc.dg/guality/guality.c  -O0  execution test
WARNING: program timed out.
XPASS: gcc.dg/guality/pr41353-1.c  -O0  line 28 j == 28 + 37
FAIL: gcc.dg/guality/pr41353-1.c  -O3 -fomit-frame-pointer  line 39 i == 12
FAIL: gcc.dg/guality/pr41353-1.c  -O3 -g  line 39 i == 12
XPASS: gcc.dg/guality/pr41447-1.c  -O0  execution test
XPASS: gcc.dg/guality/pr41447-1.c  -O2  execution test
XPASS: gcc.dg/guality/pr41447-1.c  -O3 -fomit-frame-pointer  execution test
XPASS: gcc.dg/guality/pr41447-1.c  -O3 -g  execution test
WARNING: program timed out.
XPASS: gcc.dg/guality/pr41616-1.c  -O0  execution test
WARNING: program timed out.
XPASS: gcc.dg/struct/wo_prof_array_through_pointer.c scan-ipa-dump ipa_struct_reorg "Number of structures to transform is 1"
FAIL: gcc.dg/struct/wo_prof_double_malloc.c (internal compiler error)
FAIL: gcc.dg/struct/wo_prof_double_malloc.c (test for excess errors)
WARNING: gcc.dg/struct/wo_prof_double_malloc.c compilation failed to produce executable
XPASS: gcc.dg/tree-ssa/loop-1.c scan-assembler-times foo 5

		=== gcc Summary ===

# of expected passes		52856
# of unexpected failures	10
# of unexpected successes	13
# of expected failures		259
# of unsupported tests		691
/usr/local/gcc/gcc-20091025/Build/gcc/xgcc  version 4.5.0 20091025 (experimental) [trunk revision 153538] (GCC) 

		=== gfortran tests ===


Running target unix

		=== gfortran Summary ===

# of expected passes		32867
# of expected failures		31
# of unsupported tests		54
/usr/local/gcc/gcc-20091025/Build/gcc/testsuite/gfortran/../../gfortran  version 4.5.0 20091025 (experimental) [trunk revision 153538] (GCC) 

		=== gnat tests ===


Running target unix

		=== gnat Summary ===

# of expected passes		731
# of expected failures		5
# of unsupported tests		1
		=== obj-c++ tests ===


Running target unix
WARNING: obj-c++.dg/lookup-2.mm compilation failed to produce executable
WARNING: obj-c++.dg/try-catch-2.mm compilation failed to produce executable
WARNING: obj-c++.dg/try-catch-9.mm compilation failed to produce executable

		=== obj-c++ Summary ===

# of expected passes		430
# of expected failures		18
# of unsupported tests		13
/usr/local/gcc/gcc-20091025/Build/gcc/testsuite/obj-c++/../../g++  version 4.5.0 20091025 (experimental) [trunk revision 153538] (GCC) 

		=== objc tests ===


Running target unix

		=== objc Summary ===

# of expected passes		1865
# of expected failures		15
# of unsupported tests		25
/usr/local/gcc/gcc-20091025/Build/gcc/xgcc  version 4.5.0 20091025 (experimental) [trunk revision 153538] (GCC) 

		=== libffi tests ===


Running target unix
FAIL: libffi.call/cls_longdouble_va.c -O0 -W -Wall output pattern test, is %.1f
FAIL: libffi.call/cls_longdouble_va.c -O2 output pattern test, is %.1f
FAIL: libffi.call/cls_longdouble_va.c -O3 output pattern test, is %.1f
FAIL: libffi.call/cls_longdouble_va.c -Os output pattern test, is %.1f
FAIL: libffi.call/cls_longdouble_va.c -O2 -fomit-frame-pointer output pattern test, is %.1f

		=== libffi Summary ===

# of expected passes		1589
# of unexpected failures	5
# of expected failures		10
# of unsupported tests		15
		=== libgomp tests ===


Running target unix
FAIL: libgomp.c/omp-loop03.c execution test
FAIL: libgomp.c++/loop-3.C  -O  execution test

		=== libgomp Summary ===

# of expected passes		2406
# of unexpected failures	2
		=== libjava tests ===


Running target unix
FAIL: TestClosureGC run
FAIL: getlocalvartable output
FAIL: Array_3 execution - source compiled test
FAIL: Array_3 -findirect-dispatch execution - source compiled test
FAIL: Array_3 -O3 execution - source compiled test
FAIL: Array_3 -O3 -findirect-dispatch execution - source compiled test
FAIL: Invoke_1 execution - source compiled test
FAIL: Invoke_1 -findirect-dispatch execution - source compiled test
FAIL: Invoke_1 -O3 execution - source compiled test
FAIL: Invoke_1 -O3 -findirect-dispatch execution - source compiled test
FAIL: Throw_3 -O3 output - source compiled test
FAIL: Throw_3 -O3 -findirect-dispatch output - source compiled test
FAIL: pr83 -findirect-dispatch execution - source compiled test
FAIL: pr83 -O3 -findirect-dispatch execution - source compiled test

		=== libjava Summary ===

# of expected passes		2550
# of unexpected failures	14
# of untested testcases		11
		=== libmudflap tests ===


Running target unix
FAIL: libmudflap.c/pass54-frag.c execution test
FAIL: libmudflap.c/pass54-frag.c execution test
FAIL: libmudflap.c/pass54-frag.c (-static) execution test
FAIL: libmudflap.c/pass54-frag.c (-static) execution test
FAIL: libmudflap.c/fail31-frag.c (-O3) crash test
FAIL: libmudflap.c/fail31-frag.c (-O3) output pattern test
FAIL: libmudflap.c/pass45-frag.c (-O3) execution test
FAIL: libmudflap.c/pass45-frag.c (-O3) output pattern test
FAIL: libmudflap.c/pass45-frag.c (-O3) execution test
FAIL: libmudflap.c/pass45-frag.c (-O3) output pattern test
FAIL: libmudflap.c++/pass41-frag.cxx execution test
FAIL: libmudflap.c++/pass41-frag.cxx (-static) execution test
FAIL: libmudflap.c++/pass41-frag.cxx ( -O) execution test
FAIL: libmudflap.c++/pass41-frag.cxx (-O2) execution test
FAIL: libmudflap.c++/pass41-frag.cxx (-O3) execution test

		=== libmudflap Summary ===

# of expected passes		1879
# of unexpected failures	15
		=== libstdc++ tests ===


Running target unix
XPASS: 26_numerics/headers/cmath/c99_classification_macros_c.cc (test for excess errors)

		=== libstdc++ Summary ===

# of expected passes		7042
# of unexpected successes	1
# of expected failures		88
# of unsupported tests		13

Compiler version: 4.5.0 20091025 (experimental) [trunk revision 153538] (GCC) 
Platform: ia64-suse-linux-gnu
configure flags: --prefix=/usr --build=ia64-suse-linux --host=ia64-suse-linux --enable-shared --enable-threads --enable-__cxa_atexit --with-system-zlib --with-system-libunwind


Index Nav: [Date Index] [Subject Index] [Author Index] [Thread Index]
Message Nav: [Date Prev] [Date Next] [Thread Prev] [Thread Next]