This is the mail archive of the gcc-testresults@gcc.gnu.org mailing list for the GCC project.


Index Nav: [Date Index] [Subject Index] [Author Index] [Thread Index]
Message Nav: [Date Prev] [Date Next] [Thread Prev] [Thread Next]
Other format: [Raw text]

Results for 4.5.0 20091018 (experimental) [trunk revision 152967] (GCC) gcc testsuite on avr-unknown-none


Debian 5 on x86_64
cross tool versions:
GNU assembler (GNU Binutils) 2.20.51.20090926
GNU gdb 6.4
GNU ld (GNU Binutils) 2.20.51.20090926

GNU Make 3.81
expect version 5.43.0
host gcc version: gcc (GCC) 4.5.0 20091018 (experimental) [trunk revision 152967]
LAST_UPDATED: Sun Oct 18 22:01:49 UTC 2009 (revision 152967)

Target is avr-unknown-none
Host   is x86_64-unknown-linux-gnu

		=== gcc tests ===


Running target avrtest-m128-sim
FAIL: gcc.c-torture/compile/pr36141.c  -O1  (test for excess errors)
FAIL: gcc.c-torture/compile/pr36141.c  -O2  (test for excess errors)
FAIL: gcc.c-torture/compile/pr36141.c  -O3 -fomit-frame-pointer  (test for excess errors)
FAIL: gcc.c-torture/compile/pr36141.c  -O3 -g  (test for excess errors)
FAIL: gcc.c-torture/compile/pr36141.c  -Os  (test for excess errors)
FAIL: gcc.c-torture/compile/pr40204.c  -O0  (test for excess errors)
FAIL: gcc.c-torture/compile/pr40204.c  -O1  (test for excess errors)
FAIL: gcc.c-torture/compile/pr40204.c  -O2  (test for excess errors)
FAIL: gcc.c-torture/compile/pr40204.c  -O3 -fomit-frame-pointer  (test for excess errors)
FAIL: gcc.c-torture/compile/pr40204.c  -O3 -g  (test for excess errors)
FAIL: gcc.c-torture/compile/pr40204.c  -Os  (test for excess errors)
FAIL: gcc.c-torture/compile/pr41181.c  -O0  (test for excess errors)
FAIL: gcc.c-torture/compile/pr41181.c  -O1  (test for excess errors)
FAIL: gcc.c-torture/compile/pr41181.c  -O2  (test for excess errors)
FAIL: gcc.c-torture/compile/pr41181.c  -O3 -fomit-frame-pointer  (test for excess errors)
FAIL: gcc.c-torture/compile/pr41181.c  -O3 -g  (test for excess errors)
FAIL: gcc.c-torture/compile/pr41181.c  -Os  (test for excess errors)
FAIL: gcc.c-torture/execute/builtins/pr22237.c compilation,  -O3 -fomit-frame-pointer  (internal compiler error)
UNRESOLVED: gcc.c-torture/execute/builtins/pr22237.c execution,  -O3 -fomit-frame-pointer 
FAIL: gcc.c-torture/execute/builtins/pr22237.c compilation,  -O3 -fomit-frame-pointer -funroll-loops  (internal compiler error)
UNRESOLVED: gcc.c-torture/execute/builtins/pr22237.c execution,  -O3 -fomit-frame-pointer -funroll-loops 
FAIL: gcc.c-torture/execute/builtins/pr22237.c compilation,  -O3 -fomit-frame-pointer -funroll-all-loops -finline-functions  (internal compiler error)
UNRESOLVED: gcc.c-torture/execute/builtins/pr22237.c execution,  -O3 -fomit-frame-pointer -funroll-all-loops -finline-functions 
FAIL: gcc.c-torture/execute/builtins/pr22237.c compilation,  -O3 -g  (internal compiler error)
UNRESOLVED: gcc.c-torture/execute/builtins/pr22237.c execution,  -O3 -g 
FAIL: gcc.c-torture/execute/20010122-1.c execution,  -O0 
FAIL: gcc.c-torture/execute/ipa-sra-2.c compilation,  -O0 
UNRESOLVED: gcc.c-torture/execute/ipa-sra-2.c execution,  -O0 
FAIL: gcc.c-torture/execute/ipa-sra-2.c compilation,  -O1 
UNRESOLVED: gcc.c-torture/execute/ipa-sra-2.c execution,  -O1 
FAIL: gcc.c-torture/execute/ipa-sra-2.c compilation,  -O2 
UNRESOLVED: gcc.c-torture/execute/ipa-sra-2.c execution,  -O2 
FAIL: gcc.c-torture/execute/ipa-sra-2.c compilation,  -O3 -fomit-frame-pointer 
UNRESOLVED: gcc.c-torture/execute/ipa-sra-2.c execution,  -O3 -fomit-frame-pointer 
FAIL: gcc.c-torture/execute/ipa-sra-2.c compilation,  -O3 -g 
UNRESOLVED: gcc.c-torture/execute/ipa-sra-2.c execution,  -O3 -g 
FAIL: gcc.c-torture/execute/ipa-sra-2.c compilation,  -Os 
UNRESOLVED: gcc.c-torture/execute/ipa-sra-2.c execution,  -Os 
FAIL: gcc.c-torture/execute/memcpy-1.c compilation,  -O2  (internal compiler error)
UNRESOLVED: gcc.c-torture/execute/memcpy-1.c execution,  -O2 
FAIL: gcc.c-torture/execute/memcpy-1.c compilation,  -O3 -fomit-frame-pointer  (internal compiler error)
UNRESOLVED: gcc.c-torture/execute/memcpy-1.c execution,  -O3 -fomit-frame-pointer 
FAIL: gcc.c-torture/execute/memcpy-1.c compilation,  -O3 -fomit-frame-pointer -funroll-loops  (internal compiler error)
UNRESOLVED: gcc.c-torture/execute/memcpy-1.c execution,  -O3 -fomit-frame-pointer -funroll-loops 
FAIL: gcc.c-torture/execute/memcpy-1.c compilation,  -O3 -fomit-frame-pointer -funroll-all-loops -finline-functions  (internal compiler error)
UNRESOLVED: gcc.c-torture/execute/memcpy-1.c execution,  -O3 -fomit-frame-pointer -funroll-all-loops -finline-functions 
FAIL: gcc.c-torture/execute/memcpy-1.c compilation,  -O3 -g  (internal compiler error)
UNRESOLVED: gcc.c-torture/execute/memcpy-1.c execution,  -O3 -g 
FAIL: gcc.c-torture/execute/memcpy-1.c compilation,  -Os  (internal compiler error)
UNRESOLVED: gcc.c-torture/execute/memcpy-1.c execution,  -Os 
FAIL: gcc.c-torture/execute/mode-dependent-address.c compilation,  -O1  (internal compiler error)
UNRESOLVED: gcc.c-torture/execute/mode-dependent-address.c execution,  -O1 
FAIL: gcc.c-torture/execute/mode-dependent-address.c compilation,  -O2  (internal compiler error)
UNRESOLVED: gcc.c-torture/execute/mode-dependent-address.c execution,  -O2 
FAIL: gcc.c-torture/execute/mode-dependent-address.c compilation,  -O3 -fomit-frame-pointer  (internal compiler error)
UNRESOLVED: gcc.c-torture/execute/mode-dependent-address.c execution,  -O3 -fomit-frame-pointer 
FAIL: gcc.c-torture/execute/mode-dependent-address.c compilation,  -O3 -fomit-frame-pointer -funroll-loops  (internal compiler error)
UNRESOLVED: gcc.c-torture/execute/mode-dependent-address.c execution,  -O3 -fomit-frame-pointer -funroll-loops 
FAIL: gcc.c-torture/execute/mode-dependent-address.c compilation,  -O3 -fomit-frame-pointer -funroll-all-loops -finline-functions  (internal compiler error)
UNRESOLVED: gcc.c-torture/execute/mode-dependent-address.c execution,  -O3 -fomit-frame-pointer -funroll-all-loops -finline-functions 
FAIL: gcc.c-torture/execute/mode-dependent-address.c compilation,  -O3 -g  (internal compiler error)
UNRESOLVED: gcc.c-torture/execute/mode-dependent-address.c execution,  -O3 -g 
FAIL: gcc.c-torture/execute/mode-dependent-address.c compilation,  -Os  (internal compiler error)
UNRESOLVED: gcc.c-torture/execute/mode-dependent-address.c execution,  -Os 
FAIL: gcc.c-torture/execute/pr17377.c execution,  -O0 
FAIL: gcc.c-torture/execute/pr17377.c execution,  -O1 
FAIL: gcc.c-torture/execute/pr17377.c execution,  -O2 
FAIL: gcc.c-torture/execute/pr17377.c execution,  -O3 -fomit-frame-pointer 
FAIL: gcc.c-torture/execute/pr17377.c execution,  -O3 -g 
FAIL: gcc.c-torture/execute/pr17377.c execution,  -Os 
FAIL: gcc.c-torture/execute/pr40404.c compilation,  -O0 
UNRESOLVED: gcc.c-torture/execute/pr40404.c execution,  -O0 
FAIL: gcc.c-torture/execute/pr40404.c compilation,  -O1 
UNRESOLVED: gcc.c-torture/execute/pr40404.c execution,  -O1 
FAIL: gcc.c-torture/execute/pr40404.c compilation,  -O2 
UNRESOLVED: gcc.c-torture/execute/pr40404.c execution,  -O2 
FAIL: gcc.c-torture/execute/pr40404.c compilation,  -O3 -fomit-frame-pointer 
UNRESOLVED: gcc.c-torture/execute/pr40404.c execution,  -O3 -fomit-frame-pointer 
FAIL: gcc.c-torture/execute/pr40404.c compilation,  -O3 -g 
UNRESOLVED: gcc.c-torture/execute/pr40404.c execution,  -O3 -g 
FAIL: gcc.c-torture/execute/pr40404.c compilation,  -Os 
UNRESOLVED: gcc.c-torture/execute/pr40404.c execution,  -Os 
FAIL: gcc.c-torture/execute/pr40668.c execution,  -O0 
FAIL: gcc.c-torture/execute/pr40668.c execution,  -O1 
FAIL: gcc.c-torture/execute/pr40668.c execution,  -O2 
FAIL: gcc.c-torture/execute/pr40668.c execution,  -O3 -fomit-frame-pointer 
FAIL: gcc.c-torture/execute/pr40668.c execution,  -O3 -g 
FAIL: gcc.c-torture/execute/pr40668.c execution,  -Os 
ERROR: tcl error sourcing /home/mstein/svn/trunk/gcc/testsuite/gcc.c-torture/execute/execute.exp.
ERROR: child killed: kill signal
ERROR: tcl error sourcing /home/mstein/svn/trunk/gcc/testsuite/gcc.c-torture/execute/ieee/ieee.exp.
ERROR: torture-init: torture_without_loops is not empty as expected
ERROR: tcl error sourcing /home/mstein/svn/trunk/gcc/testsuite/gcc.c-torture/unsorted/unsorted.exp.
ERROR: torture-init: torture_without_loops is not empty as expected
FAIL: gcc.dg/compat/struct-by-value-16 c_compat_x_tst.o-c_compat_y_tst.o execute "-Os -mcall-prologues","-Os -mcall-prologues"
ERROR: tcl error sourcing /home/mstein/svn/trunk/gcc/testsuite/gcc.dg/compat/compat.exp.
ERROR: child killed: kill signal
FAIL: gcc.dg/debug/pr41264-1.c -gdwarf-2 -g1 (test for excess errors)
FAIL: gcc.dg/debug/pr41264-1.c -gdwarf-2 -g1 -O (test for excess errors)
FAIL: gcc.dg/debug/pr41264-1.c -gdwarf-2 -g1 -O3 (test for excess errors)
FAIL: gcc.dg/debug/pr41264-1.c -gdwarf-2 (test for excess errors)
FAIL: gcc.dg/debug/pr41264-1.c -gdwarf-2 -O (test for excess errors)
FAIL: gcc.dg/debug/pr41264-1.c -gdwarf-2 -O3 (test for excess errors)
FAIL: gcc.dg/debug/pr41264-1.c -gdwarf-2 -g3 (test for excess errors)
FAIL: gcc.dg/debug/pr41264-1.c -gdwarf-2 -g3 -O (test for excess errors)
FAIL: gcc.dg/debug/pr41264-1.c -gdwarf-2 -g3 -O3 (test for excess errors)
FAIL: gcc.dg/debug/pr41264-1.c -gstabs1 (test for excess errors)
FAIL: gcc.dg/debug/pr41264-1.c -gstabs1 -O (test for excess errors)
FAIL: gcc.dg/debug/pr41264-1.c -gstabs1 -O3 (test for excess errors)
FAIL: gcc.dg/debug/pr41264-1.c -gstabs (test for excess errors)
FAIL: gcc.dg/debug/pr41264-1.c -gstabs -O (test for excess errors)
FAIL: gcc.dg/debug/pr41264-1.c -gstabs -O3 (test for excess errors)
FAIL: gcc.dg/debug/pr41264-1.c -gstabs3 (test for excess errors)
FAIL: gcc.dg/debug/pr41264-1.c -gstabs3 -O (test for excess errors)
FAIL: gcc.dg/debug/pr41264-1.c -gstabs3 -O3 (test for excess errors)
FAIL: gcc.dg/debug/pr41264-1.c -gstabs+1 (test for excess errors)
FAIL: gcc.dg/debug/pr41264-1.c -gstabs+1 -O (test for excess errors)
FAIL: gcc.dg/debug/pr41264-1.c -gstabs+1 -O3 (test for excess errors)
FAIL: gcc.dg/debug/pr41264-1.c -gstabs+ (test for excess errors)
FAIL: gcc.dg/debug/pr41264-1.c -gstabs+ -O (test for excess errors)
FAIL: gcc.dg/debug/pr41264-1.c -gstabs+ -O3 (test for excess errors)
FAIL: gcc.dg/debug/pr41264-1.c -gstabs+3 (test for excess errors)
FAIL: gcc.dg/debug/pr41264-1.c -gstabs+3 -O (test for excess errors)
FAIL: gcc.dg/debug/pr41264-1.c -gstabs+3 -O3 (test for excess errors)
FAIL: gcc.dg/debug/dwarf2/global-used-types.c scan-assembler-times DIE \\\\(0x.*?\\\\) DW_TAG_enumeration_type 1
FAIL: gcc.dg/debug/dwarf2/global-used-types.c scan-assembler-times DIE \\\\(0x.*?\\\\) DW_TAG_enumerator 2
FAIL: gcc.dg/debug/dwarf2/global-used-types.c scan-assembler-times ascii "a.0"[\\t ]+.*?DW_AT_name 1
FAIL: gcc.dg/debug/dwarf2/global-used-types.c scan-assembler-times ascii "b.0"[\\t ]+.*?DW_AT_name 1
FAIL: gcc.dg/debug/dwarf2/inline2.c scan-assembler-times \\\\(DIE \\\\(.*?\\\\) DW_TAG_inlined_subroutine 6
FAIL: gcc.dg/debug/dwarf2/inline2.c scan-assembler-times \\\\(DIE \\\\(.*?\\\\) DW_TAG_lexical_block 6
FAIL: gcc.dg/debug/dwarf2/inline2.c scan-assembler-times byte.*?0x3.*? DW_AT_inline 3
FAIL: gcc.dg/debug/dwarf2/inline3.c scan-assembler-times  DW_AT_const_value 1
FAIL: gcc.dg/debug/dwarf2/pr37726.c scan-assembler-times "parm[^\\n]*"[^\\n]*DW_AT_name 2
FAIL: gcc.dg/debug/dwarf2/pr37726.c scan-assembler-times "var[^\\n]*"[^\\n]*DW_AT_name 2
FAIL: gcc.dg/debug/dwarf2/pr41445-1.c scan-assembler DW_TAG_variable[^\\\\r\\\\n]*[\\\\r\\\\n]+[^\\\\r\\\\n]*"varh[^\\\\r\\\\n]*DW_AT_name([^\\\\r\\\\n]*[\\\\r\\\\n]+[^\\\\r\\\\n]*DW_AT_)*[^\\\\r\\\\n]*[\\\\r\\\\n]+[^\\\\r\\\\n]*[^0-9a-fA-FxX](0x)?8[^0-9a-fA-FxX][^\\\\r\\\\n]*DW_AT_decl_line
FAIL: gcc.dg/debug/dwarf2/pr41445-1.c scan-assembler DW_TAG_variable[^\\\\r\\\\n]*[\\\\r\\\\n]+[^\\\\r\\\\n]*"vari[^\\\\r\\\\n]*DW_AT_name([^\\\\r\\\\n]*[\\\\r\\\\n]+[^\\\\r\\\\n]*DW_AT_)*[^\\\\r\\\\n]*[\\\\r\\\\n]+[^\\\\r\\\\n]*[^0-9a-fA-FxX](0xc|12)[^0-9a-fA-FxX][^\\\\r\\\\n]*DW_AT_decl_line
FAIL: gcc.dg/debug/dwarf2/pr41445-1.c scan-assembler DW_TAG_variable[^\\\\r\\\\n]*[\\\\r\\\\n]+[^\\\\r\\\\n]*"varj[^\\\\r\\\\n]*DW_AT_name([^\\\\r\\\\n]*[\\\\r\\\\n]+[^\\\\r\\\\n]*DW_AT_)*[^\\\\r\\\\n]*[\\\\r\\\\n]+[^\\\\r\\\\n]*[^0-9a-fA-FxX](0xd|13)[^0-9a-fA-FxX][^\\\\r\\\\n]*DW_AT_decl_line
FAIL: gcc.dg/debug/dwarf2/pr41445-2.c scan-assembler DW_TAG_variable[^\\\\r\\\\n]*[\\\\r\\\\n]+[^\\\\r\\\\n]*"varh[^\\\\r\\\\n]*DW_AT_name([^\\\\r\\\\n]*[\\\\r\\\\n]+[^\\\\r\\\\n]*DW_AT_)*[^\\\\r\\\\n]*[\\\\r\\\\n]+[^\\\\r\\\\n]*[^0-9a-fA-FxX](0x)?8[^0-9a-fA-FxX][^\\\\r\\\\n]*DW_AT_decl_line
FAIL: gcc.dg/debug/dwarf2/pr41445-2.c scan-assembler DW_TAG_variable[^\\\\r\\\\n]*[\\\\r\\\\n]+[^\\\\r\\\\n]*"vari[^\\\\r\\\\n]*DW_AT_name([^\\\\r\\\\n]*[\\\\r\\\\n]+[^\\\\r\\\\n]*DW_AT_)*[^\\\\r\\\\n]*[\\\\r\\\\n]+[^\\\\r\\\\n]*[^0-9a-fA-FxX](0xc|12)[^0-9a-fA-FxX][^\\\\r\\\\n]*DW_AT_decl_line
FAIL: gcc.dg/debug/dwarf2/pr41445-2.c scan-assembler DW_TAG_variable[^\\\\r\\\\n]*[\\\\r\\\\n]+[^\\\\r\\\\n]*"varj[^\\\\r\\\\n]*DW_AT_name([^\\\\r\\\\n]*[\\\\r\\\\n]+[^\\\\r\\\\n]*DW_AT_)*[^\\\\r\\\\n]*[\\\\r\\\\n]+[^\\\\r\\\\n]*[^0-9a-fA-FxX](0xd|13)[^0-9a-fA-FxX][^\\\\r\\\\n]*DW_AT_decl_line
FAIL: gcc.dg/debug/dwarf2/pr41445-3.c scan-assembler DW_TAG_variable[^\\\\r\\\\n]*[\\\\r\\\\n]+[^\\\\r\\\\n]*"varh[^\\\\r\\\\n]*DW_AT_name([^\\\\r\\\\n]*[\\\\r\\\\n]+[^\\\\r\\\\n]*DW_AT_)*[^\\\\r\\\\n]*[\\\\r\\\\n]+[^\\\\r\\\\n]*[^0-9a-fA-FxX](0x)?8[^0-9a-fA-FxX][^\\\\r\\\\n]*DW_AT_decl_line
FAIL: gcc.dg/debug/dwarf2/pr41445-3.c scan-assembler DW_TAG_variable[^\\\\r\\\\n]*[\\\\r\\\\n]+[^\\\\r\\\\n]*"vari[^\\\\r\\\\n]*DW_AT_name([^\\\\r\\\\n]*[\\\\r\\\\n]+[^\\\\r\\\\n]*DW_AT_)*[^\\\\r\\\\n]*[\\\\r\\\\n]+[^\\\\r\\\\n]*[^0-9a-fA-FxX](0xc|12)[^0-9a-fA-FxX][^\\\\r\\\\n]*DW_AT_decl_line
FAIL: gcc.dg/debug/dwarf2/pr41445-3.c scan-assembler DW_TAG_variable[^\\\\r\\\\n]*[\\\\r\\\\n]+[^\\\\r\\\\n]*"varj[^\\\\r\\\\n]*DW_AT_name([^\\\\r\\\\n]*[\\\\r\\\\n]+[^\\\\r\\\\n]*DW_AT_)*[^\\\\r\\\\n]*[\\\\r\\\\n]+[^\\\\r\\\\n]*[^0-9a-fA-FxX](0xd|13)[^0-9a-fA-FxX][^\\\\r\\\\n]*DW_AT_decl_line
FAIL: gcc.dg/debug/dwarf2/pr41445-4.c scan-assembler DW_TAG_variable[^\\\\r\\\\n]*[\\\\r\\\\n]+[^\\\\r\\\\n]*"varh[^\\\\r\\\\n]*DW_AT_name([^\\\\r\\\\n]*[\\\\r\\\\n]+[^\\\\r\\\\n]*DW_AT_)*[^\\\\r\\\\n]*[\\\\r\\\\n]+[^\\\\r\\\\n]*[^0-9a-fA-FxX](0x)?8[^0-9a-fA-FxX][^\\\\r\\\\n]*DW_AT_decl_line
FAIL: gcc.dg/debug/dwarf2/pr41445-4.c scan-assembler DW_TAG_variable[^\\\\r\\\\n]*[\\\\r\\\\n]+[^\\\\r\\\\n]*"vari[^\\\\r\\\\n]*DW_AT_name([^\\\\r\\\\n]*[\\\\r\\\\n]+[^\\\\r\\\\n]*DW_AT_)*[^\\\\r\\\\n]*[\\\\r\\\\n]+[^\\\\r\\\\n]*[^0-9a-fA-FxX](0xc|12)[^0-9a-fA-FxX][^\\\\r\\\\n]*DW_AT_decl_line
FAIL: gcc.dg/debug/dwarf2/pr41445-4.c scan-assembler DW_TAG_variable[^\\\\r\\\\n]*[\\\\r\\\\n]+[^\\\\r\\\\n]*"varj[^\\\\r\\\\n]*DW_AT_name([^\\\\r\\\\n]*[\\\\r\\\\n]+[^\\\\r\\\\n]*DW_AT_)*[^\\\\r\\\\n]*[\\\\r\\\\n]+[^\\\\r\\\\n]*[^0-9a-fA-FxX](0xd|13)[^0-9a-fA-FxX][^\\\\r\\\\n]*DW_AT_decl_line
FAIL: gcc.dg/debug/dwarf2/pr41445-5.c scan-assembler DW_TAG_variable[^\\\\r\\\\n]*[\\\\r\\\\n]+[^\\\\r\\\\n]*"vari[^\\\\r\\\\n]*DW_AT_name([^\\\\r\\\\n]*[\\\\r\\\\n]+[^\\\\r\\\\n]*DW_AT_)*[^\\\\r\\\\n]*[\\\\r\\\\n]+[^\\\\r\\\\n]*[^0-9a-fA-FxX](0x)?7[^0-9a-fA-FxX][^\\\\r\\\\n]*DW_AT_decl_line
FAIL: gcc.dg/debug/dwarf2/pr41445-5.c scan-assembler DW_TAG_variable[^\\\\r\\\\n]*[\\\\r\\\\n]+[^\\\\r\\\\n]*"varj[^\\\\r\\\\n]*DW_AT_name([^\\\\r\\\\n]*[\\\\r\\\\n]+[^\\\\r\\\\n]*DW_AT_)*[^\\\\r\\\\n]*[\\\\r\\\\n]+[^\\\\r\\\\n]*[^0-9a-fA-FxX](0xa|10)[^0-9a-fA-FxX][^\\\\r\\\\n]*DW_AT_decl_line
FAIL: gcc.dg/debug/dwarf2/pr41445-6.c scan-assembler DW_TAG_variable[^\\\\r\\\\n]*[\\\\r\\\\n]+[^\\\\r\\\\n]*"vari[^\\\\r\\\\n]*DW_AT_name([^\\\\r\\\\n]*[\\\\r\\\\n]+[^\\\\r\\\\n]*DW_AT_)*[^\\\\r\\\\n]*[\\\\r\\\\n]+[^\\\\r\\\\n]*[^0-9a-fA-FxX](0x)?7[^0-9a-fA-FxX][^\\\\r\\\\n]*DW_AT_decl_line
FAIL: gcc.dg/debug/dwarf2/pr41445-6.c scan-assembler DW_TAG_variable[^\\\\r\\\\n]*[\\\\r\\\\n]+[^\\\\r\\\\n]*"varj[^\\\\r\\\\n]*DW_AT_name([^\\\\r\\\\n]*[\\\\r\\\\n]+[^\\\\r\\\\n]*DW_AT_)*[^\\\\r\\\\n]*[\\\\r\\\\n]+[^\\\\r\\\\n]*[^0-9a-fA-FxX](0xa|10)[^0-9a-fA-FxX][^\\\\r\\\\n]*DW_AT_decl_line
FAIL: gcc.dg/debug/dwarf2/struct-loc1.c scan-assembler DW_TAG_structure_type[^\\\\r\\\\n]*[\\\\r\\\\n]+[^\\\\r\\\\n]*"foo[^\\\\r\\\\n]*DW_AT_name([^\\\\r\\\\n]*[\\\\r\\\\n]+[^\\\\r\\\\n]*DW_AT_)*[^\\\\r\\\\n]*[\\\\r\\\\n]+[^\\\\r\\\\n]*[^0-9a-fA-FxX](0x)?6[^0-9a-fA-FxX][^\\\\r\\\\n]*DW_AT_decl_line
FAIL: gcc.dg/20030324-1.c (internal compiler error)
FAIL: gcc.dg/20030324-1.c (test for excess errors)
UNRESOLVED: gcc.dg/20030324-1.c compilation failed to produce executable
XPASS: gcc.dg/Warray-bounds.c  (test for warnings, line 59)
XPASS: gcc.dg/Warray-bounds.c  (test for warnings, line 65)
XPASS: gcc.dg/Wtype-limits-Wextra.c (test for excess errors)
XPASS: gcc.dg/Wtype-limits.c (test for excess errors)
XPASS: gcc.dg/Wunreachable-8.c  (test for bogus messages, line 7)
XPASS: gcc.dg/builtin-return-1.c execution test
FAIL: gcc.dg/c99-stdint-1.c (test for excess errors)
FAIL: gcc.dg/c99-stdint-2.c (test for excess errors)
FAIL: gcc.dg/c99-stdint-5.c (test for excess errors)
FAIL: gcc.dg/c99-stdint-6.c (test for excess errors)
FAIL: gcc.dg/c99-stdint-7.c (test for excess errors)
ERROR: tcl error sourcing /home/mstein/svn/trunk/gcc/testsuite/gcc.dg/dg.exp.
ERROR: child killed: kill signal
ERROR: tcl error sourcing /home/mstein/svn/trunk/gcc/testsuite/gcc.dg/format/format.exp.
ERROR: torture-init: torture_without_loops is not empty as expected
FAIL: gcc.dg/matrix/matrix-1.c (internal compiler error)
FAIL: gcc.dg/matrix/matrix-1.c (test for excess errors)
UNRESOLVED: gcc.dg/matrix/matrix-1.c compilation failed to produce executable
FAIL: gcc.dg/matrix/matrix-1.c scan-ipa-dump-times matrix-reorg "Flattened 3 dimensions" 1: dump file does not exist
FAIL: gcc.dg/matrix/matrix-2.c (internal compiler error)
FAIL: gcc.dg/matrix/matrix-2.c (test for excess errors)
UNRESOLVED: gcc.dg/matrix/matrix-2.c compilation failed to produce executable
FAIL: gcc.dg/matrix/matrix-2.c scan-ipa-dump-times matrix-reorg "Flattened 2 dimensions" 1: dump file does not exist
FAIL: gcc.dg/matrix/matrix-5.c (internal compiler error)
FAIL: gcc.dg/matrix/matrix-5.c (test for excess errors)
UNRESOLVED: gcc.dg/matrix/matrix-5.c compilation failed to produce executable
FAIL: gcc.dg/matrix/matrix-5.c scan-ipa-dump-times matrix-reorg "Flattened" 0: dump file does not exist
ERROR: tcl error sourcing /home/mstein/svn/trunk/gcc/testsuite/gcc.dg/pch/pch.exp.
ERROR: torture-init: torture_without_loops is not empty as expected
FAIL: gcc.dg/struct/wo_prof_double_malloc.c (internal compiler error)
FAIL: gcc.dg/struct/wo_prof_double_malloc.c (test for excess errors)
UNRESOLVED: gcc.dg/struct/wo_prof_double_malloc.c compilation failed to produce executable
ERROR: tcl error sourcing /home/mstein/svn/trunk/gcc/testsuite/gcc.dg/struct/struct-reorg.exp.
ERROR: child killed: kill signal
FAIL: gcc.dg/torture/pr37868.c  -O0  (test for excess errors)
UNRESOLVED: gcc.dg/torture/pr37868.c  -O0  compilation failed to produce executable
FAIL: gcc.dg/torture/pr37868.c  -O1  (test for excess errors)
UNRESOLVED: gcc.dg/torture/pr37868.c  -O1  compilation failed to produce executable
FAIL: gcc.dg/torture/pr37868.c  -O2  (test for excess errors)
UNRESOLVED: gcc.dg/torture/pr37868.c  -O2  compilation failed to produce executable
FAIL: gcc.dg/torture/pr37868.c  -O3 -fomit-frame-pointer  (test for excess errors)
UNRESOLVED: gcc.dg/torture/pr37868.c  -O3 -fomit-frame-pointer  compilation failed to produce executable
FAIL: gcc.dg/torture/pr37868.c  -O3 -g  (test for excess errors)
UNRESOLVED: gcc.dg/torture/pr37868.c  -O3 -g  compilation failed to produce executable
FAIL: gcc.dg/torture/pr37868.c  -Os  (test for excess errors)
UNRESOLVED: gcc.dg/torture/pr37868.c  -Os  compilation failed to produce executable
FAIL: gcc.dg/torture/pr38948.c  -O1  (internal compiler error)
FAIL: gcc.dg/torture/pr38948.c  -O1  (test for excess errors)
FAIL: gcc.dg/torture/pr38948.c  -O2  (internal compiler error)
FAIL: gcc.dg/torture/pr38948.c  -O2  (test for excess errors)
FAIL: gcc.dg/torture/pr38948.c  -O3 -fomit-frame-pointer  (internal compiler error)
FAIL: gcc.dg/torture/pr38948.c  -O3 -fomit-frame-pointer  (test for excess errors)
FAIL: gcc.dg/torture/pr38948.c  -O3 -fomit-frame-pointer -funroll-loops  (internal compiler error)
FAIL: gcc.dg/torture/pr38948.c  -O3 -fomit-frame-pointer -funroll-loops  (test for excess errors)
FAIL: gcc.dg/torture/pr38948.c  -O3 -fomit-frame-pointer -funroll-all-loops -finline-functions  (internal compiler error)
FAIL: gcc.dg/torture/pr38948.c  -O3 -fomit-frame-pointer -funroll-all-loops -finline-functions  (test for excess errors)
FAIL: gcc.dg/torture/pr38948.c  -O3 -g  (internal compiler error)
FAIL: gcc.dg/torture/pr38948.c  -O3 -g  (test for excess errors)
FAIL: gcc.dg/torture/pr38948.c  -Os  (internal compiler error)
FAIL: gcc.dg/torture/pr38948.c  -Os  (test for excess errors)
XPASS: gcc.dg/tree-ssa/20040204-1.c scan-tree-dump-times optimized "link_error" 0
FAIL: gcc.dg/tree-ssa/asmgoto-1.c (test for excess errors)
FAIL: gcc.dg/tree-ssa/gen-vect-11.c scan-tree-dump-times vect "vectorized 1 loops" 1
FAIL: gcc.dg/tree-ssa/gen-vect-11a.c scan-tree-dump-times vect "vectorized 1 loops" 1
FAIL: gcc.dg/tree-ssa/gen-vect-2.c scan-tree-dump-times vect "vectorized 1 loops" 1
FAIL: gcc.dg/tree-ssa/gen-vect-25.c scan-tree-dump-times vect "vectorized 2 loops" 1
FAIL: gcc.dg/tree-ssa/gen-vect-26.c scan-tree-dump-times vect "vectorized 1 loops" 1
FAIL: gcc.dg/tree-ssa/gen-vect-26.c scan-tree-dump-times vect "Alignment of access forced using peeling" 1
FAIL: gcc.dg/tree-ssa/gen-vect-28.c scan-tree-dump-times vect "vectorized 1 loops" 1
FAIL: gcc.dg/tree-ssa/gen-vect-28.c scan-tree-dump-times vect "Alignment of access forced using peeling" 1
FAIL: gcc.dg/tree-ssa/gen-vect-32.c scan-tree-dump-times vect "vectorized 1 loops" 1
FAIL: gcc.dg/tree-ssa/pr23455.c scan-tree-dump-times pre "Eliminated: 3" 1
FAIL: gcc.dg/tree-ssa/pr33920.c  (test for warnings, line 33)
FAIL: gcc.dg/tree-ssa/predcom-2.c execution test
FAIL: gcc.dg/tree-ssa/predcom-4.c execution test
FAIL: gcc.dg/tree-ssa/predcom-5.c execution test
FAIL: gcc.dg/tree-ssa/ssa-fre-26.c scan-tree-dump fre "Replaced u.i with 0 in"
FAIL: gcc.dg/tree-ssa/vrp47.c scan-tree-dump-times vrp1 "[xy][^ ]* !=" 0
FAIL: gcc.dg/tree-ssa/vrp47.c scan-tree-dump-times dom1 "x[^ ]* & y" 1
FAIL: gcc.dg/tree-ssa/vrp47.c scan-tree-dump-times vrp1 "x[^ ]* [|] y" 1
ERROR: tcl error sourcing /home/mstein/svn/trunk/gcc/testsuite/gcc.misc-tests/i386-prefetch.exp.
ERROR: torture-init: torture_without_loops is not empty as expected
FAIL: compiler driver --coverage option(s) (linker options)
ERROR: tcl error sourcing /home/mstein/svn/trunk/gcc/testsuite/gcc.target/avr/torture/avr-torture.exp.
ERROR: torture-init: torture_without_loops is not empty as expected

		=== gcc Summary ===

# of expected passes		35238
# of unexpected failures	172
# of unexpected successes	7
# of expected failures		55
# of unresolved testcases	40
# of unsupported tests		1497
/home/mstein/sim/trunk/avr/build/gcc/xgcc  version 4.5.0 20091018 (experimental) [trunk revision 152967] (GCC) 


Compiler version: 4.5.0 20091018 (experimental) [trunk revision 152967] (GCC) gcc 
Platform: avr-unknown-none
configure flags: --target=avr --prefix=/home/mstein/cross-local/avr --enable-languages=c --disable-nls --disable-build-warnings --with-sysroot=/home/mstein/cross-local/avr --with-build-sysroot=/home/mstein/cross-local/avr --with-ld=/home/mstein/cross-local/avr/usr/bin/ld --with-as=/home/mstein/cross-local/avr/usr/bin/as --disable-libssp --with-mpfr=/opt/cfarm/mpfr-2.3.2


Index Nav: [Date Index] [Subject Index] [Author Index] [Thread Index]
Message Nav: [Date Prev] [Date Next] [Thread Prev] [Thread Next]