This is the mail archive of the
gcc-testresults@gcc.gnu.org
mailing list for the GCC project.
[PATCHED] Results for 4.5.0 20091007 (experimental) (GCC) testsuite on i686-pc-cygwin
- From: Dave Korn <dave dot korn dot cygwin at googlemail dot com>
- To: gcc-testresults at gcc dot gnu dot org
- Date: Sun, 18 Oct 2009 01:29:34 +0100
- Subject: [PATCHED] Results for 4.5.0 20091007 (experimental) (GCC) testsuite on i686-pc-cygwin
Native configuration is i686-pc-cygwin
=== g++ tests ===
Running target unix
FAIL: g++.dg/abi/rtti3.C scan-assembler .weak[ \\t]_?_ZTSPP1A
FAIL: g++.dg/abi/thunk4.C scan-assembler .weak[ \\t]_?_ZThn._N7Derived3FooEv
FAIL: g++.dg/cpp0x/lambda/lambda-mangle.C scan-assembler weak[
\\t]*_?_ZZ1giENKUlvE_clEv
FAIL: g++.dg/cpp0x/lambda/lambda-mangle.C scan-assembler weak[
\\t]*_?_ZZN1S1fEiiEd0_NKUlvE_clEv
FAIL: g++.dg/cpp0x/lambda/lambda-mangle.C scan-assembler weak[
\\t]*_?_ZNK1RIiE1xMUlvE_clEv
FAIL: g++.dg/cpp0x/lambda/lambda-mangle.C scan-assembler weak[
\\t]*_?_ZZ1giENKUlvE_clEv
FAIL: g++.dg/cpp0x/lambda/lambda-mangle.C scan-assembler weak[
\\t]*_?_ZZN1S1fEiiEd0_NKUlvE_clEv
FAIL: g++.dg/cpp0x/lambda/lambda-mangle.C scan-assembler weak[
\\t]*_?_ZNK1RIiE1xMUlvE_clEv
FAIL: g++.dg/eh/weak1.C execution test
FAIL: g++.dg/ext/dllimport7.C C++ specific error (test for errors, line 24)
FAIL: g++.dg/ext/selectany1.C scan-assembler-dem \\nguard variable for x:
FAIL: g++.dg/init/cleanup3.C scan-assembler-not _tcf
FAIL: g++.dg/opt/vt1.C scan-assembler-not
section[^\\n\\r]*_ZTV1S[^\\n\\r]*"[^w"\\n\\r]*"
FAIL: g++.dg/template/spec35.C scan-assembler .weak(_definition)?[\\t
]*_?_Z2f2IiEvT_
FAIL: g++.dg/tree-prof/partition1.C execution, -g -fprofile-use
FAIL: g++.dg/tree-prof/partition1.C execution, -O0 -fprofile-use
FAIL: g++.dg/tree-prof/partition1.C execution, -O1 -fprofile-use
FAIL: g++.dg/tree-prof/partition1.C execution, -O2 -fprofile-use
FAIL: g++.dg/tree-prof/partition1.C execution, -O3 -fprofile-use
FAIL: g++.dg/tree-prof/partition1.C execution, -O3 -g -fprofile-use
FAIL: g++.dg/tree-prof/partition1.C execution, -Os -fprofile-use
FAIL: g++.old-deja/g++.eh/badalloc1.C execution test
XPASS: g++.old-deja/g++.ext/attrib5.C execution test
FAIL: g++.old-deja/g++.other/init5.C execution test
=== g++ Summary ===
# of expected passes 22255
# of unexpected failures 23
# of unexpected successes 1
# of expected failures 154
# of unsupported tests 256
/gnu/gcc/obj-libstdc-fixed/gcc/testsuite/g++/../../g++ version 4.5.0 20091007
(experimental) (GCC)
=== gcc tests ===
Running target unix
FAIL: gcc.dg/cpp/_Pragma3.c (test for excess errors)
XPASS: gcc.dg/Warray-bounds.c (test for warnings, line 59)
XPASS: gcc.dg/Warray-bounds.c (test for warnings, line 65)
XPASS: gcc.dg/Wunreachable-8.c (test for bogus messages, line 7)
FAIL: gcc.dg/alias-7.c execution test
FAIL: gcc.dg/pr34668-1.c (internal compiler error)
FAIL: gcc.dg/pr34668-1.c (test for excess errors)
FAIL: largefile.c (test for excess errors)
FAIL: gcc.dg/pch/largefile.c -O0 -g assembly comparison
FAIL: largefile.c (test for excess errors)
FAIL: gcc.dg/pch/largefile.c -O0 assembly comparison
FAIL: largefile.c (test for excess errors)
FAIL: gcc.dg/pch/largefile.c -O1 assembly comparison
FAIL: largefile.c (test for excess errors)
FAIL: gcc.dg/pch/largefile.c -O2 assembly comparison
FAIL: largefile.c (test for excess errors)
FAIL: gcc.dg/pch/largefile.c -O3 -fomit-frame-pointer assembly comparison
FAIL: largefile.c (test for excess errors)
FAIL: gcc.dg/pch/largefile.c -O3 -g assembly comparison
FAIL: largefile.c (test for excess errors)
FAIL: gcc.dg/pch/largefile.c -Os assembly comparison
XPASS: gcc.dg/struct/wo_prof_array_through_pointer.c scan-ipa-dump
ipa_struct_reorg "Number of structures to transform is 1"
FAIL: gcc.dg/struct/wo_prof_double_malloc.c (internal compiler error)
FAIL: gcc.dg/struct/wo_prof_double_malloc.c (test for excess errors)
WARNING: gcc.dg/struct/wo_prof_double_malloc.c compilation failed to produce
executable
FAIL: gcc.dg/tree-ssa/pr27781.c scan-tree-dump optimized "func \\(\\);"
FAIL: gcc.dg/tree-ssa/pr36881.c scan-assembler-not CSWTCH
FAIL: gcc.dg/tree-ssa/pr36881.c scan-tree-dump switchconv "need runtime
relocations"
FAIL: gcc.dg/tree-ssa/ssa-store-ccp-2.c scan-tree-dump-times optimized
"conststaticvariable" 1
FAIL: gcc.dg/tree-ssa/ssa-store-ccp-4.c scan-tree-dump-times optimized
"conststaticvariable" 1
FAIL: gcc.target/i386/pic-1.c (test for errors, line 11)
FAIL: gcc.target/i386/pr25993.c (test for excess errors)
FAIL: gcc.target/i386/pr32000-2.c (test for excess errors)
WARNING: gcc.target/i386/pr32000-2.c compilation failed to produce executable
FAIL: gcc.target/i386/pr40906-1.c (test for excess errors)
FAIL: gcc.target/i386/pr40906-2.c (test for excess errors)
XPASS: gcc.target/i386/push-1.c scan-assembler-not movups
FAIL: gcc.target/i386/stackalign/return-3.c (test for excess errors)
FAIL: gcc.target/i386/stackalign/return-3.c (test for excess errors)
FAIL: gcc.target/i386/stackalign/return-3.c (test for excess errors)
FAIL: gcc.target/i386/stackalign/return-3.c (test for excess errors)
=== gcc Summary ===
# of expected passes 62861
# of unexpected failures 34
# of unexpected successes 5
# of expected failures 206
# of unsupported tests 721
/gnu/gcc/obj-libstdc-fixed/gcc/xgcc version 4.5.0 20091007 (experimental) (GCC)
=== gfortran tests ===
Running target unix
FAIL: gfortran.dg/atan2_1.f90 execution test
=== gfortran Summary ===
# of expected passes 32143
# of unexpected failures 1
# of expected failures 38
# of unsupported tests 312
/gnu/gcc/obj-libstdc-fixed/gcc/testsuite/gfortran/../../gfortran version
4.5.0 20091007 (experimental) (GCC)
=== libstdc++ tests ===
Running target unix
FAIL: 20_util/shared_ptr/thread/mutex_weaktoshared.cc execution test
FAIL: 22_locale/codecvt/encoding/wchar_t/1.cc execution test
FAIL: 22_locale/codecvt/encoding/wchar_t/1.cc execution test
FAIL: 22_locale/codecvt/encoding/wchar_t/1.cc execution test
FAIL: 22_locale/codecvt/max_length/wchar_t/1.cc execution test
FAIL: 22_locale/codecvt/max_length/wchar_t/1.cc execution test
FAIL: 22_locale/codecvt/max_length/wchar_t/1.cc execution test
FAIL: 22_locale/ctype/narrow/wchar_t/2.cc execution test
FAIL: 22_locale/ctype/narrow/wchar_t/2.cc execution test
FAIL: 22_locale/ctype/narrow/wchar_t/2.cc execution test
FAIL: 22_locale/ctype/scan/wchar_t/1.cc execution test
FAIL: 22_locale/ctype/scan/wchar_t/1.cc execution test
FAIL: 22_locale/ctype/scan/wchar_t/1.cc execution test
XPASS: 26_numerics/headers/cmath/c99_classification_macros_c.cc (test for
excess errors)
XPASS: 26_numerics/headers/cmath/c99_classification_macros_c.cc (test for
excess errors)
FAIL: 27_io/basic_filebuf/seekoff/wchar_t/3.cc execution test
FAIL: 27_io/basic_filebuf/seekoff/wchar_t/3.cc execution test
FAIL: 27_io/basic_filebuf/seekoff/wchar_t/3.cc execution test
FAIL: 27_io/basic_filebuf/seekpos/char/1-io.cc execution test
FAIL: 27_io/basic_filebuf/seekpos/char/1-io.cc execution test
FAIL: 27_io/basic_filebuf/seekpos/char/2-io.cc execution test
FAIL: 27_io/basic_filebuf/seekpos/char/2-io.cc execution test
FAIL: 27_io/basic_filebuf/seekpos/wchar_t/1.cc execution test
FAIL: 27_io/basic_filebuf/seekpos/wchar_t/1.cc execution test
FAIL: 27_io/basic_filebuf/seekpos/wchar_t/1.cc execution test
FAIL: 27_io/basic_istream/seekg/wchar_t/fstream.cc execution test
FAIL: 27_io/basic_istream/seekg/wchar_t/fstream.cc execution test
FAIL: 27_io/basic_istream/seekg/wchar_t/fstream.cc execution test
FAIL: 27_io/basic_istream/tellg/wchar_t/fstream.cc execution test
FAIL: 27_io/basic_istream/tellg/wchar_t/fstream.cc execution test
FAIL: 27_io/basic_istream/tellg/wchar_t/fstream.cc execution test
FAIL: 27_io/basic_ostream/inserters_arithmetic/wchar_t/4402.cc execution test
FAIL: 27_io/basic_ostream/inserters_arithmetic/wchar_t/4402.cc execution test
FAIL: 27_io/basic_ostream/inserters_arithmetic/wchar_t/4402.cc execution test
FAIL: ext/bitmap_allocator/variadic_construct.cc execution test
FAIL: ext/codecvt/wchar_t.cc execution test
FAIL: tr1/2_general_utilities/shared_ptr/thread/mutex_weaktoshared.cc
execution test
=== libstdc++ Summary ===
# of expected passes 14058
# of unexpected failures 35
# of unexpected successes 2
# of expected failures 193
# of unsupported tests 1447
Compiler version: 4.5.0 20091007 (experimental) (GCC)
Platform: i686-pc-cygwin
configure flags: --prefix=/opt/gcc-tools -v --with-gmp=/usr --with-mpfr=/usr
--enable-bootstrap --enable-version-specific-runtime-libs --enable-static
--enable-shared --enable-shared-libgcc --disable-__cxa_atexit --with-gnu-ld
--with-gnu-as --with-dwarf2 --disable-sjlj-exceptions --disable-symvers
--enable-libjava --enable-interpreter --program-suffix=-4 --enable-libgomp
--disable-libssp --disable-libada --enable-threads=posix --with-arch=i686
--with-tune=generic CC=gcc-4 CXX=g++-4 CC_FOR_TARGET=gcc-4
CXX_FOR_TARGET=g++-4 --with-ecj-jar=/usr/share/java/ecj.jar
LD=/opt/gcc-tools/bin/ld.exe LD_FOR_TARGET=/opt/gcc-tools/bin/ld.exe
AS=/opt/gcc-tools/bin/as.exe AS_FOR_TARGET=/opt/gcc-tools/bin/as.exe
--disable-win32-registry --disable-libgcj-debug
--enable-languages=c,c++,fortran,java,objc,obj-c++