This is the mail archive of the gcc-testresults@gcc.gnu.org mailing list for the GCC project.


Index Nav: [Date Index] [Subject Index] [Author Index] [Thread Index]
Message Nav: [Date Prev] [Date Next] [Thread Prev] [Thread Next]
Other format: [Raw text]

Results for 4.5.0 20091016 (experimental) [trunk revision 152899] (GCC) testsuite on i686-pc-cygwin


Windows XP Pro/SP3 cygwin Intel Core2 Duo T9600@2.80GHz system with packages:

binutils             2.19.51-1      2.19.51.20090704
bison                2.3-1          2.3
cloog-ppl            0.15.3-1
cygwin               1.7.0-62
dejagnu              20021217-2     1.4.2.x
expect               20030128-1     5.26
gcc4-ada             4.3.4-1
gcc4-core            4.3.4-1
gcc4-g++             4.3.4-1
gmp                  4.3.1-3
libcloog-devel       0.15.3-1
libgmp-devel         4.3.1-3
libmpfr-devel        2.4.1-4
libppl               0.10.2-1
make                 3.81-2
mpfr                 2.4.1-4
ppl                  0.10.2-1
ppl-devel            0.10.2-1
tcltk                20080420-1     8.4
w32api               3.13-1

LAST_UPDATED: Fri Oct 16 12:56:40 UTC 2009 (revision 152899)

		=== acats tests ===
FAIL:	a83a02b
FAIL:	a85013b
FAIL:	a87b59a
FAIL:	a95001c
FAIL:	a95074d
FAIL:	a97106a
FAIL:	a99006a
FAIL:	ac3207a
FAIL:	ad7201a
FAIL:	ad7203b
FAIL:	ad7205b
FAIL:	ada101a
FAIL:	c34007j
FAIL:	c34008a
FAIL:	c35102a
FAIL:	c37402a
FAIL:	c37403a
FAIL:	c380004
FAIL:	c38102d
FAIL:	c38202a
FAIL:	c390002
FAIL:	c39008a
FAIL:	c39008b
FAIL:	c39008c
FAIL:	c392002
FAIL:	c392003
FAIL:	c392013
FAIL:	c393008
FAIL:	c393009
FAIL:	c3a0003
FAIL:	c3a0004
FAIL:	c3a0010
FAIL:	c41306a
FAIL:	c41306b
FAIL:	c41306c
FAIL:	c41307d
FAIL:	c41401a
FAIL:	c43204g
FAIL:	c45282b
FAIL:	c45291a
FAIL:	c46051a
FAIL:	c51004a
FAIL:	c59002c
FAIL:	c64201b
FAIL:	c64201c
FAIL:	c650001
FAIL:	c74004a
FAIL:	c74401k
FAIL:	c74406a
FAIL:	c760013
FAIL:	c761006
FAIL:	c761007
FAIL:	c83023a
FAIL:	c85004b
FAIL:	c85005a
FAIL:	c85005b
FAIL:	c85005c
FAIL:	c85005d
FAIL:	c85005e
FAIL:	c85006a
FAIL:	c85006b
FAIL:	c85006c
FAIL:	c85006d
FAIL:	c85006e
FAIL:	c85014a
FAIL:	c85014b
FAIL:	c85014c
FAIL:	c85018a
FAIL:	c85018b
FAIL:	c87b26b
FAIL:	c87b41a
FAIL:	c87b45c
FAIL:	c87b54a
FAIL:	c87b62d
FAIL:	c910001
FAIL:	c910002
FAIL:	c91004b
FAIL:	c91004c
FAIL:	c91006a
FAIL:	c91007a
FAIL:	c92002a
FAIL:	c92003a
FAIL:	c92005a
FAIL:	c92005b
FAIL:	c92006a
FAIL:	c930001
FAIL:	c93001a
FAIL:	c93002a
FAIL:	c93003a
FAIL:	c93004a
FAIL:	c93004b
FAIL:	c93004c
FAIL:	c93004d
FAIL:	c93004f
FAIL:	c93005a
FAIL:	c93005b
FAIL:	c93005d
FAIL:	c93007a
FAIL:	c93008a
FAIL:	c93008b
FAIL:	c940001
FAIL:	c940005
FAIL:	c940007
FAIL:	c940010
FAIL:	c940013
FAIL:	c940014
FAIL:	c940016
FAIL:	c94001a
FAIL:	c94001b
FAIL:	c94001c
FAIL:	c94001e
FAIL:	c94001f
FAIL:	c94001g
FAIL:	c94002a
FAIL:	c94002b
FAIL:	c94002d
FAIL:	c94002e
FAIL:	c94002f
FAIL:	c94002g
FAIL:	c94005b
FAIL:	c94006a
FAIL:	c94007a
FAIL:	c94007b
FAIL:	c94008a
FAIL:	c94008b
FAIL:	c94008c
FAIL:	c94008d
FAIL:	c94010a
FAIL:	c94011a
FAIL:	c94020a
FAIL:	c95008a
FAIL:	c95009a
FAIL:	c95010a
FAIL:	c95011a
FAIL:	c95012a
FAIL:	c95021a
FAIL:	c95022a
FAIL:	c95022b
FAIL:	c95033a
FAIL:	c95033b
FAIL:	c95034a
FAIL:	c95034b
FAIL:	c95035a
FAIL:	c95040a
FAIL:	c95040b
FAIL:	c95040c
FAIL:	c95040d
FAIL:	c95041a
FAIL:	c95065a
FAIL:	c95065b
FAIL:	c95065c
FAIL:	c95065d
FAIL:	c95065e
FAIL:	c95065f
FAIL:	c95066a
FAIL:	c95067a
FAIL:	c95071a
FAIL:	c95072a
FAIL:	c95072b
FAIL:	c95073a
FAIL:	c95074c
FAIL:	c95076a
FAIL:	c95078a
FAIL:	c95080b
FAIL:	c95082g
FAIL:	c95085a
FAIL:	c95085b
FAIL:	c95085c
FAIL:	c95085d
FAIL:	c95085e
FAIL:	c95085f
FAIL:	c95085g
FAIL:	c95085h
FAIL:	c95085i
FAIL:	c95085j
FAIL:	c95085k
FAIL:	c95085l
FAIL:	c95085m
FAIL:	c95085n
FAIL:	c95085o
FAIL:	c95086a
FAIL:	c95086b
FAIL:	c95086c
FAIL:	c95086d
FAIL:	c95086e
FAIL:	c95086f
FAIL:	c95087a
FAIL:	c95087b
FAIL:	c95087c
FAIL:	c95087d
FAIL:	c95088a
FAIL:	c95089a
FAIL:	c95090a
FAIL:	c95092a
FAIL:	c95093a
FAIL:	c95095a
FAIL:	c95095b
FAIL:	c95095c
FAIL:	c95095d
FAIL:	c95095e
FAIL:	c951001
FAIL:	c951002
FAIL:	c953001
FAIL:	c953002
FAIL:	c953003
FAIL:	c954001
FAIL:	c954010
FAIL:	c954011
FAIL:	c954012
FAIL:	c954013
FAIL:	c954014
FAIL:	c954015
FAIL:	c954016
FAIL:	c954017
FAIL:	c954018
FAIL:	c954019
FAIL:	c954020
FAIL:	c954021
FAIL:	c954022
FAIL:	c954023
FAIL:	c954024
FAIL:	c954025
FAIL:	c954026
FAIL:	c954a01
FAIL:	c954a02
FAIL:	c954a03
FAIL:	c960001
FAIL:	c960002
FAIL:	c960004
FAIL:	c97112a
FAIL:	c97113a
FAIL:	c97114a
FAIL:	c97115a
FAIL:	c97116a
FAIL:	c97117a
FAIL:	c97117b
FAIL:	c97117c
FAIL:	c97118a
FAIL:	c97120a
FAIL:	c97120b
FAIL:	c97201a
FAIL:	c97201b
FAIL:	c97201c
FAIL:	c97201d
FAIL:	c97201e
FAIL:	c97201g
FAIL:	c97201h
FAIL:	c97201x
FAIL:	c97202a
FAIL:	c97203a
FAIL:	c97203b
FAIL:	c97203c
FAIL:	c97204a
FAIL:	c97204b
FAIL:	c97205a
FAIL:	c97205b
FAIL:	c97301a
FAIL:	c97301b
FAIL:	c97301c
FAIL:	c97301d
FAIL:	c97301e
FAIL:	c97302a
FAIL:	c97303a
FAIL:	c97303b
FAIL:	c97303c
FAIL:	c97304a
FAIL:	c97304b
FAIL:	c97305a
FAIL:	c97305b
FAIL:	c97305c
FAIL:	c97305d
FAIL:	c97307a
FAIL:	c974001
FAIL:	c974002
FAIL:	c974012
FAIL:	c974013
FAIL:	c980002
FAIL:	c99004a
FAIL:	c99005a
FAIL:	c9a003a
FAIL:	c9a004a
FAIL:	c9a007a
FAIL:	c9a009a
FAIL:	c9a009c
FAIL:	c9a009f
FAIL:	c9a009g
FAIL:	c9a009h
FAIL:	c9a010a
FAIL:	c9a011a
FAIL:	c9a011b
FAIL:	cb40005
FAIL:	cb4013a
FAIL:	cb41002
FAIL:	cb5001a
FAIL:	cb5001b
FAIL:	cb5002a
FAIL:	cc1104c
FAIL:	cc1207b
FAIL:	cc1225a
FAIL:	cc1310a
FAIL:	cc3019c
FAIL:	cc3106b
FAIL:	cc3120b
FAIL:	cc3207b
FAIL:	cc3225a
FAIL:	cc3601c
FAIL:	cc3602a
FAIL:	cd1009k
FAIL:	cd1009t
FAIL:	cd1009u
FAIL:	cd1c03e
FAIL:	cd1c06a
FAIL:	cd2a91c
FAIL:	cd2c11a
FAIL:	cd2c11d
FAIL:	cd5003e
FAIL:	cd72a02
FAIL:	cdd2a01
FAIL:	cdd2a03
FAIL:	cxg2002
FAIL:	cxg2003
FAIL:	cxg2004
FAIL:	cxg2006
FAIL:	cxg2007
FAIL:	cxg2010
FAIL:	cxg2011
FAIL:	cxg2012
FAIL:	cxg2013
FAIL:	cxg2014
FAIL:	cxg2015
FAIL:	cxg2016
FAIL:	cxg2017
FAIL:	cxg2018
FAIL:	cxg2019
FAIL:	cxg2020
FAIL:	cxg2021
FAIL:	la14010

		=== acats Summary ===
# of expected passes		1928
# of unexpected failures	337
# of unsupported tests		50
Native configuration is i686-pc-cygwin

		=== g++ tests ===


Running target unix
FAIL: g++.dg/abi/rtti3.C scan-assembler .weak[ \\t]_?_ZTSPP1A
FAIL: g++.dg/abi/thunk4.C scan-assembler .weak[ \\t]_?_ZThn._N7Derived3FooEv
FAIL: g++.dg/cpp0x/lambda/lambda-mangle.C scan-assembler weak[
\\t]*_?_ZZ1giENKUlvE_clEv
FAIL: g++.dg/cpp0x/lambda/lambda-mangle.C scan-assembler weak[
\\t]*_?_ZZN1S1fEiiEd0_NKUlvE_clEv
FAIL: g++.dg/cpp0x/lambda/lambda-mangle.C scan-assembler weak[
\\t]*_?_ZNK1RIiE1xMUlvE_clEv
FAIL: g++.dg/cpp0x/lambda/lambda-mangle.C scan-assembler weak[
\\t]*_?_ZZ1giENKUlvE_clEv
FAIL: g++.dg/cpp0x/lambda/lambda-mangle.C scan-assembler weak[
\\t]*_?_ZZN1S1fEiiEd0_NKUlvE_clEv
FAIL: g++.dg/cpp0x/lambda/lambda-mangle.C scan-assembler weak[
\\t]*_?_ZNK1RIiE1xMUlvE_clEv
FAIL: g++.dg/eh/weak1.C execution test
FAIL: g++.dg/ext/dllimport7.C C++ specific error (test for errors, line 24)
FAIL: g++.dg/ext/selectany1.C scan-assembler-dem \\nguard variable for x:
FAIL: g++.dg/init/cleanup3.C scan-assembler-not _tcf
FAIL: g++.dg/opt/vt1.C scan-assembler-not
section[^\\n\\r]*_ZTV1S[^\\n\\r]*"[^w"\\n\\r]*"
FAIL: g++.dg/template/spec35.C scan-assembler .weak(_definition)?[\\t
]*_?_Z2f2IiEvT_
FAIL: g++.old-deja/g++.eh/badalloc1.C execution test
XPASS: g++.old-deja/g++.ext/attrib5.C execution test
FAIL: g++.old-deja/g++.other/init5.C execution test

		=== g++ Summary ===

# of expected passes		22315
# of unexpected failures	16
# of unexpected successes	1
# of expected failures		154
# of unsupported tests		256
/usr/local/src/trunk/objdir/gcc/testsuite/g++/../../g++  version 4.5.0
20091016 (experimental) [trunk revision 152899] (GCC)

		=== gcc tests ===


Running target unix
XPASS: gcc.dg/Warray-bounds.c  (test for warnings, line 59)
XPASS: gcc.dg/Warray-bounds.c  (test for warnings, line 65)
XPASS: gcc.dg/Wunreachable-8.c  (test for bogus messages, line 7)
FAIL: gcc.dg/alias-7.c execution test
FAIL: gcc.dg/pr34668-1.c (internal compiler error)
FAIL: gcc.dg/pr34668-1.c (test for excess errors)
FAIL: largefile.c (test for excess errors)
FAIL: gcc.dg/pch/largefile.c -O0 -g assembly comparison
FAIL: largefile.c (test for excess errors)
FAIL: gcc.dg/pch/largefile.c  -O0  assembly comparison
FAIL: largefile.c (test for excess errors)
FAIL: gcc.dg/pch/largefile.c  -O1  assembly comparison
FAIL: largefile.c (test for excess errors)
FAIL: gcc.dg/pch/largefile.c  -O2  assembly comparison
FAIL: largefile.c (test for excess errors)
FAIL: gcc.dg/pch/largefile.c  -O3 -fomit-frame-pointer  assembly comparison
FAIL: largefile.c (test for excess errors)
FAIL: gcc.dg/pch/largefile.c  -O3 -g  assembly comparison
FAIL: largefile.c (test for excess errors)
FAIL: gcc.dg/pch/largefile.c  -Os  assembly comparison
XPASS: gcc.dg/struct/wo_prof_array_through_pointer.c scan-ipa-dump
ipa_struct_reorg "Number of structures to transform is 1"
FAIL: gcc.dg/struct/wo_prof_double_malloc.c (internal compiler error)
FAIL: gcc.dg/struct/wo_prof_double_malloc.c (test for excess errors)
WARNING: gcc.dg/struct/wo_prof_double_malloc.c compilation failed to
produce executable
FAIL: gcc.dg/tree-ssa/pr27781.c scan-tree-dump optimized "func \\(\\);"
FAIL: gcc.dg/tree-ssa/pr36881.c scan-assembler-not CSWTCH
FAIL: gcc.dg/tree-ssa/pr36881.c scan-tree-dump switchconv "need
runtime relocations"
FAIL: gcc.dg/tree-ssa/ssa-store-ccp-2.c scan-tree-dump-times optimized
"conststaticvariable" 1
FAIL: gcc.dg/tree-ssa/ssa-store-ccp-4.c scan-tree-dump-times optimized
"conststaticvariable" 1
FAIL: gcc.target/i386/pic-1.c  (test for errors, line 11)
FAIL: gcc.target/i386/pr25993.c (test for excess errors)
FAIL: gcc.target/i386/pr32000-2.c (test for excess errors)
WARNING: gcc.target/i386/pr32000-2.c compilation failed to produce executable
FAIL: gcc.target/i386/pr40906-1.c (test for excess errors)
FAIL: gcc.target/i386/pr40906-2.c (test for excess errors)
XPASS: gcc.target/i386/push-1.c scan-assembler-not movups
FAIL: gcc.target/i386/stackalign/return-3.c (test for excess errors)
FAIL: gcc.target/i386/stackalign/return-3.c (test for excess errors)
FAIL: gcc.target/i386/stackalign/return-3.c (test for excess errors)
FAIL: gcc.target/i386/stackalign/return-3.c (test for excess errors)

		=== gcc Summary ===

# of expected passes		63088
# of unexpected failures	33
# of unexpected successes	5
# of expected failures		206
# of unsupported tests		712
/usr/local/src/trunk/objdir/gcc/xgcc  version 4.5.0 20091016
(experimental) [trunk revision 152899] (GCC)

		=== gfortran tests ===


Running target unix
FAIL: gfortran.dg/array_temporaries_2.f90 execution test
FAIL: gfortran.dg/array_temporaries_2.f90 execution test
FAIL: gfortran.dg/array_temporaries_2.f90 execution test
FAIL: gfortran.dg/array_temporaries_2.f90 execution test
FAIL: gfortran.dg/array_temporaries_2.f90 execution test
FAIL: gfortran.dg/array_temporaries_2.f90 execution test
FAIL: gfortran.dg/array_temporaries_2.f90 execution test
FAIL: gfortran.dg/array_temporaries_2.f90 execution test
FAIL: gfortran.dg/atan2_1.f90 execution test
FAIL: gfortran.dg/c_f_pointer_tests_4.f90 execution test
FAIL: gfortran.dg/c_f_pointer_tests_4.f90 execution test
FAIL: gfortran.dg/c_f_pointer_tests_4.f90 execution test
FAIL: gfortran.dg/c_f_pointer_tests_4.f90 execution test
FAIL: gfortran.dg/c_f_pointer_tests_4.f90 execution test
FAIL: gfortran.dg/c_f_pointer_tests_4.f90 execution test
FAIL: gfortran.dg/c_f_pointer_tests_4.f90 execution test
FAIL: gfortran.dg/c_f_pointer_tests_4.f90 execution test
FAIL: gfortran.dg/complex_intrinsic_3.f90 execution test
FAIL: gfortran.dg/complex_intrinsic_3.f90 execution test
FAIL: gfortran.dg/complex_intrinsic_3.f90 execution test
FAIL: gfortran.dg/complex_intrinsic_3.f90 execution test
FAIL: gfortran.dg/complex_intrinsic_3.f90 execution test
FAIL: gfortran.dg/complex_intrinsic_3.f90 execution test
FAIL: gfortran.dg/complex_intrinsic_3.f90 execution test
FAIL: gfortran.dg/complex_intrinsic_3.f90 execution test
FAIL: gfortran.dg/complex_intrinsic_5.f90 execution test
FAIL: gfortran.dg/complex_intrinsic_5.f90 execution test
FAIL: gfortran.dg/complex_intrinsic_5.f90 execution test
FAIL: gfortran.dg/complex_intrinsic_5.f90 execution test
FAIL: gfortran.dg/complex_intrinsic_5.f90 execution test
FAIL: gfortran.dg/complex_intrinsic_5.f90 execution test
FAIL: gfortran.dg/complex_intrinsic_5.f90 execution test
FAIL: gfortran.dg/complex_intrinsic_5.f90 execution test
FAIL: gfortran.dg/cshift_bounds_2.f90 execution test
FAIL: gfortran.dg/cshift_bounds_2.f90 execution test
FAIL: gfortran.dg/cshift_bounds_2.f90 execution test
FAIL: gfortran.dg/cshift_bounds_2.f90 execution test
FAIL: gfortran.dg/cshift_bounds_2.f90 execution test
FAIL: gfortran.dg/cshift_bounds_2.f90 execution test
FAIL: gfortran.dg/cshift_bounds_2.f90 execution test
FAIL: gfortran.dg/cshift_bounds_2.f90 execution test
FAIL: gfortran.dg/cshift_bounds_3.f90 output pattern test, is , should
match Fortran runtime error: Incorrect size in SHIFT argument of
CSHIFT intrinsic: should not be zero-sized
FAIL: gfortran.dg/cshift_bounds_3.f90 output pattern test, is , should
match Fortran runtime error: Incorrect size in SHIFT argument of
CSHIFT intrinsic: should not be zero-sized
FAIL: gfortran.dg/cshift_bounds_3.f90 output pattern test, is , should
match Fortran runtime error: Incorrect size in SHIFT argument of
CSHIFT intrinsic: should not be zero-sized
FAIL: gfortran.dg/cshift_bounds_3.f90 output pattern test, is , should
match Fortran runtime error: Incorrect size in SHIFT argument of
CSHIFT intrinsic: should not be zero-sized
FAIL: gfortran.dg/cshift_bounds_3.f90 output pattern test, is , should
match Fortran runtime error: Incorrect size in SHIFT argument of
CSHIFT intrinsic: should not be zero-sized
FAIL: gfortran.dg/cshift_bounds_3.f90 output pattern test, is , should
match Fortran runtime error: Incorrect size in SHIFT argument of
CSHIFT intrinsic: should not be zero-sized
FAIL: gfortran.dg/cshift_bounds_3.f90 output pattern test, is , should
match Fortran runtime error: Incorrect size in SHIFT argument of
CSHIFT intrinsic: should not be zero-sized
FAIL: gfortran.dg/cshift_bounds_3.f90 output pattern test, is , should
match Fortran runtime error: Incorrect size in SHIFT argument of
CSHIFT intrinsic: should not be zero-sized
FAIL: gfortran.dg/cshift_bounds_4.f90 execution test
FAIL: gfortran.dg/cshift_bounds_4.f90 execution test
FAIL: gfortran.dg/cshift_bounds_4.f90 execution test
FAIL: gfortran.dg/cshift_bounds_4.f90 execution test
FAIL: gfortran.dg/cshift_bounds_4.f90 execution test
FAIL: gfortran.dg/cshift_bounds_4.f90 execution test
FAIL: gfortran.dg/cshift_bounds_4.f90 execution test
FAIL: gfortran.dg/cshift_bounds_4.f90 execution test
FAIL: gfortran.dg/eoshift_bounds_1.f90 output pattern test, is ,
should match Fortran runtime error: Incorrect size in SHIFT argument
of EOSHIFT intrinsic: should not be zero-sized
FAIL: gfortran.dg/eoshift_bounds_1.f90 output pattern test, is ,
should match Fortran runtime error: Incorrect size in SHIFT argument
of EOSHIFT intrinsic: should not be zero-sized
FAIL: gfortran.dg/eoshift_bounds_1.f90 output pattern test, is ,
should match Fortran runtime error: Incorrect size in SHIFT argument
of EOSHIFT intrinsic: should not be zero-sized
FAIL: gfortran.dg/eoshift_bounds_1.f90 output pattern test, is ,
should match Fortran runtime error: Incorrect size in SHIFT argument
of EOSHIFT intrinsic: should not be zero-sized
FAIL: gfortran.dg/eoshift_bounds_1.f90 output pattern test, is ,
should match Fortran runtime error: Incorrect size in SHIFT argument
of EOSHIFT intrinsic: should not be zero-sized
FAIL: gfortran.dg/eoshift_bounds_1.f90 output pattern test, is ,
should match Fortran runtime error: Incorrect size in SHIFT argument
of EOSHIFT intrinsic: should not be zero-sized
FAIL: gfortran.dg/eoshift_bounds_1.f90 output pattern test, is ,
should match Fortran runtime error: Incorrect size in SHIFT argument
of EOSHIFT intrinsic: should not be zero-sized
FAIL: gfortran.dg/eoshift_bounds_1.f90 output pattern test, is ,
should match Fortran runtime error: Incorrect size in SHIFT argument
of EOSHIFT intrinsic: should not be zero-sized
FAIL: gfortran.dg/erf_2.F90 execution test
FAIL: gfortran.dg/erf_2.F90 execution test
FAIL: gfortran.dg/erf_2.F90 execution test
FAIL: gfortran.dg/erf_2.F90 execution test
FAIL: gfortran.dg/erf_2.F90 execution test
FAIL: gfortran.dg/erf_2.F90 execution test
FAIL: gfortran.dg/erf_2.F90 execution test
FAIL: gfortran.dg/erf_2.F90 execution test
FAIL: gfortran.dg/erfc_scaled_1.f90 execution test
FAIL: gfortran.dg/erfc_scaled_1.f90 execution test
FAIL: gfortran.dg/erfc_scaled_1.f90 execution test
FAIL: gfortran.dg/erfc_scaled_1.f90 execution test
FAIL: gfortran.dg/erfc_scaled_1.f90 execution test
FAIL: gfortran.dg/erfc_scaled_1.f90 execution test
FAIL: gfortran.dg/erfc_scaled_1.f90 execution test
FAIL: gfortran.dg/erfc_scaled_1.f90 execution test
FAIL: gfortran.dg/f2003_inquire_1.f03 execution test
FAIL: gfortran.dg/f2003_inquire_1.f03 execution test
FAIL: gfortran.dg/f2003_inquire_1.f03 execution test
FAIL: gfortran.dg/f2003_inquire_1.f03 execution test
FAIL: gfortran.dg/f2003_inquire_1.f03 execution test
FAIL: gfortran.dg/f2003_inquire_1.f03 execution test
FAIL: gfortran.dg/f2003_inquire_1.f03 execution test
FAIL: gfortran.dg/f2003_inquire_1.f03 execution test
FAIL: gfortran.dg/f2003_io_1.f03 execution test
FAIL: gfortran.dg/f2003_io_1.f03 execution test
FAIL: gfortran.dg/f2003_io_1.f03 execution test
FAIL: gfortran.dg/f2003_io_1.f03 execution test
FAIL: gfortran.dg/f2003_io_1.f03 execution test
FAIL: gfortran.dg/f2003_io_1.f03 execution test
FAIL: gfortran.dg/f2003_io_1.f03 execution test
FAIL: gfortran.dg/f2003_io_1.f03 execution test
FAIL: gfortran.dg/f2003_io_4.f03 execution test
FAIL: gfortran.dg/f2003_io_4.f03 execution test
FAIL: gfortran.dg/f2003_io_4.f03 execution test
FAIL: gfortran.dg/f2003_io_4.f03 execution test
FAIL: gfortran.dg/f2003_io_4.f03 execution test
FAIL: gfortran.dg/f2003_io_4.f03 execution test
FAIL: gfortran.dg/f2003_io_4.f03 execution test
FAIL: gfortran.dg/f2003_io_4.f03 execution test
FAIL: gfortran.dg/f2003_io_5.f03 execution test
FAIL: gfortran.dg/f2003_io_5.f03 execution test
FAIL: gfortran.dg/f2003_io_5.f03 execution test
FAIL: gfortran.dg/f2003_io_5.f03 execution test
FAIL: gfortran.dg/f2003_io_5.f03 execution test
FAIL: gfortran.dg/f2003_io_5.f03 execution test
FAIL: gfortran.dg/f2003_io_5.f03 execution test
FAIL: gfortran.dg/f2003_io_5.f03 execution test
FAIL: gfortran.dg/f2003_io_6.f03 execution test
FAIL: gfortran.dg/f2003_io_6.f03 execution test
FAIL: gfortran.dg/f2003_io_6.f03 execution test
FAIL: gfortran.dg/f2003_io_6.f03 execution test
FAIL: gfortran.dg/f2003_io_6.f03 execution test
FAIL: gfortran.dg/f2003_io_6.f03 execution test
FAIL: gfortran.dg/f2003_io_6.f03 execution test
FAIL: gfortran.dg/f2003_io_6.f03 execution test
FAIL: gfortran.dg/f2003_io_7.f03 execution test
FAIL: gfortran.dg/f2003_io_7.f03 execution test
FAIL: gfortran.dg/f2003_io_7.f03 execution test
FAIL: gfortran.dg/f2003_io_7.f03 execution test
FAIL: gfortran.dg/f2003_io_7.f03 execution test
FAIL: gfortran.dg/f2003_io_7.f03 execution test
FAIL: gfortran.dg/f2003_io_7.f03 execution test
FAIL: gfortran.dg/f2003_io_7.f03 execution test
FAIL: gfortran.dg/fmt_bz_bn.f execution test
FAIL: gfortran.dg/fmt_bz_bn.f execution test
FAIL: gfortran.dg/fmt_bz_bn.f execution test
FAIL: gfortran.dg/fmt_bz_bn.f execution test
FAIL: gfortran.dg/fmt_bz_bn.f execution test
FAIL: gfortran.dg/fmt_bz_bn.f execution test
FAIL: gfortran.dg/fmt_bz_bn.f execution test
FAIL: gfortran.dg/fmt_bz_bn.f execution test
FAIL: gfortran.dg/fmt_error_10.f execution test
FAIL: gfortran.dg/fmt_error_10.f execution test
FAIL: gfortran.dg/fmt_error_10.f execution test
FAIL: gfortran.dg/fmt_error_10.f execution test
FAIL: gfortran.dg/fmt_error_10.f execution test
FAIL: gfortran.dg/fmt_error_10.f execution test
FAIL: gfortran.dg/fmt_error_10.f execution test
FAIL: gfortran.dg/fmt_error_10.f execution test
FAIL: gfortran.dg/fmt_error_4.f90 output pattern test, is At line 14
of file /usr/local/src/trunk/gcc/gcc/testsuite/gfortran.dg/fmt_error_4.f90
(unit = 6, file = 'stdout')
FAIL: gfortran.dg/fmt_error_4.f90 output pattern test, is At line 14
of file /usr/local/src/trunk/gcc/gcc/testsuite/gfortran.dg/fmt_error_4.f90
(unit = 6, file = 'stdout')
FAIL: gfortran.dg/fmt_error_4.f90 output pattern test, is At line 14
of file /usr/local/src/trunk/gcc/gcc/testsuite/gfortran.dg/fmt_error_4.f90
(unit = 6, file = 'stdout')
FAIL: gfortran.dg/fmt_error_4.f90 output pattern test, is At line 14
of file /usr/local/src/trunk/gcc/gcc/testsuite/gfortran.dg/fmt_error_4.f90
(unit = 6, file = 'stdout')
FAIL: gfortran.dg/fmt_error_4.f90 output pattern test, is At line 14
of file /usr/local/src/trunk/gcc/gcc/testsuite/gfortran.dg/fmt_error_4.f90
(unit = 6, file = 'stdout')
FAIL: gfortran.dg/fmt_error_4.f90 output pattern test, is At line 14
of file /usr/local/src/trunk/gcc/gcc/testsuite/gfortran.dg/fmt_error_4.f90
(unit = 6, file = 'stdout')
FAIL: gfortran.dg/fmt_error_4.f90 output pattern test, is At line 14
of file /usr/local/src/trunk/gcc/gcc/testsuite/gfortran.dg/fmt_error_4.f90
(unit = 6, file = 'stdout')
FAIL: gfortran.dg/fmt_error_4.f90 output pattern test, is At line 14
of file /usr/local/src/trunk/gcc/gcc/testsuite/gfortran.dg/fmt_error_4.f90
(unit = 6, file = 'stdout')
FAIL: gfortran.dg/fmt_error_5.f90 output pattern test, is At line 14
of file /usr/local/src/trunk/gcc/gcc/testsuite/gfortran.dg/fmt_error_5.f90
(unit = 6, file = 'stdout')
FAIL: gfortran.dg/fmt_error_5.f90 output pattern test, is At line 14
of file /usr/local/src/trunk/gcc/gcc/testsuite/gfortran.dg/fmt_error_5.f90
(unit = 6, file = 'stdout')
FAIL: gfortran.dg/fmt_error_5.f90 output pattern test, is At line 14
of file /usr/local/src/trunk/gcc/gcc/testsuite/gfortran.dg/fmt_error_5.f90
(unit = 6, file = 'stdout')
FAIL: gfortran.dg/fmt_error_5.f90 output pattern test, is At line 14
of file /usr/local/src/trunk/gcc/gcc/testsuite/gfortran.dg/fmt_error_5.f90
(unit = 6, file = 'stdout')
FAIL: gfortran.dg/fmt_error_5.f90 output pattern test, is At line 14
of file /usr/local/src/trunk/gcc/gcc/testsuite/gfortran.dg/fmt_error_5.f90
(unit = 6, file = 'stdout')
FAIL: gfortran.dg/fmt_error_5.f90 output pattern test, is At line 14
of file /usr/local/src/trunk/gcc/gcc/testsuite/gfortran.dg/fmt_error_5.f90
(unit = 6, file = 'stdout')
FAIL: gfortran.dg/fmt_error_5.f90 output pattern test, is At line 14
of file /usr/local/src/trunk/gcc/gcc/testsuite/gfortran.dg/fmt_error_5.f90
(unit = 6, file = 'stdout')
FAIL: gfortran.dg/fmt_error_5.f90 output pattern test, is At line 14
of file /usr/local/src/trunk/gcc/gcc/testsuite/gfortran.dg/fmt_error_5.f90
(unit = 6, file = 'stdout')
FAIL: gfortran.dg/fmt_error_9.f execution test
FAIL: gfortran.dg/fmt_error_9.f execution test
FAIL: gfortran.dg/fmt_error_9.f execution test
FAIL: gfortran.dg/fmt_error_9.f execution test
FAIL: gfortran.dg/fmt_error_9.f execution test
FAIL: gfortran.dg/fmt_error_9.f execution test
FAIL: gfortran.dg/fmt_error_9.f execution test
FAIL: gfortran.dg/fmt_error_9.f execution test
FAIL: gfortran.dg/fmt_f_an_p.f execution test
FAIL: gfortran.dg/fmt_f_an_p.f execution test
FAIL: gfortran.dg/fmt_f_an_p.f execution test
FAIL: gfortran.dg/fmt_f_an_p.f execution test
FAIL: gfortran.dg/fmt_f_an_p.f execution test
FAIL: gfortran.dg/fmt_f_an_p.f execution test
FAIL: gfortran.dg/fmt_f_an_p.f execution test
FAIL: gfortran.dg/fmt_f_an_p.f execution test
FAIL: gfortran.dg/fmt_g0_1.f08 execution test
FAIL: gfortran.dg/fmt_g0_1.f08 execution test
FAIL: gfortran.dg/fmt_g0_1.f08 execution test
FAIL: gfortran.dg/fmt_g0_1.f08 execution test
FAIL: gfortran.dg/fmt_g0_1.f08 execution test
FAIL: gfortran.dg/fmt_g0_1.f08 execution test
FAIL: gfortran.dg/fmt_g0_1.f08 execution test
FAIL: gfortran.dg/fmt_g0_1.f08 execution test
FAIL: gfortran.dg/fmt_g0_2.f08 output pattern test, is At line 8 of
file /usr/local/src/trunk/gcc/gcc/testsuite/gfortran.dg/fmt_g0_2.f08
FAIL: gfortran.dg/fmt_g0_2.f08 output pattern test, is At line 8 of
file /usr/local/src/trunk/gcc/gcc/testsuite/gfortran.dg/fmt_g0_2.f08
FAIL: gfortran.dg/fmt_g0_2.f08 output pattern test, is At line 8 of
file /usr/local/src/trunk/gcc/gcc/testsuite/gfortran.dg/fmt_g0_2.f08
FAIL: gfortran.dg/fmt_g0_2.f08 output pattern test, is At line 8 of
file /usr/local/src/trunk/gcc/gcc/testsuite/gfortran.dg/fmt_g0_2.f08
FAIL: gfortran.dg/fmt_g0_2.f08 output pattern test, is At line 8 of
file /usr/local/src/trunk/gcc/gcc/testsuite/gfortran.dg/fmt_g0_2.f08
FAIL: gfortran.dg/fmt_g0_2.f08 output pattern test, is At line 8 of
file /usr/local/src/trunk/gcc/gcc/testsuite/gfortran.dg/fmt_g0_2.f08
FAIL: gfortran.dg/fmt_g0_2.f08 output pattern test, is At line 8 of
file /usr/local/src/trunk/gcc/gcc/testsuite/gfortran.dg/fmt_g0_2.f08
FAIL: gfortran.dg/fmt_g0_2.f08 output pattern test, is At line 8 of
file /usr/local/src/trunk/gcc/gcc/testsuite/gfortran.dg/fmt_g0_2.f08
FAIL: gfortran.dg/fmt_int_sign.f90 execution test
FAIL: gfortran.dg/fmt_int_sign.f90 execution test
FAIL: gfortran.dg/fmt_int_sign.f90 execution test
FAIL: gfortran.dg/fmt_int_sign.f90 execution test
FAIL: gfortran.dg/fmt_int_sign.f90 execution test
FAIL: gfortran.dg/fmt_int_sign.f90 execution test
FAIL: gfortran.dg/fmt_int_sign.f90 execution test
FAIL: gfortran.dg/fmt_int_sign.f90 execution test
FAIL: gfortran.dg/fmt_t_7.f execution test
FAIL: gfortran.dg/fmt_t_7.f execution test
FAIL: gfortran.dg/fmt_t_7.f execution test
FAIL: gfortran.dg/fmt_t_7.f execution test
FAIL: gfortran.dg/fmt_t_7.f execution test
FAIL: gfortran.dg/fmt_t_7.f execution test
FAIL: gfortran.dg/fmt_t_7.f execution test
FAIL: gfortran.dg/fmt_t_7.f execution test
FAIL: gfortran.dg/fmt_zero_digits.f90 execution test
FAIL: gfortran.dg/fmt_zero_digits.f90 execution test
FAIL: gfortran.dg/fmt_zero_digits.f90 execution test
FAIL: gfortran.dg/fmt_zero_digits.f90 execution test
FAIL: gfortran.dg/fmt_zero_digits.f90 execution test
FAIL: gfortran.dg/fmt_zero_digits.f90 execution test
FAIL: gfortran.dg/fmt_zero_digits.f90 execution test
FAIL: gfortran.dg/fmt_zero_digits.f90 execution test
FAIL: gfortran.dg/index_2.f90 execution test
FAIL: gfortran.dg/index_2.f90 execution test
FAIL: gfortran.dg/index_2.f90 execution test
FAIL: gfortran.dg/index_2.f90 execution test
FAIL: gfortran.dg/index_2.f90 execution test
FAIL: gfortran.dg/index_2.f90 execution test
FAIL: gfortran.dg/index_2.f90 execution test
FAIL: gfortran.dg/index_2.f90 execution test
FAIL: gfortran.dg/list_read_9.f90 execution test
FAIL: gfortran.dg/list_read_9.f90 execution test
FAIL: gfortran.dg/list_read_9.f90 execution test
FAIL: gfortran.dg/list_read_9.f90 execution test
FAIL: gfortran.dg/list_read_9.f90 execution test
FAIL: gfortran.dg/list_read_9.f90 execution test
FAIL: gfortran.dg/list_read_9.f90 execution test
FAIL: gfortran.dg/list_read_9.f90 execution test
FAIL: gfortran.dg/matmul_7.f90 execution test
FAIL: gfortran.dg/matmul_7.f90 execution test
FAIL: gfortran.dg/matmul_7.f90 execution test
FAIL: gfortran.dg/matmul_7.f90 execution test
FAIL: gfortran.dg/matmul_7.f90 execution test
FAIL: gfortran.dg/matmul_7.f90 execution test
FAIL: gfortran.dg/matmul_7.f90 execution test
FAIL: gfortran.dg/matmul_7.f90 execution test
FAIL: gfortran.dg/matmul_bounds_2.f90 execution test
FAIL: gfortran.dg/matmul_bounds_2.f90 execution test
FAIL: gfortran.dg/matmul_bounds_2.f90 execution test
FAIL: gfortran.dg/matmul_bounds_2.f90 execution test
FAIL: gfortran.dg/matmul_bounds_2.f90 execution test
FAIL: gfortran.dg/matmul_bounds_2.f90 execution test
FAIL: gfortran.dg/matmul_bounds_2.f90 execution test
FAIL: gfortran.dg/matmul_bounds_2.f90 execution test
FAIL: gfortran.dg/matmul_bounds_3.f90 execution test
FAIL: gfortran.dg/matmul_bounds_3.f90 execution test
FAIL: gfortran.dg/matmul_bounds_3.f90 execution test
FAIL: gfortran.dg/matmul_bounds_3.f90 execution test
FAIL: gfortran.dg/matmul_bounds_3.f90 execution test
FAIL: gfortran.dg/matmul_bounds_3.f90 execution test
FAIL: gfortran.dg/matmul_bounds_3.f90 execution test
FAIL: gfortran.dg/matmul_bounds_3.f90 execution test
FAIL: gfortran.dg/matmul_bounds_4.f90 execution test
FAIL: gfortran.dg/matmul_bounds_4.f90 execution test
FAIL: gfortran.dg/matmul_bounds_4.f90 execution test
FAIL: gfortran.dg/matmul_bounds_4.f90 execution test
FAIL: gfortran.dg/matmul_bounds_4.f90 execution test
FAIL: gfortran.dg/matmul_bounds_4.f90 execution test
FAIL: gfortran.dg/matmul_bounds_4.f90 execution test
FAIL: gfortran.dg/matmul_bounds_4.f90 execution test
FAIL: gfortran.dg/matmul_bounds_5.f90 execution test
FAIL: gfortran.dg/matmul_bounds_5.f90 execution test
FAIL: gfortran.dg/matmul_bounds_5.f90 execution test
FAIL: gfortran.dg/matmul_bounds_5.f90 execution test
FAIL: gfortran.dg/matmul_bounds_5.f90 execution test
FAIL: gfortran.dg/matmul_bounds_5.f90 execution test
FAIL: gfortran.dg/matmul_bounds_5.f90 execution test
FAIL: gfortran.dg/matmul_bounds_5.f90 execution test
FAIL: gfortran.dg/maxloc_bounds_4.f90 output pattern test, is Fortran
runtime error: Incorrect extent in return value of MAXLOC intrnisic:
is 3, should be 2
FAIL: gfortran.dg/maxloc_bounds_4.f90 output pattern test, is Fortran
runtime error: Incorrect extent in return value of MAXLOC intrnisic:
is 3, should be 2
FAIL: gfortran.dg/maxloc_bounds_4.f90 output pattern test, is Fortran
runtime error: Incorrect extent in return value of MAXLOC intrnisic:
is 3, should be 2
FAIL: gfortran.dg/maxloc_bounds_4.f90 output pattern test, is Fortran
runtime error: Incorrect extent in return value of MAXLOC intrnisic:
is 3, should be 2
FAIL: gfortran.dg/maxloc_bounds_4.f90 output pattern test, is Fortran
runtime error: Incorrect extent in return value of MAXLOC intrnisic:
is 3, should be 2
FAIL: gfortran.dg/maxloc_bounds_4.f90 output pattern test, is Fortran
runtime error: Incorrect extent in return value of MAXLOC intrnisic:
is 3, should be 2
FAIL: gfortran.dg/maxloc_bounds_4.f90 output pattern test, is Fortran
runtime error: Incorrect extent in return value of MAXLOC intrnisic:
is 3, should be 2
FAIL: gfortran.dg/maxloc_bounds_4.f90 output pattern test, is Fortran
runtime error: Incorrect extent in return value of MAXLOC intrnisic:
is 3, should be 2
FAIL: gfortran.dg/maxloc_bounds_5.f90 output pattern test, is Fortran
runtime error: Incorrect extent in return value of MAXLOC intrnisic:
is 3, should be 2
FAIL: gfortran.dg/maxloc_bounds_5.f90 output pattern test, is Fortran
runtime error: Incorrect extent in return value of MAXLOC intrnisic:
is 3, should be 2
FAIL: gfortran.dg/maxloc_bounds_5.f90 output pattern test, is Fortran
runtime error: Incorrect extent in return value of MAXLOC intrnisic:
is 3, should be 2
FAIL: gfortran.dg/maxloc_bounds_5.f90 output pattern test, is Fortran
runtime error: Incorrect extent in return value of MAXLOC intrnisic:
is 3, should be 2
FAIL: gfortran.dg/maxloc_bounds_5.f90 output pattern test, is Fortran
runtime error: Incorrect extent in return value of MAXLOC intrnisic:
is 3, should be 2
FAIL: gfortran.dg/maxloc_bounds_5.f90 output pattern test, is Fortran
runtime error: Incorrect extent in return value of MAXLOC intrnisic:
is 3, should be 2
FAIL: gfortran.dg/maxloc_bounds_5.f90 output pattern test, is Fortran
runtime error: Incorrect extent in return value of MAXLOC intrnisic:
is 3, should be 2
FAIL: gfortran.dg/maxloc_bounds_5.f90 output pattern test, is Fortran
runtime error: Incorrect extent in return value of MAXLOC intrnisic:
is 3, should be 2
FAIL: gfortran.dg/maxloc_bounds_7.f90 output pattern test, is Fortran
runtime error: Incorrect extent in return value of MAXLOC intrnisic:
is 3, should be 2
FAIL: gfortran.dg/maxloc_bounds_7.f90 output pattern test, is Fortran
runtime error: Incorrect extent in return value of MAXLOC intrnisic:
is 3, should be 2
FAIL: gfortran.dg/maxloc_bounds_7.f90 output pattern test, is Fortran
runtime error: Incorrect extent in return value of MAXLOC intrnisic:
is 3, should be 2
FAIL: gfortran.dg/maxloc_bounds_7.f90 output pattern test, is Fortran
runtime error: Incorrect extent in return value of MAXLOC intrnisic:
is 3, should be 2
FAIL: gfortran.dg/maxloc_bounds_7.f90 output pattern test, is Fortran
runtime error: Incorrect extent in return value of MAXLOC intrnisic:
is 3, should be 2
FAIL: gfortran.dg/maxloc_bounds_7.f90 output pattern test, is Fortran
runtime error: Incorrect extent in return value of MAXLOC intrnisic:
is 3, should be 2
FAIL: gfortran.dg/maxloc_bounds_7.f90 output pattern test, is Fortran
runtime error: Incorrect extent in return value of MAXLOC intrnisic:
is 3, should be 2
FAIL: gfortran.dg/maxloc_bounds_7.f90 output pattern test, is Fortran
runtime error: Incorrect extent in return value of MAXLOC intrnisic:
is 3, should be 2
FAIL: gfortran.dg/maxlocval_4.f90 execution test
FAIL: gfortran.dg/maxlocval_4.f90 execution test
FAIL: gfortran.dg/maxlocval_4.f90 execution test
FAIL: gfortran.dg/maxlocval_4.f90 execution test
FAIL: gfortran.dg/maxlocval_4.f90 execution test
FAIL: gfortran.dg/maxlocval_4.f90 execution test
FAIL: gfortran.dg/maxlocval_4.f90 execution test
FAIL: gfortran.dg/maxlocval_4.f90 execution test
FAIL: gfortran.dg/minlocval_4.f90 execution test
FAIL: gfortran.dg/minlocval_4.f90 execution test
FAIL: gfortran.dg/minlocval_4.f90 execution test
FAIL: gfortran.dg/minlocval_4.f90 execution test
FAIL: gfortran.dg/minlocval_4.f90 execution test
FAIL: gfortran.dg/minlocval_4.f90 execution test
FAIL: gfortran.dg/minlocval_4.f90 execution test
FAIL: gfortran.dg/minlocval_4.f90 execution test
FAIL: gfortran.dg/mvbits_5.f90 execution test
FAIL: gfortran.dg/mvbits_5.f90 execution test
FAIL: gfortran.dg/mvbits_5.f90 execution test
FAIL: gfortran.dg/mvbits_5.f90 execution test
FAIL: gfortran.dg/mvbits_5.f90 execution test
FAIL: gfortran.dg/mvbits_5.f90 execution test
FAIL: gfortran.dg/mvbits_5.f90 execution test
FAIL: gfortran.dg/mvbits_5.f90 execution test
FAIL: gfortran.dg/namelist_40.f90 output pattern test, is Multiple
sub-objects with non-zero rank in namelist object x
FAIL: gfortran.dg/namelist_40.f90 output pattern test, is Multiple
sub-objects with non-zero rank in namelist object x
FAIL: gfortran.dg/namelist_40.f90 output pattern test, is Multiple
sub-objects with non-zero rank in namelist object x
FAIL: gfortran.dg/namelist_40.f90 output pattern test, is Multiple
sub-objects with non-zero rank in namelist object x
FAIL: gfortran.dg/namelist_40.f90 output pattern test, is Multiple
sub-objects with non-zero rank in namelist object x
FAIL: gfortran.dg/namelist_40.f90 output pattern test, is Multiple
sub-objects with non-zero rank in namelist object x
FAIL: gfortran.dg/namelist_40.f90 output pattern test, is Multiple
sub-objects with non-zero rank in namelist object x
FAIL: gfortran.dg/namelist_40.f90 output pattern test, is Multiple
sub-objects with non-zero rank in namelist object x
FAIL: gfortran.dg/namelist_47.f90 output pattern test, is Multiple
sub-objects with non-zero rank in namelist object x
FAIL: gfortran.dg/namelist_47.f90 output pattern test, is Multiple
sub-objects with non-zero rank in namelist object x
FAIL: gfortran.dg/namelist_47.f90 output pattern test, is Multiple
sub-objects with non-zero rank in namelist object x
FAIL: gfortran.dg/namelist_47.f90 output pattern test, is Multiple
sub-objects with non-zero rank in namelist object x
FAIL: gfortran.dg/namelist_47.f90 output pattern test, is Multiple
sub-objects with non-zero rank in namelist object x
FAIL: gfortran.dg/namelist_47.f90 output pattern test, is Multiple
sub-objects with non-zero rank in namelist object x
FAIL: gfortran.dg/namelist_47.f90 output pattern test, is Multiple
sub-objects with non-zero rank in namelist object x
FAIL: gfortran.dg/namelist_47.f90 output pattern test, is Multiple
sub-objects with non-zero rank in namelist object x
FAIL: gfortran.dg/namelist_53.f90 execution test
FAIL: gfortran.dg/namelist_53.f90 execution test
FAIL: gfortran.dg/namelist_53.f90 execution test
FAIL: gfortran.dg/namelist_53.f90 execution test
FAIL: gfortran.dg/namelist_53.f90 execution test
FAIL: gfortran.dg/namelist_53.f90 execution test
FAIL: gfortran.dg/namelist_53.f90 execution test
FAIL: gfortran.dg/namelist_53.f90 execution test
FAIL: gfortran.dg/namelist_57.f90 execution test
FAIL: gfortran.dg/namelist_57.f90 execution test
FAIL: gfortran.dg/namelist_57.f90 execution test
FAIL: gfortran.dg/namelist_57.f90 execution test
FAIL: gfortran.dg/namelist_57.f90 execution test
FAIL: gfortran.dg/namelist_57.f90 execution test
FAIL: gfortran.dg/namelist_57.f90 execution test
FAIL: gfortran.dg/namelist_57.f90 execution test
FAIL: gfortran.dg/namelist_58.f90 execution test
FAIL: gfortran.dg/namelist_58.f90 execution test
FAIL: gfortran.dg/namelist_58.f90 execution test
FAIL: gfortran.dg/namelist_58.f90 execution test
FAIL: gfortran.dg/namelist_58.f90 execution test
FAIL: gfortran.dg/namelist_58.f90 execution test
FAIL: gfortran.dg/namelist_58.f90 execution test
FAIL: gfortran.dg/namelist_58.f90 execution test
FAIL: gfortran.dg/namelist_59.f90 execution test
FAIL: gfortran.dg/namelist_59.f90 execution test
FAIL: gfortran.dg/namelist_59.f90 execution test
FAIL: gfortran.dg/namelist_59.f90 execution test
FAIL: gfortran.dg/namelist_59.f90 execution test
FAIL: gfortran.dg/namelist_59.f90 execution test
FAIL: gfortran.dg/namelist_59.f90 execution test
FAIL: gfortran.dg/namelist_59.f90 execution test
FAIL: gfortran.dg/namelist_print_1.f output pattern test, is &MYNML
FAIL: gfortran.dg/namelist_print_1.f output pattern test, is &MYNML
FAIL: gfortran.dg/namelist_print_1.f output pattern test, is &MYNML
FAIL: gfortran.dg/namelist_print_1.f output pattern test, is &MYNML
FAIL: gfortran.dg/namelist_print_1.f output pattern test, is &MYNML
FAIL: gfortran.dg/namelist_print_1.f output pattern test, is &MYNML
FAIL: gfortran.dg/namelist_print_1.f output pattern test, is &MYNML
FAIL: gfortran.dg/namelist_print_1.f output pattern test, is &MYNML
FAIL: gfortran.dg/newunit_1.f90 execution test
FAIL: gfortran.dg/newunit_1.f90 execution test
FAIL: gfortran.dg/newunit_1.f90 execution test
FAIL: gfortran.dg/newunit_1.f90 execution test
FAIL: gfortran.dg/newunit_1.f90 execution test
FAIL: gfortran.dg/newunit_1.f90 execution test
FAIL: gfortran.dg/newunit_1.f90 execution test
FAIL: gfortran.dg/newunit_1.f90 execution test
FAIL: gfortran.dg/nint_2.f90 execution test
FAIL: gfortran.dg/no_range_check_2.f90 execution test
FAIL: gfortran.dg/no_range_check_2.f90 execution test
FAIL: gfortran.dg/no_range_check_2.f90 execution test
FAIL: gfortran.dg/no_range_check_2.f90 execution test
FAIL: gfortran.dg/no_range_check_2.f90 execution test
FAIL: gfortran.dg/no_range_check_2.f90 execution test
FAIL: gfortran.dg/no_range_check_2.f90 execution test
FAIL: gfortran.dg/no_range_check_2.f90 execution test
WARNING: program timed out.
FAIL: gfortran.dg/proc_ptr_19.f90 (test for excess errors)
FAIL: gfortran.dg/reshape_order_1.f90 execution test
FAIL: gfortran.dg/reshape_order_1.f90 execution test
FAIL: gfortran.dg/reshape_order_1.f90 execution test
FAIL: gfortran.dg/reshape_order_1.f90 execution test
FAIL: gfortran.dg/reshape_order_1.f90 execution test
FAIL: gfortran.dg/reshape_order_1.f90 execution test
FAIL: gfortran.dg/reshape_order_1.f90 execution test
FAIL: gfortran.dg/reshape_order_1.f90 execution test
FAIL: gfortran.dg/reshape_order_2.f90 output pattern test, is Fortran
runtime error: shape and target do not conform
FAIL: gfortran.dg/reshape_order_2.f90 output pattern test, is Fortran
runtime error: shape and target do not conform
FAIL: gfortran.dg/reshape_order_2.f90 output pattern test, is Fortran
runtime error: shape and target do not conform
FAIL: gfortran.dg/reshape_order_2.f90 output pattern test, is Fortran
runtime error: shape and target do not conform
FAIL: gfortran.dg/reshape_order_2.f90 output pattern test, is Fortran
runtime error: shape and target do not conform
FAIL: gfortran.dg/reshape_order_2.f90 output pattern test, is Fortran
runtime error: shape and target do not conform
FAIL: gfortran.dg/reshape_order_2.f90 output pattern test, is Fortran
runtime error: shape and target do not conform
FAIL: gfortran.dg/reshape_order_2.f90 output pattern test, is Fortran
runtime error: shape and target do not conform
FAIL: gfortran.dg/reshape_order_3.f90 execution test
FAIL: gfortran.dg/reshape_order_3.f90 execution test
FAIL: gfortran.dg/reshape_order_3.f90 execution test
FAIL: gfortran.dg/reshape_order_3.f90 execution test
FAIL: gfortran.dg/reshape_order_3.f90 execution test
FAIL: gfortran.dg/reshape_order_3.f90 execution test
FAIL: gfortran.dg/reshape_order_3.f90 execution test
FAIL: gfortran.dg/reshape_order_3.f90 execution test
FAIL: gfortran.dg/reshape_order_4.f90 output pattern test, is Fortran
runtime error: shape and target do not conform
FAIL: gfortran.dg/reshape_order_4.f90 output pattern test, is Fortran
runtime error: shape and target do not conform
FAIL: gfortran.dg/reshape_order_4.f90 output pattern test, is Fortran
runtime error: shape and target do not conform
FAIL: gfortran.dg/reshape_order_4.f90 output pattern test, is Fortran
runtime error: shape and target do not conform
FAIL: gfortran.dg/reshape_order_4.f90 output pattern test, is Fortran
runtime error: shape and target do not conform
FAIL: gfortran.dg/reshape_order_4.f90 output pattern test, is Fortran
runtime error: shape and target do not conform
FAIL: gfortran.dg/reshape_order_4.f90 output pattern test, is Fortran
runtime error: shape and target do not conform
FAIL: gfortran.dg/reshape_order_4.f90 output pattern test, is Fortran
runtime error: shape and target do not conform
FAIL: gfortran.dg/round_1.f03 execution test
FAIL: gfortran.dg/round_1.f03 execution test
FAIL: gfortran.dg/round_1.f03 execution test
FAIL: gfortran.dg/round_1.f03 execution test
FAIL: gfortran.dg/round_1.f03 execution test
FAIL: gfortran.dg/round_1.f03 execution test
FAIL: gfortran.dg/round_1.f03 execution test
FAIL: gfortran.dg/round_1.f03 execution test
FAIL: gfortran.dg/round_2.f03 execution test
FAIL: gfortran.dg/round_2.f03 execution test
FAIL: gfortran.dg/round_2.f03 execution test
FAIL: gfortran.dg/round_2.f03 execution test
FAIL: gfortran.dg/round_2.f03 execution test
FAIL: gfortran.dg/round_2.f03 execution test
FAIL: gfortran.dg/round_2.f03 execution test
FAIL: gfortran.dg/round_2.f03 execution test
FAIL: gfortran.dg/selected_char_kind_1.f90 execution test
FAIL: gfortran.dg/selected_char_kind_1.f90 execution test
FAIL: gfortran.dg/selected_char_kind_1.f90 execution test
FAIL: gfortran.dg/selected_char_kind_1.f90 execution test
FAIL: gfortran.dg/selected_char_kind_1.f90 execution test
FAIL: gfortran.dg/selected_char_kind_1.f90 execution test
FAIL: gfortran.dg/selected_char_kind_1.f90 execution test
FAIL: gfortran.dg/selected_char_kind_1.f90 execution test
FAIL: gfortran.dg/streamio_1.f90 execution test
FAIL: gfortran.dg/streamio_1.f90 execution test
FAIL: gfortran.dg/streamio_1.f90 execution test
FAIL: gfortran.dg/streamio_1.f90 execution test
FAIL: gfortran.dg/streamio_1.f90 execution test
FAIL: gfortran.dg/streamio_1.f90 execution test
FAIL: gfortran.dg/streamio_1.f90 execution test
FAIL: gfortran.dg/streamio_1.f90 execution test
FAIL: gfortran.dg/streamio_10.f90 execution test
FAIL: gfortran.dg/streamio_10.f90 execution test
FAIL: gfortran.dg/streamio_10.f90 execution test
FAIL: gfortran.dg/streamio_10.f90 execution test
FAIL: gfortran.dg/streamio_10.f90 execution test
FAIL: gfortran.dg/streamio_10.f90 execution test
FAIL: gfortran.dg/streamio_10.f90 execution test
FAIL: gfortran.dg/streamio_10.f90 execution test
FAIL: gfortran.dg/streamio_12.f90 execution test
FAIL: gfortran.dg/streamio_12.f90 execution test
FAIL: gfortran.dg/streamio_12.f90 execution test
FAIL: gfortran.dg/streamio_12.f90 execution test
FAIL: gfortran.dg/streamio_12.f90 execution test
FAIL: gfortran.dg/streamio_12.f90 execution test
FAIL: gfortran.dg/streamio_12.f90 execution test
FAIL: gfortran.dg/streamio_12.f90 execution test
FAIL: gfortran.dg/streamio_14.f90 execution test
FAIL: gfortran.dg/streamio_14.f90 execution test
FAIL: gfortran.dg/streamio_14.f90 execution test
FAIL: gfortran.dg/streamio_14.f90 execution test
FAIL: gfortran.dg/streamio_14.f90 execution test
FAIL: gfortran.dg/streamio_14.f90 execution test
FAIL: gfortran.dg/streamio_14.f90 execution test
FAIL: gfortran.dg/streamio_14.f90 execution test
FAIL: gfortran.dg/streamio_15.f90 execution test
FAIL: gfortran.dg/streamio_15.f90 execution test
FAIL: gfortran.dg/streamio_15.f90 execution test
FAIL: gfortran.dg/streamio_15.f90 execution test
FAIL: gfortran.dg/streamio_15.f90 execution test
FAIL: gfortran.dg/streamio_15.f90 execution test
FAIL: gfortran.dg/streamio_15.f90 execution test
FAIL: gfortran.dg/streamio_15.f90 execution test
FAIL: gfortran.dg/streamio_16.f90 execution test
FAIL: gfortran.dg/streamio_16.f90 execution test
FAIL: gfortran.dg/streamio_16.f90 execution test
FAIL: gfortran.dg/streamio_16.f90 execution test
FAIL: gfortran.dg/streamio_16.f90 execution test
FAIL: gfortran.dg/streamio_16.f90 execution test
FAIL: gfortran.dg/streamio_16.f90 execution test
FAIL: gfortran.dg/streamio_16.f90 execution test
FAIL: gfortran.dg/streamio_2.f90 execution test
FAIL: gfortran.dg/streamio_2.f90 execution test
FAIL: gfortran.dg/streamio_2.f90 execution test
FAIL: gfortran.dg/streamio_2.f90 execution test
FAIL: gfortran.dg/streamio_2.f90 execution test
FAIL: gfortran.dg/streamio_2.f90 execution test
FAIL: gfortran.dg/streamio_2.f90 execution test
FAIL: gfortran.dg/streamio_2.f90 execution test
FAIL: gfortran.dg/streamio_6.f90 execution test
FAIL: gfortran.dg/streamio_6.f90 execution test
FAIL: gfortran.dg/streamio_6.f90 execution test
FAIL: gfortran.dg/streamio_6.f90 execution test
FAIL: gfortran.dg/streamio_6.f90 execution test
FAIL: gfortran.dg/streamio_6.f90 execution test
FAIL: gfortran.dg/streamio_6.f90 execution test
FAIL: gfortran.dg/streamio_6.f90 execution test
FAIL: gfortran.dg/streamio_7.f90 execution test
FAIL: gfortran.dg/streamio_7.f90 execution test
FAIL: gfortran.dg/streamio_7.f90 execution test
FAIL: gfortran.dg/streamio_7.f90 execution test
FAIL: gfortran.dg/streamio_7.f90 execution test
FAIL: gfortran.dg/streamio_7.f90 execution test
FAIL: gfortran.dg/streamio_7.f90 execution test
FAIL: gfortran.dg/streamio_7.f90 execution test
FAIL: gfortran.dg/streamio_8.f90 execution test
FAIL: gfortran.dg/streamio_8.f90 execution test
FAIL: gfortran.dg/streamio_8.f90 execution test
FAIL: gfortran.dg/streamio_8.f90 execution test
FAIL: gfortran.dg/streamio_8.f90 execution test
FAIL: gfortran.dg/streamio_8.f90 execution test
FAIL: gfortran.dg/streamio_8.f90 execution test
FAIL: gfortran.dg/streamio_8.f90 execution test
FAIL: gfortran.dg/transpose_2.f90 execution test
FAIL: gfortran.dg/transpose_2.f90 execution test
FAIL: gfortran.dg/transpose_2.f90 execution test
FAIL: gfortran.dg/transpose_2.f90 execution test
FAIL: gfortran.dg/transpose_2.f90 execution test
FAIL: gfortran.dg/transpose_2.f90 execution test
FAIL: gfortran.dg/transpose_2.f90 execution test
FAIL: gfortran.dg/transpose_2.f90 execution test
FAIL: gfortran.dg/unlimited_fmt_1.f08 execution test
FAIL: gfortran.dg/unlimited_fmt_1.f08 execution test
FAIL: gfortran.dg/unlimited_fmt_1.f08 execution test
FAIL: gfortran.dg/unlimited_fmt_1.f08 execution test
FAIL: gfortran.dg/unlimited_fmt_1.f08 execution test
FAIL: gfortran.dg/unlimited_fmt_1.f08 execution test
FAIL: gfortran.dg/unlimited_fmt_1.f08 execution test
FAIL: gfortran.dg/unlimited_fmt_1.f08 execution test
FAIL: gfortran.dg/unpack_bounds_1.f90 execution test
FAIL: gfortran.dg/unpack_bounds_1.f90 execution test
FAIL: gfortran.dg/unpack_bounds_1.f90 execution test
FAIL: gfortran.dg/unpack_bounds_1.f90 execution test
FAIL: gfortran.dg/unpack_bounds_1.f90 execution test
FAIL: gfortran.dg/unpack_bounds_1.f90 execution test
FAIL: gfortran.dg/unpack_bounds_1.f90 execution test
FAIL: gfortran.dg/unpack_bounds_1.f90 execution test
FAIL: gfortran.dg/unpack_bounds_2.f90 execution test
FAIL: gfortran.dg/unpack_bounds_2.f90 execution test
FAIL: gfortran.dg/unpack_bounds_2.f90 execution test
FAIL: gfortran.dg/unpack_bounds_2.f90 execution test
FAIL: gfortran.dg/unpack_bounds_2.f90 execution test
FAIL: gfortran.dg/unpack_bounds_2.f90 execution test
FAIL: gfortran.dg/unpack_bounds_2.f90 execution test
FAIL: gfortran.dg/unpack_bounds_2.f90 execution test
FAIL: gfortran.dg/unpack_bounds_3.f90 execution test
FAIL: gfortran.dg/unpack_bounds_3.f90 execution test
FAIL: gfortran.dg/unpack_bounds_3.f90 execution test
FAIL: gfortran.dg/unpack_bounds_3.f90 execution test
FAIL: gfortran.dg/unpack_bounds_3.f90 execution test
FAIL: gfortran.dg/unpack_bounds_3.f90 execution test
FAIL: gfortran.dg/unpack_bounds_3.f90 execution test
FAIL: gfortran.dg/unpack_bounds_3.f90 execution test
FAIL: gfortran.dg/utf8_1.f03 execution test
FAIL: gfortran.dg/utf8_1.f03 execution test
FAIL: gfortran.dg/utf8_1.f03 execution test
FAIL: gfortran.dg/utf8_1.f03 execution test
FAIL: gfortran.dg/utf8_1.f03 execution test
FAIL: gfortran.dg/utf8_1.f03 execution test
FAIL: gfortran.dg/utf8_1.f03 execution test
FAIL: gfortran.dg/utf8_1.f03 execution test
FAIL: gfortran.dg/utf8_2.f03 execution test
FAIL: gfortran.dg/utf8_2.f03 execution test
FAIL: gfortran.dg/utf8_2.f03 execution test
FAIL: gfortran.dg/utf8_2.f03 execution test
FAIL: gfortran.dg/utf8_2.f03 execution test
FAIL: gfortran.dg/utf8_2.f03 execution test
FAIL: gfortran.dg/utf8_2.f03 execution test
FAIL: gfortran.dg/utf8_2.f03 execution test
FAIL: gfortran.dg/widechar_2.f90 execution test
FAIL: gfortran.dg/widechar_2.f90 execution test
FAIL: gfortran.dg/widechar_2.f90 execution test
FAIL: gfortran.dg/widechar_2.f90 execution test
FAIL: gfortran.dg/widechar_2.f90 execution test
FAIL: gfortran.dg/widechar_2.f90 execution test
FAIL: gfortran.dg/widechar_2.f90 execution test
FAIL: gfortran.dg/widechar_2.f90 execution test
FAIL: gfortran.dg/widechar_4.f90 execution test
FAIL: gfortran.dg/widechar_4.f90 execution test
FAIL: gfortran.dg/widechar_4.f90 execution test
FAIL: gfortran.dg/widechar_4.f90 execution test
FAIL: gfortran.dg/widechar_4.f90 execution test
FAIL: gfortran.dg/widechar_4.f90 execution test
FAIL: gfortran.dg/widechar_4.f90 execution test
FAIL: gfortran.dg/widechar_4.f90 execution test
FAIL: gfortran.dg/widechar_5.f90 execution test
FAIL: gfortran.dg/widechar_5.f90 execution test
FAIL: gfortran.dg/widechar_5.f90 execution test
FAIL: gfortran.dg/widechar_5.f90 execution test
FAIL: gfortran.dg/widechar_5.f90 execution test
FAIL: gfortran.dg/widechar_5.f90 execution test
FAIL: gfortran.dg/widechar_5.f90 execution test
FAIL: gfortran.dg/widechar_5.f90 execution test
FAIL: gfortran.dg/widechar_6.f90 execution test
FAIL: gfortran.dg/widechar_6.f90 execution test
FAIL: gfortran.dg/widechar_6.f90 execution test
FAIL: gfortran.dg/widechar_6.f90 execution test
FAIL: gfortran.dg/widechar_6.f90 execution test
FAIL: gfortran.dg/widechar_6.f90 execution test
FAIL: gfortran.dg/widechar_6.f90 execution test
FAIL: gfortran.dg/widechar_6.f90 execution test
FAIL: gfortran.dg/widechar_8.f90 execution test
FAIL: gfortran.dg/widechar_8.f90 execution test
FAIL: gfortran.dg/widechar_8.f90 execution test
FAIL: gfortran.dg/widechar_8.f90 execution test
FAIL: gfortran.dg/widechar_8.f90 execution test
FAIL: gfortran.dg/widechar_8.f90 execution test
FAIL: gfortran.dg/widechar_8.f90 execution test
FAIL: gfortran.dg/widechar_8.f90 execution test
FAIL: gfortran.dg/widechar_IO_1.f90 execution test
FAIL: gfortran.dg/widechar_IO_1.f90 execution test
FAIL: gfortran.dg/widechar_IO_1.f90 execution test
FAIL: gfortran.dg/widechar_IO_1.f90 execution test
FAIL: gfortran.dg/widechar_IO_1.f90 execution test
FAIL: gfortran.dg/widechar_IO_1.f90 execution test
FAIL: gfortran.dg/widechar_IO_1.f90 execution test
FAIL: gfortran.dg/widechar_IO_1.f90 execution test
FAIL: gfortran.dg/widechar_IO_2.f90 execution test
FAIL: gfortran.dg/widechar_IO_2.f90 execution test
FAIL: gfortran.dg/widechar_IO_2.f90 execution test
FAIL: gfortran.dg/widechar_IO_2.f90 execution test
FAIL: gfortran.dg/widechar_IO_2.f90 execution test
FAIL: gfortran.dg/widechar_IO_2.f90 execution test
FAIL: gfortran.dg/widechar_IO_2.f90 execution test
FAIL: gfortran.dg/widechar_IO_2.f90 execution test
FAIL: gfortran.dg/widechar_IO_3.f90 execution test
FAIL: gfortran.dg/widechar_IO_3.f90 execution test
FAIL: gfortran.dg/widechar_IO_3.f90 execution test
FAIL: gfortran.dg/widechar_IO_3.f90 execution test
FAIL: gfortran.dg/widechar_IO_3.f90 execution test
FAIL: gfortran.dg/widechar_IO_3.f90 execution test
FAIL: gfortran.dg/widechar_IO_3.f90 execution test
FAIL: gfortran.dg/widechar_IO_3.f90 execution test
FAIL: gfortran.dg/widechar_IO_4.f90 execution test
FAIL: gfortran.dg/widechar_IO_4.f90 execution test
FAIL: gfortran.dg/widechar_IO_4.f90 execution test
FAIL: gfortran.dg/widechar_IO_4.f90 execution test
FAIL: gfortran.dg/widechar_IO_4.f90 execution test
FAIL: gfortran.dg/widechar_IO_4.f90 execution test
FAIL: gfortran.dg/widechar_IO_4.f90 execution test
FAIL: gfortran.dg/widechar_IO_4.f90 execution test
FAIL: gfortran.dg/widechar_intrinsics_10.f90 execution test
FAIL: gfortran.dg/widechar_intrinsics_10.f90 execution test
FAIL: gfortran.dg/widechar_intrinsics_10.f90 execution test
FAIL: gfortran.dg/widechar_intrinsics_10.f90 execution test
FAIL: gfortran.dg/widechar_intrinsics_10.f90 execution test
FAIL: gfortran.dg/widechar_intrinsics_10.f90 execution test
FAIL: gfortran.dg/widechar_intrinsics_10.f90 execution test
FAIL: gfortran.dg/widechar_intrinsics_10.f90 execution test
FAIL: gfortran.dg/widechar_intrinsics_4.f90 execution test
FAIL: gfortran.dg/widechar_intrinsics_4.f90 execution test
FAIL: gfortran.dg/widechar_intrinsics_4.f90 execution test
FAIL: gfortran.dg/widechar_intrinsics_4.f90 execution test
FAIL: gfortran.dg/widechar_intrinsics_4.f90 execution test
FAIL: gfortran.dg/widechar_intrinsics_4.f90 execution test
FAIL: gfortran.dg/widechar_intrinsics_4.f90 execution test
FAIL: gfortran.dg/widechar_intrinsics_4.f90 execution test
FAIL: gfortran.dg/widechar_intrinsics_5.f90 execution test
FAIL: gfortran.dg/widechar_intrinsics_5.f90 execution test
FAIL: gfortran.dg/widechar_intrinsics_5.f90 execution test
FAIL: gfortran.dg/widechar_intrinsics_5.f90 execution test
FAIL: gfortran.dg/widechar_intrinsics_5.f90 execution test
FAIL: gfortran.dg/widechar_intrinsics_5.f90 execution test
FAIL: gfortran.dg/widechar_intrinsics_5.f90 execution test
FAIL: gfortran.dg/widechar_intrinsics_5.f90 execution test
FAIL: gfortran.dg/widechar_intrinsics_6.f90 execution test
FAIL: gfortran.dg/widechar_intrinsics_6.f90 execution test
FAIL: gfortran.dg/widechar_intrinsics_6.f90 execution test
FAIL: gfortran.dg/widechar_intrinsics_6.f90 execution test
FAIL: gfortran.dg/widechar_intrinsics_6.f90 execution test
FAIL: gfortran.dg/widechar_intrinsics_6.f90 execution test
FAIL: gfortran.dg/widechar_intrinsics_6.f90 execution test
FAIL: gfortran.dg/widechar_intrinsics_6.f90 execution test
FAIL: gfortran.dg/widechar_intrinsics_7.f90 execution test
FAIL: gfortran.dg/widechar_intrinsics_7.f90 execution test
FAIL: gfortran.dg/widechar_intrinsics_7.f90 execution test
FAIL: gfortran.dg/widechar_intrinsics_7.f90 execution test
FAIL: gfortran.dg/widechar_intrinsics_7.f90 execution test
FAIL: gfortran.dg/widechar_intrinsics_7.f90 execution test
FAIL: gfortran.dg/widechar_intrinsics_7.f90 execution test
FAIL: gfortran.dg/widechar_intrinsics_7.f90 execution test
FAIL: gfortran.dg/widechar_intrinsics_8.f90 execution test
FAIL: gfortran.dg/widechar_intrinsics_8.f90 execution test
FAIL: gfortran.dg/widechar_intrinsics_8.f90 execution test
FAIL: gfortran.dg/widechar_intrinsics_8.f90 execution test
FAIL: gfortran.dg/widechar_intrinsics_8.f90 execution test
FAIL: gfortran.dg/widechar_intrinsics_8.f90 execution test
FAIL: gfortran.dg/widechar_intrinsics_8.f90 execution test
FAIL: gfortran.dg/widechar_intrinsics_8.f90 execution test
FAIL: gfortran.dg/widechar_intrinsics_9.f90 execution test
FAIL: gfortran.dg/widechar_intrinsics_9.f90 execution test
FAIL: gfortran.dg/widechar_intrinsics_9.f90 execution test
FAIL: gfortran.dg/widechar_intrinsics_9.f90 execution test
FAIL: gfortran.dg/widechar_intrinsics_9.f90 execution test
FAIL: gfortran.dg/widechar_intrinsics_9.f90 execution test
FAIL: gfortran.dg/widechar_intrinsics_9.f90 execution test
FAIL: gfortran.dg/widechar_intrinsics_9.f90 execution test
FAIL: gfortran.dg/widechar_select_1.f90 execution test
FAIL: gfortran.dg/widechar_select_1.f90 execution test
FAIL: gfortran.dg/widechar_select_1.f90 execution test
FAIL: gfortran.dg/widechar_select_1.f90 execution test
FAIL: gfortran.dg/widechar_select_1.f90 execution test
FAIL: gfortran.dg/widechar_select_1.f90 execution test
FAIL: gfortran.dg/widechar_select_1.f90 execution test
FAIL: gfortran.dg/widechar_select_1.f90 execution test
FAIL: gfortran.dg/zero_sized_1.f90 execution test
FAIL: gfortran.dg/zero_sized_1.f90 execution test
FAIL: gfortran.dg/zero_sized_1.f90 execution test
FAIL: gfortran.dg/zero_sized_1.f90 execution test
FAIL: gfortran.dg/zero_sized_1.f90 execution test
FAIL: gfortran.dg/zero_sized_1.f90 execution test
FAIL: gfortran.dg/zero_sized_1.f90 execution test
FAIL: gfortran.dg/zero_sized_1.f90 execution test
FAIL: gfortran.dg/zero_sized_4.f90 execution test
FAIL: gfortran.dg/zero_sized_4.f90 execution test
FAIL: gfortran.dg/zero_sized_4.f90 execution test
FAIL: gfortran.dg/zero_sized_4.f90 execution test
FAIL: gfortran.dg/zero_sized_4.f90 execution test
FAIL: gfortran.dg/zero_sized_4.f90 execution test
FAIL: gfortran.dg/zero_sized_4.f90 execution test
FAIL: gfortran.dg/zero_sized_4.f90 execution test
FAIL: gfortran.dg/zero_sized_5.f90 execution test
FAIL: gfortran.dg/zero_sized_5.f90 execution test
FAIL: gfortran.dg/zero_sized_5.f90 execution test
FAIL: gfortran.dg/zero_sized_5.f90 execution test
FAIL: gfortran.dg/zero_sized_5.f90 execution test
FAIL: gfortran.dg/zero_sized_5.f90 execution test
FAIL: gfortran.dg/zero_sized_5.f90 execution test
FAIL: gfortran.dg/zero_sized_5.f90 execution test

		=== gfortran Summary ===

# of expected passes		31428
# of unexpected failures	747
# of expected failures		38
# of unsupported tests		312
/usr/local/src/trunk/objdir/gcc/testsuite/gfortran/../../gfortran
version 4.5.0 20091016 (experimental) [trunk revision 152899] (GCC)

		=== gnat tests ===


Running target unix
FAIL: gnat.dg/abstract_with_anonymous_result.adb (test for excess errors)
WARNING: gnat.dg/abstract_with_anonymous_result.adb compilation failed
to produce executable
FAIL: gnat.dg/access1.adb (test for excess errors)
FAIL: gnat.dg/access_discr.adb (test for excess errors)
FAIL: gnat.dg/access_discr2.adb (test for excess errors)
WARNING: gnat.dg/access_discr2.adb compilation failed to produce executable
FAIL: gnat.dg/access_test.adb (test for excess errors)
WARNING: gnat.dg/access_test.adb compilation failed to produce executable
FAIL: gnat.dg/aggr2.adb (test for excess errors)
FAIL: gnat.dg/aggr3.adb (test for excess errors)
WARNING: gnat.dg/aggr3.adb compilation failed to produce executable
FAIL: gnat.dg/aggr7.adb (test for excess errors)
FAIL: gnat.dg/align_max.adb (test for excess errors)
WARNING: gnat.dg/align_max.adb compilation failed to produce executable
FAIL: gnat.dg/array3.adb (test for excess errors)
WARNING: gnat.dg/array3.adb compilation failed to produce executable
ERROR: gnat.dg/array7.adb: error executing dg-final: couldn't open
"array7.adb.137t.optimized array7.adb.140t.optimized": no such file or
directory
UNRESOLVED: gnat.dg/array7.adb: error executing dg-final: couldn't
open "array7.adb.137t.optimized array7.adb.140t.optimized": no such
file or directory
FAIL: gnat.dg/bip_aggregate_bug.adb (test for excess errors)
WARNING: gnat.dg/bip_aggregate_bug.adb compilation failed to produce executable
FAIL: gnat.dg/check_displace_generation.adb (test for excess errors)
WARNING: gnat.dg/check_displace_generation.adb compilation failed to
produce executable
FAIL: gnat.dg/class_wide.adb (test for excess errors)
FAIL: gnat.dg/curr_task.adb (test for excess errors)
WARNING: gnat.dg/curr_task.adb compilation failed to produce executable
FAIL: gnat.dg/discr13.adb (test for excess errors)
FAIL: gnat.dg/discr17.adb (test for excess errors)
FAIL: gnat.dg/discr19.adb (test for excess errors)
FAIL: gnat.dg/discr4.adb (test for excess errors)
WARNING: gnat.dg/discr4.adb compilation failed to produce executable
FAIL: gnat.dg/discr_range_check.adb (test for excess errors)
FAIL: gnat.dg/discr_test.adb (test for excess errors)
FAIL: gnat.dg/entry_queues.adb (test for excess errors)
WARNING: gnat.dg/entry_queues.adb compilation failed to produce executable
FAIL: gnat.dg/finalized.adb (test for excess errors)
FAIL: gnat.dg/inline_tagged.adb (test for excess errors)
WARNING: gnat.dg/inline_tagged.adb compilation failed to produce executable
FAIL: gnat.dg/interface1.adb (test for excess errors)
WARNING: gnat.dg/interface1.adb compilation failed to produce executable
FAIL: gnat.dg/interface2.adb (test for excess errors)
WARNING: gnat.dg/interface2.adb compilation failed to produce executable
FAIL: gnat.dg/interface3.adb (test for excess errors)
WARNING: gnat.dg/interface3.adb compilation failed to produce executable
FAIL: gnat.dg/interface_conv.adb (test for excess errors)
WARNING: gnat.dg/interface_conv.adb compilation failed to produce executable
FAIL: gnat.dg/iprot_test.adb (test for excess errors)
WARNING: gnat.dg/iprot_test.adb compilation failed to produce executable
FAIL: gnat.dg/late_overriding.adb (test for excess errors)
FAIL: gnat.dg/lhs_view_convert.adb (test for excess errors)
WARNING: gnat.dg/lhs_view_convert.adb compilation failed to produce executable
ERROR: gnat.dg/loop_optimization6.adb: error executing dg-final:
couldn't open "loop_optimization6.adb.137t.optimized
loop_optimization6.adb.140t.optimized": no such file or directory
UNRESOLVED: gnat.dg/loop_optimization6.adb: error executing dg-final:
couldn't open "loop_optimization6.adb.137t.optimized
loop_optimization6.adb.140t.optimized": no such file or directory
FAIL: gnat.dg/named_test.adb (test for excess errors)
WARNING: gnat.dg/named_test.adb compilation failed to produce executable
FAIL: gnat.dg/nested_controlled_alloc.adb (test for excess errors)
WARNING: gnat.dg/nested_controlled_alloc.adb compilation failed to
produce executable
FAIL: gnat.dg/nested_proc.adb (test for excess errors)
WARNING: gnat.dg/nested_proc.adb compilation failed to produce executable
FAIL: gnat.dg/no_final.adb (test for excess errors)
WARNING: gnat.dg/no_final.adb compilation failed to produce executable
FAIL: gnat.dg/prot1.adb (test for excess errors)
FAIL: gnat.dg/prot_def.adb execution test
FAIL: gnat.dg/protected_self_ref1.adb execution test
FAIL: gnat.dg/requeue1.adb (test for excess errors)
WARNING: gnat.dg/requeue1.adb compilation failed to produce executable
FAIL: gnat.dg/self1.adb (test for excess errors)
FAIL: gnat.dg/socket1.adb (test for excess errors)
WARNING: gnat.dg/socket1.adb compilation failed to produce executable
FAIL: gnat.dg/tag1.adb (test for excess errors)
WARNING: gnat.dg/tag1.adb compilation failed to produce executable
FAIL: gnat.dg/tagged_alloc_free.adb (test for excess errors)
WARNING: gnat.dg/tagged_alloc_free.adb compilation failed to produce executable
FAIL: gnat.dg/task_stack_align.adb (test for excess errors)
WARNING: gnat.dg/task_stack_align.adb compilation failed to produce executable
FAIL: gnat.dg/test_delay.adb execution test
FAIL: gnat.dg/test_iface_aggr.adb (test for excess errors)
WARNING: gnat.dg/test_iface_aggr.adb compilation failed to produce executable
FAIL: gnat.dg/test_image.adb execution test
FAIL: gnat.dg/test_prio.adb (test for excess errors)
WARNING: gnat.dg/test_prio.adb compilation failed to produce executable
FAIL: gnat.dg/test_raise_from_pure.adb execution test
FAIL: gnat.dg/timer_cancel.adb (test for excess errors)
WARNING: gnat.dg/timer_cancel.adb compilation failed to produce executable
FAIL: gnat.dg/timing_events.adb (test for excess errors)
WARNING: gnat.dg/timing_events.adb compilation failed to produce executable
FAIL: gnat.dg/trampoline2.adb (test for excess errors)
WARNING: gnat.dg/trampoline2.adb compilation failed to produce executable

		=== gnat Summary ===

# of expected passes		630
# of unexpected failures	51
# of expected failures		5
# of unresolved testcases	2
		=== obj-c++ tests ===


Running target unix
WARNING: obj-c++.dg/lookup-2.mm compilation failed to produce executable
WARNING: obj-c++.dg/try-catch-2.mm compilation failed to produce executable
WARNING: obj-c++.dg/try-catch-9.mm compilation failed to produce executable

		=== obj-c++ Summary ===

# of expected passes		438
# of expected failures		10
# of unsupported tests		13
/usr/local/src/trunk/objdir/gcc/testsuite/obj-c++/../../g++  version
4.5.0 20091016 (experimental) [trunk revision 152899] (GCC)

		=== objc tests ===


Running target unix

		=== objc Summary ===

# of expected passes		1967
# of expected failures		7
# of unsupported tests		24
/usr/local/src/trunk/objdir/gcc/xgcc  version 4.5.0 20091016
(experimental) [trunk revision 152899] (GCC)

		=== libffi tests ===


Running target unix
FAIL: libffi.call/cls_align_pointer.c (test for excess errors)

		=== libffi Summary ===

# of expected passes		1628
# of unexpected failures	1
# of expected failures		10
		=== libgomp tests ===


Running target unix
FAIL: libgomp.c/icv-1.c execution test
FAIL: libgomp.c/lib-2.c execution test
FAIL: libgomp.c/lock-1.c execution test
FAIL: libgomp.c/lock-2.c execution test
FAIL: libgomp.c/loop-11.c execution test
FAIL: libgomp.c/loop-12.c execution test
FAIL: libgomp.c/loop-5.c execution test
FAIL: libgomp.c/loop-6.c execution test
FAIL: libgomp.c/loop-7.c execution test
FAIL: libgomp.c/loop-9.c execution test
FAIL: libgomp.c/nested-3.c execution test
FAIL: libgomp.c/nqueens-1.c execution test
FAIL: libgomp.c/pr36802-1.c execution test
FAIL: libgomp.c/pr39591-1.c execution test
FAIL: libgomp.c/pr39591-2.c execution test
FAIL: libgomp.c/pr39591-3.c execution test
FAIL: libgomp.c/sort-1.c execution test
FAIL: libgomp.c/task-1.c execution test
FAIL: libgomp.c/task-2.c execution test
FAIL: libgomp.c/task-3.c execution test
FAIL: libgomp.c/task-4.c execution test
FAIL: libgomp.c++/loop-10.C execution test
FAIL: libgomp.c++/loop-10.C execution test
FAIL: libgomp.c++/loop-10.C execution test
FAIL: libgomp.c++/loop-10.C execution test
FAIL: libgomp.c++/loop-10.C execution test
FAIL: libgomp.c++/loop-10.C execution test
FAIL: libgomp.c++/loop-10.C execution test
FAIL: libgomp.c++/loop-10.C execution test
FAIL: libgomp.c++/loop-11.C execution test
FAIL: libgomp.c++/loop-12.C execution test
FAIL: libgomp.c++/loop-12.C execution test
FAIL: libgomp.c++/loop-12.C execution test
FAIL: libgomp.c++/loop-12.C execution test
FAIL: libgomp.c++/loop-12.C execution test
FAIL: libgomp.c++/loop-12.C execution test
FAIL: libgomp.c++/loop-12.C execution test
FAIL: libgomp.c++/loop-12.C execution test
FAIL: libgomp.c++/loop-8.C execution test
FAIL: libgomp.c++/loop-9.C execution test
FAIL: libgomp.c++/loop-9.C execution test
FAIL: libgomp.c++/loop-9.C execution test
FAIL: libgomp.c++/loop-9.C execution test
FAIL: libgomp.c++/loop-9.C execution test
FAIL: libgomp.c++/loop-9.C execution test
FAIL: libgomp.c++/loop-9.C execution test
FAIL: libgomp.c++/loop-9.C execution test
FAIL: libgomp.c++/task-1.C execution test
FAIL: libgomp.c++/task-2.C execution test
FAIL: libgomp.c++/task-2.C execution test
FAIL: libgomp.c++/task-2.C execution test
FAIL: libgomp.c++/task-2.C execution test
FAIL: libgomp.c++/task-2.C execution test
FAIL: libgomp.c++/task-2.C execution test
FAIL: libgomp.c++/task-2.C execution test
FAIL: libgomp.c++/task-2.C execution test
FAIL: libgomp.c++/task-3.C execution test
FAIL: libgomp.c++/task-3.C execution test
FAIL: libgomp.c++/task-3.C execution test
FAIL: libgomp.c++/task-3.C execution test
FAIL: libgomp.c++/task-3.C execution test
FAIL: libgomp.c++/task-3.C execution test
FAIL: libgomp.c++/task-3.C execution test
FAIL: libgomp.c++/task-3.C execution test
FAIL: libgomp.c++/task-4.C execution test
FAIL: libgomp.c++/task-5.C execution test
FAIL: libgomp.c++/task-5.C execution test
FAIL: libgomp.c++/task-5.C execution test
FAIL: libgomp.c++/task-5.C execution test
FAIL: libgomp.c++/task-5.C execution test
FAIL: libgomp.c++/task-5.C execution test
FAIL: libgomp.c++/task-5.C execution test
FAIL: libgomp.c++/task-5.C execution test
FAIL: libgomp.c++/task-6.C execution test
FAIL: libgomp.c++/task-7.C execution test
FAIL: libgomp.c++/task-7.C execution test
FAIL: libgomp.c++/task-7.C execution test
FAIL: libgomp.c++/task-7.C execution test
FAIL: libgomp.c++/task-7.C execution test
FAIL: libgomp.c++/task-7.C execution test
FAIL: libgomp.c++/task-7.C execution test
FAIL: libgomp.c++/task-7.C execution test
FAIL: libgomp.fortran/allocatable1.f90 (test for excess errors)
WARNING: libgomp.fortran/allocatable1.f90 compilation failed to
produce executable
FAIL: libgomp.fortran/allocatable1.f90 (test for excess errors)
WARNING: libgomp.fortran/allocatable1.f90 compilation failed to
produce executable
FAIL: libgomp.fortran/allocatable1.f90 (test for excess errors)
WARNING: libgomp.fortran/allocatable1.f90 compilation failed to
produce executable
FAIL: libgomp.fortran/allocatable1.f90 (test for excess errors)
WARNING: libgomp.fortran/allocatable1.f90 compilation failed to
produce executable
FAIL: libgomp.fortran/allocatable1.f90 (test for excess errors)
WARNING: libgomp.fortran/allocatable1.f90 compilation failed to
produce executable
FAIL: libgomp.fortran/allocatable1.f90 (test for excess errors)
WARNING: libgomp.fortran/allocatable1.f90 compilation failed to
produce executable
FAIL: libgomp.fortran/allocatable1.f90 (test for excess errors)
WARNING: libgomp.fortran/allocatable1.f90 compilation failed to
produce executable
FAIL: libgomp.fortran/allocatable1.f90 (test for excess errors)
WARNING: libgomp.fortran/allocatable1.f90 compilation failed to
produce executable
FAIL: libgomp.fortran/allocatable2.f90 (test for excess errors)
WARNING: libgomp.fortran/allocatable2.f90 compilation failed to
produce executable
FAIL: libgomp.fortran/allocatable2.f90 (test for excess errors)
WARNING: libgomp.fortran/allocatable2.f90 compilation failed to
produce executable
FAIL: libgomp.fortran/allocatable2.f90 (test for excess errors)
WARNING: libgomp.fortran/allocatable2.f90 compilation failed to
produce executable
FAIL: libgomp.fortran/allocatable2.f90 (test for excess errors)
WARNING: libgomp.fortran/allocatable2.f90 compilation failed to
produce executable
FAIL: libgomp.fortran/allocatable2.f90 (test for excess errors)
WARNING: libgomp.fortran/allocatable2.f90 compilation failed to
produce executable
FAIL: libgomp.fortran/allocatable2.f90 (test for excess errors)
WARNING: libgomp.fortran/allocatable2.f90 compilation failed to
produce executable
FAIL: libgomp.fortran/allocatable2.f90 (test for excess errors)
WARNING: libgomp.fortran/allocatable2.f90 compilation failed to
produce executable
FAIL: libgomp.fortran/allocatable2.f90 (test for excess errors)
WARNING: libgomp.fortran/allocatable2.f90 compilation failed to
produce executable
FAIL: libgomp.fortran/allocatable4.f90 execution test
FAIL: libgomp.fortran/allocatable4.f90 execution test
FAIL: libgomp.fortran/allocatable4.f90 execution test
FAIL: libgomp.fortran/allocatable4.f90 execution test
FAIL: libgomp.fortran/allocatable4.f90 execution test
FAIL: libgomp.fortran/allocatable4.f90 execution test
FAIL: libgomp.fortran/allocatable4.f90 execution test
FAIL: libgomp.fortran/allocatable4.f90 execution test
FAIL: libgomp.fortran/appendix-a/a.33.3.f90 (test for excess errors)
FAIL: libgomp.fortran/appendix-a/a.38.1.f90 (test for excess errors)
FAIL: libgomp.fortran/appendix-a/a.40.1.f90 (test for excess errors)
FAIL: libgomp.fortran/character1.f90 (test for excess errors)
WARNING: libgomp.fortran/character1.f90 compilation failed to produce executable
FAIL: libgomp.fortran/character1.f90 (test for excess errors)
WARNING: libgomp.fortran/character1.f90 compilation failed to produce executable
FAIL: libgomp.fortran/character1.f90 (test for excess errors)
WARNING: libgomp.fortran/character1.f90 compilation failed to produce executable
FAIL: libgomp.fortran/character1.f90 (test for excess errors)
WARNING: libgomp.fortran/character1.f90 compilation failed to produce executable
FAIL: libgomp.fortran/character1.f90 (test for excess errors)
WARNING: libgomp.fortran/character1.f90 compilation failed to produce executable
FAIL: libgomp.fortran/character1.f90 (test for excess errors)
WARNING: libgomp.fortran/character1.f90 compilation failed to produce executable
FAIL: libgomp.fortran/character1.f90 (test for excess errors)
WARNING: libgomp.fortran/character1.f90 compilation failed to produce executable
FAIL: libgomp.fortran/character1.f90 (test for excess errors)
WARNING: libgomp.fortran/character1.f90 compilation failed to produce executable
FAIL: libgomp.fortran/character2.f90 (test for excess errors)
WARNING: libgomp.fortran/character2.f90 compilation failed to produce executable
FAIL: libgomp.fortran/character2.f90 (test for excess errors)
WARNING: libgomp.fortran/character2.f90 compilation failed to produce executable
FAIL: libgomp.fortran/character2.f90 (test for excess errors)
WARNING: libgomp.fortran/character2.f90 compilation failed to produce executable
FAIL: libgomp.fortran/character2.f90 (test for excess errors)
WARNING: libgomp.fortran/character2.f90 compilation failed to produce executable
FAIL: libgomp.fortran/character2.f90 (test for excess errors)
WARNING: libgomp.fortran/character2.f90 compilation failed to produce executable
FAIL: libgomp.fortran/character2.f90 (test for excess errors)
WARNING: libgomp.fortran/character2.f90 compilation failed to produce executable
FAIL: libgomp.fortran/character2.f90 (test for excess errors)
WARNING: libgomp.fortran/character2.f90 compilation failed to produce executable
FAIL: libgomp.fortran/character2.f90 (test for excess errors)
WARNING: libgomp.fortran/character2.f90 compilation failed to produce executable
FAIL: libgomp.fortran/crayptr1.f90 (test for excess errors)
WARNING: libgomp.fortran/crayptr1.f90 compilation failed to produce executable
FAIL: libgomp.fortran/crayptr1.f90 (test for excess errors)
WARNING: libgomp.fortran/crayptr1.f90 compilation failed to produce executable
FAIL: libgomp.fortran/crayptr1.f90 (test for excess errors)
WARNING: libgomp.fortran/crayptr1.f90 compilation failed to produce executable
FAIL: libgomp.fortran/crayptr1.f90 (test for excess errors)
WARNING: libgomp.fortran/crayptr1.f90 compilation failed to produce executable
FAIL: libgomp.fortran/crayptr1.f90 (test for excess errors)
WARNING: libgomp.fortran/crayptr1.f90 compilation failed to produce executable
FAIL: libgomp.fortran/crayptr1.f90 (test for excess errors)
WARNING: libgomp.fortran/crayptr1.f90 compilation failed to produce executable
FAIL: libgomp.fortran/crayptr1.f90 (test for excess errors)
WARNING: libgomp.fortran/crayptr1.f90 compilation failed to produce executable
FAIL: libgomp.fortran/crayptr1.f90 (test for excess errors)
WARNING: libgomp.fortran/crayptr1.f90 compilation failed to produce executable
FAIL: libgomp.fortran/crayptr2.f90 (test for excess errors)
WARNING: libgomp.fortran/crayptr2.f90 compilation failed to produce executable
FAIL: libgomp.fortran/crayptr2.f90 (test for excess errors)
WARNING: libgomp.fortran/crayptr2.f90 compilation failed to produce executable
FAIL: libgomp.fortran/crayptr2.f90 (test for excess errors)
WARNING: libgomp.fortran/crayptr2.f90 compilation failed to produce executable
FAIL: libgomp.fortran/crayptr2.f90 (test for excess errors)
WARNING: libgomp.fortran/crayptr2.f90 compilation failed to produce executable
FAIL: libgomp.fortran/crayptr2.f90 (test for excess errors)
WARNING: libgomp.fortran/crayptr2.f90 compilation failed to produce executable
FAIL: libgomp.fortran/crayptr2.f90 (test for excess errors)
WARNING: libgomp.fortran/crayptr2.f90 compilation failed to produce executable
FAIL: libgomp.fortran/crayptr2.f90 (test for excess errors)
WARNING: libgomp.fortran/crayptr2.f90 compilation failed to produce executable
FAIL: libgomp.fortran/crayptr2.f90 (test for excess errors)
WARNING: libgomp.fortran/crayptr2.f90 compilation failed to produce executable
FAIL: libgomp.fortran/lib1.f90 (test for excess errors)
WARNING: libgomp.fortran/lib1.f90 compilation failed to produce executable
FAIL: libgomp.fortran/lib1.f90 (test for excess errors)
WARNING: libgomp.fortran/lib1.f90 compilation failed to produce executable
FAIL: libgomp.fortran/lib1.f90 (test for excess errors)
WARNING: libgomp.fortran/lib1.f90 compilation failed to produce executable
FAIL: libgomp.fortran/lib1.f90 (test for excess errors)
WARNING: libgomp.fortran/lib1.f90 compilation failed to produce executable
FAIL: libgomp.fortran/lib1.f90 (test for excess errors)
WARNING: libgomp.fortran/lib1.f90 compilation failed to produce executable
FAIL: libgomp.fortran/lib1.f90 (test for excess errors)
WARNING: libgomp.fortran/lib1.f90 compilation failed to produce executable
FAIL: libgomp.fortran/lib1.f90 (test for excess errors)
WARNING: libgomp.fortran/lib1.f90 compilation failed to produce executable
FAIL: libgomp.fortran/lib1.f90 (test for excess errors)
WARNING: libgomp.fortran/lib1.f90 compilation failed to produce executable
FAIL: libgomp.fortran/lib2.f (test for excess errors)
WARNING: libgomp.fortran/lib2.f compilation failed to produce executable
FAIL: libgomp.fortran/lib2.f (test for excess errors)
WARNING: libgomp.fortran/lib2.f compilation failed to produce executable
FAIL: libgomp.fortran/lib2.f (test for excess errors)
WARNING: libgomp.fortran/lib2.f compilation failed to produce executable
FAIL: libgomp.fortran/lib2.f (test for excess errors)
WARNING: libgomp.fortran/lib2.f compilation failed to produce executable
FAIL: libgomp.fortran/lib2.f (test for excess errors)
WARNING: libgomp.fortran/lib2.f compilation failed to produce executable
FAIL: libgomp.fortran/lib2.f (test for excess errors)
WARNING: libgomp.fortran/lib2.f compilation failed to produce executable
FAIL: libgomp.fortran/lib2.f (test for excess errors)
WARNING: libgomp.fortran/lib2.f compilation failed to produce executable
FAIL: libgomp.fortran/lib2.f (test for excess errors)
WARNING: libgomp.fortran/lib2.f compilation failed to produce executable
FAIL: libgomp.fortran/lib4.f90 (test for excess errors)
WARNING: libgomp.fortran/lib4.f90 compilation failed to produce executable
FAIL: libgomp.fortran/lib4.f90 (test for excess errors)
WARNING: libgomp.fortran/lib4.f90 compilation failed to produce executable
FAIL: libgomp.fortran/lib4.f90 (test for excess errors)
WARNING: libgomp.fortran/lib4.f90 compilation failed to produce executable
FAIL: libgomp.fortran/lib4.f90 (test for excess errors)
WARNING: libgomp.fortran/lib4.f90 compilation failed to produce executable
FAIL: libgomp.fortran/lib4.f90 (test for excess errors)
WARNING: libgomp.fortran/lib4.f90 compilation failed to produce executable
FAIL: libgomp.fortran/lib4.f90 (test for excess errors)
WARNING: libgomp.fortran/lib4.f90 compilation failed to produce executable
FAIL: libgomp.fortran/lib4.f90 (test for excess errors)
WARNING: libgomp.fortran/lib4.f90 compilation failed to produce executable
FAIL: libgomp.fortran/lib4.f90 (test for excess errors)
WARNING: libgomp.fortran/lib4.f90 compilation failed to produce executable
FAIL: libgomp.fortran/lock-1.f90 (test for excess errors)
WARNING: libgomp.fortran/lock-1.f90 compilation failed to produce executable
FAIL: libgomp.fortran/lock-1.f90 (test for excess errors)
WARNING: libgomp.fortran/lock-1.f90 compilation failed to produce executable
FAIL: libgomp.fortran/lock-1.f90 (test for excess errors)
WARNING: libgomp.fortran/lock-1.f90 compilation failed to produce executable
FAIL: libgomp.fortran/lock-1.f90 (test for excess errors)
WARNING: libgomp.fortran/lock-1.f90 compilation failed to produce executable
FAIL: libgomp.fortran/lock-1.f90 (test for excess errors)
WARNING: libgomp.fortran/lock-1.f90 compilation failed to produce executable
FAIL: libgomp.fortran/lock-1.f90 (test for excess errors)
WARNING: libgomp.fortran/lock-1.f90 compilation failed to produce executable
FAIL: libgomp.fortran/lock-1.f90 (test for excess errors)
WARNING: libgomp.fortran/lock-1.f90 compilation failed to produce executable
FAIL: libgomp.fortran/lock-1.f90 (test for excess errors)
WARNING: libgomp.fortran/lock-1.f90 compilation failed to produce executable
FAIL: libgomp.fortran/lock-2.f90 (test for excess errors)
WARNING: libgomp.fortran/lock-2.f90 compilation failed to produce executable
FAIL: libgomp.fortran/lock-2.f90 (test for excess errors)
WARNING: libgomp.fortran/lock-2.f90 compilation failed to produce executable
FAIL: libgomp.fortran/lock-2.f90 (test for excess errors)
WARNING: libgomp.fortran/lock-2.f90 compilation failed to produce executable
FAIL: libgomp.fortran/lock-2.f90 (test for excess errors)
WARNING: libgomp.fortran/lock-2.f90 compilation failed to produce executable
FAIL: libgomp.fortran/lock-2.f90 (test for excess errors)
WARNING: libgomp.fortran/lock-2.f90 compilation failed to produce executable
FAIL: libgomp.fortran/lock-2.f90 (test for excess errors)
WARNING: libgomp.fortran/lock-2.f90 compilation failed to produce executable
FAIL: libgomp.fortran/lock-2.f90 (test for excess errors)
WARNING: libgomp.fortran/lock-2.f90 compilation failed to produce executable
FAIL: libgomp.fortran/lock-2.f90 (test for excess errors)
WARNING: libgomp.fortran/lock-2.f90 compilation failed to produce executable
FAIL: libgomp.fortran/nested1.f90 (test for excess errors)
WARNING: libgomp.fortran/nested1.f90 compilation failed to produce executable
FAIL: libgomp.fortran/nested1.f90 (test for excess errors)
WARNING: libgomp.fortran/nested1.f90 compilation failed to produce executable
FAIL: libgomp.fortran/nested1.f90 (test for excess errors)
WARNING: libgomp.fortran/nested1.f90 compilation failed to produce executable
FAIL: libgomp.fortran/nested1.f90 (test for excess errors)
WARNING: libgomp.fortran/nested1.f90 compilation failed to produce executable
FAIL: libgomp.fortran/nested1.f90 (test for excess errors)
WARNING: libgomp.fortran/nested1.f90 compilation failed to produce executable
FAIL: libgomp.fortran/nested1.f90 (test for excess errors)
WARNING: libgomp.fortran/nested1.f90 compilation failed to produce executable
FAIL: libgomp.fortran/nested1.f90 (test for excess errors)
WARNING: libgomp.fortran/nested1.f90 compilation failed to produce executable
FAIL: libgomp.fortran/nested1.f90 (test for excess errors)
WARNING: libgomp.fortran/nested1.f90 compilation failed to produce executable
FAIL: libgomp.fortran/nestedfn1.f90 (test for excess errors)
WARNING: libgomp.fortran/nestedfn1.f90 compilation failed to produce executable
FAIL: libgomp.fortran/nestedfn1.f90 (test for excess errors)
WARNING: libgomp.fortran/nestedfn1.f90 compilation failed to produce executable
FAIL: libgomp.fortran/nestedfn1.f90 (test for excess errors)
WARNING: libgomp.fortran/nestedfn1.f90 compilation failed to produce executable
FAIL: libgomp.fortran/nestedfn1.f90 (test for excess errors)
WARNING: libgomp.fortran/nestedfn1.f90 compilation failed to produce executable
FAIL: libgomp.fortran/nestedfn1.f90 (test for excess errors)
WARNING: libgomp.fortran/nestedfn1.f90 compilation failed to produce executable
FAIL: libgomp.fortran/nestedfn1.f90 (test for excess errors)
WARNING: libgomp.fortran/nestedfn1.f90 compilation failed to produce executable
FAIL: libgomp.fortran/nestedfn1.f90 (test for excess errors)
WARNING: libgomp.fortran/nestedfn1.f90 compilation failed to produce executable
FAIL: libgomp.fortran/nestedfn1.f90 (test for excess errors)
WARNING: libgomp.fortran/nestedfn1.f90 compilation failed to produce executable
FAIL: libgomp.fortran/nestedfn2.f90 (test for excess errors)
WARNING: libgomp.fortran/nestedfn2.f90 compilation failed to produce executable
FAIL: libgomp.fortran/nestedfn2.f90 (test for excess errors)
WARNING: libgomp.fortran/nestedfn2.f90 compilation failed to produce executable
FAIL: libgomp.fortran/nestedfn2.f90 (test for excess errors)
WARNING: libgomp.fortran/nestedfn2.f90 compilation failed to produce executable
FAIL: libgomp.fortran/nestedfn2.f90 (test for excess errors)
WARNING: libgomp.fortran/nestedfn2.f90 compilation failed to produce executable
FAIL: libgomp.fortran/nestedfn2.f90 (test for excess errors)
WARNING: libgomp.fortran/nestedfn2.f90 compilation failed to produce executable
FAIL: libgomp.fortran/nestedfn2.f90 (test for excess errors)
WARNING: libgomp.fortran/nestedfn2.f90 compilation failed to produce executable
FAIL: libgomp.fortran/nestedfn2.f90 (test for excess errors)
WARNING: libgomp.fortran/nestedfn2.f90 compilation failed to produce executable
FAIL: libgomp.fortran/nestedfn2.f90 (test for excess errors)
WARNING: libgomp.fortran/nestedfn2.f90 compilation failed to produce executable
FAIL: libgomp.fortran/nestedfn3.f90 (test for excess errors)
WARNING: libgomp.fortran/nestedfn3.f90 compilation failed to produce executable
FAIL: libgomp.fortran/nestedfn3.f90 (test for excess errors)
WARNING: libgomp.fortran/nestedfn3.f90 compilation failed to produce executable
FAIL: libgomp.fortran/nestedfn3.f90 (test for excess errors)
WARNING: libgomp.fortran/nestedfn3.f90 compilation failed to produce executable
FAIL: libgomp.fortran/nestedfn3.f90 (test for excess errors)
WARNING: libgomp.fortran/nestedfn3.f90 compilation failed to produce executable
FAIL: libgomp.fortran/nestedfn3.f90 (test for excess errors)
WARNING: libgomp.fortran/nestedfn3.f90 compilation failed to produce executable
FAIL: libgomp.fortran/nestedfn3.f90 (test for excess errors)
WARNING: libgomp.fortran/nestedfn3.f90 compilation failed to produce executable
FAIL: libgomp.fortran/nestedfn3.f90 (test for excess errors)
WARNING: libgomp.fortran/nestedfn3.f90 compilation failed to produce executable
FAIL: libgomp.fortran/nestedfn3.f90 (test for excess errors)
WARNING: libgomp.fortran/nestedfn3.f90 compilation failed to produce executable
FAIL: libgomp.fortran/omp_parse1.f90 (test for excess errors)
WARNING: libgomp.fortran/omp_parse1.f90 compilation failed to produce executable
FAIL: libgomp.fortran/omp_parse1.f90 (test for excess errors)
WARNING: libgomp.fortran/omp_parse1.f90 compilation failed to produce executable
FAIL: libgomp.fortran/omp_parse1.f90 (test for excess errors)
WARNING: libgomp.fortran/omp_parse1.f90 compilation failed to produce executable
FAIL: libgomp.fortran/omp_parse1.f90 (test for excess errors)
WARNING: libgomp.fortran/omp_parse1.f90 compilation failed to produce executable
FAIL: libgomp.fortran/omp_parse1.f90 (test for excess errors)
WARNING: libgomp.fortran/omp_parse1.f90 compilation failed to produce executable
FAIL: libgomp.fortran/omp_parse1.f90 (test for excess errors)
WARNING: libgomp.fortran/omp_parse1.f90 compilation failed to produce executable
FAIL: libgomp.fortran/omp_parse1.f90 (test for excess errors)
WARNING: libgomp.fortran/omp_parse1.f90 compilation failed to produce executable
FAIL: libgomp.fortran/omp_parse1.f90 (test for excess errors)
WARNING: libgomp.fortran/omp_parse1.f90 compilation failed to produce executable
FAIL: libgomp.fortran/omp_parse2.f90 (test for excess errors)
WARNING: libgomp.fortran/omp_parse2.f90 compilation failed to produce executable
FAIL: libgomp.fortran/omp_parse2.f90 (test for excess errors)
WARNING: libgomp.fortran/omp_parse2.f90 compilation failed to produce executable
FAIL: libgomp.fortran/omp_parse2.f90 (test for excess errors)
WARNING: libgomp.fortran/omp_parse2.f90 compilation failed to produce executable
FAIL: libgomp.fortran/omp_parse2.f90 (test for excess errors)
WARNING: libgomp.fortran/omp_parse2.f90 compilation failed to produce executable
FAIL: libgomp.fortran/omp_parse2.f90 (test for excess errors)
WARNING: libgomp.fortran/omp_parse2.f90 compilation failed to produce executable
FAIL: libgomp.fortran/omp_parse2.f90 (test for excess errors)
WARNING: libgomp.fortran/omp_parse2.f90 compilation failed to produce executable
FAIL: libgomp.fortran/omp_parse2.f90 (test for excess errors)
WARNING: libgomp.fortran/omp_parse2.f90 compilation failed to produce executable
FAIL: libgomp.fortran/omp_parse2.f90 (test for excess errors)
WARNING: libgomp.fortran/omp_parse2.f90 compilation failed to produce executable
FAIL: libgomp.fortran/omp_parse3.f90 (test for excess errors)
WARNING: libgomp.fortran/omp_parse3.f90 compilation failed to produce executable
FAIL: libgomp.fortran/omp_parse3.f90 (test for excess errors)
WARNING: libgomp.fortran/omp_parse3.f90 compilation failed to produce executable
FAIL: libgomp.fortran/omp_parse3.f90 (test for excess errors)
WARNING: libgomp.fortran/omp_parse3.f90 compilation failed to produce executable
FAIL: libgomp.fortran/omp_parse3.f90 (test for excess errors)
WARNING: libgomp.fortran/omp_parse3.f90 compilation failed to produce executable
FAIL: libgomp.fortran/omp_parse3.f90 (test for excess errors)
WARNING: libgomp.fortran/omp_parse3.f90 compilation failed to produce executable
FAIL: libgomp.fortran/omp_parse3.f90 (test for excess errors)
WARNING: libgomp.fortran/omp_parse3.f90 compilation failed to produce executable
FAIL: libgomp.fortran/omp_parse3.f90 (test for excess errors)
WARNING: libgomp.fortran/omp_parse3.f90 compilation failed to produce executable
FAIL: libgomp.fortran/omp_parse3.f90 (test for excess errors)
WARNING: libgomp.fortran/omp_parse3.f90 compilation failed to produce executable
FAIL: libgomp.fortran/omp_parse4.f90 (test for excess errors)
WARNING: libgomp.fortran/omp_parse4.f90 compilation failed to produce executable
FAIL: libgomp.fortran/omp_parse4.f90 (test for excess errors)
WARNING: libgomp.fortran/omp_parse4.f90 compilation failed to produce executable
FAIL: libgomp.fortran/omp_parse4.f90 (test for excess errors)
WARNING: libgomp.fortran/omp_parse4.f90 compilation failed to produce executable
FAIL: libgomp.fortran/omp_parse4.f90 (test for excess errors)
WARNING: libgomp.fortran/omp_parse4.f90 compilation failed to produce executable
FAIL: libgomp.fortran/omp_parse4.f90 (test for excess errors)
WARNING: libgomp.fortran/omp_parse4.f90 compilation failed to produce executable
FAIL: libgomp.fortran/omp_parse4.f90 (test for excess errors)
WARNING: libgomp.fortran/omp_parse4.f90 compilation failed to produce executable
FAIL: libgomp.fortran/omp_parse4.f90 (test for excess errors)
WARNING: libgomp.fortran/omp_parse4.f90 compilation failed to produce executable
FAIL: libgomp.fortran/omp_parse4.f90 (test for excess errors)
WARNING: libgomp.fortran/omp_parse4.f90 compilation failed to produce executable
FAIL: libgomp.fortran/pr27395-1.f90 (test for excess errors)
WARNING: libgomp.fortran/pr27395-1.f90 compilation failed to produce executable
FAIL: libgomp.fortran/pr27395-1.f90 (test for excess errors)
WARNING: libgomp.fortran/pr27395-1.f90 compilation failed to produce executable
FAIL: libgomp.fortran/pr27395-1.f90 (test for excess errors)
WARNING: libgomp.fortran/pr27395-1.f90 compilation failed to produce executable
FAIL: libgomp.fortran/pr27395-1.f90 (test for excess errors)
WARNING: libgomp.fortran/pr27395-1.f90 compilation failed to produce executable
FAIL: libgomp.fortran/pr27395-1.f90 (test for excess errors)
WARNING: libgomp.fortran/pr27395-1.f90 compilation failed to produce executable
FAIL: libgomp.fortran/pr27395-1.f90 (test for excess errors)
WARNING: libgomp.fortran/pr27395-1.f90 compilation failed to produce executable
FAIL: libgomp.fortran/pr27395-1.f90 (test for excess errors)
WARNING: libgomp.fortran/pr27395-1.f90 compilation failed to produce executable
FAIL: libgomp.fortran/pr27395-1.f90 (test for excess errors)
WARNING: libgomp.fortran/pr27395-1.f90 compilation failed to produce executable
FAIL: libgomp.fortran/pr27395-2.f90 (test for excess errors)
WARNING: libgomp.fortran/pr27395-2.f90 compilation failed to produce executable
FAIL: libgomp.fortran/pr27395-2.f90 (test for excess errors)
WARNING: libgomp.fortran/pr27395-2.f90 compilation failed to produce executable
FAIL: libgomp.fortran/pr27395-2.f90 (test for excess errors)
WARNING: libgomp.fortran/pr27395-2.f90 compilation failed to produce executable
FAIL: libgomp.fortran/pr27395-2.f90 (test for excess errors)
WARNING: libgomp.fortran/pr27395-2.f90 compilation failed to produce executable
FAIL: libgomp.fortran/pr27395-2.f90 (test for excess errors)
WARNING: libgomp.fortran/pr27395-2.f90 compilation failed to produce executable
FAIL: libgomp.fortran/pr27395-2.f90 (test for excess errors)
WARNING: libgomp.fortran/pr27395-2.f90 compilation failed to produce executable
FAIL: libgomp.fortran/pr27395-2.f90 (test for excess errors)
WARNING: libgomp.fortran/pr27395-2.f90 compilation failed to produce executable
FAIL: libgomp.fortran/pr27395-2.f90 (test for excess errors)
WARNING: libgomp.fortran/pr27395-2.f90 compilation failed to produce executable
FAIL: libgomp.fortran/pr32359.f90 (test for excess errors)
FAIL: libgomp.fortran/reduction1.f90 (test for excess errors)
WARNING: libgomp.fortran/reduction1.f90 compilation failed to produce executable
FAIL: libgomp.fortran/reduction1.f90 (test for excess errors)
WARNING: libgomp.fortran/reduction1.f90 compilation failed to produce executable
FAIL: libgomp.fortran/reduction1.f90 (test for excess errors)
WARNING: libgomp.fortran/reduction1.f90 compilation failed to produce executable
FAIL: libgomp.fortran/reduction1.f90 (test for excess errors)
WARNING: libgomp.fortran/reduction1.f90 compilation failed to produce executable
FAIL: libgomp.fortran/reduction1.f90 (test for excess errors)
WARNING: libgomp.fortran/reduction1.f90 compilation failed to produce executable
FAIL: libgomp.fortran/reduction1.f90 (test for excess errors)
WARNING: libgomp.fortran/reduction1.f90 compilation failed to produce executable
FAIL: libgomp.fortran/reduction1.f90 (test for excess errors)
WARNING: libgomp.fortran/reduction1.f90 compilation failed to produce executable
FAIL: libgomp.fortran/reduction1.f90 (test for excess errors)
WARNING: libgomp.fortran/reduction1.f90 compilation failed to produce executable
FAIL: libgomp.fortran/reduction2.f90 (test for excess errors)
WARNING: libgomp.fortran/reduction2.f90 compilation failed to produce executable
FAIL: libgomp.fortran/reduction2.f90 (test for excess errors)
WARNING: libgomp.fortran/reduction2.f90 compilation failed to produce executable
FAIL: libgomp.fortran/reduction2.f90 (test for excess errors)
WARNING: libgomp.fortran/reduction2.f90 compilation failed to produce executable
FAIL: libgomp.fortran/reduction2.f90 (test for excess errors)
WARNING: libgomp.fortran/reduction2.f90 compilation failed to produce executable
FAIL: libgomp.fortran/reduction2.f90 (test for excess errors)
WARNING: libgomp.fortran/reduction2.f90 compilation failed to produce executable
FAIL: libgomp.fortran/reduction2.f90 (test for excess errors)
WARNING: libgomp.fortran/reduction2.f90 compilation failed to produce executable
FAIL: libgomp.fortran/reduction2.f90 (test for excess errors)
WARNING: libgomp.fortran/reduction2.f90 compilation failed to produce executable
FAIL: libgomp.fortran/reduction2.f90 (test for excess errors)
WARNING: libgomp.fortran/reduction2.f90 compilation failed to produce executable
FAIL: libgomp.fortran/reduction3.f90 (test for excess errors)
WARNING: libgomp.fortran/reduction3.f90 compilation failed to produce executable
FAIL: libgomp.fortran/reduction3.f90 (test for excess errors)
WARNING: libgomp.fortran/reduction3.f90 compilation failed to produce executable
FAIL: libgomp.fortran/reduction3.f90 (test for excess errors)
WARNING: libgomp.fortran/reduction3.f90 compilation failed to produce executable
FAIL: libgomp.fortran/reduction3.f90 (test for excess errors)
WARNING: libgomp.fortran/reduction3.f90 compilation failed to produce executable
FAIL: libgomp.fortran/reduction3.f90 (test for excess errors)
WARNING: libgomp.fortran/reduction3.f90 compilation failed to produce executable
FAIL: libgomp.fortran/reduction3.f90 (test for excess errors)
WARNING: libgomp.fortran/reduction3.f90 compilation failed to produce executable
FAIL: libgomp.fortran/reduction3.f90 (test for excess errors)
WARNING: libgomp.fortran/reduction3.f90 compilation failed to produce executable
FAIL: libgomp.fortran/reduction3.f90 (test for excess errors)
WARNING: libgomp.fortran/reduction3.f90 compilation failed to produce executable
FAIL: libgomp.fortran/reduction4.f90 (test for excess errors)
WARNING: libgomp.fortran/reduction4.f90 compilation failed to produce executable
FAIL: libgomp.fortran/reduction4.f90 (test for excess errors)
WARNING: libgomp.fortran/reduction4.f90 compilation failed to produce executable
FAIL: libgomp.fortran/reduction4.f90 (test for excess errors)
WARNING: libgomp.fortran/reduction4.f90 compilation failed to produce executable
FAIL: libgomp.fortran/reduction4.f90 (test for excess errors)
WARNING: libgomp.fortran/reduction4.f90 compilation failed to produce executable
FAIL: libgomp.fortran/reduction4.f90 (test for excess errors)
WARNING: libgomp.fortran/reduction4.f90 compilation failed to produce executable
FAIL: libgomp.fortran/reduction4.f90 (test for excess errors)
WARNING: libgomp.fortran/reduction4.f90 compilation failed to produce executable
FAIL: libgomp.fortran/reduction4.f90 (test for excess errors)
WARNING: libgomp.fortran/reduction4.f90 compilation failed to produce executable
FAIL: libgomp.fortran/reduction4.f90 (test for excess errors)
WARNING: libgomp.fortran/reduction4.f90 compilation failed to produce executable
FAIL: libgomp.fortran/reduction6.f90 (test for excess errors)
WARNING: libgomp.fortran/reduction6.f90 compilation failed to produce executable
FAIL: libgomp.fortran/reduction6.f90 (test for excess errors)
WARNING: libgomp.fortran/reduction6.f90 compilation failed to produce executable
FAIL: libgomp.fortran/reduction6.f90 (test for excess errors)
WARNING: libgomp.fortran/reduction6.f90 compilation failed to produce executable
FAIL: libgomp.fortran/reduction6.f90 (test for excess errors)
WARNING: libgomp.fortran/reduction6.f90 compilation failed to produce executable
FAIL: libgomp.fortran/reduction6.f90 (test for excess errors)
WARNING: libgomp.fortran/reduction6.f90 compilation failed to produce executable
FAIL: libgomp.fortran/reduction6.f90 (test for excess errors)
WARNING: libgomp.fortran/reduction6.f90 compilation failed to produce executable
FAIL: libgomp.fortran/reduction6.f90 (test for excess errors)
WARNING: libgomp.fortran/reduction6.f90 compilation failed to produce executable
FAIL: libgomp.fortran/reduction6.f90 (test for excess errors)
WARNING: libgomp.fortran/reduction6.f90 compilation failed to produce executable
FAIL: libgomp.fortran/reference1.f90 (test for excess errors)
WARNING: libgomp.fortran/reference1.f90 compilation failed to produce executable
FAIL: libgomp.fortran/reference1.f90 (test for excess errors)
WARNING: libgomp.fortran/reference1.f90 compilation failed to produce executable
FAIL: libgomp.fortran/reference1.f90 (test for excess errors)
WARNING: libgomp.fortran/reference1.f90 compilation failed to produce executable
FAIL: libgomp.fortran/reference1.f90 (test for excess errors)
WARNING: libgomp.fortran/reference1.f90 compilation failed to produce executable
FAIL: libgomp.fortran/reference1.f90 (test for excess errors)
WARNING: libgomp.fortran/reference1.f90 compilation failed to produce executable
FAIL: libgomp.fortran/reference1.f90 (test for excess errors)
WARNING: libgomp.fortran/reference1.f90 compilation failed to produce executable
FAIL: libgomp.fortran/reference1.f90 (test for excess errors)
WARNING: libgomp.fortran/reference1.f90 compilation failed to produce executable
FAIL: libgomp.fortran/reference1.f90 (test for excess errors)
WARNING: libgomp.fortran/reference1.f90 compilation failed to produce executable
FAIL: libgomp.fortran/retval1.f90 (test for excess errors)
WARNING: libgomp.fortran/retval1.f90 compilation failed to produce executable
FAIL: libgomp.fortran/retval1.f90 (test for excess errors)
WARNING: libgomp.fortran/retval1.f90 compilation failed to produce executable
FAIL: libgomp.fortran/retval1.f90 (test for excess errors)
WARNING: libgomp.fortran/retval1.f90 compilation failed to produce executable
FAIL: libgomp.fortran/retval1.f90 (test for excess errors)
WARNING: libgomp.fortran/retval1.f90 compilation failed to produce executable
FAIL: libgomp.fortran/retval1.f90 (test for excess errors)
WARNING: libgomp.fortran/retval1.f90 compilation failed to produce executable
FAIL: libgomp.fortran/retval1.f90 (test for excess errors)
WARNING: libgomp.fortran/retval1.f90 compilation failed to produce executable
FAIL: libgomp.fortran/retval1.f90 (test for excess errors)
WARNING: libgomp.fortran/retval1.f90 compilation failed to produce executable
FAIL: libgomp.fortran/retval1.f90 (test for excess errors)
WARNING: libgomp.fortran/retval1.f90 compilation failed to produce executable
FAIL: libgomp.fortran/retval2.f90 (test for excess errors)
WARNING: libgomp.fortran/retval2.f90 compilation failed to produce executable
FAIL: libgomp.fortran/retval2.f90 (test for excess errors)
WARNING: libgomp.fortran/retval2.f90 compilation failed to produce executable
FAIL: libgomp.fortran/retval2.f90 (test for excess errors)
WARNING: libgomp.fortran/retval2.f90 compilation failed to produce executable
FAIL: libgomp.fortran/retval2.f90 (test for excess errors)
WARNING: libgomp.fortran/retval2.f90 compilation failed to produce executable
FAIL: libgomp.fortran/retval2.f90 (test for excess errors)
WARNING: libgomp.fortran/retval2.f90 compilation failed to produce executable
FAIL: libgomp.fortran/retval2.f90 (test for excess errors)
WARNING: libgomp.fortran/retval2.f90 compilation failed to produce executable
FAIL: libgomp.fortran/retval2.f90 (test for excess errors)
WARNING: libgomp.fortran/retval2.f90 compilation failed to produce executable
FAIL: libgomp.fortran/retval2.f90 (test for excess errors)
WARNING: libgomp.fortran/retval2.f90 compilation failed to produce executable
FAIL: libgomp.fortran/sharing1.f90 (test for excess errors)
WARNING: libgomp.fortran/sharing1.f90 compilation failed to produce executable
FAIL: libgomp.fortran/sharing1.f90 (test for excess errors)
WARNING: libgomp.fortran/sharing1.f90 compilation failed to produce executable
FAIL: libgomp.fortran/sharing1.f90 (test for excess errors)
WARNING: libgomp.fortran/sharing1.f90 compilation failed to produce executable
FAIL: libgomp.fortran/sharing1.f90 (test for excess errors)
WARNING: libgomp.fortran/sharing1.f90 compilation failed to produce executable
FAIL: libgomp.fortran/sharing1.f90 (test for excess errors)
WARNING: libgomp.fortran/sharing1.f90 compilation failed to produce executable
FAIL: libgomp.fortran/sharing1.f90 (test for excess errors)
WARNING: libgomp.fortran/sharing1.f90 compilation failed to produce executable
FAIL: libgomp.fortran/sharing1.f90 (test for excess errors)
WARNING: libgomp.fortran/sharing1.f90 compilation failed to produce executable
FAIL: libgomp.fortran/sharing1.f90 (test for excess errors)
WARNING: libgomp.fortran/sharing1.f90 compilation failed to produce executable
FAIL: libgomp.fortran/sharing2.f90 (test for excess errors)
WARNING: libgomp.fortran/sharing2.f90 compilation failed to produce executable
FAIL: libgomp.fortran/sharing2.f90 (test for excess errors)
WARNING: libgomp.fortran/sharing2.f90 compilation failed to produce executable
FAIL: libgomp.fortran/sharing2.f90 (test for excess errors)
WARNING: libgomp.fortran/sharing2.f90 compilation failed to produce executable
FAIL: libgomp.fortran/sharing2.f90 (test for excess errors)
WARNING: libgomp.fortran/sharing2.f90 compilation failed to produce executable
FAIL: libgomp.fortran/sharing2.f90 (test for excess errors)
WARNING: libgomp.fortran/sharing2.f90 compilation failed to produce executable
FAIL: libgomp.fortran/sharing2.f90 (test for excess errors)
WARNING: libgomp.fortran/sharing2.f90 compilation failed to produce executable
FAIL: libgomp.fortran/sharing2.f90 (test for excess errors)
WARNING: libgomp.fortran/sharing2.f90 compilation failed to produce executable
FAIL: libgomp.fortran/sharing2.f90 (test for excess errors)
WARNING: libgomp.fortran/sharing2.f90 compilation failed to produce executable
FAIL: libgomp.fortran/strassen.f90 (test for excess errors)
WARNING: libgomp.fortran/strassen.f90 compilation failed to produce executable
FAIL: libgomp.fortran/task1.f90 (test for excess errors)
WARNING: libgomp.fortran/task1.f90 compilation failed to produce executable
FAIL: libgomp.fortran/task1.f90 (test for excess errors)
WARNING: libgomp.fortran/task1.f90 compilation failed to produce executable
FAIL: libgomp.fortran/task1.f90 (test for excess errors)
WARNING: libgomp.fortran/task1.f90 compilation failed to produce executable
FAIL: libgomp.fortran/task1.f90 (test for excess errors)
WARNING: libgomp.fortran/task1.f90 compilation failed to produce executable
FAIL: libgomp.fortran/task1.f90 (test for excess errors)
WARNING: libgomp.fortran/task1.f90 compilation failed to produce executable
FAIL: libgomp.fortran/task1.f90 (test for excess errors)
WARNING: libgomp.fortran/task1.f90 compilation failed to produce executable
FAIL: libgomp.fortran/task1.f90 (test for excess errors)
WARNING: libgomp.fortran/task1.f90 compilation failed to produce executable
FAIL: libgomp.fortran/task1.f90 (test for excess errors)
WARNING: libgomp.fortran/task1.f90 compilation failed to produce executable
FAIL: libgomp.fortran/task2.f90 (test for excess errors)
WARNING: libgomp.fortran/task2.f90 compilation failed to produce executable
FAIL: libgomp.fortran/threadprivate1.f90 (test for excess errors)
WARNING: libgomp.fortran/threadprivate1.f90 compilation failed to
produce executable
FAIL: libgomp.fortran/threadprivate1.f90 (test for excess errors)
WARNING: libgomp.fortran/threadprivate1.f90 compilation failed to
produce executable
FAIL: libgomp.fortran/threadprivate1.f90 (test for excess errors)
WARNING: libgomp.fortran/threadprivate1.f90 compilation failed to
produce executable
FAIL: libgomp.fortran/threadprivate1.f90 (test for excess errors)
WARNING: libgomp.fortran/threadprivate1.f90 compilation failed to
produce executable
FAIL: libgomp.fortran/threadprivate1.f90 (test for excess errors)
WARNING: libgomp.fortran/threadprivate1.f90 compilation failed to
produce executable
FAIL: libgomp.fortran/threadprivate1.f90 (test for excess errors)
WARNING: libgomp.fortran/threadprivate1.f90 compilation failed to
produce executable
FAIL: libgomp.fortran/threadprivate1.f90 (test for excess errors)
WARNING: libgomp.fortran/threadprivate1.f90 compilation failed to
produce executable
FAIL: libgomp.fortran/threadprivate1.f90 (test for excess errors)
WARNING: libgomp.fortran/threadprivate1.f90 compilation failed to
produce executable
FAIL: libgomp.fortran/threadprivate2.f90 (test for excess errors)
WARNING: libgomp.fortran/threadprivate2.f90 compilation failed to
produce executable
FAIL: libgomp.fortran/threadprivate2.f90 (test for excess errors)
WARNING: libgomp.fortran/threadprivate2.f90 compilation failed to
produce executable
FAIL: libgomp.fortran/threadprivate2.f90 (test for excess errors)
WARNING: libgomp.fortran/threadprivate2.f90 compilation failed to
produce executable
FAIL: libgomp.fortran/threadprivate2.f90 (test for excess errors)
WARNING: libgomp.fortran/threadprivate2.f90 compilation failed to
produce executable
FAIL: libgomp.fortran/threadprivate2.f90 (test for excess errors)
WARNING: libgomp.fortran/threadprivate2.f90 compilation failed to
produce executable
FAIL: libgomp.fortran/threadprivate2.f90 (test for excess errors)
WARNING: libgomp.fortran/threadprivate2.f90 compilation failed to
produce executable
FAIL: libgomp.fortran/threadprivate2.f90 (test for excess errors)
WARNING: libgomp.fortran/threadprivate2.f90 compilation failed to
produce executable
FAIL: libgomp.fortran/threadprivate2.f90 (test for excess errors)
WARNING: libgomp.fortran/threadprivate2.f90 compilation failed to
produce executable
FAIL: libgomp.fortran/threadprivate3.f90 (test for excess errors)
WARNING: libgomp.fortran/threadprivate3.f90 compilation failed to
produce executable
FAIL: libgomp.fortran/threadprivate3.f90 (test for excess errors)
WARNING: libgomp.fortran/threadprivate3.f90 compilation failed to
produce executable
FAIL: libgomp.fortran/threadprivate3.f90 (test for excess errors)
WARNING: libgomp.fortran/threadprivate3.f90 compilation failed to
produce executable
FAIL: libgomp.fortran/threadprivate3.f90 (test for excess errors)
WARNING: libgomp.fortran/threadprivate3.f90 compilation failed to
produce executable
FAIL: libgomp.fortran/threadprivate3.f90 (test for excess errors)
WARNING: libgomp.fortran/threadprivate3.f90 compilation failed to
produce executable
FAIL: libgomp.fortran/threadprivate3.f90 (test for excess errors)
WARNING: libgomp.fortran/threadprivate3.f90 compilation failed to
produce executable
FAIL: libgomp.fortran/threadprivate3.f90 (test for excess errors)
WARNING: libgomp.fortran/threadprivate3.f90 compilation failed to
produce executable
FAIL: libgomp.fortran/threadprivate3.f90 (test for excess errors)
WARNING: libgomp.fortran/threadprivate3.f90 compilation failed to
produce executable
FAIL: libgomp.fortran/vla1.f90 (test for excess errors)
WARNING: libgomp.fortran/vla1.f90 compilation failed to produce executable
FAIL: libgomp.fortran/vla1.f90 (test for excess errors)
WARNING: libgomp.fortran/vla1.f90 compilation failed to produce executable
FAIL: libgomp.fortran/vla1.f90 (test for excess errors)
WARNING: libgomp.fortran/vla1.f90 compilation failed to produce executable
FAIL: libgomp.fortran/vla1.f90 (test for excess errors)
WARNING: libgomp.fortran/vla1.f90 compilation failed to produce executable
FAIL: libgomp.fortran/vla1.f90 (test for excess errors)
WARNING: libgomp.fortran/vla1.f90 compilation failed to produce executable
FAIL: libgomp.fortran/vla1.f90 (test for excess errors)
WARNING: libgomp.fortran/vla1.f90 compilation failed to produce executable
FAIL: libgomp.fortran/vla1.f90 (test for excess errors)
WARNING: libgomp.fortran/vla1.f90 compilation failed to produce executable
FAIL: libgomp.fortran/vla1.f90 (test for excess errors)
WARNING: libgomp.fortran/vla1.f90 compilation failed to produce executable
FAIL: libgomp.fortran/vla2.f90 (test for excess errors)
WARNING: libgomp.fortran/vla2.f90 compilation failed to produce executable
FAIL: libgomp.fortran/vla2.f90 (test for excess errors)
WARNING: libgomp.fortran/vla2.f90 compilation failed to produce executable
FAIL: libgomp.fortran/vla2.f90 (test for excess errors)
WARNING: libgomp.fortran/vla2.f90 compilation failed to produce executable
FAIL: libgomp.fortran/vla2.f90 (test for excess errors)
WARNING: libgomp.fortran/vla2.f90 compilation failed to produce executable
FAIL: libgomp.fortran/vla2.f90 (test for excess errors)
WARNING: libgomp.fortran/vla2.f90 compilation failed to produce executable
FAIL: libgomp.fortran/vla2.f90 (test for excess errors)
WARNING: libgomp.fortran/vla2.f90 compilation failed to produce executable
FAIL: libgomp.fortran/vla2.f90 (test for excess errors)
WARNING: libgomp.fortran/vla2.f90 compilation failed to produce executable
FAIL: libgomp.fortran/vla2.f90 (test for excess errors)
WARNING: libgomp.fortran/vla2.f90 compilation failed to produce executable
FAIL: libgomp.fortran/vla3.f90 (test for excess errors)
WARNING: libgomp.fortran/vla3.f90 compilation failed to produce executable
FAIL: libgomp.fortran/vla3.f90 (test for excess errors)
WARNING: libgomp.fortran/vla3.f90 compilation failed to produce executable
FAIL: libgomp.fortran/vla3.f90 (test for excess errors)
WARNING: libgomp.fortran/vla3.f90 compilation failed to produce executable
FAIL: libgomp.fortran/vla3.f90 (test for excess errors)
WARNING: libgomp.fortran/vla3.f90 compilation failed to produce executable
FAIL: libgomp.fortran/vla3.f90 (test for excess errors)
WARNING: libgomp.fortran/vla3.f90 compilation failed to produce executable
FAIL: libgomp.fortran/vla3.f90 (test for excess errors)
WARNING: libgomp.fortran/vla3.f90 compilation failed to produce executable
FAIL: libgomp.fortran/vla3.f90 (test for excess errors)
WARNING: libgomp.fortran/vla3.f90 compilation failed to produce executable
FAIL: libgomp.fortran/vla3.f90 (test for excess errors)
WARNING: libgomp.fortran/vla3.f90 compilation failed to produce executable
FAIL: libgomp.fortran/vla4.f90  (test for warnings, line 97)
FAIL: libgomp.fortran/vla4.f90 (test for excess errors)
WARNING: libgomp.fortran/vla4.f90 compilation failed to produce executable
FAIL: libgomp.fortran/vla4.f90  (test for warnings, line 97)
FAIL: libgomp.fortran/vla4.f90 (test for excess errors)
WARNING: libgomp.fortran/vla4.f90 compilation failed to produce executable
FAIL: libgomp.fortran/vla4.f90  (test for warnings, line 97)
FAIL: libgomp.fortran/vla4.f90 (test for excess errors)
WARNING: libgomp.fortran/vla4.f90 compilation failed to produce executable
FAIL: libgomp.fortran/vla4.f90  (test for warnings, line 97)
FAIL: libgomp.fortran/vla4.f90 (test for excess errors)
WARNING: libgomp.fortran/vla4.f90 compilation failed to produce executable
FAIL: libgomp.fortran/vla4.f90  (test for warnings, line 97)
FAIL: libgomp.fortran/vla4.f90 (test for excess errors)
WARNING: libgomp.fortran/vla4.f90 compilation failed to produce executable
FAIL: libgomp.fortran/vla4.f90  (test for warnings, line 97)
FAIL: libgomp.fortran/vla4.f90 (test for excess errors)
WARNING: libgomp.fortran/vla4.f90 compilation failed to produce executable
FAIL: libgomp.fortran/vla4.f90  (test for warnings, line 97)
FAIL: libgomp.fortran/vla4.f90 (test for excess errors)
WARNING: libgomp.fortran/vla4.f90 compilation failed to produce executable
FAIL: libgomp.fortran/vla4.f90  (test for warnings, line 97)
FAIL: libgomp.fortran/vla4.f90 (test for excess errors)
WARNING: libgomp.fortran/vla4.f90 compilation failed to produce executable
FAIL: libgomp.fortran/vla5.f90  (test for warnings, line 69)
FAIL: libgomp.fortran/vla5.f90 (test for excess errors)
WARNING: libgomp.fortran/vla5.f90 compilation failed to produce executable
FAIL: libgomp.fortran/vla5.f90  (test for warnings, line 69)
FAIL: libgomp.fortran/vla5.f90 (test for excess errors)
WARNING: libgomp.fortran/vla5.f90 compilation failed to produce executable
FAIL: libgomp.fortran/vla5.f90  (test for warnings, line 69)
FAIL: libgomp.fortran/vla5.f90 (test for excess errors)
WARNING: libgomp.fortran/vla5.f90 compilation failed to produce executable
FAIL: libgomp.fortran/vla5.f90  (test for warnings, line 69)
FAIL: libgomp.fortran/vla5.f90 (test for excess errors)
WARNING: libgomp.fortran/vla5.f90 compilation failed to produce executable
FAIL: libgomp.fortran/vla5.f90  (test for warnings, line 69)
FAIL: libgomp.fortran/vla5.f90 (test for excess errors)
WARNING: libgomp.fortran/vla5.f90 compilation failed to produce executable
FAIL: libgomp.fortran/vla5.f90  (test for warnings, line 69)
FAIL: libgomp.fortran/vla5.f90 (test for excess errors)
WARNING: libgomp.fortran/vla5.f90 compilation failed to produce executable
FAIL: libgomp.fortran/vla5.f90  (test for warnings, line 69)
FAIL: libgomp.fortran/vla5.f90 (test for excess errors)
WARNING: libgomp.fortran/vla5.f90 compilation failed to produce executable
FAIL: libgomp.fortran/vla5.f90  (test for warnings, line 69)
FAIL: libgomp.fortran/vla5.f90 (test for excess errors)
WARNING: libgomp.fortran/vla5.f90 compilation failed to produce executable
FAIL: libgomp.fortran/vla6.f90 (test for excess errors)
WARNING: libgomp.fortran/vla6.f90 compilation failed to produce executable
FAIL: libgomp.fortran/vla6.f90 (test for excess errors)
WARNING: libgomp.fortran/vla6.f90 compilation failed to produce executable
FAIL: libgomp.fortran/vla6.f90 (test for excess errors)
WARNING: libgomp.fortran/vla6.f90 compilation failed to produce executable
FAIL: libgomp.fortran/vla6.f90 (test for excess errors)
WARNING: libgomp.fortran/vla6.f90 compilation failed to produce executable
FAIL: libgomp.fortran/vla6.f90 (test for excess errors)
WARNING: libgomp.fortran/vla6.f90 compilation failed to produce executable
FAIL: libgomp.fortran/vla6.f90 (test for excess errors)
WARNING: libgomp.fortran/vla6.f90 compilation failed to produce executable
FAIL: libgomp.fortran/vla6.f90 (test for excess errors)
WARNING: libgomp.fortran/vla6.f90 compilation failed to produce executable
FAIL: libgomp.fortran/vla6.f90 (test for excess errors)
WARNING: libgomp.fortran/vla6.f90 compilation failed to produce executable
FAIL: libgomp.fortran/vla7.f90 (test for excess errors)
WARNING: libgomp.fortran/vla7.f90 compilation failed to produce executable
FAIL: libgomp.fortran/vla7.f90 (test for excess errors)
WARNING: libgomp.fortran/vla7.f90 compilation failed to produce executable
FAIL: libgomp.fortran/vla7.f90 (test for excess errors)
WARNING: libgomp.fortran/vla7.f90 compilation failed to produce executable
FAIL: libgomp.fortran/vla7.f90 (test for excess errors)
WARNING: libgomp.fortran/vla7.f90 compilation failed to produce executable
FAIL: libgomp.fortran/vla7.f90 (test for excess errors)
WARNING: libgomp.fortran/vla7.f90 compilation failed to produce executable
FAIL: libgomp.fortran/vla7.f90 (test for excess errors)
WARNING: libgomp.fortran/vla7.f90 compilation failed to produce executable
FAIL: libgomp.fortran/vla7.f90 (test for excess errors)
WARNING: libgomp.fortran/vla7.f90 compilation failed to produce executable
FAIL: libgomp.fortran/vla7.f90 (test for excess errors)
WARNING: libgomp.fortran/vla7.f90 compilation failed to produce executable

		=== libgomp Summary ===

# of expected passes		1618
# of unexpected failures	448
# of unsupported tests		2
		=== libjava tests ===


Running target unix
FAIL: PR16923 run
WARNING: program timed out.
FAIL: Process_1 execution - source compiled test
WARNING: program timed out.
FAIL: Process_1 -findirect-dispatch execution - source compiled test
WARNING: program timed out.
FAIL: Process_1 -O3 execution - source compiled test
WARNING: program timed out.
FAIL: Process_1 -O3 -findirect-dispatch execution - source compiled test
WARNING: program timed out.
FAIL: Process_2 execution - source compiled test
FAIL: Process_2 -findirect-dispatch execution - source compiled test
WARNING: program timed out.
FAIL: Process_2 -O3 execution - source compiled test
FAIL: Process_2 -O3 -findirect-dispatch execution - source compiled test
WARNING: program timed out.
FAIL: Process_3 execution - source compiled test
WARNING: program timed out.
FAIL: Process_3 -findirect-dispatch execution - source compiled test
WARNING: program timed out.
FAIL: Process_3 -O3 execution - source compiled test
WARNING: program timed out.
FAIL: Process_3 -O3 -findirect-dispatch execution - source compiled test
WARNING: program timed out.
FAIL: Process_4 execution - source compiled test
WARNING: program timed out.
FAIL: Process_4 -findirect-dispatch execution - source compiled test
WARNING: program timed out.
FAIL: Process_4 -O3 execution - source compiled test
WARNING: program timed out.
FAIL: Process_4 -O3 -findirect-dispatch execution - source compiled test
WARNING: program timed out.
FAIL: Process_5 execution - source compiled test
WARNING: program timed out.
FAIL: Process_5 -findirect-dispatch execution - source compiled test
WARNING: program timed out.
FAIL: Process_5 -O3 execution - source compiled test
WARNING: program timed out.
FAIL: Process_5 -O3 -findirect-dispatch execution - source compiled test
FAIL: Process_7 output - source compiled test
FAIL: Process_7 -findirect-dispatch output - source compiled test
FAIL: Process_7 -O3 output - source compiled test
FAIL: Process_7 -O3 -findirect-dispatch output - source compiled test
FAIL: Thread_Interrupt -O3 output - source compiled test
FAIL: Thread_Wait_Interrupt -findirect-dispatch output - source compiled test
FAIL: Thread_Wait_Interrupt -O3 output - source compiled test
FAIL: Throw_2 execution - source compiled test
FAIL: Throw_2 -findirect-dispatch execution - source compiled test
FAIL: Throw_2 -O3 execution - source compiled test
FAIL: Throw_2 -O3 -findirect-dispatch execution - source compiled test
FAIL: /usr/local/src/trunk/objdir/i686-pc-cygwin/libjava/testsuite/TestEarlyGC.exe
output - /usr/local/src/trunk/objdir/i686-pc-cygwin/libjava/testsuite/TestEarlyGC.exe

		=== libjava Summary ===

# of expected passes		2517
# of unexpected failures	33
# of untested testcases		25
		=== libstdc++ tests ===


Running target unix
FAIL: 20_util/shared_ptr/thread/default_weaktoshared.cc execution test
FAIL: 20_util/shared_ptr/thread/default_weaktoshared.cc execution test
FAIL: 22_locale/codecvt/encoding/wchar_t/1.cc execution test
FAIL: 22_locale/codecvt/encoding/wchar_t/1.cc execution test
FAIL: 22_locale/codecvt/encoding/wchar_t/1.cc execution test
FAIL: 22_locale/codecvt/max_length/wchar_t/1.cc execution test
FAIL: 22_locale/codecvt/max_length/wchar_t/1.cc execution test
FAIL: 22_locale/codecvt/max_length/wchar_t/1.cc execution test
FAIL: 22_locale/ctype/narrow/wchar_t/2.cc execution test
FAIL: 22_locale/ctype/narrow/wchar_t/2.cc execution test
FAIL: 22_locale/ctype/narrow/wchar_t/2.cc execution test
FAIL: 22_locale/ctype/scan/wchar_t/1.cc execution test
FAIL: 22_locale/ctype/scan/wchar_t/1.cc execution test
FAIL: 22_locale/ctype/scan/wchar_t/1.cc execution test
XPASS: 26_numerics/headers/cmath/c99_classification_macros_c.cc (test
for excess errors)
XPASS: 26_numerics/headers/cmath/c99_classification_macros_c.cc (test
for excess errors)
FAIL: 27_io/basic_filebuf/seekoff/wchar_t/3.cc execution test
FAIL: 27_io/basic_filebuf/seekoff/wchar_t/3.cc execution test
FAIL: 27_io/basic_filebuf/seekoff/wchar_t/3.cc execution test
FAIL: 27_io/basic_filebuf/seekpos/char/1-io.cc execution test
FAIL: 27_io/basic_filebuf/seekpos/char/1-io.cc execution test
FAIL: 27_io/basic_filebuf/seekpos/char/2-io.cc execution test
FAIL: 27_io/basic_filebuf/seekpos/char/2-io.cc execution test
FAIL: 27_io/basic_filebuf/seekpos/wchar_t/1.cc execution test
FAIL: 27_io/basic_filebuf/seekpos/wchar_t/1.cc execution test
FAIL: 27_io/basic_filebuf/seekpos/wchar_t/1.cc execution test
FAIL: 27_io/basic_istream/seekg/wchar_t/fstream.cc execution test
FAIL: 27_io/basic_istream/seekg/wchar_t/fstream.cc execution test
FAIL: 27_io/basic_istream/seekg/wchar_t/fstream.cc execution test
FAIL: 27_io/basic_istream/tellg/wchar_t/fstream.cc execution test
FAIL: 27_io/basic_istream/tellg/wchar_t/fstream.cc execution test
FAIL: 27_io/basic_istream/tellg/wchar_t/fstream.cc execution test
FAIL: 27_io/basic_ostream/inserters_arithmetic/wchar_t/4402.cc execution test
FAIL: 27_io/basic_ostream/inserters_arithmetic/wchar_t/4402.cc execution test
FAIL: 27_io/basic_ostream/inserters_arithmetic/wchar_t/4402.cc execution test
FAIL: ext/bitmap_allocator/variadic_construct.cc execution test
FAIL: ext/codecvt/wchar_t.cc execution test
FAIL: tr1/2_general_utilities/shared_ptr/thread/default_weaktoshared.cc
execution test

		=== libstdc++ Summary ===

# of expected passes		14058
# of unexpected failures	36
# of unexpected successes	2
# of expected failures		191
# of unsupported tests		1457

Compiler version: 4.5.0 20091016 (experimental) [trunk revision 152899] (GCC)
Platform: i686-pc-cygwin
configure flags: --prefix=/usr/local/gnu --enable-threads=posix
--enable-libgcj --enable-libgomp --disable-sjlj-exceptions
--with-system-zlib --enable-nls --enable-static --enable-shared
--enable-shared-libgcc --enable-__cxa_atexit --disable-libmudflap
--enable-version-specific-runtime-libs --without-included-gettext
--with-dwarf2 --disable-symvers --enable-libssp --with-mpc
--without-ppl --without-cloog
--enable-languages=c,ada,c++,fortran,java,objc,obj-c++ --no-create
--no-recursion


Index Nav: [Date Index] [Subject Index] [Author Index] [Thread Index]
Message Nav: [Date Prev] [Date Next] [Thread Prev] [Thread Next]