This is the mail archive of the gcc-testresults@gcc.gnu.org mailing list for the GCC project.


Index Nav: [Date Index] [Subject Index] [Author Index] [Thread Index]
Message Nav: [Date Prev] [Date Next] [Thread Prev] [Thread Next]
Other format: [Raw text]

Results for 4.5.0 20091015 (experimental) [trunk revision 152794] (GCC) testsuite on hppa-unknown-linux-gnu


LAST_UPDATED: Thu Oct 15 02:24:33 UTC 2009 (revision 152794)

		=== acats tests ===

		=== acats Summary ===
# of expected passes		2315
# of unexpected failures	0
Native configuration is hppa-unknown-linux-gnu

		=== g++ tests ===


Running target unix
FAIL: g++.dg/lto/20081109 cp_lto_20081109_0.o-cp_lto_20081109_1.o execute -O2 -fwhopr
FAIL: g++.dg/lto/20090106 cp_lto_20090106_0.o-cp_lto_20090106_0.o link
UNRESOLVED: g++.dg/lto/20090106 cp_lto_20090106_0.o-cp_lto_20090106_0.o execute -O0 -fwhopr
FAIL: g++.dg/lto/20090106 cp_lto_20090106_0.o-cp_lto_20090106_0.o link
UNRESOLVED: g++.dg/lto/20090106 cp_lto_20090106_0.o-cp_lto_20090106_0.o execute -O0 -flto
FAIL: g++.dg/torture/pr34099.C  -O1  (internal compiler error)
FAIL: g++.dg/torture/pr34099.C  -O1  (test for excess errors)
UNRESOLVED: g++.dg/torture/pr34099.C  -O1  compilation failed to produce executable
FAIL: g++.dg/torture/pr34099.C  -O2  (internal compiler error)
FAIL: g++.dg/torture/pr34099.C  -O2  (test for excess errors)
UNRESOLVED: g++.dg/torture/pr34099.C  -O2  compilation failed to produce executable
FAIL: g++.dg/torture/pr34099.C  -O3 -fomit-frame-pointer  (internal compiler error)
FAIL: g++.dg/torture/pr34099.C  -O3 -fomit-frame-pointer  (test for excess errors)
UNRESOLVED: g++.dg/torture/pr34099.C  -O3 -fomit-frame-pointer  compilation failed to produce executable
FAIL: g++.dg/torture/pr34099.C  -O3 -fomit-frame-pointer -funroll-loops  (internal compiler error)
FAIL: g++.dg/torture/pr34099.C  -O3 -fomit-frame-pointer -funroll-loops  (test for excess errors)
UNRESOLVED: g++.dg/torture/pr34099.C  -O3 -fomit-frame-pointer -funroll-loops  compilation failed to produce executable
FAIL: g++.dg/torture/pr34099.C  -O3 -fomit-frame-pointer -funroll-all-loops -finline-functions  (internal compiler error)
FAIL: g++.dg/torture/pr34099.C  -O3 -fomit-frame-pointer -funroll-all-loops -finline-functions  (test for excess errors)
UNRESOLVED: g++.dg/torture/pr34099.C  -O3 -fomit-frame-pointer -funroll-all-loops -finline-functions  compilation failed to produce executable
FAIL: g++.dg/torture/pr34099.C  -O3 -g  (internal compiler error)
FAIL: g++.dg/torture/pr34099.C  -O3 -g  (test for excess errors)
UNRESOLVED: g++.dg/torture/pr34099.C  -O3 -g  compilation failed to produce executable
FAIL: g++.dg/torture/pr34099.C  -Os  execution test
FAIL: g++.dg/torture/pr34099.C  -O2 -flto  (internal compiler error)
FAIL: g++.dg/torture/pr34099.C  -O2 -flto  (test for excess errors)
UNRESOLVED: g++.dg/torture/pr34099.C  -O2 -flto  compilation failed to produce executable
FAIL: g++.dg/torture/pr34099.C  -O2 -fwhopr  (internal compiler error)
FAIL: g++.dg/torture/pr34099.C  -O2 -fwhopr  (test for excess errors)
UNRESOLVED: g++.dg/torture/pr34099.C  -O2 -fwhopr  compilation failed to produce executable

		=== g++ Summary ===

# of expected passes		21050
# of unexpected failures	20
# of expected failures		154
# of unresolved testcases	10
# of unsupported tests		169
/home/dave/gnu/gcc-4.5/objdir/gcc/testsuite/g++/../../g++  version 4.5.0 20091015 (experimental) [trunk revision 152794] (GCC) 

		=== gcc tests ===


Running target unix
WARNING: program timed out.
FAIL: gcc.c-torture/compile/20001226-1.c  -O3 -g  (test for excess errors)
FAIL: gcc.c-torture/execute/builtins/memmove-2.c compilation,  -O2 -fwhopr 
UNRESOLVED: gcc.c-torture/execute/builtins/memmove-2.c execution,  -O2 -fwhopr 
FAIL: gcc.c-torture/execute/builtins/sprintf-chk.c execution,  -O2 -fwhopr 
FAIL: gcc.c-torture/execute/builtins/stpcpy-chk.c execution,  -O2 -fwhopr 
FAIL: gcc.c-torture/execute/builtins/strcpy-chk.c execution,  -O2 -fwhopr 
XPASS: gcc.dg/Warray-bounds.c  (test for warnings, line 59)
XPASS: gcc.dg/Warray-bounds.c  (test for warnings, line 65)
XPASS: gcc.dg/Wunreachable-8.c  (test for bogus messages, line 7)
FAIL: gcc.dg/pr34668-1.c (internal compiler error)
FAIL: gcc.dg/pr34668-1.c (test for excess errors)
FAIL: gcc.dg/lto/20091013-1 c_lto_20091013-1_0.o-c_lto_20091013-1_2.o link,  (internal compiler error)
UNRESOLVED: gcc.dg/lto/20091013-1 c_lto_20091013-1_0.o-c_lto_20091013-1_2.o execute -fPIC -shared -O2 -flto
XPASS: gcc.dg/struct/wo_prof_array_through_pointer.c scan-ipa-dump ipa_struct_reorg "Number of structures to transform is 1"
FAIL: gcc.dg/struct/wo_prof_double_malloc.c (internal compiler error)
FAIL: gcc.dg/struct/wo_prof_double_malloc.c (test for excess errors)
UNRESOLVED: gcc.dg/struct/wo_prof_double_malloc.c compilation failed to produce executable
XPASS: gcc.dg/tree-ssa/loop-1.c scan-assembler-times foo 5

		=== gcc Summary ===

# of expected passes		61413
# of unexpected failures	10
# of unexpected successes	5
# of expected failures		84
# of unresolved testcases	3
# of unsupported tests		731
/home/dave/gnu/gcc-4.5/objdir/gcc/xgcc  version 4.5.0 20091015 (experimental) [trunk revision 152794] (GCC) 

		=== gfortran tests ===


Running target unix
FAIL: gfortran.dg/lto/pr40725 f_lto_pr40725_0.o-f_lto_pr40725_1.o execute -O2 -fwhopr
FAIL: gfortran.dg/lto/pr40725 f_lto_pr40725_0.o-f_lto_pr40725_1.o execute -O2 -flto

		=== gfortran Summary ===

# of expected passes		31841
# of unexpected failures	2
# of expected failures		22
# of unsupported tests		287
/home/dave/gnu/gcc-4.5/objdir/gcc/testsuite/gfortran/../../gfortran  version 4.5.0 20091015 (experimental) [trunk revision 152794] (GCC) 

		=== gnat tests ===


Running target unix

		=== gnat Summary ===

# of expected passes		714
# of expected failures		5
# of unsupported tests		1
		=== obj-c++ tests ===


Running target unix
UNRESOLVED: obj-c++.dg/lookup-2.mm compilation failed to produce executable
UNRESOLVED: obj-c++.dg/try-catch-2.mm compilation failed to produce executable
UNRESOLVED: obj-c++.dg/try-catch-9.mm compilation failed to produce executable

		=== obj-c++ Summary ===

# of expected passes		438
# of expected failures		10
# of unresolved testcases	3
# of unsupported tests		13
/home/dave/gnu/gcc-4.5/objdir/gcc/testsuite/obj-c++/../../g++  version 4.5.0 20091015 (experimental) [trunk revision 152794] (GCC) 

		=== objc tests ===


Running target unix

		=== objc Summary ===

# of expected passes		1867
# of expected failures		15
# of unsupported tests		24
/home/dave/gnu/gcc-4.5/objdir/gcc/xgcc  version 4.5.0 20091015 (experimental) [trunk revision 152794] (GCC) 

		=== libffi tests ===


Running target unix
FAIL: libffi.call/cls_longdouble_va.c -O0 -W -Wall output pattern test, is %.1f
FAIL: libffi.call/cls_longdouble_va.c -O2 output pattern test, is %.1f
FAIL: libffi.call/cls_longdouble_va.c -O3 output pattern test, is %.1f
FAIL: libffi.call/cls_longdouble_va.c -Os output pattern test, is %.1f
FAIL: libffi.call/cls_longdouble_va.c -O2 -fomit-frame-pointer output pattern test, is %.1f

		=== libffi Summary ===

# of expected passes		1589
# of unexpected failures	5
# of expected failures		10
# of unsupported tests		15
		=== libgomp tests ===


Running target unix
FAIL: libgomp.fortran/vla6.f90  -O0  execution test

		=== libgomp Summary ===

# of expected passes		2393
# of unexpected failures	1
# of unsupported tests		7
		=== libjava tests ===


Running target unix
FAIL: PR218 -O3 execution - source compiled test
FAIL: Throw_3 -O3 execution - source compiled test
FAIL: Throw_3 -O3 -findirect-dispatch execution - source compiled test

		=== libjava Summary ===

# of expected passes		2568
# of unexpected failures	3
# of untested testcases		3
		=== libmudflap tests ===


Running target unix
FAIL: libmudflap.c/fail31-frag.c (-O3) crash test
FAIL: libmudflap.c/fail31-frag.c (-O3) output pattern test
FAIL: libmudflap.c/pass45-frag.c (-O3) execution test
FAIL: libmudflap.c/pass45-frag.c (-O3) output pattern test
FAIL: libmudflap.c/pass45-frag.c (-O3) execution test
FAIL: libmudflap.c/pass45-frag.c (-O3) output pattern test
FAIL: libmudflap.c++/pass41-frag.cxx execution test
FAIL: libmudflap.c++/pass41-frag.cxx (-static) execution test
FAIL: libmudflap.c++/pass41-frag.cxx ( -O) execution test
FAIL: libmudflap.c++/pass41-frag.cxx (-O2) execution test
FAIL: libmudflap.c++/pass41-frag.cxx (-O3) execution test

		=== libmudflap Summary ===

# of expected passes		1883
# of unexpected failures	11
		=== libstdc++ tests ===


Running target unix
FAIL: 22_locale/time_get/get_date/wchar_t/4.cc execution test
XPASS: 26_numerics/headers/cmath/c99_classification_macros_c.cc (test for excess errors)

		=== libstdc++ Summary ===

# of expected passes		6891
# of unexpected failures	1
# of unexpected successes	1
# of expected failures		86
# of unsupported tests		99

Compiler version: 4.5.0 20091015 (experimental) [trunk revision 152794] (GCC) 
Platform: hppa-unknown-linux-gnu
configure flags: --with-gnu-as --with-gnu-ld --enable-shared --prefix=/home/dave/opt/gnu/gcc/gcc-4.5.0 --with-local-prefix=/home/dave/opt/gnu --enable-threads=posix --enable-__cxa_atexit --build=hppa-linux --enable-clocale=gnu --enable-java-gc=boehm --enable-java-awt=xlib --enable-languages=c,c++,objc,fortran,obj-c++,java,ada --with-libelf=/home/dave/opt/gnu


Index Nav: [Date Index] [Subject Index] [Author Index] [Thread Index]
Message Nav: [Date Prev] [Date Next] [Thread Prev] [Thread Next]