This is the mail archive of the gcc-testresults@gcc.gnu.org mailing list for the GCC project.


Index Nav: [Date Index] [Subject Index] [Author Index] [Thread Index]
Message Nav: [Date Prev] [Date Next] [Thread Prev] [Thread Next]
Other format: [Raw text]

Results for 4.4.3 20091015 (prerelease) [gcc-4_4-branch revision 152865] (GCC) testsuite on x86_64-suse-linux-gnu


Bootstrap and regtesting on x86_64-suse-linux-gnu.
SVN sources: branch: 4.4 release branch.
LAST_UPDATED: Thu Oct 15 19:57:03 UTC 2009 (revision 152865)

		=== acats tests ===

		=== acats Summary ===
# of expected passes		2315
# of unexpected failures	0
Native configuration is x86_64-suse-linux-gnu

		=== gcc tests ===


Running target unix
FAIL: gcc.dg/tree-prof/bb-reorg.c compilation,  -fprofile-use -D_PROFILE_USE
UNRESOLVED: gcc.dg/tree-prof/bb-reorg.c execution,    -fprofile-use -D_PROFILE_USE
FAIL: gcc.dg/tree-prof/pr34999.c compilation,  -fprofile-use -D_PROFILE_USE
UNRESOLVED: gcc.dg/tree-prof/pr34999.c execution,    -fprofile-use -D_PROFILE_USE

		=== gcc Summary for unix ===

# of expected passes		56870
# of unexpected failures	2
# of expected failures		190
# of unresolved testcases	2
# of unsupported tests		728

Running target unix/-m32

		=== gcc Summary for unix/-m32 ===

# of expected passes		57225
# of expected failures		191
# of unsupported tests		441

		=== gcc Summary ===

# of expected passes		114095
# of unexpected failures	2
# of expected failures		381
# of unresolved testcases	2
# of unsupported tests		1169
/build/gcc/gcc/xgcc  version 4.4.3 20091015 (prerelease) [gcc-4_4-branch revision 152865] (GCC) 

		=== gfortran tests ===


Running target unix

		=== gfortran Summary for unix ===

# of expected passes		29807
# of expected failures		10
# of unsupported tests		44

Running target unix/-m32

		=== gfortran Summary for unix/-m32 ===

# of expected passes		29678
# of expected failures		10
# of unsupported tests		105

		=== gfortran Summary ===

# of expected passes		59485
# of expected failures		20
# of unsupported tests		149
/build/gcc/gcc/testsuite/gfortran/../../gfortran  version 4.4.3 20091015 (prerelease) [gcc-4_4-branch revision 152865] (GCC) 

		=== g++ tests ===


Running target unix

		=== g++ Summary for unix ===

# of expected passes		19652
# of expected failures		156
# of unsupported tests		249

Running target unix/-m32

		=== g++ Summary for unix/-m32 ===

# of expected passes		19969
# of expected failures		156
# of unsupported tests		99

		=== g++ Summary ===

# of expected passes		39621
# of expected failures		312
# of unsupported tests		348
/build/gcc/gcc/testsuite/g++/../../g++  version 4.4.3 20091015 (prerelease) [gcc-4_4-branch revision 152865] (GCC) 

		=== gnat tests ===


Running target unix/-m32

		=== gnat Summary for unix/-m32 ===

# of expected passes		615
# of expected failures		6

Running target unix

		=== gnat Summary for unix ===

# of expected passes		615
# of expected failures		6

		=== gnat Summary ===

# of expected passes		1230
# of expected failures		12
		=== objc tests ===


Running target unix/-m32

		=== objc Summary for unix/-m32 ===

# of expected passes		1874
# of expected failures		7
# of unsupported tests		24

Running target unix

		=== objc Summary for unix ===

# of expected passes		1866
# of expected failures		15
# of unsupported tests		24

		=== objc Summary ===

# of expected passes		3740
# of expected failures		22
# of unsupported tests		48
/build/gcc/gcc/xgcc  version 4.4.3 20091015 (prerelease) [gcc-4_4-branch revision 152865] (GCC) 

		=== libffi tests ===


Running target unix/-m32

		=== libffi Summary for unix/-m32 ===

# of expected passes		1389
# of unsupported tests		10

Running target unix

		=== libffi Summary for unix ===

# of expected passes		1389
# of unsupported tests		10

		=== libffi Summary ===

# of expected passes		2778
# of unsupported tests		20
		=== libgomp tests ===


Running target unix/-m32

		=== libgomp Summary for unix/-m32 ===

# of expected passes		2406

Running target unix

		=== libgomp Summary for unix ===

# of expected passes		2406

		=== libgomp Summary ===

# of expected passes		4812
		=== libjava tests ===


Running target unix/-m32

		=== libjava Summary for unix/-m32 ===

# of expected passes		2574

Running target unix

		=== libjava Summary for unix ===

# of expected passes		2574

		=== libjava Summary ===

# of expected passes		5148
		=== libmudflap tests ===


Running target unix/-m32
FAIL: libmudflap.c++/pass41-frag.cxx execution test
FAIL: libmudflap.c++/pass41-frag.cxx (-static) execution test
FAIL: libmudflap.c++/pass41-frag.cxx (-O2) execution test
FAIL: libmudflap.c++/pass41-frag.cxx (-O3) execution test

		=== libmudflap Summary for unix/-m32 ===

# of expected passes		1890
# of unexpected failures	4

Running target unix
FAIL: libmudflap.c++/pass41-frag.cxx execution test
FAIL: libmudflap.c++/pass41-frag.cxx (-static) execution test
FAIL: libmudflap.c++/pass41-frag.cxx (-O2) execution test
FAIL: libmudflap.c++/pass41-frag.cxx (-O3) execution test

		=== libmudflap Summary for unix ===

# of expected passes		1890
# of unexpected failures	4

		=== libmudflap Summary ===

# of expected passes		3780
# of unexpected failures	8
		=== libstdc++ tests ===


Running target unix
FAIL: 22_locale/codecvt/unshift/char/1.cc execution test
FAIL: 22_locale/codecvt/unshift/char/wrapped_env.cc execution test
FAIL: 22_locale/codecvt/unshift/char/wrapped_locale.cc execution test
XPASS: 26_numerics/headers/cmath/c99_classification_macros_c.cc (test for excess errors)

		=== libstdc++ Summary for unix ===

# of expected passes		6511
# of unexpected successes	1
# of unexpected failures	3
# of expected failures		79
# of unsupported tests		13

Running target unix/-m32
FAIL: 22_locale/codecvt/unshift/char/1.cc execution test
FAIL: 22_locale/codecvt/unshift/char/wrapped_env.cc execution test
FAIL: 22_locale/codecvt/unshift/char/wrapped_locale.cc execution test
XPASS: 26_numerics/headers/cmath/c99_classification_macros_c.cc (test for excess errors)

		=== libstdc++ Summary for unix/-m32 ===

# of expected passes		6502
# of unexpected successes	1
# of unexpected failures	3
# of expected failures		79
# of unsupported tests		18

		=== libstdc++ Summary ===

# of expected passes		13013
# of unexpected failures	6
# of unexpected successes	2
# of expected failures		158
# of unsupported tests		31

Compiler version: 4.4.3 20091015 (prerelease) [gcc-4_4-branch revision 152865] (GCC) 
Platform: x86_64-suse-linux-gnu
configure flags: --prefix=/opt/gcc/4.4-devel --enable-checking=yes,rtl --enable-decimal-float --enable-threads=posix --enable-clocale=gnu --enable-ssp --disable-libssp --enable-libstdcxx-allocator=new --enable-__cxa_atexit --enable-shared --enable-languages=c,c++,ada,java,fortran,objc --with-system-zlib x86_64-suse-linux-gnu
Version of binutils: GNU ld (GNU Binutils; openSUSE Factory) 2.19.51.20090527-10.23
Version of glibc (/lib/libc.so.6): 2.10.1 (20090918)
Version of glibc (/lib64/libc.so.6): 2.10.1 (20090918)


Index Nav: [Date Index] [Subject Index] [Author Index] [Thread Index]
Message Nav: [Date Prev] [Date Next] [Thread Prev] [Thread Next]