This is the mail archive of the gcc-testresults@gcc.gnu.org mailing list for the GCC project.


Index Nav: [Date Index] [Subject Index] [Author Index] [Thread Index]
Message Nav: [Date Prev] [Date Next] [Thread Prev] [Thread Next]
Other format: [Raw text]

Results for 4.4.2 20091015 (prerelease) [gcc-4_4-branch revision 152797] (GCC) testsuite on x86_64-unknown-linux-gnu


LAST_UPDATED: Thu Oct 15 05:10:20 UTC 2009 (revision 152797)

Native configuration is x86_64-unknown-linux-gnu

		=== g++ tests ===


Running target unix/-m32

		=== g++ Summary for unix/-m32 ===

# of expected passes		6803
# of expected failures		30
# of unsupported tests		10

Running target unix

		=== g++ Summary for unix ===

# of expected passes		6756
# of expected failures		30
# of unsupported tests		20

		=== g++ Summary ===

# of expected passes		39621
# of expected failures		312
# of unsupported tests		348
/export/gnu/import/svn/gcc-test/bld/gcc/testsuite/g++/../../g++  version 4.4.2 20091015 (prerelease) [gcc-4_4-branch revision 152797] (GCC) 

		=== gcc tests ===


Running target unix/-m32
FAIL: gcc.c-torture/compile/limits-exprparen.c  -O0  (test for excess errors)
FAIL: gcc.c-torture/compile/limits-exprparen.c  -O1  (test for excess errors)
FAIL: gcc.c-torture/compile/limits-exprparen.c  -O2  (test for excess errors)
FAIL: gcc.c-torture/compile/limits-exprparen.c  -O3 -fomit-frame-pointer  (test for excess errors)
FAIL: gcc.c-torture/compile/limits-exprparen.c  -O3 -g  (test for excess errors)
FAIL: gcc.c-torture/compile/limits-exprparen.c  -Os  (test for excess errors)

		=== gcc Summary for unix/-m32 ===


Running target unix
FAIL: gcc.c-torture/compile/limits-exprparen.c  -O0  (test for excess errors)
FAIL: gcc.c-torture/compile/limits-exprparen.c  -O1  (test for excess errors)
FAIL: gcc.c-torture/compile/limits-exprparen.c  -O2  (test for excess errors)
FAIL: gcc.c-torture/compile/limits-exprparen.c  -O3 -fomit-frame-pointer  (test for excess errors)
FAIL: gcc.c-torture/compile/limits-exprparen.c  -O3 -g  (test for excess errors)
FAIL: gcc.c-torture/compile/limits-exprparen.c  -Os  (test for excess errors)
FAIL: gcc.dg/tree-prof/bb-reorg.c compilation,  -fprofile-use -D_PROFILE_USE
UNRESOLVED: gcc.dg/tree-prof/bb-reorg.c execution,    -fprofile-use -D_PROFILE_USE
FAIL: gcc.dg/tree-prof/pr34999.c compilation,  -fprofile-use -D_PROFILE_USE
UNRESOLVED: gcc.dg/tree-prof/pr34999.c execution,    -fprofile-use -D_PROFILE_USE

		=== gcc Summary for unix ===


		=== gcc Summary ===

# of expected passes		114085
# of unexpected failures	14
# of expected failures		381
# of unresolved testcases	2
# of unsupported tests		1167
/export/gnu/import/svn/gcc-test/bld/gcc/xgcc  version 4.4.2 20091015 (prerelease) [gcc-4_4-branch revision 152797] (GCC) 

		=== gfortran tests ===


Running target unix/-m32

		=== gfortran Summary for unix/-m32 ===

# of expected passes		3996

Running target unix

		=== gfortran Summary for unix ===

# of expected passes		3996

		=== gfortran Summary ===

# of expected passes		59485
# of expected failures		20
# of unsupported tests		149
/export/gnu/import/svn/gcc-test/bld/gcc/testsuite/gfortran/../../gfortran  version 4.4.2 20091015 (prerelease) [gcc-4_4-branch revision 152797] (GCC) 

		=== objc tests ===


Running target unix/-m32

		=== objc Summary for unix/-m32 ===

# of expected passes		2

Running target unix

		=== objc Summary for unix ===

# of expected passes		2

		=== objc Summary ===

# of expected passes		3740
# of expected failures		22
# of unsupported tests		48
/export/gnu/import/svn/gcc-test/bld/gcc/xgcc  version 4.4.2 20091015 (prerelease) [gcc-4_4-branch revision 152797] (GCC) 

		=== libffi tests ===


Running target unix/-m32

		=== libffi Summary for unix/-m32 ===

# of expected passes		24

Running target unix

		=== libffi Summary for unix ===

# of expected passes		24

		=== libffi Summary ===

# of expected passes		2778
# of unsupported tests		20
		=== libgomp tests ===


Running target unix/-m32

		=== libgomp Summary for unix/-m32 ===

# of expected passes		1399

Running target unix

		=== libgomp Summary for unix ===

# of expected passes		1399

		=== libgomp Summary ===

# of expected passes		4812
		=== libjava tests ===


Running target unix/-m32

		=== libjava Summary for unix/-m32 ===


Running target unix

		=== libjava Summary for unix ===


		=== libjava Summary ===

# of expected passes		5148
		=== libmudflap tests ===


Running target unix/-m32
FAIL: libmudflap.c++/pass41-frag.cxx execution test
FAIL: libmudflap.c++/pass41-frag.cxx (-static) execution test
FAIL: libmudflap.c++/pass41-frag.cxx (-O2) execution test
FAIL: libmudflap.c++/pass41-frag.cxx (-O3) execution test

		=== libmudflap Summary for unix/-m32 ===

# of expected passes		352

Running target unix
FAIL: libmudflap.c++/pass41-frag.cxx execution test
FAIL: libmudflap.c++/pass41-frag.cxx (-O2) execution test
FAIL: libmudflap.c++/pass41-frag.cxx (-O3) execution test

		=== libmudflap Summary for unix ===

# of expected passes		264

		=== libmudflap Summary ===

# of expected passes		3314
# of unexpected failures	7
		=== libstdc++ tests ===


Running target unix/-m32
XPASS: 26_numerics/headers/cmath/c99_classification_macros_c.cc (test for excess errors)

		=== libstdc++ Summary for unix/-m32 ===

# of expected passes		6504
# of unexpected successes	1
# of expected failures		79
# of unsupported tests		18

Running target unix
XPASS: 26_numerics/headers/cmath/c99_classification_macros_c.cc (test for excess errors)

		=== libstdc++ Summary for unix ===

# of expected passes		6513
# of unexpected successes	1
# of expected failures		79
# of unsupported tests		13

		=== libstdc++ Summary ===

# of expected passes		13019
# of unexpected successes	2
# of expected failures		158
# of unsupported tests		31

Compiler version: 4.4.2 20091015 (prerelease) [gcc-4_4-branch revision 152797] (GCC) 
Platform: x86_64-unknown-linux-gnu
configure flags: --enable-clocale=gnu --with-system-zlib --enable-shared --with-demangler-in-ld


Index Nav: [Date Index] [Subject Index] [Author Index] [Thread Index]
Message Nav: [Date Prev] [Date Next] [Thread Prev] [Thread Next]