This is the mail archive of the gcc-testresults@gcc.gnu.org mailing list for the GCC project.


Index Nav: [Date Index] [Subject Index] [Author Index] [Thread Index]
Message Nav: [Date Prev] [Date Next] [Thread Prev] [Thread Next]
Other format: [Raw text]

Results for 4.5.0 20091012 (experimental) (GCC) testsuite on ia64-hp-hpux11.23


Native configuration is ia64-hp-hpux11.23

		=== g++ tests ===


Running target unix/-milp32
FAIL: g++.dg/debug/dwarf2/icf.C scan-assembler \\\\.section.*.debug_vcall
FAIL: g++.dg/debug/dwarf2/icf.C scan-assembler 0x0.*Vtable slot
FAIL: g++.dg/debug/dwarf2/icf.C scan-assembler 0x1.*Vtable slot

		=== g++ Summary for unix/-milp32 ===

# of expected passes		19639
# of unexpected failures	3
# of expected failures		158
# of unsupported tests		196

Running target unix/-mlp64
FAIL: g++.dg/debug/dwarf2/icf.C scan-assembler \\\\.section.*.debug_vcall
FAIL: g++.dg/debug/dwarf2/icf.C scan-assembler 0x0.*Vtable slot
FAIL: g++.dg/debug/dwarf2/icf.C scan-assembler 0x1.*Vtable slot
FAIL: g++.dg/tree-ssa/copyprop.C (test for excess errors)

		=== g++ Summary for unix/-mlp64 ===

# of expected passes		19599
# of unexpected failures	4
# of expected failures		158
# of unsupported tests		197

		=== g++ Summary ===

# of expected passes		39238
# of unexpected failures	7
# of expected failures		316
# of unsupported tests		393
/proj/opensrc_nobackup/nightly2/build-ia64-hp-hpux11.23-trunk/obj_gcc/gcc/testsuite/g++/../../g++  version 4.5.0 20091012 (experimental) (GCC) 

		=== gcc tests ===


Running target unix/-milp32
FAIL: gcc.c-torture/compile/20090917-1.c  -O3 -fomit-frame-pointer  (internal compiler error)
FAIL: gcc.c-torture/compile/20090917-1.c  -O3 -fomit-frame-pointer  (test for excess errors)
FAIL: gcc.c-torture/compile/20090917-1.c  -O3 -fomit-frame-pointer -funroll-loops  (internal compiler error)
FAIL: gcc.c-torture/compile/20090917-1.c  -O3 -fomit-frame-pointer -funroll-loops  (test for excess errors)
FAIL: gcc.c-torture/compile/20090917-1.c  -O3 -fomit-frame-pointer -funroll-all-loops -finline-functions  (internal compiler error)
FAIL: gcc.c-torture/compile/20090917-1.c  -O3 -fomit-frame-pointer -funroll-all-loops -finline-functions  (test for excess errors)
FAIL: gcc.c-torture/compile/20090917-1.c  -O3 -g  (internal compiler error)
FAIL: gcc.c-torture/compile/20090917-1.c  -O3 -g  (test for excess errors)
FAIL: gcc.c-torture/compile/limits-fnargs.c  -O3 -fomit-frame-pointer  (test for excess errors)
FAIL: gcc.c-torture/compile/limits-fnargs.c  -O3 -g  (test for excess errors)
FAIL: gcc.dg/debug/dwarf2/inline2.c scan-assembler-times byte.*?0x3.*? DW_AT_inline 3
XPASS: gcc.dg/Warray-bounds.c  (test for warnings, line 59)
XPASS: gcc.dg/Warray-bounds.c  (test for warnings, line 65)
XPASS: gcc.dg/Wunreachable-8.c  (test for bogus messages, line 7)
FAIL: gcc.dg/builtin-apply4.c execution test
FAIL: gcc.dg/pr34668-1.c (internal compiler error)
FAIL: gcc.dg/pr34668-1.c (test for excess errors)
FAIL: gcc.dg/pr37106-1.c (internal compiler error)
FAIL: gcc.dg/pr37106-1.c (test for excess errors)
FAIL: gcc.dg/plugin/one_time-test-1.c -fplugin=./one_time_plugin.so (internal compiler error)
FAIL: gcc.dg/plugin/one_time-test-1.c -fplugin=./one_time_plugin.so (test for excess errors)
XPASS: gcc.dg/struct/wo_prof_array_through_pointer.c scan-ipa-dump ipa_struct_reorg "Number of structures to transform is 1"
FAIL: gcc.dg/struct/wo_prof_double_malloc.c (internal compiler error)
FAIL: gcc.dg/struct/wo_prof_double_malloc.c (test for excess errors)
WARNING: gcc.dg/struct/wo_prof_double_malloc.c compilation failed to produce executable
FAIL: gcc.dg/torture/pr26565.c  -O1  execution test
FAIL: gcc.dg/torture/pr26565.c  -O2  execution test
FAIL: gcc.dg/torture/pr26565.c  -Os  execution test
FAIL: gcc.dg/torture/pr41555.c  -O0  (test for excess errors)
WARNING: gcc.dg/torture/pr41555.c  -O0  compilation failed to produce executable
FAIL: gcc.dg/torture/pr41555.c  -O1  (test for excess errors)
WARNING: gcc.dg/torture/pr41555.c  -O1  compilation failed to produce executable
FAIL: gcc.dg/torture/pr41555.c  -O2  (test for excess errors)
WARNING: gcc.dg/torture/pr41555.c  -O2  compilation failed to produce executable
FAIL: gcc.dg/torture/pr41555.c  -O3 -fomit-frame-pointer  (test for excess errors)
WARNING: gcc.dg/torture/pr41555.c  -O3 -fomit-frame-pointer  compilation failed to produce executable
FAIL: gcc.dg/torture/pr41555.c  -O3 -fomit-frame-pointer -funroll-loops  (test for excess errors)
WARNING: gcc.dg/torture/pr41555.c  -O3 -fomit-frame-pointer -funroll-loops  compilation failed to produce executable
FAIL: gcc.dg/torture/pr41555.c  -O3 -fomit-frame-pointer -funroll-all-loops -finline-functions  (test for excess errors)
WARNING: gcc.dg/torture/pr41555.c  -O3 -fomit-frame-pointer -funroll-all-loops -finline-functions  compilation failed to produce executable
FAIL: gcc.dg/torture/pr41555.c  -O3 -g  (test for excess errors)
WARNING: gcc.dg/torture/pr41555.c  -O3 -g  compilation failed to produce executable
FAIL: gcc.dg/torture/pr41555.c  -Os  (test for excess errors)
WARNING: gcc.dg/torture/pr41555.c  -Os  compilation failed to produce executable

		=== gcc Summary for unix/-milp32 ===

# of expected passes		52345
# of unexpected successes	4
# of unexpected failures	31
# of expected failures		224
# of unsupported tests		689

Running target unix/-mlp64
FAIL: gcc.c-torture/compile/20090917-1.c  -O3 -fomit-frame-pointer  (internal compiler error)
FAIL: gcc.c-torture/compile/20090917-1.c  -O3 -fomit-frame-pointer  (test for excess errors)
FAIL: gcc.c-torture/compile/20090917-1.c  -O3 -fomit-frame-pointer -funroll-loops  (internal compiler error)
FAIL: gcc.c-torture/compile/20090917-1.c  -O3 -fomit-frame-pointer -funroll-loops  (test for excess errors)
FAIL: gcc.c-torture/compile/20090917-1.c  -O3 -fomit-frame-pointer -funroll-all-loops -finline-functions  (internal compiler error)
FAIL: gcc.c-torture/compile/20090917-1.c  -O3 -fomit-frame-pointer -funroll-all-loops -finline-functions  (test for excess errors)
FAIL: gcc.c-torture/compile/20090917-1.c  -O3 -g  (internal compiler error)
FAIL: gcc.c-torture/compile/20090917-1.c  -O3 -g  (test for excess errors)
FAIL: gcc.c-torture/compile/limits-fnargs.c  -O3 -fomit-frame-pointer  (test for excess errors)
FAIL: gcc.c-torture/compile/limits-fnargs.c  -O3 -g  (test for excess errors)
FAIL: gcc.dg/debug/dwarf2/inline2.c scan-assembler-times byte.*?0x3.*? DW_AT_inline 3
XPASS: gcc.dg/Warray-bounds.c  (test for warnings, line 59)
XPASS: gcc.dg/Warray-bounds.c  (test for warnings, line 65)
XPASS: gcc.dg/Wunreachable-8.c  (test for bogus messages, line 7)
FAIL: gcc.dg/builtin-apply4.c execution test
FAIL: gcc.dg/pr34668-1.c (internal compiler error)
FAIL: gcc.dg/pr34668-1.c (test for excess errors)
FAIL: gcc.dg/pr37106-1.c (internal compiler error)
FAIL: gcc.dg/pr37106-1.c (test for excess errors)
FAIL: gcc.dg/plugin/one_time-test-1.c -fplugin=./one_time_plugin.so (internal compiler error)
FAIL: gcc.dg/plugin/one_time-test-1.c -fplugin=./one_time_plugin.so (test for excess errors)
XPASS: gcc.dg/struct/wo_prof_array_through_pointer.c scan-ipa-dump ipa_struct_reorg "Number of structures to transform is 1"
FAIL: gcc.dg/struct/wo_prof_double_malloc.c (internal compiler error)
FAIL: gcc.dg/struct/wo_prof_double_malloc.c (test for excess errors)
WARNING: gcc.dg/struct/wo_prof_double_malloc.c compilation failed to produce executable
FAIL: gcc.dg/torture/pr26565.c  -O1  execution test
FAIL: gcc.dg/torture/pr26565.c  -O2  execution test
FAIL: gcc.dg/torture/pr26565.c  -Os  execution test
FAIL: gcc.dg/torture/pr41555.c  -O0  (test for excess errors)
WARNING: gcc.dg/torture/pr41555.c  -O0  compilation failed to produce executable
FAIL: gcc.dg/torture/pr41555.c  -O1  (test for excess errors)
WARNING: gcc.dg/torture/pr41555.c  -O1  compilation failed to produce executable
FAIL: gcc.dg/torture/pr41555.c  -O2  (test for excess errors)
WARNING: gcc.dg/torture/pr41555.c  -O2  compilation failed to produce executable
FAIL: gcc.dg/torture/pr41555.c  -O3 -fomit-frame-pointer  (test for excess errors)
WARNING: gcc.dg/torture/pr41555.c  -O3 -fomit-frame-pointer  compilation failed to produce executable
FAIL: gcc.dg/torture/pr41555.c  -O3 -fomit-frame-pointer -funroll-loops  (test for excess errors)
WARNING: gcc.dg/torture/pr41555.c  -O3 -fomit-frame-pointer -funroll-loops  compilation failed to produce executable
FAIL: gcc.dg/torture/pr41555.c  -O3 -fomit-frame-pointer -funroll-all-loops -finline-functions  (test for excess errors)
WARNING: gcc.dg/torture/pr41555.c  -O3 -fomit-frame-pointer -funroll-all-loops -finline-functions  compilation failed to produce executable
FAIL: gcc.dg/torture/pr41555.c  -O3 -g  (test for excess errors)
WARNING: gcc.dg/torture/pr41555.c  -O3 -g  compilation failed to produce executable
FAIL: gcc.dg/torture/pr41555.c  -Os  (test for excess errors)
WARNING: gcc.dg/torture/pr41555.c  -Os  compilation failed to produce executable

		=== gcc Summary for unix/-mlp64 ===

# of expected passes		52360
# of unexpected successes	4
# of unexpected failures	31
# of expected failures		225
# of unsupported tests		678

		=== gcc Summary ===

# of expected passes		104705
# of unexpected failures	62
# of unexpected successes	8
# of expected failures		449
# of unsupported tests		1367
/proj/opensrc_nobackup/nightly2/build-ia64-hp-hpux11.23-trunk/obj_gcc/gcc/xgcc  version 4.5.0 20091012 (experimental) (GCC) 

		=== gfortran tests ===


Running target unix/-milp32
WARNING: program timed out.
FAIL: gfortran.dg/vect/fast-math-pr38968.f90 execution test

		=== gfortran Summary for unix/-milp32 ===

# of expected passes		32718
# of unexpected failures	1
# of expected failures		31
# of unsupported tests		70

Running target unix/-mlp64
WARNING: program timed out.
FAIL: gfortran.dg/vect/fast-math-pr38968.f90 execution test

		=== gfortran Summary for unix/-mlp64 ===

# of expected passes		32718
# of unexpected failures	1
# of expected failures		31
# of unsupported tests		70

		=== gfortran Summary ===

# of expected passes		65436
# of unexpected failures	2
# of expected failures		62
# of unsupported tests		140
/proj/opensrc_nobackup/nightly2/build-ia64-hp-hpux11.23-trunk/obj_gcc/gcc/testsuite/gfortran/../../gfortran  version 4.5.0 20091012 (experimental) (GCC) 

		=== libgomp tests ===


Running target unix/-mlp64

		=== libgomp Summary for unix/-mlp64 ===

# of expected passes		2404
# of unsupported tests		2

Running target unix/-milp32

		=== libgomp Summary for unix/-milp32 ===

# of expected passes		2404
# of unsupported tests		2

		=== libgomp Summary ===

# of expected passes		4808
# of unsupported tests		4
		=== libstdc++ tests ===


Running target unix/-milp32
FAIL: 17_intro/headers/c++200x/all_no_exceptions.cc (test for excess errors)
FAIL: 17_intro/headers/c++200x/all_pedantic_errors.cc (test for excess errors)
XPASS: 22_locale/collate/hash/char/1.cc (test for excess errors)
XPASS: 22_locale/collate/requirements/base_classes.cc (test for excess errors)
XPASS: 22_locale/collate/transform/wchar_t/28277.cc (test for excess errors)
XPASS: 22_locale/collate_byname/requirements/base_classes.cc (test for excess errors)
FAIL: 26_numerics/headers/random/types_std_c++0x.cc (test for excess errors)
FAIL: 27_io/objects/wchar_t/7.cc execution test
FAIL: 27_io/objects/wchar_t/9661-1.cc execution test
FAIL: ext/codecvt/wchar_t.cc execution test
FAIL: ext/new_allocator/deallocate_global.cc execution test
FAIL: ext/throw_allocator/deallocate_global.cc execution test
FAIL: ext/throw_allocator/variadic_construct.cc (test for excess errors)
WARNING: ext/throw_allocator/variadic_construct.cc compilation failed to produce executable
WARNING: program timed out.
WARNING: program timed out.

		=== libstdc++ Summary for unix/-milp32 ===

# of expected passes		5514
# of unexpected successes	4
# of unexpected failures	9
# of expected failures		77
# of unsupported tests		791

Running target unix/-mlp64
XPASS: 22_locale/collate/hash/char/1.cc (test for excess errors)
XPASS: 22_locale/collate/requirements/base_classes.cc (test for excess errors)
XPASS: 22_locale/collate/transform/wchar_t/28277.cc (test for excess errors)
XPASS: 22_locale/collate_byname/requirements/base_classes.cc (test for excess errors)
FAIL: 27_io/objects/wchar_t/7.cc execution test
FAIL: 27_io/objects/wchar_t/9661-1.cc execution test
FAIL: ext/codecvt/wchar_t.cc execution test
FAIL: ext/new_allocator/deallocate_global.cc execution test
FAIL: ext/throw_allocator/deallocate_global.cc execution test
WARNING: program timed out.
WARNING: program timed out.

		=== libstdc++ Summary for unix/-mlp64 ===

# of expected passes		5864
# of unexpected successes	4
# of unexpected failures	5
# of expected failures		85
# of unsupported tests		601

		=== libstdc++ Summary ===

# of expected passes		11378
# of unexpected failures	14
# of unexpected successes	8
# of expected failures		162
# of unsupported tests		1392

		=== libstdc++ Summary ===


Compiler version: 4.5.0 20091012 (experimental) (GCC) 
Platform: ia64-hp-hpux11.23
configure flags: --host=ia64-hp-hpux11.23 --build=ia64-hp-hpux11.23 --prefix=/proj/opensrc_nobackup/nightly2/gcc-ia64-hp-hpux11.23-trunk --with-local-prefix=/proj/opensrc_nobackup/nightly2/gcc-ia64-hp-hpux11.23-trunk --disable-nls --with-gmp=/proj/opensrc/be/ia64-hp-hpux11.23 --with-mpfr=/proj/opensrc/be/ia64-hp-hpux11.23 --disable-libmudflap --enable-libunwind-exceptions SED=/usr/bin/sed --enable-languages=c,c++,fortran


Index Nav: [Date Index] [Subject Index] [Author Index] [Thread Index]
Message Nav: [Date Prev] [Date Next] [Thread Prev] [Thread Next]