This is the mail archive of the gcc-testresults@gcc.gnu.org mailing list for the GCC project.


Index Nav: [Date Index] [Subject Index] [Author Index] [Thread Index]
Message Nav: [Date Prev] [Date Next] [Thread Prev] [Thread Next]
Other format: [Raw text]

Results for 4.5.0 20091008 (experimental) [trunk revision 152579] (GCC) gcc testsuite on mips-unknown-elf


Debian 5 on x86_64
cross tool versions:
GNU assembler (GNU Binutils) 2.18.50.20080419
GNU gdb 6.8.50.20080419-cvs
GNU ld (GNU Binutils) 2.18.50.20080419

GNU Make 3.81
expect version 5.43.0
host gcc version: gcc (GCC) 4.5.0 20091008 (experimental) [trunk revision 152579]
LAST_UPDATED: Thu Oct  8 22:03:10 UTC 2009 (revision 152579)

Target is mips-unknown-elf
Host   is x86_64-unknown-linux-gnu

		=== gcc tests ===


Running target mips-sim
FAIL: gcc.c-torture/compile/20001226-1.c  -O3 -g  (test for excess errors)
FAIL: gcc.dg/20061124-1.c (test for excess errors)
UNRESOLVED: gcc.dg/20061124-1.c compilation failed to produce executable
XPASS: gcc.dg/Warray-bounds.c  (test for warnings, line 59)
XPASS: gcc.dg/Warray-bounds.c  (test for warnings, line 65)
XPASS: gcc.dg/Wunreachable-8.c  (test for bogus messages, line 7)
FAIL: gcc.dg/c99-stdint-7.c (test for excess errors)
FAIL: gcc.dg/ia64-sync-1.c (test for excess errors)
UNRESOLVED: gcc.dg/ia64-sync-1.c compilation failed to produce executable
FAIL: gcc.dg/ia64-sync-2.c (test for excess errors)
UNRESOLVED: gcc.dg/ia64-sync-2.c compilation failed to produce executable
FAIL: gcc.dg/ia64-sync-3.c (test for excess errors)
UNRESOLVED: gcc.dg/ia64-sync-3.c compilation failed to produce executable
FAIL: gcc.dg/pr34668-1.c (internal compiler error)
FAIL: gcc.dg/pr34668-1.c (test for excess errors)
FAIL: gcc.dg/pr37908.c (test for excess errors)
UNRESOLVED: gcc.dg/pr37908.c compilation failed to produce executable
FAIL: gcc.dg/sync-2.c (test for excess errors)
UNRESOLVED: gcc.dg/sync-2.c compilation failed to produce executable
FAIL: gcc.dg/sync-3.c (test for excess errors)
UNRESOLVED: gcc.dg/sync-3.c compilation failed to produce executable
FAIL: gcc.dg/plugin/one_time-test-1.c -fplugin=./one_time_plugin.so (internal compiler error)
FAIL: gcc.dg/plugin/one_time-test-1.c -fplugin=./one_time_plugin.so (test for excess errors)
XPASS: gcc.dg/struct/wo_prof_array_through_pointer.c scan-ipa-dump ipa_struct_reorg "Number of structures to transform is 1"
FAIL: gcc.dg/struct/wo_prof_double_malloc.c (internal compiler error)
FAIL: gcc.dg/struct/wo_prof_double_malloc.c (test for excess errors)
UNRESOLVED: gcc.dg/struct/wo_prof_double_malloc.c compilation failed to produce executable
FAIL: gcc.dg/torture/pr26565.c  -O1  execution test
FAIL: gcc.dg/torture/pr26565.c  -O2  execution test
FAIL: gcc.dg/torture/pr26565.c  -Os  execution test
FAIL: gcc.target/mips/atomic-memory-1.c  (test for warnings, line )
FAIL: gcc.target/mips/octeon-bbit-1.c scan-assembler-times \\tbbit1\\t 4
FAIL: gcc.target/mips/octeon-bbit-1.c scan-assembler-times \\tbbit0\\t 2

		=== gcc Summary ===

# of expected passes		53257
# of unexpected failures	21
# of unexpected successes	4
# of expected failures		77
# of unresolved testcases	8
# of unsupported tests		653
/home/mstein/sim/trunk/mips-elf/build/gcc/xgcc  version 4.5.0 20091008 (experimental) [trunk revision 152579] (GCC) 


Compiler version: 4.5.0 20091008 (experimental) [trunk revision 152579] (GCC) gcc 
Platform: mips-unknown-elf
configure flags: --target=mips-elf --prefix=/home/mstein/cross-local/mips-elf --enable-languages=c --disable-nls --disable-build-warnings --with-sysroot=/home/mstein/cross-local/mips-elf --with-build-sysroot=/home/mstein/cross-local/mips-elf --with-ld=/home/mstein/cross-local/mips-elf/usr/bin/ld --with-as=/home/mstein/cross-local/mips-elf/usr/bin/as --disable-libssp --with-mpfr=/opt/cfarm/mpfr-2.3.2


Index Nav: [Date Index] [Subject Index] [Author Index] [Thread Index]
Message Nav: [Date Prev] [Date Next] [Thread Prev] [Thread Next]