This is the mail archive of the
gcc-testresults@gcc.gnu.org
mailing list for the GCC project.
Results for 4.5.0 20091005 (experimental) [trunk revision 152446] (GCC) testsuite on m68k-unknown-linux-gnu
- From: Andreas Schwab <schwab at linux-m68k dot org>
- To: gcc-testresults at gcc dot gnu dot org
- Date: Mon, 05 Oct 2009 14:08:34 +0200
- Subject: Results for 4.5.0 20091005 (experimental) [trunk revision 152446] (GCC) testsuite on m68k-unknown-linux-gnu
LAST_UPDATED: Mon Oct 5 09:27:22 UTC 2009 (revision 152446)
Target is m68k-unknown-linux-gnu
Host is x86_64-pc-linux-gnu
=== g++ tests ===
Running target aranym
FAIL: tmpdir-g++.dg-struct-layout-1/t014 cp_compat_x_tst.o-cp_compat_y_tst.o execute
FAIL: tmpdir-g++.dg-struct-layout-1/t020 cp_compat_x_tst.o-cp_compat_y_tst.o execute
FAIL: tmpdir-g++.dg-struct-layout-1/t026 cp_compat_x_tst.o-cp_compat_y_tst.o execute
FAIL: g++.dg/cdce3.C scan-tree-dump cdce "cdce3.C:97: note: function call is shrink-wrapped into error conditions."
FAIL: g++.dg/cdce3.C scan-tree-dump cdce "cdce3.C:107: note: function call is shrink-wrapped into error conditions."
FAIL: g++.dg/tree-ssa/pr41186.C scan-tree-dump fre "Replaced b1.b with 1"
FAIL: g++.dg/lto/20081109 cp_lto_20081109_0.o-cp_lto_20081109_1.o execute -O0 -fwhopr
FAIL: g++.dg/lto/20081109 cp_lto_20081109_0.o-cp_lto_20081109_1.o execute -O2 -fwhopr
FAIL: g++.dg/lto/20090106 cp_lto_20090106_0.o-cp_lto_20090106_0.o link
UNRESOLVED: g++.dg/lto/20090106 cp_lto_20090106_0.o-cp_lto_20090106_0.o execute -O0 -fwhopr
FAIL: g++.dg/lto/20090106 cp_lto_20090106_0.o-cp_lto_20090106_0.o link
UNRESOLVED: g++.dg/lto/20090106 cp_lto_20090106_0.o-cp_lto_20090106_0.o execute -O0 -flto
FAIL: g++.dg/lto/20090311 cp_lto_20090311_0.o-cp_lto_20090311_1.o link
UNRESOLVED: g++.dg/lto/20090311 cp_lto_20090311_0.o-cp_lto_20090311_1.o execute -O2 -fwhopr
FAIL: g++.dg/lto/20090311 cp_lto_20090311_0.o-cp_lto_20090311_1.o link, (internal compiler error)
UNRESOLVED: g++.dg/lto/20090311 cp_lto_20090311_0.o-cp_lto_20090311_1.o execute -O2 -flto
UNRESOLVED: selfassign.c compilation, -I. -I/daten/aranym/gcc/gcc-20091005/gcc/testsuite -I/daten/aranym/gcc/gcc-20091005/gcc/testsuite/../../gcc -I/daten/aranym/gcc/gcc-20091005/Build/gcc/testsuite/g++/../../../gcc -I/daten/aranym/gcc/gcc-20091005/gcc/testsuite/../../include -I/daten/aranym/gcc/gcc-20091005/gcc/testsuite/../../libcpp/include -O -DIN_GCC -fPIC -shared
UNRESOLVED: dumb_plugin.c compilation, -I. -I/daten/aranym/gcc/gcc-20091005/gcc/testsuite -I/daten/aranym/gcc/gcc-20091005/gcc/testsuite/../../gcc -I/daten/aranym/gcc/gcc-20091005/Build/gcc/testsuite/g++/../../../gcc -I/daten/aranym/gcc/gcc-20091005/gcc/testsuite/../../include -I/daten/aranym/gcc/gcc-20091005/gcc/testsuite/../../libcpp/include -DIN_GCC -fPIC -shared
FAIL: g++.dg/torture/pr36191.C -O3 -fomit-frame-pointer (test for excess errors)
FAIL: g++.dg/torture/type-generic-1.C -O2 execution test
FAIL: g++.dg/torture/type-generic-1.C -O3 -fomit-frame-pointer execution test
FAIL: g++.dg/torture/type-generic-1.C -O3 -g execution test
FAIL: g++.dg/torture/type-generic-1.C -Os execution test
FAIL: g++.dg/torture/type-generic-1.C -O2 -flto execution test
FAIL: g++.dg/torture/type-generic-1.C -O2 -fwhopr execution test
=== g++ Summary ===
# of expected passes 20921
# of unexpected failures 19
# of expected failures 154
# of unresolved testcases 6
# of unsupported tests 181
/daten/aranym/gcc/gcc-20091005/Build/gcc/testsuite/g++/../../g++ version 4.5.0 20091005 (experimental) [trunk revision 152446] (GCC)
Host is x86_64-pc-linux-gnu
=== gcc tests ===
Running target aranym
FAIL: gcc.c-torture/execute/builtins/sprintf-chk.c execution, -O2 -fwhopr
FAIL: gcc.c-torture/execute/builtins/stpcpy-chk.c execution, -O2 -fwhopr
FAIL: gcc.c-torture/execute/builtins/strcpy-chk.c execution, -O2 -fwhopr
FAIL: gcc.c-torture/execute/ieee/compare-fp-1.c execution, -O0
FAIL: gcc.c-torture/execute/ieee/compare-fp-1.c execution, -O1
FAIL: gcc.c-torture/execute/ieee/compare-fp-1.c execution, -O2
FAIL: gcc.c-torture/execute/ieee/compare-fp-1.c execution, -O3 -fomit-frame-pointer
FAIL: gcc.c-torture/execute/ieee/compare-fp-1.c execution, -O3 -g
FAIL: gcc.c-torture/execute/ieee/compare-fp-1.c execution, -Os
FAIL: gcc.c-torture/execute/ieee/compare-fp-1.c execution, -O2 -flto
FAIL: gcc.c-torture/execute/ieee/compare-fp-1.c execution, -O2 -fwhopr
FAIL: gcc.c-torture/execute/ieee/compare-fp-4.c execution, -O0
FAIL: gcc.c-torture/execute/ieee/compare-fp-4.c execution, -O1
FAIL: gcc.c-torture/execute/ieee/compare-fp-4.c execution, -O2
FAIL: gcc.c-torture/execute/ieee/compare-fp-4.c execution, -O3 -fomit-frame-pointer
FAIL: gcc.c-torture/execute/ieee/compare-fp-4.c execution, -O3 -g
FAIL: gcc.c-torture/execute/ieee/compare-fp-4.c execution, -Os
FAIL: gcc.c-torture/execute/ieee/compare-fp-4.c execution, -O2 -flto
FAIL: gcc.c-torture/execute/ieee/compare-fp-4.c execution, -O2 -fwhopr
FAIL: gcc.c-torture/execute/ieee/copysign1.c execution, -O0
FAIL: gcc.c-torture/execute/ieee/copysign1.c execution, -O1
FAIL: gcc.c-torture/execute/ieee/copysign1.c execution, -O2
FAIL: gcc.c-torture/execute/ieee/copysign1.c execution, -O3 -fomit-frame-pointer
FAIL: gcc.c-torture/execute/ieee/copysign1.c execution, -O3 -fomit-frame-pointer -funroll-loops
FAIL: gcc.c-torture/execute/ieee/copysign1.c execution, -O3 -fomit-frame-pointer -funroll-all-loops -finline-functions
FAIL: gcc.c-torture/execute/ieee/copysign1.c execution, -O3 -g
FAIL: gcc.c-torture/execute/ieee/copysign1.c execution, -Os
FAIL: gcc.c-torture/execute/ieee/copysign1.c execution, -O2 -flto
FAIL: gcc.c-torture/execute/ieee/copysign1.c execution, -O2 -fwhopr
FAIL: gcc.c-torture/execute/ieee/copysign2.c execution, -O0
FAIL: gcc.c-torture/execute/ieee/copysign2.c execution, -O1
FAIL: gcc.c-torture/execute/ieee/copysign2.c execution, -O2
FAIL: gcc.c-torture/execute/ieee/copysign2.c execution, -O3 -fomit-frame-pointer
FAIL: gcc.c-torture/execute/ieee/copysign2.c execution, -O3 -fomit-frame-pointer -funroll-loops
FAIL: gcc.c-torture/execute/ieee/copysign2.c execution, -O3 -fomit-frame-pointer -funroll-all-loops -finline-functions
FAIL: gcc.c-torture/execute/ieee/copysign2.c execution, -O3 -g
FAIL: gcc.c-torture/execute/ieee/copysign2.c execution, -Os
FAIL: gcc.c-torture/execute/ieee/copysign2.c execution, -O2 -flto
FAIL: gcc.c-torture/execute/ieee/copysign2.c execution, -O2 -fwhopr
FAIL: tmpdir-gcc.dg-struct-layout-1/t021 c_compat_x_tst.o-c_compat_y_tst.o execute
FAIL: tmpdir-gcc.dg-struct-layout-1/t026 c_compat_x_tst.o-c_compat_y_tst.o execute
XPASS: gcc.dg/Warray-bounds.c (test for warnings, line 59)
XPASS: gcc.dg/Warray-bounds.c (test for warnings, line 65)
XPASS: gcc.dg/Wunreachable-8.c (test for bogus messages, line 7)
FAIL: gcc.dg/pr28796-2.c execution test
FAIL: gcc.dg/pr34668-1.c (internal compiler error)
FAIL: gcc.dg/pr34668-1.c (test for excess errors)
FAIL: gcc.dg/pr37106-1.c (internal compiler error)
FAIL: gcc.dg/pr37106-1.c (test for excess errors)
FAIL: gcc.dg/pr37544.c execution test
FAIL: gcc.dg/lto/20090210 c_lto_20090210_0.o-c_lto_20090210_1.o link
UNRESOLVED: gcc.dg/lto/20090210 c_lto_20090210_0.o-c_lto_20090210_1.o execute -O0 -fwhopr
FAIL: gcc.dg/lto/20090210 c_lto_20090210_0.o-c_lto_20090210_1.o link
UNRESOLVED: gcc.dg/lto/20090210 c_lto_20090210_0.o-c_lto_20090210_1.o execute -O2 -fwhopr
FAIL: gcc.dg/lto/20090210 c_lto_20090210_0.o-c_lto_20090210_1.o link
UNRESOLVED: gcc.dg/lto/20090210 c_lto_20090210_0.o-c_lto_20090210_1.o execute -O0 -flto
FAIL: gcc.dg/lto/20090210 c_lto_20090210_0.o-c_lto_20090210_1.o link
UNRESOLVED: gcc.dg/lto/20090210 c_lto_20090210_0.o-c_lto_20090210_1.o execute -O2 -flto
FAIL: gcc.dg/lto/20090313 c_lto_20090313_0.o-c_lto_20090313_0.o link
UNRESOLVED: gcc.dg/lto/20090313 c_lto_20090313_0.o-c_lto_20090313_0.o execute -O0 -fwhopr
FAIL: gcc.dg/lto/20090313 c_lto_20090313_0.o-c_lto_20090313_0.o link
UNRESOLVED: gcc.dg/lto/20090313 c_lto_20090313_0.o-c_lto_20090313_0.o execute -O2 -fwhopr
FAIL: gcc.dg/lto/20090313 c_lto_20090313_0.o-c_lto_20090313_0.o link
UNRESOLVED: gcc.dg/lto/20090313 c_lto_20090313_0.o-c_lto_20090313_0.o execute -O0 -flto
FAIL: gcc.dg/lto/20090313 c_lto_20090313_0.o-c_lto_20090313_0.o link
UNRESOLVED: gcc.dg/lto/20090313 c_lto_20090313_0.o-c_lto_20090313_0.o execute -O2 -flto
UNRESOLVED: selfassign.c compilation, -I. -I/daten/aranym/gcc/gcc-20091005/gcc/testsuite -I/daten/aranym/gcc/gcc-20091005/gcc/testsuite/../../gcc -I/daten/aranym/gcc/gcc-20091005/Build/gcc/testsuite/gcc/../../../gcc -I/daten/aranym/gcc/gcc-20091005/gcc/testsuite/../../include -I/daten/aranym/gcc/gcc-20091005/gcc/testsuite/../../libcpp/include -O -DIN_GCC -fPIC -shared
UNRESOLVED: one_time_plugin.c compilation, -I. -I/daten/aranym/gcc/gcc-20091005/gcc/testsuite -I/daten/aranym/gcc/gcc-20091005/gcc/testsuite/../../gcc -I/daten/aranym/gcc/gcc-20091005/Build/gcc/testsuite/gcc/../../../gcc -I/daten/aranym/gcc/gcc-20091005/gcc/testsuite/../../include -I/daten/aranym/gcc/gcc-20091005/gcc/testsuite/../../libcpp/include -DIN_GCC -fPIC -shared
XPASS: gcc.dg/struct/wo_prof_array_through_pointer.c scan-ipa-dump ipa_struct_reorg "Number of structures to transform is 1"
FAIL: gcc.dg/struct/wo_prof_double_malloc.c (internal compiler error)
FAIL: gcc.dg/struct/wo_prof_double_malloc.c (test for excess errors)
WARNING: gcc.dg/struct/wo_prof_double_malloc.c compilation failed to produce executable
FAIL: gcc.dg/torture/complex-sign-add.c -O0 execution test
FAIL: gcc.dg/torture/complex-sign-add.c -O1 execution test
FAIL: gcc.dg/torture/complex-sign-add.c -O2 execution test
FAIL: gcc.dg/torture/complex-sign-add.c -O3 -fomit-frame-pointer execution test
FAIL: gcc.dg/torture/complex-sign-add.c -O3 -fomit-frame-pointer -funroll-loops execution test
FAIL: gcc.dg/torture/complex-sign-add.c -O3 -fomit-frame-pointer -funroll-all-loops -finline-functions execution test
FAIL: gcc.dg/torture/complex-sign-add.c -O3 -g execution test
FAIL: gcc.dg/torture/complex-sign-add.c -Os execution test
FAIL: gcc.dg/torture/complex-sign-add.c -O2 -flto execution test
FAIL: gcc.dg/torture/complex-sign-add.c -O2 -fwhopr execution test
FAIL: gcc.dg/torture/complex-sign-mixed-add.c -O0 execution test
FAIL: gcc.dg/torture/complex-sign-mixed-add.c -O1 execution test
FAIL: gcc.dg/torture/complex-sign-mixed-add.c -O2 execution test
FAIL: gcc.dg/torture/complex-sign-mixed-add.c -O3 -fomit-frame-pointer execution test
FAIL: gcc.dg/torture/complex-sign-mixed-add.c -O3 -fomit-frame-pointer -funroll-loops execution test
FAIL: gcc.dg/torture/complex-sign-mixed-add.c -O3 -fomit-frame-pointer -funroll-all-loops -finline-functions execution test
FAIL: gcc.dg/torture/complex-sign-mixed-add.c -O3 -g execution test
FAIL: gcc.dg/torture/complex-sign-mixed-add.c -Os execution test
FAIL: gcc.dg/torture/complex-sign-mixed-add.c -O2 -flto execution test
FAIL: gcc.dg/torture/complex-sign-mixed-add.c -O2 -fwhopr execution test
FAIL: gcc.dg/torture/complex-sign-mixed-div.c -O0 execution test
FAIL: gcc.dg/torture/complex-sign-mixed-div.c -O1 execution test
FAIL: gcc.dg/torture/complex-sign-mixed-div.c -O2 execution test
FAIL: gcc.dg/torture/complex-sign-mixed-div.c -O3 -fomit-frame-pointer execution test
FAIL: gcc.dg/torture/complex-sign-mixed-div.c -O3 -fomit-frame-pointer -funroll-loops execution test
FAIL: gcc.dg/torture/complex-sign-mixed-div.c -O3 -fomit-frame-pointer -funroll-all-loops -finline-functions execution test
FAIL: gcc.dg/torture/complex-sign-mixed-div.c -O3 -g execution test
FAIL: gcc.dg/torture/complex-sign-mixed-div.c -Os execution test
FAIL: gcc.dg/torture/complex-sign-mixed-div.c -O2 -flto execution test
FAIL: gcc.dg/torture/complex-sign-mixed-div.c -O2 -fwhopr execution test
FAIL: gcc.dg/torture/complex-sign-mixed-mul.c -O0 execution test
FAIL: gcc.dg/torture/complex-sign-mixed-mul.c -O1 execution test
FAIL: gcc.dg/torture/complex-sign-mixed-mul.c -O2 execution test
FAIL: gcc.dg/torture/complex-sign-mixed-mul.c -O3 -fomit-frame-pointer execution test
FAIL: gcc.dg/torture/complex-sign-mixed-mul.c -O3 -fomit-frame-pointer -funroll-loops execution test
FAIL: gcc.dg/torture/complex-sign-mixed-mul.c -O3 -fomit-frame-pointer -funroll-all-loops -finline-functions execution test
FAIL: gcc.dg/torture/complex-sign-mixed-mul.c -O3 -g execution test
FAIL: gcc.dg/torture/complex-sign-mixed-mul.c -Os execution test
FAIL: gcc.dg/torture/complex-sign-mixed-mul.c -O2 -flto execution test
FAIL: gcc.dg/torture/complex-sign-mixed-mul.c -O2 -fwhopr execution test
FAIL: gcc.dg/torture/complex-sign-mixed-sub.c -O0 execution test
FAIL: gcc.dg/torture/complex-sign-mixed-sub.c -O1 execution test
FAIL: gcc.dg/torture/complex-sign-mixed-sub.c -O2 execution test
FAIL: gcc.dg/torture/complex-sign-mixed-sub.c -O3 -fomit-frame-pointer execution test
FAIL: gcc.dg/torture/complex-sign-mixed-sub.c -O3 -fomit-frame-pointer -funroll-loops execution test
FAIL: gcc.dg/torture/complex-sign-mixed-sub.c -O3 -fomit-frame-pointer -funroll-all-loops -finline-functions execution test
FAIL: gcc.dg/torture/complex-sign-mixed-sub.c -O3 -g execution test
FAIL: gcc.dg/torture/complex-sign-mixed-sub.c -Os execution test
FAIL: gcc.dg/torture/complex-sign-mixed-sub.c -O2 -flto execution test
FAIL: gcc.dg/torture/complex-sign-mixed-sub.c -O2 -fwhopr execution test
FAIL: gcc.dg/torture/complex-sign-mul-minus-one.c -O0 execution test
FAIL: gcc.dg/torture/complex-sign-mul-minus-one.c -O1 execution test
FAIL: gcc.dg/torture/complex-sign-mul-minus-one.c -O2 execution test
FAIL: gcc.dg/torture/complex-sign-mul-minus-one.c -O3 -fomit-frame-pointer execution test
FAIL: gcc.dg/torture/complex-sign-mul-minus-one.c -O3 -fomit-frame-pointer -funroll-loops execution test
FAIL: gcc.dg/torture/complex-sign-mul-minus-one.c -O3 -fomit-frame-pointer -funroll-all-loops -finline-functions execution test
FAIL: gcc.dg/torture/complex-sign-mul-minus-one.c -O3 -g execution test
FAIL: gcc.dg/torture/complex-sign-mul-minus-one.c -Os execution test
FAIL: gcc.dg/torture/complex-sign-mul-minus-one.c -O2 -flto execution test
FAIL: gcc.dg/torture/complex-sign-mul-minus-one.c -O2 -fwhopr execution test
FAIL: gcc.dg/torture/complex-sign-mul-one.c -O0 execution test
FAIL: gcc.dg/torture/complex-sign-mul-one.c -O1 execution test
FAIL: gcc.dg/torture/complex-sign-mul-one.c -O2 execution test
FAIL: gcc.dg/torture/complex-sign-mul-one.c -O3 -fomit-frame-pointer execution test
FAIL: gcc.dg/torture/complex-sign-mul-one.c -O3 -fomit-frame-pointer -funroll-loops execution test
FAIL: gcc.dg/torture/complex-sign-mul-one.c -O3 -fomit-frame-pointer -funroll-all-loops -finline-functions execution test
FAIL: gcc.dg/torture/complex-sign-mul-one.c -O3 -g execution test
FAIL: gcc.dg/torture/complex-sign-mul-one.c -Os execution test
FAIL: gcc.dg/torture/complex-sign-mul-one.c -O2 -flto execution test
FAIL: gcc.dg/torture/complex-sign-mul-one.c -O2 -fwhopr execution test
FAIL: gcc.dg/torture/complex-sign-mul.c -O0 execution test
FAIL: gcc.dg/torture/complex-sign-mul.c -O1 execution test
FAIL: gcc.dg/torture/complex-sign-mul.c -O2 execution test
FAIL: gcc.dg/torture/complex-sign-mul.c -O3 -fomit-frame-pointer execution test
FAIL: gcc.dg/torture/complex-sign-mul.c -O3 -fomit-frame-pointer -funroll-loops execution test
FAIL: gcc.dg/torture/complex-sign-mul.c -O3 -fomit-frame-pointer -funroll-all-loops -finline-functions execution test
FAIL: gcc.dg/torture/complex-sign-mul.c -O3 -g execution test
FAIL: gcc.dg/torture/complex-sign-mul.c -Os execution test
FAIL: gcc.dg/torture/complex-sign-mul.c -O2 -flto execution test
FAIL: gcc.dg/torture/complex-sign-mul.c -O2 -fwhopr execution test
FAIL: gcc.dg/torture/complex-sign-sub.c -O0 execution test
FAIL: gcc.dg/torture/complex-sign-sub.c -O1 execution test
FAIL: gcc.dg/torture/complex-sign-sub.c -O2 execution test
FAIL: gcc.dg/torture/complex-sign-sub.c -O3 -fomit-frame-pointer execution test
FAIL: gcc.dg/torture/complex-sign-sub.c -O3 -fomit-frame-pointer -funroll-loops execution test
FAIL: gcc.dg/torture/complex-sign-sub.c -O3 -fomit-frame-pointer -funroll-all-loops -finline-functions execution test
FAIL: gcc.dg/torture/complex-sign-sub.c -O3 -g execution test
FAIL: gcc.dg/torture/complex-sign-sub.c -Os execution test
FAIL: gcc.dg/torture/complex-sign-sub.c -O2 -flto execution test
FAIL: gcc.dg/torture/complex-sign-sub.c -O2 -fwhopr execution test
FAIL: gcc.dg/torture/fp-int-convert-double.c -O1 execution test
FAIL: gcc.dg/torture/fp-int-convert-double.c -Os execution test
FAIL: gcc.dg/torture/type-generic-1.c -O2 execution test
FAIL: gcc.dg/torture/type-generic-1.c -O3 -fomit-frame-pointer execution test
FAIL: gcc.dg/torture/type-generic-1.c -O3 -g execution test
FAIL: gcc.dg/torture/type-generic-1.c -Os execution test
FAIL: gcc.dg/torture/type-generic-1.c -O2 -flto execution test
FAIL: gcc.dg/torture/type-generic-1.c -O2 -fwhopr execution test
FAIL: gcc.dg/tree-prof/stringop-2.c scan-tree-dump optimized "a\\[0\\] = 168430090"
FAIL: gcc.dg/tree-ssa/vrp47.c scan-tree-dump-times vrp1 "[xy][^ ]* !=" 0
FAIL: gcc.dg/tree-ssa/vrp47.c scan-tree-dump-times dom1 "x[^ ]* & y" 1
FAIL: gcc.dg/tree-ssa/vrp47.c scan-tree-dump-times vrp1 "x[^ ]* [|] y" 1
FAIL: gcc.target/m68k/tls-gd-xgot.c scan-assembler #foo@TLSGD,%[ad][0-7]
FAIL: gcc.target/m68k/tls-ie-xgot.c scan-assembler jsr __m68k_read_tp
FAIL: gcc.target/m68k/tls-ie-xgot.c scan-assembler #foo@TLSIE,%[ad][0-7]
FAIL: gcc.target/m68k/tls-ie.c scan-assembler jsr __m68k_read_tp
FAIL: gcc.target/m68k/tls-ld-xgot-xtls.c scan-assembler #foo@TLSLDM,%[ad][0-7]
FAIL: gcc.target/m68k/tls-ld-xgot.c scan-assembler #foo@TLSLDM,%[ad][0-7]
FAIL: gcc.target/m68k/tls-ld-xgot.c scan-assembler lea \\\\(foo@TLSLDO,%a0\\\\)
FAIL: gcc.target/m68k/tls-ld.c scan-assembler lea \\\\(foo@TLSLDO,%a0\\\\)
FAIL: gcc.target/m68k/tls-le-xtls.c scan-assembler jsr __m68k_read_tp
FAIL: gcc.target/m68k/tls-le.c scan-assembler jsr __m68k_read_tp
FAIL: gcc.target/m68k/tls-le.c scan-assembler lea \\\\(foo@TLSLE,%a0\\\\)
=== gcc Summary ===
# of expected passes 60901
# of unexpected failures 170
# of unexpected successes 4
# of expected failures 84
# of unresolved testcases 10
# of unsupported tests 753
/daten/aranym/gcc/gcc-20091005/Build/gcc/xgcc version 4.5.0 20091005 (experimental) [trunk revision 152446] (GCC)
Host is m68k-unknown-linux-gnu
=== libstdc++ tests ===
Running target aranym
FAIL: 21_strings/basic_string/inserters_extractors/wchar_t/28277.cc execution test
FAIL: 22_locale/time_get/get_date/wchar_t/4.cc execution test
FAIL: 26_numerics/complex/pow.cc execution test
XPASS: 26_numerics/headers/cmath/c99_classification_macros_c.cc (test for excess errors)
FAIL: 27_io/basic_ostream/inserters_character/wchar_t/28277-3.cc execution test
FAIL: 27_io/basic_ostream/inserters_character/wchar_t/28277-4.cc execution test
FAIL: 30_threads/call_once/39909.cc execution test
FAIL: ext/vstring/inserters_extractors/wchar_t/28277.cc execution test
FAIL: tr1/5_numerical_facilities/special_functions/08_cyl_bessel_i/check_nan.cc execution test
FAIL: tr1/5_numerical_facilities/special_functions/09_cyl_bessel_j/check_nan.cc execution test
FAIL: tr1/5_numerical_facilities/special_functions/12_ellint_1/check_nan.cc execution test
FAIL: tr1/5_numerical_facilities/special_functions/13_ellint_2/check_nan.cc execution test
FAIL: tr1/5_numerical_facilities/special_functions/14_ellint_3/check_nan.cc execution test
=== libstdc++ Summary ===
# of expected passes 6831
# of unexpected failures 12
# of unexpected successes 1
# of expected failures 87
# of unsupported tests 98
Compiler version: 4.5.0 20091005 (experimental) [trunk revision 152446] (GCC)
Platform: m68k-unknown-linux-gnu
configure flags: --prefix=/daten/aranym/m68k-linux --build=x86_64-linux --host=x86_64-linux --enable-shared --enable-threads --enable-__cxa_atexit --with-system-zlib --target=m68k-linux --with-sysroot --disable-multilib --enable-clocale=gnu --disable-libmudflap --disable-libgomp --enable-languages=c,c++