This is the mail archive of the
gcc-testresults@gcc.gnu.org
mailing list for the GCC project.
Results for 4.5.0 20091001 (experimental) [trunk revision 152389] (GCC) testsuite on hppa-unknown-linux-gnu
- From: dave at mx3210 dot hia dot nrc dot ca (John David Anglin)
- To: dave dot anglin at nrc-cnrc dot gc dot ca, gcc-testresults at gcc dot gnu dot org
- Date: Sat, 3 Oct 2009 12:25:31 -0400 (EDT)
- Subject: Results for 4.5.0 20091001 (experimental) [trunk revision 152389] (GCC) testsuite on hppa-unknown-linux-gnu
LAST_UPDATED: Thu Oct 1 23:37:10 UTC 2009 (revision 152389)
=== acats tests ===
=== acats Summary ===
# of expected passes 2315
# of unexpected failures 0
Native configuration is hppa-unknown-linux-gnu
=== g++ tests ===
Running target unix
FAIL: g++.dg/lookup/friend12.C (internal compiler error)
FAIL: g++.dg/lookup/friend12.C (test for errors, line 9)
FAIL: g++.dg/lookup/friend12.C (test for excess errors)
FAIL: g++.dg/parse/dtor6.C (internal compiler error)
FAIL: g++.dg/parse/dtor6.C (test for excess errors)
FAIL: g++.dg/parse/local-class1.C (internal compiler error)
FAIL: g++.dg/parse/local-class1.C (test for excess errors)
FAIL: g++.dg/template/friend17.C (internal compiler error)
FAIL: g++.dg/template/friend17.C (test for excess errors)
FAIL: g++.dg/template/memfriend2.C (internal compiler error)
FAIL: g++.dg/template/memfriend2.C (test for excess errors)
FAIL: g++.dg/template/memfriend4.C (internal compiler error)
FAIL: g++.dg/template/memfriend4.C (test for excess errors)
FAIL: g++.dg/template/memfriend5.C (internal compiler error)
FAIL: g++.dg/template/memfriend5.C (test for excess errors)
FAIL: g++.dg/template/memfriend6.C (internal compiler error)
FAIL: g++.dg/template/memfriend6.C (test for errors, line 11)
FAIL: g++.dg/template/memfriend6.C (test for errors, line 12)
FAIL: g++.dg/template/memfriend6.C (test for errors, line 13)
FAIL: g++.dg/template/memfriend6.C (test for errors, line 20)
FAIL: g++.dg/template/memfriend6.C (test for errors, line 21)
FAIL: g++.dg/template/memfriend6.C (test for errors, line 22)
FAIL: g++.dg/template/memfriend6.C (test for excess errors)
FAIL: g++.dg/template/memfriend7.C (internal compiler error)
FAIL: g++.dg/template/memfriend7.C (test for errors, line 18)
FAIL: g++.dg/template/memfriend7.C (test for errors, line 39)
FAIL: g++.dg/template/memfriend7.C (test for errors, line 45)
FAIL: g++.dg/template/memfriend7.C (test for errors, line 51)
FAIL: g++.dg/template/memfriend7.C (test for errors, line 57)
FAIL: g++.dg/template/memfriend7.C (test for errors, line 63)
FAIL: g++.dg/template/memfriend7.C (test for errors, line 77)
FAIL: g++.dg/template/memfriend7.C (test for errors, line 83)
FAIL: g++.dg/template/memfriend7.C (test for errors, line 89)
FAIL: g++.dg/template/memfriend7.C (test for errors, line 95)
FAIL: g++.dg/template/memfriend7.C (test for errors, line 101)
FAIL: g++.dg/template/memfriend7.C (test for errors, line 107)
FAIL: g++.dg/template/memfriend7.C (test for errors, line 113)
FAIL: g++.dg/template/memfriend7.C (test for warnings, line 119)
FAIL: g++.dg/template/memfriend7.C (test for warnings, line 120)
FAIL: g++.dg/template/memfriend7.C (test for warnings, line 121)
FAIL: g++.dg/template/memfriend7.C (test for warnings, line 122)
FAIL: g++.dg/template/memfriend7.C (test for warnings, line 123)
FAIL: g++.dg/template/memfriend7.C (test for warnings, line 124)
FAIL: g++.dg/template/memfriend7.C (test for warnings, line 127)
FAIL: g++.dg/template/memfriend7.C (test for warnings, line 131)
FAIL: g++.dg/template/memfriend7.C (test for excess errors)
FAIL: g++.dg/template/new6.C (internal compiler error)
FAIL: g++.dg/template/new6.C (test for excess errors)
UNRESOLVED: selfassign.c compilation, -I. -I/home/dave/gnu/gcc/gcc/gcc/testsuite -I/home/dave/gnu/gcc/gcc/gcc/testsuite/../../gcc -I/home/dave/gnu/gcc/objdir/gcc/testsuite/g++/../../../gcc -I/home/dave/gnu/gcc/gcc/gcc/testsuite/../../include -I/home/dave/gnu/gcc/gcc/gcc/testsuite/../../libcpp/include -O -DIN_GCC -fPIC -shared
UNRESOLVED: dumb_plugin.c compilation, -I. -I/home/dave/gnu/gcc/gcc/gcc/testsuite -I/home/dave/gnu/gcc/gcc/gcc/testsuite/../../gcc -I/home/dave/gnu/gcc/objdir/gcc/testsuite/g++/../../../gcc -I/home/dave/gnu/gcc/gcc/gcc/testsuite/../../include -I/home/dave/gnu/gcc/gcc/gcc/testsuite/../../libcpp/include -DIN_GCC -fPIC -shared
FAIL: g++.dg/torture/pr34099.C -O1 (internal compiler error)
FAIL: g++.dg/torture/pr34099.C -O1 (test for excess errors)
UNRESOLVED: g++.dg/torture/pr34099.C -O1 compilation failed to produce executable
FAIL: g++.dg/torture/pr34099.C -O2 (internal compiler error)
FAIL: g++.dg/torture/pr34099.C -O2 (test for excess errors)
UNRESOLVED: g++.dg/torture/pr34099.C -O2 compilation failed to produce executable
FAIL: g++.dg/torture/pr34099.C -O3 -fomit-frame-pointer (internal compiler error)
FAIL: g++.dg/torture/pr34099.C -O3 -fomit-frame-pointer (test for excess errors)
UNRESOLVED: g++.dg/torture/pr34099.C -O3 -fomit-frame-pointer compilation failed to produce executable
FAIL: g++.dg/torture/pr34099.C -O3 -fomit-frame-pointer -funroll-loops (internal compiler error)
FAIL: g++.dg/torture/pr34099.C -O3 -fomit-frame-pointer -funroll-loops (test for excess errors)
UNRESOLVED: g++.dg/torture/pr34099.C -O3 -fomit-frame-pointer -funroll-loops compilation failed to produce executable
FAIL: g++.dg/torture/pr34099.C -O3 -fomit-frame-pointer -funroll-all-loops -finline-functions (internal compiler error)
FAIL: g++.dg/torture/pr34099.C -O3 -fomit-frame-pointer -funroll-all-loops -finline-functions (test for excess errors)
UNRESOLVED: g++.dg/torture/pr34099.C -O3 -fomit-frame-pointer -funroll-all-loops -finline-functions compilation failed to produce executable
FAIL: g++.dg/torture/pr34099.C -O3 -g (internal compiler error)
FAIL: g++.dg/torture/pr34099.C -O3 -g (test for excess errors)
UNRESOLVED: g++.dg/torture/pr34099.C -O3 -g compilation failed to produce executable
FAIL: g++.dg/torture/pr34099.C -Os execution test
FAIL: g++.old-deja/g++.brendan/crash18.C (internal compiler error)
FAIL: g++.old-deja/g++.brendan/crash18.C (test for errors, line 11)
FAIL: g++.old-deja/g++.brendan/crash18.C (test for errors, line 17)
FAIL: g++.old-deja/g++.brendan/crash18.C (test for excess errors)
FAIL: g++.old-deja/g++.jason/scoping12.C (internal compiler error)
FAIL: g++.old-deja/g++.jason/scoping12.C (test for errors, line 9)
FAIL: g++.old-deja/g++.jason/scoping12.C (test for excess errors)
WARNING: program timed out.
FAIL: g++.old-deja/g++.other/friend6.C (internal compiler error)
FAIL: g++.old-deja/g++.other/friend6.C (test for excess errors)
FAIL: g++.old-deja/g++.pt/friend11.C (internal compiler error)
FAIL: g++.old-deja/g++.pt/friend11.C (test for errors, line 12)
FAIL: g++.old-deja/g++.pt/friend11.C (test for errors, line 24)
FAIL: g++.old-deja/g++.pt/friend11.C (test for excess errors)
FAIL: g++.old-deja/g++.pt/friend12.C (internal compiler error)
FAIL: g++.old-deja/g++.pt/friend12.C (test for excess errors)
UNRESOLVED: g++.old-deja/g++.pt/friend12.C compilation failed to produce executable
FAIL: g++.old-deja/g++.pt/friend13.C (internal compiler error)
FAIL: g++.old-deja/g++.pt/friend13.C (test for excess errors)
UNRESOLVED: g++.old-deja/g++.pt/friend13.C compilation failed to produce executable
=== g++ Summary ===
# of expected passes 20295
# of unexpected failures 78
# of expected failures 152
# of unresolved testcases 10
# of unsupported tests 169
/home/dave/gnu/gcc/objdir/gcc/testsuite/g++/../../g++ version 4.5.0 20091001 (experimental) [trunk revision 152389] (GCC)
=== gcc tests ===
Running target unix
WARNING: program timed out.
FAIL: gcc.c-torture/compile/20001226-1.c -O3 -g (test for excess errors)
XPASS: gcc.dg/Warray-bounds.c (test for warnings, line 59)
XPASS: gcc.dg/Warray-bounds.c (test for warnings, line 65)
XPASS: gcc.dg/Wunreachable-8.c (test for bogus messages, line 7)
FAIL: gcc.dg/pr34668-1.c (internal compiler error)
FAIL: gcc.dg/pr34668-1.c (test for excess errors)
UNRESOLVED: selfassign.c compilation, -I. -I/home/dave/gnu/gcc/gcc/gcc/testsuite -I/home/dave/gnu/gcc/gcc/gcc/testsuite/../../gcc -I/home/dave/gnu/gcc/objdir/gcc/testsuite/gcc/../../../gcc -I/home/dave/gnu/gcc/gcc/gcc/testsuite/../../include -I/home/dave/gnu/gcc/gcc/gcc/testsuite/../../libcpp/include -O -DIN_GCC -fPIC -shared
UNRESOLVED: one_time_plugin.c compilation, -I. -I/home/dave/gnu/gcc/gcc/gcc/testsuite -I/home/dave/gnu/gcc/gcc/gcc/testsuite/../../gcc -I/home/dave/gnu/gcc/objdir/gcc/testsuite/gcc/../../../gcc -I/home/dave/gnu/gcc/gcc/gcc/testsuite/../../include -I/home/dave/gnu/gcc/gcc/gcc/testsuite/../../libcpp/include -DIN_GCC -fPIC -shared
XPASS: gcc.dg/struct/wo_prof_array_through_pointer.c scan-ipa-dump ipa_struct_reorg "Number of structures to transform is 1"
FAIL: gcc.dg/struct/wo_prof_double_malloc.c (internal compiler error)
FAIL: gcc.dg/struct/wo_prof_double_malloc.c (test for excess errors)
UNRESOLVED: gcc.dg/struct/wo_prof_double_malloc.c compilation failed to produce executable
FAIL: gcc.dg/tree-ssa/ipa-cp-1.c (test for excess errors)
FAIL: gcc.dg/tree-ssa/ipa-cp-1.c scan-tree-dump-times optimized "very_long_function.clone.0 \\(\\)" 3: dump file does not exist
FAIL: gcc.dg/tree-ssa/ipa-cp-1.c scan-tree-dump-times optimized "very_long_function.clone.0 \\(\\)" 3: dump file does not exist
FAIL: gcc.dg/tree-ssa/ipa-cp-1.c scan-tree-dump-times optimized "very_long_function.clone.0 \\(\\)" 3: dump file does not exist
XPASS: gcc.dg/tree-ssa/loop-1.c scan-assembler-times foo 5
=== gcc Summary ===
# of expected passes 51981
# of unexpected failures 9
# of unexpected successes 5
# of expected failures 84
# of unresolved testcases 3
# of unsupported tests 618
/home/dave/gnu/gcc/objdir/gcc/xgcc version 4.5.0 20091001 (experimental) [trunk revision 152389] (GCC)
=== gfortran tests ===
Running target unix
=== gfortran Summary ===
# of expected passes 31552
# of expected failures 22
# of unsupported tests 270
/home/dave/gnu/gcc/objdir/gcc/testsuite/gfortran/../../gfortran version 4.5.0 20091001 (experimental) [trunk revision 152389] (GCC)
=== gnat tests ===
Running target unix
=== gnat Summary ===
# of expected passes 699
# of expected failures 5
# of unsupported tests 1
=== obj-c++ tests ===
Running target unix
UNRESOLVED: obj-c++.dg/lookup-2.mm compilation failed to produce executable
UNRESOLVED: obj-c++.dg/try-catch-2.mm compilation failed to produce executable
UNRESOLVED: obj-c++.dg/try-catch-9.mm compilation failed to produce executable
=== obj-c++ Summary ===
# of expected passes 438
# of expected failures 10
# of unresolved testcases 3
# of unsupported tests 13
/home/dave/gnu/gcc/objdir/gcc/testsuite/obj-c++/../../g++ version 4.5.0 20091001 (experimental) [trunk revision 152389] (GCC)
=== objc tests ===
Running target unix
=== objc Summary ===
# of expected passes 1867
# of expected failures 15
# of unsupported tests 24
/home/dave/gnu/gcc/objdir/gcc/xgcc version 4.5.0 20091001 (experimental) [trunk revision 152389] (GCC)
=== libffi tests ===
Running target unix
FAIL: libffi.call/cls_longdouble_va.c -O0 -W -Wall output pattern test, is %.1f
FAIL: libffi.call/cls_longdouble_va.c -O2 output pattern test, is %.1f
FAIL: libffi.call/cls_longdouble_va.c -O3 output pattern test, is %.1f
FAIL: libffi.call/cls_longdouble_va.c -Os output pattern test, is %.1f
FAIL: libffi.call/cls_longdouble_va.c -O2 -fomit-frame-pointer output pattern test, is %.1f
=== libffi Summary ===
# of expected passes 1589
# of unexpected failures 5
# of expected failures 10
# of unsupported tests 15
=== libgomp tests ===
Running target unix
=== libgomp Summary ===
# of expected passes 2394
# of unsupported tests 7
=== libjava tests ===
Running target unix
FAIL: PR218 -O3 execution - source compiled test
FAIL: Throw_3 -O3 execution - source compiled test
FAIL: Throw_3 -O3 -findirect-dispatch execution - source compiled test
=== libjava Summary ===
# of expected passes 2568
# of unexpected failures 3
# of untested testcases 3
=== libmudflap tests ===
Running target unix
FAIL: libmudflap.c/fail31-frag.c (-O3) crash test
FAIL: libmudflap.c/fail31-frag.c (-O3) output pattern test
FAIL: libmudflap.c/pass45-frag.c (-O3) execution test
FAIL: libmudflap.c/pass45-frag.c (-O3) output pattern test
FAIL: libmudflap.c/pass45-frag.c (-O3) execution test
FAIL: libmudflap.c/pass45-frag.c (-O3) output pattern test
FAIL: libmudflap.c++/pass41-frag.cxx execution test
FAIL: libmudflap.c++/pass41-frag.cxx (-static) execution test
FAIL: libmudflap.c++/pass41-frag.cxx ( -O) execution test
FAIL: libmudflap.c++/pass41-frag.cxx (-O2) execution test
FAIL: libmudflap.c++/pass41-frag.cxx (-O3) execution test
WARNING: program timed out.
FAIL: libmudflap.cth/pass40-frag.c execution test
FAIL: libmudflap.cth/pass40-frag.c output pattern test
WARNING: program timed out.
FAIL: libmudflap.cth/pass40-frag.c (-static -DSTATIC) execution test
FAIL: libmudflap.cth/pass40-frag.c (-static -DSTATIC) output pattern test
WARNING: program timed out.
FAIL: libmudflap.cth/pass40-frag.c (-O2) execution test
FAIL: libmudflap.cth/pass40-frag.c (-O2) output pattern test
WARNING: program timed out.
FAIL: libmudflap.cth/pass40-frag.c (-O3) execution test
FAIL: libmudflap.cth/pass40-frag.c (-O3) output pattern test
=== libmudflap Summary ===
# of expected passes 1875
# of unexpected failures 19
=== libstdc++ tests ===
Running target unix
FAIL: 22_locale/time_get/get_date/wchar_t/4.cc execution test
WARNING: program timed out.
FAIL: ext/rope/pthread7-rope.cc execution test
=== libstdc++ Summary ===
# of expected passes 6863
# of unexpected failures 2
# of expected failures 87
# of unsupported tests 83
Compiler version: 4.5.0 20091001 (experimental) [trunk revision 152389] (GCC)
Platform: hppa-unknown-linux-gnu
configure flags: --with-gnu-as --with-gnu-ld --enable-shared --prefix=/home/dave/opt/gnu/gcc/gcc-4.5.0 --with-local-prefix=/home/dave/opt/gnu --enable-threads=posix --enable-__cxa_atexit --build=hppa-linux --enable-clocale=gnu --enable-java-gc=boehm --enable-java-awt=xlib --enable-languages=c,c++,objc,fortran,obj-c++,java,ada --disable-libstdcxx-pch