This is the mail archive of the
gcc-testresults@gcc.gnu.org
mailing list for the GCC project.
Results for 4.5.0 20091003 (experimental) [trunk revision 152432] (GCC) testsuite on x86_64-unknown-linux-gnu
- From: hjl at gnu-33 dot sc dot intel dot com (H.J. Lu (Intel64))
- To: gcc-testresults at gcc dot gnu dot org
- Date: Sat, 03 Oct 2009 04:18:59 -0700
- Subject: Results for 4.5.0 20091003 (experimental) [trunk revision 152432] (GCC) testsuite on x86_64-unknown-linux-gnu
LAST_UPDATED: Sat Oct 3 09:10:47 UTC 2009 (revision 152432)
Native configuration is x86_64-unknown-linux-gnu
=== g++ tests ===
Running target unix/-m32
UNRESOLVED: selfassign.c compilation, -I. -I/export/gnu/import/svn/gcc-test/src-trunk/gcc/testsuite -I/export/gnu/import/svn/gcc-test/src-trunk/gcc/testsuite/../../gcc -I/export/gnu/import/svn/gcc-test/bld/gcc/testsuite/g++/../../../gcc -I/export/gnu/import/svn/gcc-test/src-trunk/gcc/testsuite/../../include -I/export/gnu/import/svn/gcc-test/src-trunk/gcc/testsuite/../../libcpp/include -O -DIN_GCC -fPIC -shared
UNRESOLVED: dumb_plugin.c compilation, -I. -I/export/gnu/import/svn/gcc-test/src-trunk/gcc/testsuite -I/export/gnu/import/svn/gcc-test/src-trunk/gcc/testsuite/../../gcc -I/export/gnu/import/svn/gcc-test/bld/gcc/testsuite/g++/../../../gcc -I/export/gnu/import/svn/gcc-test/src-trunk/gcc/testsuite/../../include -I/export/gnu/import/svn/gcc-test/src-trunk/gcc/testsuite/../../libcpp/include -DIN_GCC -fPIC -shared
WARNING: program timed out.
=== g++ Summary for unix/-m32 ===
# of expected passes 6800
# of expected failures 26
# of unsupported tests 10
Running target unix
UNRESOLVED: selfassign.c compilation, -I. -I/export/gnu/import/svn/gcc-test/src-trunk/gcc/testsuite -I/export/gnu/import/svn/gcc-test/src-trunk/gcc/testsuite/../../gcc -I/export/gnu/import/svn/gcc-test/bld/gcc/testsuite/g++/../../../gcc -I/export/gnu/import/svn/gcc-test/src-trunk/gcc/testsuite/../../include -I/export/gnu/import/svn/gcc-test/src-trunk/gcc/testsuite/../../libcpp/include -O -DIN_GCC -fPIC -shared
UNRESOLVED: dumb_plugin.c compilation, -I. -I/export/gnu/import/svn/gcc-test/src-trunk/gcc/testsuite -I/export/gnu/import/svn/gcc-test/src-trunk/gcc/testsuite/../../gcc -I/export/gnu/import/svn/gcc-test/bld/gcc/testsuite/g++/../../../gcc -I/export/gnu/import/svn/gcc-test/src-trunk/gcc/testsuite/../../include -I/export/gnu/import/svn/gcc-test/src-trunk/gcc/testsuite/../../libcpp/include -DIN_GCC -fPIC -shared
WARNING: program timed out.
=== g++ Summary for unix ===
# of expected passes 6753
# of expected failures 26
# of unsupported tests 20
=== g++ Summary ===
# of expected passes 42019
# of expected failures 304
# of unresolved testcases 4
# of unsupported tests 376
/export/gnu/import/svn/gcc-test/bld/gcc/testsuite/g++/../../g++ version 4.5.0 20091003 (experimental) [trunk revision 152432] (GCC)
=== gcc tests ===
Running target unix/-m32
FAIL: gcc.c-torture/compile/limits-exprparen.c -O0 (test for excess errors)
FAIL: gcc.c-torture/compile/limits-exprparen.c -O1 (test for excess errors)
FAIL: gcc.c-torture/compile/limits-exprparen.c -O2 (test for excess errors)
FAIL: gcc.c-torture/compile/limits-exprparen.c -O3 -fomit-frame-pointer (test for excess errors)
FAIL: gcc.c-torture/compile/limits-exprparen.c -O3 -g (test for excess errors)
FAIL: gcc.c-torture/compile/limits-exprparen.c -Os (test for excess errors)
XPASS: gcc.dg/Warray-bounds.c (test for warnings, line 59)
XPASS: gcc.dg/Warray-bounds.c (test for warnings, line 65)
XPASS: gcc.dg/Wunreachable-8.c (test for bogus messages, line 7)
FAIL: gcc.dg/pr34668-1.c (internal compiler error)
FAIL: gcc.dg/pr34668-1.c (test for excess errors)
UNRESOLVED: selfassign.c compilation, -I. -I/export/gnu/import/svn/gcc-test/src-trunk/gcc/testsuite -I/export/gnu/import/svn/gcc-test/src-trunk/gcc/testsuite/../../gcc -I/export/gnu/import/svn/gcc-test/bld/gcc/testsuite/gcc/../../../gcc -I/export/gnu/import/svn/gcc-test/src-trunk/gcc/testsuite/../../include -I/export/gnu/import/svn/gcc-test/src-trunk/gcc/testsuite/../../libcpp/include -O -DIN_GCC -fPIC -shared
UNRESOLVED: one_time_plugin.c compilation, -I. -I/export/gnu/import/svn/gcc-test/src-trunk/gcc/testsuite -I/export/gnu/import/svn/gcc-test/src-trunk/gcc/testsuite/../../gcc -I/export/gnu/import/svn/gcc-test/bld/gcc/testsuite/gcc/../../../gcc -I/export/gnu/import/svn/gcc-test/src-trunk/gcc/testsuite/../../include -I/export/gnu/import/svn/gcc-test/src-trunk/gcc/testsuite/../../libcpp/include -DIN_GCC -fPIC -shared
XPASS: gcc.dg/struct/wo_prof_array_through_pointer.c scan-ipa-dump ipa_struct_reorg "Number of structures to transform is 1"
FAIL: gcc.dg/struct/wo_prof_double_malloc.c (internal compiler error)
FAIL: gcc.dg/struct/wo_prof_double_malloc.c (test for excess errors)
WARNING: gcc.dg/struct/wo_prof_double_malloc.c compilation failed to produce executable
=== gcc Summary for unix/-m32 ===
Running target unix
FAIL: gcc.c-torture/compile/limits-exprparen.c -O0 (test for excess errors)
FAIL: gcc.c-torture/compile/limits-exprparen.c -O1 (test for excess errors)
FAIL: gcc.c-torture/compile/limits-exprparen.c -O2 (test for excess errors)
FAIL: gcc.c-torture/compile/limits-exprparen.c -O3 -fomit-frame-pointer (test for excess errors)
FAIL: gcc.c-torture/compile/limits-exprparen.c -O3 -g (test for excess errors)
FAIL: gcc.c-torture/compile/limits-exprparen.c -Os (test for excess errors)
XPASS: gcc.dg/Warray-bounds.c (test for warnings, line 59)
XPASS: gcc.dg/Warray-bounds.c (test for warnings, line 65)
XPASS: gcc.dg/Wunreachable-8.c (test for bogus messages, line 7)
FAIL: gcc.dg/pr34668-1.c (internal compiler error)
FAIL: gcc.dg/pr34668-1.c (test for excess errors)
UNRESOLVED: selfassign.c compilation, -I. -I/export/gnu/import/svn/gcc-test/src-trunk/gcc/testsuite -I/export/gnu/import/svn/gcc-test/src-trunk/gcc/testsuite/../../gcc -I/export/gnu/import/svn/gcc-test/bld/gcc/testsuite/gcc/../../../gcc -I/export/gnu/import/svn/gcc-test/src-trunk/gcc/testsuite/../../include -I/export/gnu/import/svn/gcc-test/src-trunk/gcc/testsuite/../../libcpp/include -O -DIN_GCC -fPIC -shared
UNRESOLVED: one_time_plugin.c compilation, -I. -I/export/gnu/import/svn/gcc-test/src-trunk/gcc/testsuite -I/export/gnu/import/svn/gcc-test/src-trunk/gcc/testsuite/../../gcc -I/export/gnu/import/svn/gcc-test/bld/gcc/testsuite/gcc/../../../gcc -I/export/gnu/import/svn/gcc-test/src-trunk/gcc/testsuite/../../include -I/export/gnu/import/svn/gcc-test/src-trunk/gcc/testsuite/../../libcpp/include -DIN_GCC -fPIC -shared
XPASS: gcc.dg/struct/wo_prof_array_through_pointer.c scan-ipa-dump ipa_struct_reorg "Number of structures to transform is 1"
FAIL: gcc.dg/struct/wo_prof_double_malloc.c (internal compiler error)
FAIL: gcc.dg/struct/wo_prof_double_malloc.c (test for excess errors)
WARNING: gcc.dg/struct/wo_prof_double_malloc.c compilation failed to produce executable
=== gcc Summary for unix ===
=== gcc Summary ===
# of expected passes 118943
# of unexpected failures 20
# of unexpected successes 8
# of expected failures 403
# of unresolved testcases 4
# of unsupported tests 1329
/export/gnu/import/svn/gcc-test/bld/gcc/xgcc version 4.5.0 20091003 (experimental) [trunk revision 152432] (GCC)
=== gfortran tests ===
Running target unix/-m32
=== gfortran Summary for unix/-m32 ===
# of expected passes 3996
Running target unix
=== gfortran Summary for unix ===
# of expected passes 3996
=== gfortran Summary ===
# of expected passes 64991
# of expected failures 60
# of unsupported tests 164
/export/gnu/import/svn/gcc-test/bld/gcc/testsuite/gfortran/../../gfortran version 4.5.0 20091003 (experimental) [trunk revision 152432] (GCC)
=== objc tests ===
Running target unix/-m32
=== objc Summary for unix/-m32 ===
# of expected passes 2
Running target unix
=== objc Summary for unix ===
# of expected passes 2
=== objc Summary ===
# of expected passes 3742
# of expected failures 22
# of unsupported tests 48
/export/gnu/import/svn/gcc-test/bld/gcc/xgcc version 4.5.0 20091003 (experimental) [trunk revision 152432] (GCC)
=== libffi tests ===
Running target unix/-m32
XPASS: libffi.call/cls_dbls_struct.c -O0 -W -Wall output pattern test, 1.0 2.0?
XPASS: libffi.call/cls_dbls_struct.c -O2 output pattern test, 1.0 2.0?
XPASS: libffi.call/cls_dbls_struct.c -O3 output pattern test, 1.0 2.0?
XPASS: libffi.call/cls_dbls_struct.c -Os output pattern test, 1.0 2.0?
XPASS: libffi.call/cls_dbls_struct.c -O2 -fomit-frame-pointer output pattern test, 1.0 2.0?
=== libffi Summary for unix/-m32 ===
# of expected passes 24
Running target unix
=== libffi Summary for unix ===
# of expected passes 24
=== libffi Summary ===
# of expected passes 3168
# of unexpected successes 5
# of expected failures 35
# of unsupported tests 30
=== libgomp tests ===
Running target unix/-m32
=== libgomp Summary for unix/-m32 ===
Running target unix
=== libgomp Summary for unix ===
=== libgomp Summary ===
# of expected passes 4816
=== libjava tests ===
Running target unix/-m32
=== libjava Summary for unix/-m32 ===
Running target unix
=== libjava Summary for unix ===
=== libjava Summary ===
# of expected passes 5148
=== libmudflap tests ===
Running target unix/-m32
FAIL: libmudflap.c/fail31-frag.c (-O3) output pattern test
FAIL: libmudflap.c/pass45-frag.c (-O3) execution test
FAIL: libmudflap.c/pass45-frag.c (-O3) output pattern test
FAIL: libmudflap.c/pass45-frag.c (-O3) execution test
FAIL: libmudflap.c/pass45-frag.c (-O3) output pattern test
FAIL: libmudflap.c++/pass41-frag.cxx execution test
FAIL: libmudflap.c++/pass41-frag.cxx (-static) execution test
FAIL: libmudflap.c++/pass41-frag.cxx ( -O) execution test
FAIL: libmudflap.c++/pass41-frag.cxx (-O2) execution test
FAIL: libmudflap.c++/pass41-frag.cxx (-O3) execution test
FAIL: libmudflap.cth/pass39-frag.c (-static -DSTATIC) (rerun 5) execution test
FAIL: libmudflap.cth/pass39-frag.c (-static -DSTATIC) (rerun 5) output pattern test
FAIL: libmudflap.cth/pass39-frag.c (-O2) (rerun 15) execution test
FAIL: libmudflap.cth/pass39-frag.c (-O2) (rerun 15) output pattern test
FAIL: libmudflap.cth/pass39-frag.c (-O3) (rerun 9) execution test
FAIL: libmudflap.cth/pass39-frag.c (-O3) (rerun 9) output pattern test
=== libmudflap Summary for unix/-m32 ===
# of expected passes 346
# of unexpected failures 6
Running target unix
FAIL: libmudflap.c/fail31-frag.c (-O3) output pattern test
FAIL: libmudflap.c/pass45-frag.c (-O3) execution test
FAIL: libmudflap.c/pass45-frag.c (-O3) output pattern test
FAIL: libmudflap.c/pass45-frag.c (-O3) execution test
FAIL: libmudflap.c/pass45-frag.c (-O3) output pattern test
FAIL: libmudflap.c++/pass41-frag.cxx execution test
FAIL: libmudflap.c++/pass41-frag.cxx (-static) execution test
FAIL: libmudflap.c++/pass41-frag.cxx ( -O) execution test
FAIL: libmudflap.c++/pass41-frag.cxx (-O2) execution test
FAIL: libmudflap.c++/pass41-frag.cxx (-O3) execution test
=== libmudflap Summary for unix ===
# of expected passes 352
=== libmudflap Summary ===
# of expected passes 3762
# of unexpected failures 26
=== libstdc++ tests ===
Running target unix/-m32
XPASS: 26_numerics/headers/cmath/c99_classification_macros_c.cc (test for excess errors)
=== libstdc++ Summary for unix/-m32 ===
# of expected passes 6873
# of unexpected successes 1
# of expected failures 87
# of unsupported tests 83
Running target unix
XPASS: 26_numerics/headers/cmath/c99_classification_macros_c.cc (test for excess errors)
=== libstdc++ Summary for unix ===
# of expected passes 7018
# of unexpected successes 1
# of expected failures 89
# of unsupported tests 13
=== libstdc++ Summary ===
# of expected passes 13893
# of unexpected successes 2
# of expected failures 176
# of unsupported tests 96
Compiler version: 4.5.0 20091003 (experimental) [trunk revision 152432] (GCC)
Platform: x86_64-unknown-linux-gnu
configure flags: --enable-clocale=gnu --with-system-zlib --enable-shared --with-demangler-in-ld