This is the mail archive of the
gcc-testresults@gcc.gnu.org
mailing list for the GCC project.
Results for 4.5.0 20090928 (experimental) [lto revision 152243] (lto merged with rev 152236) testsuite on i386-pc-solaris2.10
- From: Rainer Orth <ro at CeBiTec dot Uni-Bielefeld dot DE>
- To: gcc-testresults at gcc dot gnu dot org
- Date: Fri, 2 Oct 2009 17:11:28 +0200 (MEST)
- Subject: Results for 4.5.0 20090928 (experimental) [lto revision 152243] (lto merged with rev 152236) testsuite on i386-pc-solaris2.10
LAST_UPDATED: Mon Sep 28 17:46:05 UTC 2009 (revision 152243)
Native configuration is i386-pc-solaris2.10
=== g++ tests ===
Running target unix
XPASS: g++.dg/other/ucnid-1.C (test for excess errors)
FAIL: g++.dg/lto/20081109 cp_lto_20081109_0.o-cp_lto_20081109_1.o execute -O0 -fwhopr
FAIL: g++.dg/lto/20081109 cp_lto_20081109_0.o-cp_lto_20081109_1.o execute -O2 -fwhopr
FAIL: g++.dg/lto/20090106 cp_lto_20090106_0.o-cp_lto_20090106_0.o link
UNRESOLVED: g++.dg/lto/20090106 cp_lto_20090106_0.o-cp_lto_20090106_0.o execute -O0 -fwhopr
FAIL: g++.dg/lto/20090106 cp_lto_20090106_0.o-cp_lto_20090106_0.o link
UNRESOLVED: g++.dg/lto/20090106 cp_lto_20090106_0.o-cp_lto_20090106_0.o execute -O0 -flto
FAIL: g++.dg/lto/20090311 cp_lto_20090311_0.o-cp_lto_20090311_1.o link
UNRESOLVED: g++.dg/lto/20090311 cp_lto_20090311_0.o-cp_lto_20090311_1.o execute -O2 -fwhopr
FAIL: g++.dg/lto/20090311 cp_lto_20090311_0.o-cp_lto_20090311_1.o link, (internal compiler error)
UNRESOLVED: g++.dg/lto/20090311 cp_lto_20090311_0.o-cp_lto_20090311_1.o execute -O2 -flto
XPASS: g++.old-deja/g++.oliva/dwarf2.C (test for excess errors)
XPASS: g++.old-deja/g++.oliva/dwarf3.C (test for excess errors)
XPASS: g++.old-deja/g++.other/init19.C execution test
=== g++ Summary for unix ===
# of expected passes 21546
# of unexpected failures 6
# of unexpected successes 4
# of expected failures 154
# of unresolved testcases 4
# of unsupported tests 149
Running target unix/-m64
XPASS: g++.dg/other/ucnid-1.C (test for excess errors)
FAIL: g++.dg/lto/20080908-3 cp_lto_20080908-3_0.o-cp_lto_20080908-3_0.o execute -O0 -fwhopr
FAIL: g++.dg/lto/20080908-3 cp_lto_20080908-3_0.o-cp_lto_20080908-3_0.o execute -O0 -flto
FAIL: g++.dg/lto/20090106 cp_lto_20090106_0.o-cp_lto_20090106_0.o link
UNRESOLVED: g++.dg/lto/20090106 cp_lto_20090106_0.o-cp_lto_20090106_0.o execute -O0 -fwhopr
FAIL: g++.dg/lto/20090106 cp_lto_20090106_0.o-cp_lto_20090106_0.o link
UNRESOLVED: g++.dg/lto/20090106 cp_lto_20090106_0.o-cp_lto_20090106_0.o execute -O0 -flto
FAIL: g++.dg/lto/20090311 cp_lto_20090311_0.o-cp_lto_20090311_1.o link
UNRESOLVED: g++.dg/lto/20090311 cp_lto_20090311_0.o-cp_lto_20090311_1.o execute -O2 -fwhopr
FAIL: g++.dg/lto/20090311 cp_lto_20090311_0.o-cp_lto_20090311_1.o link, (internal compiler error)
UNRESOLVED: g++.dg/lto/20090311 cp_lto_20090311_0.o-cp_lto_20090311_1.o execute -O2 -flto
FAIL: g++.dg/tls/static-1.C execution test
FAIL: g++.old-deja/g++.law/profile1.C (test for excess errors)
WARNING: g++.old-deja/g++.law/profile1.C compilation failed to produce executable
XPASS: g++.old-deja/g++.oliva/dwarf2.C (test for excess errors)
XPASS: g++.old-deja/g++.oliva/dwarf3.C (test for excess errors)
XPASS: g++.old-deja/g++.other/init19.C execution test
=== g++ Summary for unix/-m64 ===
# of expected passes 22005
# of unexpected failures 8
# of unexpected successes 4
# of expected failures 154
# of unresolved testcases 4
# of unsupported tests 330
=== g++ Summary ===
# of expected passes 43551
# of unexpected failures 14
# of unexpected successes 8
# of expected failures 308
# of unresolved testcases 8
# of unsupported tests 479
/vol/gcc/obj/gcc-lto-20090928/10-gcc/gcc/testsuite/g++/../../g++ version 4.5.0 20090928 (experimental) [lto revision 152243] (lto merged with rev 152236)
=== gcc tests ===
Running target unix
FAIL: gcc.c-torture/execute/930513-1.c compilation, -O3 -g
UNRESOLVED: gcc.c-torture/execute/930513-1.c execution, -O3 -g
XPASS: gcc.dg/Warray-bounds.c (test for warnings, line 59)
XPASS: gcc.dg/Warray-bounds.c (test for warnings, line 65)
XPASS: gcc.dg/Wunreachable-8.c (test for bogus messages, line 7)
FAIL: gcc.dg/attr-warn-unused-result.c (internal compiler error)
FAIL: gcc.dg/attr-warn-unused-result.c (test for excess errors)
FAIL: gcc.dg/c99-stdint-1.c (test for excess errors)
FAIL: gcc.dg/pr34668-1.c (internal compiler error)
FAIL: gcc.dg/pr34668-1.c (test for excess errors)
XPASS: gcc.dg/ucnid-11.c (test for excess errors)
XPASS: gcc.dg/ucnid-12.c (test for excess errors)
XPASS: gcc.dg/ucnid-2.c (test for excess errors)
XPASS: gcc.dg/ucnid-3.c (test for excess errors)
XPASS: gcc.dg/ucnid-4.c (test for excess errors)
FAIL: gcc.dg/visibility-7.c (test for warnings, line 8)
FAIL: gcc.dg/visibility-7.c (test for excess errors)
FAIL: gcc.dg/lto/20081120-1 c_lto_20081120-1_0.o-c_lto_20081120-1_1.o link
UNRESOLVED: gcc.dg/lto/20081120-1 c_lto_20081120-1_0.o-c_lto_20081120-1_1.o execute -flto -shared
FAIL: gcc.dg/lto/20090729 c_lto_20090729_0.o-c_lto_20090729_1.o link
UNRESOLVED: gcc.dg/lto/20090729 c_lto_20090729_0.o-c_lto_20090729_1.o execute -w
XPASS: largefile.c -O0 -g (test for excess errors)
FAIL: gcc.dg/pch/largefile.c -O0 -g assembly comparison
FAIL: gcc.dg/pch/largefile.c -O0 assembly comparison
FAIL: gcc.dg/pch/largefile.c -O1 assembly comparison
XPASS: largefile.c -O2 (test for excess errors)
FAIL: gcc.dg/pch/largefile.c -O2 assembly comparison
FAIL: gcc.dg/pch/largefile.c -O3 -fomit-frame-pointer assembly comparison
XPASS: largefile.c -O3 -g (test for excess errors)
FAIL: gcc.dg/pch/largefile.c -O3 -g assembly comparison
XPASS: largefile.c -Os (test for excess errors)
FAIL: gcc.dg/pch/largefile.c -Os assembly comparison
FAIL: gcc.dg/pch/largefile.c assembly comparison
XPASS: gcc.dg/struct/wo_prof_array_through_pointer.c scan-ipa-dump ipa_struct_reorg "Number of structures to transform is 1"
FAIL: gcc.dg/struct/wo_prof_double_malloc.c (internal compiler error)
FAIL: gcc.dg/struct/wo_prof_double_malloc.c (test for excess errors)
WARNING: gcc.dg/struct/wo_prof_double_malloc.c compilation failed to produce executable
FAIL: gcc.dg/torture/fp-int-convert-float128-timode.c -O0 (test for excess errors)
WARNING: gcc.dg/torture/fp-int-convert-float128-timode.c -O0 compilation failed to produce executable
FAIL: gcc.dg/torture/fp-int-convert-float128-timode.c -O1 (test for excess errors)
WARNING: gcc.dg/torture/fp-int-convert-float128-timode.c -O1 compilation failed to produce executable
FAIL: gcc.dg/torture/fp-int-convert-float128-timode.c -O2 (test for excess errors)
WARNING: gcc.dg/torture/fp-int-convert-float128-timode.c -O2 compilation failed to produce executable
FAIL: gcc.dg/torture/fp-int-convert-float128-timode.c -O3 -fomit-frame-pointer (test for excess errors)
WARNING: gcc.dg/torture/fp-int-convert-float128-timode.c -O3 -fomit-frame-pointer compilation failed to produce executable
FAIL: gcc.dg/torture/fp-int-convert-float128-timode.c -O3 -g (test for excess errors)
WARNING: gcc.dg/torture/fp-int-convert-float128-timode.c -O3 -g compilation failed to produce executable
FAIL: gcc.dg/torture/fp-int-convert-float128-timode.c -Os (test for excess errors)
WARNING: gcc.dg/torture/fp-int-convert-float128-timode.c -Os compilation failed to produce executable
FAIL: gcc.dg/torture/fp-int-convert-float128-timode.c -O2 -flto (test for excess errors)
WARNING: gcc.dg/torture/fp-int-convert-float128-timode.c -O2 -flto compilation failed to produce executable
FAIL: gcc.dg/torture/fp-int-convert-float128-timode.c -O2 -fwhopr (test for excess errors)
WARNING: gcc.dg/torture/fp-int-convert-float128-timode.c -O2 -fwhopr compilation failed to produce executable
FAIL: gcc.dg/torture/fp-int-convert-float128.c -O0 (test for excess errors)
WARNING: gcc.dg/torture/fp-int-convert-float128.c -O0 compilation failed to produce executable
FAIL: gcc.dg/torture/fp-int-convert-float128.c -O1 (test for excess errors)
WARNING: gcc.dg/torture/fp-int-convert-float128.c -O1 compilation failed to produce executable
FAIL: gcc.dg/torture/fp-int-convert-float128.c -O2 (test for excess errors)
WARNING: gcc.dg/torture/fp-int-convert-float128.c -O2 compilation failed to produce executable
FAIL: gcc.dg/torture/fp-int-convert-float128.c -O3 -fomit-frame-pointer (test for excess errors)
WARNING: gcc.dg/torture/fp-int-convert-float128.c -O3 -fomit-frame-pointer compilation failed to produce executable
FAIL: gcc.dg/torture/fp-int-convert-float128.c -O3 -g (test for excess errors)
WARNING: gcc.dg/torture/fp-int-convert-float128.c -O3 -g compilation failed to produce executable
FAIL: gcc.dg/torture/fp-int-convert-float128.c -Os (test for excess errors)
WARNING: gcc.dg/torture/fp-int-convert-float128.c -Os compilation failed to produce executable
FAIL: gcc.dg/torture/fp-int-convert-float128.c -O2 -flto (test for excess errors)
WARNING: gcc.dg/torture/fp-int-convert-float128.c -O2 -flto compilation failed to produce executable
FAIL: gcc.dg/torture/fp-int-convert-float128.c -O2 -fwhopr (test for excess errors)
WARNING: gcc.dg/torture/fp-int-convert-float128.c -O2 -fwhopr compilation failed to produce executable
XPASS: gcc.dg/tree-ssa/20040204-1.c scan-tree-dump-times optimized "link_error" 0
FAIL: gcc.dg/tree-ssa/ltrans-1.c scan-tree-dump-times ltrans "converted loop nest to perfect loop nest" 1
FAIL: gcc.dg/tree-ssa/ltrans-1.c scan-tree-dump-times ltrans "transformed loop" 1
FAIL: gcc.dg/tree-ssa/ltrans-3.c scan-tree-dump-times ltrans "transformed loop" 1
FAIL: gcc.dg/tree-ssa/ltrans-4.c scan-tree-dump-times ltrans "transformed loop" 1
FAIL: gcc.dg/tree-ssa/ltrans-5.c scan-tree-dump-times ltrans "transformed loop" 1
FAIL: gcc.dg/tree-ssa/ltrans-6.c scan-tree-dump-times ltrans "transformed loop" 1
FAIL: gcc.dg/tree-ssa/ltrans-8.c scan-tree-dump-times ltrans "transformed loop" 1
FAIL: gcc.dg/tree-ssa/vrp47.c scan-tree-dump-times vrp1 "[xy][^ ]* !=" 0
FAIL: gcc.dg/tree-ssa/vrp47.c scan-tree-dump-times dom1 "x[^ ]* & y" 1
FAIL: gcc.dg/tree-ssa/vrp47.c scan-tree-dump-times vrp1 "x[^ ]* [|] y" 1
FAIL: gcc.misc-tests/i386-pf-sse-1.c scan-assembler prefetchnta
FAIL: gcc.misc-tests/i386-pf-sse-1.c scan-assembler prefetcht0
FAIL: gcc.misc-tests/i386-pf-sse-1.c scan-assembler prefetcht1
FAIL: gcc.misc-tests/i386-pf-sse-1.c scan-assembler prefetcht2
FAIL: gcc.misc-tests/i386-pf-3dnow-1.c scan-assembler prefetch
FAIL: gcc.misc-tests/i386-pf-3dnow-1.c scan-assembler prefetchw
FAIL: gcc.misc-tests/i386-pf-athlon-1.c scan-assembler prefetchw
FAIL: gcc.misc-tests/i386-pf-athlon-1.c scan-assembler prefetchnta
FAIL: gcc.misc-tests/i386-pf-athlon-1.c scan-assembler prefetcht
FAIL: gcc.target/i386/abi-2.c scan-assembler-times ymm0 1
FAIL: gcc.target/i386/pr22076.c scan-assembler-times movq 3
FAIL: gcc.target/i386/pr22076.c scan-assembler-not movl
=== gcc Summary for unix ===
# of expected passes 68738
# of unexpected failures 58
# of unexpected successes 14
# of expected failures 208
# of unresolved testcases 3
# of unsupported tests 1290
Running target unix/-m64
FAIL: gcc.c-torture/execute/930513-1.c compilation, -O3 -g
UNRESOLVED: gcc.c-torture/execute/930513-1.c execution, -O3 -g
FAIL: gcc.c-torture/execute/ipa-sra-2.c execution, -O0
FAIL: gcc.c-torture/execute/ipa-sra-2.c execution, -O1
FAIL: gcc.c-torture/execute/ipa-sra-2.c execution, -O2
FAIL: gcc.c-torture/execute/ipa-sra-2.c execution, -O3 -fomit-frame-pointer
FAIL: gcc.c-torture/execute/ipa-sra-2.c execution, -O3 -g
FAIL: gcc.c-torture/execute/ipa-sra-2.c execution, -Os
FAIL: gcc.c-torture/execute/ipa-sra-2.c execution, -O2 -flto
FAIL: gcc.c-torture/execute/ipa-sra-2.c execution, -O2 -fwhopr
FAIL: gcc.dg/compat/struct-complex-1 c_compat_x_tst.o-c_compat_y_tst.o link
UNRESOLVED: gcc.dg/compat/struct-complex-1 c_compat_x_tst.o-c_compat_y_tst.o execute "-flto","-g"
FAIL: gcc.dg/compat/struct-complex-2 c_compat_x_tst.o-c_compat_y_tst.o link
UNRESOLVED: gcc.dg/compat/struct-complex-2 c_compat_x_tst.o-c_compat_y_tst.o execute "-flto","-g"
FAIL: gcc.dg/compat/vector-1 c_compat_x_tst.o-c_compat_y_tst.o link
UNRESOLVED: gcc.dg/compat/vector-1 c_compat_x_tst.o-c_compat_y_tst.o execute "-flto","-g"
FAIL: gcc.dg/compat/vector-1a c_compat_x_tst.o-c_compat_y_tst.o link
UNRESOLVED: gcc.dg/compat/vector-1a c_compat_x_tst.o-c_compat_y_tst.o execute "-flto","-g"
FAIL: gcc.dg/compat/vector-2 c_compat_x_tst.o-c_compat_y_tst.o link
UNRESOLVED: gcc.dg/compat/vector-2 c_compat_x_tst.o-c_compat_y_tst.o execute "-flto","-g"
FAIL: gcc.dg/compat/vector-2a c_compat_x_tst.o-c_compat_y_tst.o link
UNRESOLVED: gcc.dg/compat/vector-2a c_compat_x_tst.o-c_compat_y_tst.o execute "-flto","-g"
FAIL: gcc.dg/cpp/trad/include.c (internal compiler error)
FAIL: gcc.dg/cpp/trad/include.c (test for excess errors)
XPASS: gcc.dg/Warray-bounds.c (test for warnings, line 59)
XPASS: gcc.dg/Warray-bounds.c (test for warnings, line 65)
XPASS: gcc.dg/Wunreachable-8.c (test for bogus messages, line 7)
FAIL: gcc.dg/attr-warn-unused-result.c (internal compiler error)
FAIL: gcc.dg/attr-warn-unused-result.c (test for excess errors)
FAIL: gcc.dg/nest.c (test for excess errors)
WARNING: gcc.dg/nest.c compilation failed to produce executable
FAIL: gcc.dg/nested-func-4.c (test for excess errors)
WARNING: gcc.dg/nested-func-4.c compilation failed to produce executable
FAIL: gcc.dg/pr32450.c (test for excess errors)
WARNING: gcc.dg/pr32450.c compilation failed to produce executable
FAIL: gcc.dg/pr34668-1.c (internal compiler error)
FAIL: gcc.dg/pr34668-1.c (test for excess errors)
XPASS: gcc.dg/ucnid-11.c (test for excess errors)
XPASS: gcc.dg/ucnid-12.c (test for excess errors)
XPASS: gcc.dg/ucnid-2.c (test for excess errors)
XPASS: gcc.dg/ucnid-3.c (test for excess errors)
XPASS: gcc.dg/ucnid-4.c (test for excess errors)
FAIL: gcc.dg/visibility-7.c (test for warnings, line 8)
FAIL: gcc.dg/visibility-7.c (test for excess errors)
FAIL: gcc.dg/lto/20081120-1 c_lto_20081120-1_0.o-c_lto_20081120-1_1.o link
UNRESOLVED: gcc.dg/lto/20081120-1 c_lto_20081120-1_0.o-c_lto_20081120-1_1.o execute -flto -shared
FAIL: gcc.dg/lto/20081120-2 c_lto_20081120-2_0.o-c_lto_20081120-2_1.o link
UNRESOLVED: gcc.dg/lto/20081120-2 c_lto_20081120-2_0.o-c_lto_20081120-2_1.o execute -fwhopr -shared
FAIL: gcc.dg/lto/20081126 c_lto_20081126_0.o-c_lto_20081126_0.o link
UNRESOLVED: gcc.dg/lto/20081126 c_lto_20081126_0.o-c_lto_20081126_0.o execute -flto -shared
FAIL: gcc.dg/lto/20090126-1 c_lto_20090126-1_0.o-c_lto_20090126-1_0.o link
UNRESOLVED: gcc.dg/lto/20090126-1 c_lto_20090126-1_0.o-c_lto_20090126-1_0.o execute -O0 -fwhopr
FAIL: gcc.dg/lto/20090126-2 c_lto_20090126-2_0.o-c_lto_20090126-2_0.o link
UNRESOLVED: gcc.dg/lto/20090126-2 c_lto_20090126-2_0.o-c_lto_20090126-2_0.o execute -fPIC -O2 -fwhopr
FAIL: gcc.dg/lto/20090729 c_lto_20090729_0.o-c_lto_20090729_1.o link
UNRESOLVED: gcc.dg/lto/20090729 c_lto_20090729_0.o-c_lto_20090729_1.o execute -w
FAIL: gcc.dg/pch/largefile.c -O0 -g assembly comparison
XPASS: largefile.c -O0 (test for excess errors)
FAIL: gcc.dg/pch/largefile.c -O0 assembly comparison
XPASS: largefile.c -O1 (test for excess errors)
FAIL: gcc.dg/pch/largefile.c -O1 assembly comparison
XPASS: largefile.c -O2 (test for excess errors)
FAIL: gcc.dg/pch/largefile.c -O2 assembly comparison
XPASS: largefile.c -O3 -fomit-frame-pointer (test for excess errors)
FAIL: gcc.dg/pch/largefile.c -O3 -fomit-frame-pointer assembly comparison
FAIL: gcc.dg/pch/largefile.c -O3 -g assembly comparison
XPASS: largefile.c -Os (test for excess errors)
FAIL: gcc.dg/pch/largefile.c -Os assembly comparison
XPASS: largefile.c (test for excess errors)
FAIL: gcc.dg/pch/largefile.c assembly comparison
XPASS: gcc.dg/struct/wo_prof_array_through_pointer.c scan-ipa-dump ipa_struct_reorg "Number of structures to transform is 1"
FAIL: gcc.dg/struct/wo_prof_double_malloc.c (internal compiler error)
FAIL: gcc.dg/struct/wo_prof_double_malloc.c (test for excess errors)
WARNING: gcc.dg/struct/wo_prof_double_malloc.c compilation failed to produce executable
FAIL: gcc.dg/torture/fp-int-convert-float128-timode.c -O0 (test for excess errors)
WARNING: gcc.dg/torture/fp-int-convert-float128-timode.c -O0 compilation failed to produce executable
FAIL: gcc.dg/torture/fp-int-convert-float128-timode.c -O1 (test for excess errors)
WARNING: gcc.dg/torture/fp-int-convert-float128-timode.c -O1 compilation failed to produce executable
FAIL: gcc.dg/torture/fp-int-convert-float128-timode.c -O2 (test for excess errors)
WARNING: gcc.dg/torture/fp-int-convert-float128-timode.c -O2 compilation failed to produce executable
FAIL: gcc.dg/torture/fp-int-convert-float128-timode.c -O3 -fomit-frame-pointer (test for excess errors)
WARNING: gcc.dg/torture/fp-int-convert-float128-timode.c -O3 -fomit-frame-pointer compilation failed to produce executable
FAIL: gcc.dg/torture/fp-int-convert-float128-timode.c -O3 -g (test for excess errors)
WARNING: gcc.dg/torture/fp-int-convert-float128-timode.c -O3 -g compilation failed to produce executable
FAIL: gcc.dg/torture/fp-int-convert-float128-timode.c -Os (test for excess errors)
WARNING: gcc.dg/torture/fp-int-convert-float128-timode.c -Os compilation failed to produce executable
FAIL: gcc.dg/torture/fp-int-convert-float128-timode.c -O2 -flto (test for excess errors)
WARNING: gcc.dg/torture/fp-int-convert-float128-timode.c -O2 -flto compilation failed to produce executable
FAIL: gcc.dg/torture/fp-int-convert-float128-timode.c -O2 -fwhopr (test for excess errors)
WARNING: gcc.dg/torture/fp-int-convert-float128-timode.c -O2 -fwhopr compilation failed to produce executable
FAIL: gcc.dg/torture/fp-int-convert-float128.c -O0 (test for excess errors)
WARNING: gcc.dg/torture/fp-int-convert-float128.c -O0 compilation failed to produce executable
FAIL: gcc.dg/torture/fp-int-convert-float128.c -O1 (test for excess errors)
WARNING: gcc.dg/torture/fp-int-convert-float128.c -O1 compilation failed to produce executable
FAIL: gcc.dg/torture/fp-int-convert-float128.c -O2 (test for excess errors)
WARNING: gcc.dg/torture/fp-int-convert-float128.c -O2 compilation failed to produce executable
FAIL: gcc.dg/torture/fp-int-convert-float128.c -O3 -fomit-frame-pointer (test for excess errors)
WARNING: gcc.dg/torture/fp-int-convert-float128.c -O3 -fomit-frame-pointer compilation failed to produce executable
FAIL: gcc.dg/torture/fp-int-convert-float128.c -O3 -g (test for excess errors)
WARNING: gcc.dg/torture/fp-int-convert-float128.c -O3 -g compilation failed to produce executable
FAIL: gcc.dg/torture/fp-int-convert-float128.c -Os (test for excess errors)
WARNING: gcc.dg/torture/fp-int-convert-float128.c -Os compilation failed to produce executable
FAIL: gcc.dg/torture/fp-int-convert-float128.c -O2 -flto (test for excess errors)
WARNING: gcc.dg/torture/fp-int-convert-float128.c -O2 -flto compilation failed to produce executable
FAIL: gcc.dg/torture/fp-int-convert-float128.c -O2 -fwhopr (test for excess errors)
WARNING: gcc.dg/torture/fp-int-convert-float128.c -O2 -fwhopr compilation failed to produce executable
FAIL: gcc.misc-tests/linkage.c link
=== gcc Summary for unix/-m64 ===
# of expected passes 68168
# of unexpected failures 59
# of unexpected successes 15
# of expected failures 210
# of unresolved testcases 13
# of unsupported tests 1663
=== gcc Summary ===
# of expected passes 136906
# of unexpected failures 117
# of unexpected successes 29
# of expected failures 418
# of unresolved testcases 16
# of unsupported tests 2953
/vol/gcc/obj/gcc-lto-20090928/10-gcc/gcc/xgcc version 4.5.0 20090928 (experimental) [lto revision 152243] (lto merged with rev 152236)
=== gfortran tests ===
Running target unix
FAIL: gfortran.dg/array_constructor_23.f -O3 -fomit-frame-pointer execution test
FAIL: gfortran.dg/array_constructor_23.f -O3 -fomit-frame-pointer -funroll-loops execution test
FAIL: gfortran.dg/array_constructor_23.f -O3 -fomit-frame-pointer -funroll-all-loops -finline-functions execution test
FAIL: gfortran.dg/array_constructor_23.f -O3 -g execution test
FAIL: gfortran.dg/atan2_1.f90 -O0 execution test
FAIL: gfortran.dg/atan2_1.f90 execution test
FAIL: gfortran.dg/ltrans-7.f90 -O scan-tree-dump-times ltrans "transformed loop" 1
FAIL: gfortran.dg/proc_ptr_12.f90 -O3 -g (test for excess errors)
FAIL: gfortran.dg/proc_ptr_result_1.f90 -O3 -g (test for excess errors)
FAIL: gfortran.dg/stat_1.f90 -O0 execution test
FAIL: gfortran.dg/stat_1.f90 -O1 execution test
FAIL: gfortran.dg/stat_1.f90 -O2 execution test
FAIL: gfortran.dg/stat_1.f90 -O3 -fomit-frame-pointer execution test
FAIL: gfortran.dg/stat_1.f90 -O3 -fomit-frame-pointer -funroll-loops execution test
FAIL: gfortran.dg/stat_1.f90 -O3 -fomit-frame-pointer -funroll-all-loops -finline-functions execution test
FAIL: gfortran.dg/stat_1.f90 -O3 -g execution test
FAIL: gfortran.dg/stat_1.f90 -Os execution test
FAIL: gfortran.dg/stat_1.f90 execution test
FAIL: gfortran.dg/stat_2.f90 -O0 execution test
FAIL: gfortran.dg/stat_2.f90 -O1 execution test
FAIL: gfortran.dg/stat_2.f90 -O2 execution test
FAIL: gfortran.dg/stat_2.f90 -O3 -fomit-frame-pointer execution test
FAIL: gfortran.dg/stat_2.f90 -O3 -fomit-frame-pointer -funroll-loops execution test
FAIL: gfortran.dg/stat_2.f90 -O3 -fomit-frame-pointer -funroll-all-loops -finline-functions execution test
FAIL: gfortran.dg/stat_2.f90 -O3 -g execution test
FAIL: gfortran.dg/stat_2.f90 -Os execution test
FAIL: gfortran.dg/stat_2.f90 execution test
FAIL: gfortran.dg/lto/pr40725 f_lto_pr40725_0.o-f_lto_pr40725_1.o execute -O2 -fwhopr
FAIL: gfortran.dg/lto/pr40725 f_lto_pr40725_0.o-f_lto_pr40725_1.o execute -O2 -flto
=== gfortran Summary for unix ===
# of expected passes 35552
# of unexpected failures 29
# of expected failures 21
# of unsupported tests 141
Running target unix/-m64
FAIL: gfortran.dg/proc_ptr_12.f90 -O3 -g (test for excess errors)
FAIL: gfortran.dg/proc_ptr_result_1.f90 -O3 -g (test for excess errors)
FAIL: gfortran.dg/stat_1.f90 -O0 execution test
FAIL: gfortran.dg/stat_1.f90 -O1 execution test
FAIL: gfortran.dg/stat_1.f90 -O2 execution test
FAIL: gfortran.dg/stat_1.f90 -O3 -fomit-frame-pointer execution test
FAIL: gfortran.dg/stat_1.f90 -O3 -fomit-frame-pointer -funroll-loops execution test
FAIL: gfortran.dg/stat_1.f90 -O3 -fomit-frame-pointer -funroll-all-loops -finline-functions execution test
FAIL: gfortran.dg/stat_1.f90 -O3 -g execution test
FAIL: gfortran.dg/stat_1.f90 -Os execution test
FAIL: gfortran.dg/stat_1.f90 execution test
FAIL: gfortran.dg/stat_2.f90 -O0 execution test
FAIL: gfortran.dg/stat_2.f90 -O1 execution test
FAIL: gfortran.dg/stat_2.f90 -O2 execution test
FAIL: gfortran.dg/stat_2.f90 -O3 -fomit-frame-pointer execution test
FAIL: gfortran.dg/stat_2.f90 -O3 -fomit-frame-pointer -funroll-loops execution test
FAIL: gfortran.dg/stat_2.f90 -O3 -fomit-frame-pointer -funroll-all-loops -finline-functions execution test
FAIL: gfortran.dg/stat_2.f90 -O3 -g execution test
FAIL: gfortran.dg/stat_2.f90 -Os execution test
FAIL: gfortran.dg/stat_2.f90 execution test
FAIL: gfortran.dg/lto/pr40725 f_lto_pr40725_0.o-f_lto_pr40725_1.o execute -O2 -fwhopr
FAIL: gfortran.dg/lto/pr40725 f_lto_pr40725_0.o-f_lto_pr40725_1.o execute -O2 -flto
=== gfortran Summary for unix/-m64 ===
# of expected passes 35722
# of unexpected failures 22
# of expected failures 21
# of unsupported tests 64
=== gfortran Summary ===
# of expected passes 71274
# of unexpected failures 51
# of expected failures 42
# of unsupported tests 205
/vol/gcc/obj/gcc-lto-20090928/10-gcc/gcc/testsuite/gfortran/../../gfortran version 4.5.0 20090928 (experimental) [lto revision 152243] (lto merged with rev 152236)
=== objc tests ===
Running target unix
=== objc Summary for unix ===
# of expected passes 2082
# of expected failures 7
# of unsupported tests 24
Running target unix/-m64
FAIL: objc/execute/forward-1.m execution, -O0 -fgnu-runtime
FAIL: objc/execute/forward-1.m execution, -O1 -fgnu-runtime
FAIL: objc/execute/forward-1.m execution, -O2 -fgnu-runtime
FAIL: objc/execute/forward-1.m execution, -O3 -fomit-frame-pointer -fgnu-runtime
FAIL: objc/execute/forward-1.m execution, -O3 -fomit-frame-pointer -funroll-loops -fgnu-runtime
FAIL: objc/execute/forward-1.m execution, -O3 -fomit-frame-pointer -funroll-all-loops -finline-functions -fgnu-runtime
FAIL: objc/execute/forward-1.m execution, -O3 -g -fgnu-runtime
FAIL: objc/execute/forward-1.m execution, -Os -fgnu-runtime
FAIL: objc/execute/forward-1.m execution,
=== objc Summary for unix/-m64 ===
# of expected passes 2073
# of unexpected failures 9
# of expected failures 7
# of unsupported tests 24
=== objc Summary ===
# of expected passes 4155
# of unexpected failures 9
# of expected failures 14
# of unsupported tests 48
/vol/gcc/obj/gcc-lto-20090928/10-gcc/gcc/xgcc version 4.5.0 20090928 (experimental) [lto revision 152243] (lto merged with rev 152236)
=== libffi tests ===
Running target unix
XPASS: libffi.call/err_bad_typedef.c -O0 -W -Wall execution test
XPASS: libffi.call/err_bad_typedef.c -O2 execution test
XPASS: libffi.call/err_bad_typedef.c -O3 execution test
XPASS: libffi.call/err_bad_typedef.c -Os execution test
XPASS: libffi.call/err_bad_typedef.c -O2 -fomit-frame-pointer execution test
=== libffi Summary for unix ===
# of expected passes 1594
# of unexpected successes 5
# of expected failures 5
# of unsupported tests 15
Running target unix/-m64
FAIL: libffi.call/closure_fn0.c -O0 -W -Wall execution test
FAIL: libffi.call/closure_fn1.c -O0 -W -Wall execution test
FAIL: libffi.call/closure_fn2.c -O0 -W -Wall execution test
FAIL: libffi.call/closure_fn3.c -O0 -W -Wall execution test
FAIL: libffi.call/closure_fn4.c -O0 -W -Wall execution test
FAIL: libffi.call/closure_fn5.c -O0 -W -Wall execution test
FAIL: libffi.call/closure_fn6.c -O0 -W -Wall execution test
FAIL: libffi.call/closure_loc_fn0.c -O0 -W -Wall execution test
FAIL: libffi.call/cls_12byte.c -O0 -W -Wall execution test
FAIL: libffi.call/cls_16byte.c -O0 -W -Wall execution test
FAIL: libffi.call/cls_18byte.c -O0 -W -Wall execution test
FAIL: libffi.call/cls_19byte.c -O0 -W -Wall execution test
FAIL: libffi.call/cls_1_1byte.c -O0 -W -Wall execution test
FAIL: libffi.call/cls_20byte.c -O0 -W -Wall execution test
FAIL: libffi.call/cls_20byte1.c -O0 -W -Wall execution test
FAIL: libffi.call/cls_24byte.c -O0 -W -Wall execution test
FAIL: libffi.call/cls_2byte.c -O0 -W -Wall execution test
FAIL: libffi.call/cls_3_1byte.c -O0 -W -Wall execution test
FAIL: libffi.call/cls_3byte1.c -O0 -W -Wall execution test
FAIL: libffi.call/cls_3byte2.c -O0 -W -Wall execution test
FAIL: libffi.call/cls_4_1byte.c -O0 -W -Wall execution test
FAIL: libffi.call/cls_4byte.c -O0 -W -Wall execution test
FAIL: libffi.call/cls_5_1_byte.c -O0 -W -Wall execution test
FAIL: libffi.call/cls_5byte.c -O0 -W -Wall execution test
FAIL: libffi.call/cls_64byte.c -O0 -W -Wall execution test
FAIL: libffi.call/cls_6_1_byte.c -O0 -W -Wall execution test
FAIL: libffi.call/cls_6byte.c -O0 -W -Wall execution test
FAIL: libffi.call/cls_7_1_byte.c -O0 -W -Wall execution test
FAIL: libffi.call/cls_7byte.c -O0 -W -Wall execution test
FAIL: libffi.call/cls_8byte.c -O0 -W -Wall execution test
FAIL: libffi.call/cls_9byte1.c -O0 -W -Wall execution test
FAIL: libffi.call/cls_9byte2.c -O0 -W -Wall execution test
FAIL: libffi.call/cls_align_double.c -O0 -W -Wall execution test
FAIL: libffi.call/cls_align_float.c -O0 -W -Wall execution test
FAIL: libffi.call/cls_align_longdouble.c -O0 -W -Wall execution test
FAIL: libffi.call/cls_align_longdouble_split.c -O0 -W -Wall execution test
FAIL: libffi.call/cls_align_longdouble_split2.c -O0 -W -Wall execution test
FAIL: libffi.call/cls_align_pointer.c -O0 -W -Wall execution test
FAIL: libffi.call/cls_align_sint16.c -O0 -W -Wall execution test
FAIL: libffi.call/cls_align_sint32.c -O0 -W -Wall execution test
FAIL: libffi.call/cls_align_sint64.c -O0 -W -Wall execution test
FAIL: libffi.call/cls_align_uint16.c -O0 -W -Wall execution test
FAIL: libffi.call/cls_align_uint32.c -O0 -W -Wall execution test
FAIL: libffi.call/cls_align_uint64.c -O0 -W -Wall execution test
FAIL: libffi.call/cls_dbls_struct.c -O0 -W -Wall execution test
FAIL: libffi.call/cls_double.c -O0 -W -Wall execution test
FAIL: libffi.call/cls_double_va.c -O0 -W -Wall execution test
FAIL: libffi.call/cls_float.c -O0 -W -Wall execution test
FAIL: libffi.call/cls_longdouble.c -O0 -W -Wall execution test
FAIL: libffi.call/cls_longdouble_va.c -O0 -W -Wall execution test
FAIL: libffi.call/cls_multi_schar.c -O0 -W -Wall execution test
FAIL: libffi.call/cls_multi_sshort.c -O0 -W -Wall execution test
FAIL: libffi.call/cls_multi_sshortchar.c -O0 -W -Wall execution test
FAIL: libffi.call/cls_multi_uchar.c -O0 -W -Wall execution test
FAIL: libffi.call/cls_multi_ushort.c -O0 -W -Wall execution test
FAIL: libffi.call/cls_multi_ushortchar.c -O0 -W -Wall execution test
FAIL: libffi.call/cls_pointer.c -O0 -W -Wall execution test
FAIL: libffi.call/cls_pointer_stack.c -O0 -W -Wall execution test
FAIL: libffi.call/cls_schar.c -O0 -W -Wall execution test
FAIL: libffi.call/cls_sint.c -O0 -W -Wall execution test
FAIL: libffi.call/cls_sshort.c -O0 -W -Wall execution test
FAIL: libffi.call/cls_uchar.c -O0 -W -Wall execution test
FAIL: libffi.call/cls_uint.c -O0 -W -Wall execution test
FAIL: libffi.call/cls_ulonglong.c -O0 -W -Wall execution test
FAIL: libffi.call/cls_ushort.c -O0 -W -Wall execution test
FAIL: libffi.call/nested_struct.c -O0 -W -Wall execution test
FAIL: libffi.call/nested_struct1.c -O0 -W -Wall execution test
FAIL: libffi.call/nested_struct10.c -O0 -W -Wall execution test
FAIL: libffi.call/nested_struct2.c -O0 -W -Wall execution test
FAIL: libffi.call/nested_struct3.c -O0 -W -Wall execution test
FAIL: libffi.call/nested_struct4.c -O0 -W -Wall execution test
FAIL: libffi.call/nested_struct5.c -O0 -W -Wall execution test
FAIL: libffi.call/nested_struct6.c -O0 -W -Wall execution test
FAIL: libffi.call/nested_struct7.c -O0 -W -Wall execution test
FAIL: libffi.call/nested_struct8.c -O0 -W -Wall execution test
FAIL: libffi.call/nested_struct9.c -O0 -W -Wall execution test
FAIL: libffi.call/problem1.c -O0 -W -Wall execution test
FAIL: libffi.call/stret_large.c -O0 -W -Wall execution test
FAIL: libffi.call/stret_large2.c -O0 -W -Wall execution test
FAIL: libffi.call/stret_medium.c -O0 -W -Wall execution test
FAIL: libffi.call/stret_medium2.c -O0 -W -Wall execution test
FAIL: libffi.call/closure_fn0.c -O2 execution test
FAIL: libffi.call/closure_fn1.c -O2 execution test
FAIL: libffi.call/closure_fn2.c -O2 execution test
FAIL: libffi.call/closure_fn3.c -O2 execution test
FAIL: libffi.call/closure_fn4.c -O2 execution test
FAIL: libffi.call/closure_fn5.c -O2 execution test
FAIL: libffi.call/closure_fn6.c -O2 execution test
FAIL: libffi.call/closure_loc_fn0.c -O2 execution test
FAIL: libffi.call/cls_12byte.c -O2 execution test
FAIL: libffi.call/cls_16byte.c -O2 execution test
FAIL: libffi.call/cls_18byte.c -O2 execution test
FAIL: libffi.call/cls_19byte.c -O2 execution test
FAIL: libffi.call/cls_1_1byte.c -O2 execution test
FAIL: libffi.call/cls_20byte.c -O2 execution test
FAIL: libffi.call/cls_20byte1.c -O2 execution test
FAIL: libffi.call/cls_24byte.c -O2 execution test
FAIL: libffi.call/cls_2byte.c -O2 execution test
FAIL: libffi.call/cls_3_1byte.c -O2 execution test
FAIL: libffi.call/cls_3byte1.c -O2 execution test
FAIL: libffi.call/cls_3byte2.c -O2 execution test
FAIL: libffi.call/cls_4_1byte.c -O2 execution test
FAIL: libffi.call/cls_4byte.c -O2 execution test
FAIL: libffi.call/cls_5_1_byte.c -O2 execution test
FAIL: libffi.call/cls_5byte.c -O2 execution test
FAIL: libffi.call/cls_64byte.c -O2 execution test
FAIL: libffi.call/cls_6_1_byte.c -O2 execution test
FAIL: libffi.call/cls_6byte.c -O2 execution test
FAIL: libffi.call/cls_7_1_byte.c -O2 execution test
FAIL: libffi.call/cls_7byte.c -O2 execution test
FAIL: libffi.call/cls_8byte.c -O2 execution test
FAIL: libffi.call/cls_9byte1.c -O2 execution test
FAIL: libffi.call/cls_9byte2.c -O2 execution test
FAIL: libffi.call/cls_align_double.c -O2 execution test
FAIL: libffi.call/cls_align_float.c -O2 execution test
FAIL: libffi.call/cls_align_longdouble.c -O2 execution test
FAIL: libffi.call/cls_align_longdouble_split.c -O2 execution test
FAIL: libffi.call/cls_align_longdouble_split2.c -O2 execution test
FAIL: libffi.call/cls_align_pointer.c -O2 execution test
FAIL: libffi.call/cls_align_sint16.c -O2 execution test
FAIL: libffi.call/cls_align_sint32.c -O2 execution test
FAIL: libffi.call/cls_align_sint64.c -O2 execution test
FAIL: libffi.call/cls_align_uint16.c -O2 execution test
FAIL: libffi.call/cls_align_uint32.c -O2 execution test
FAIL: libffi.call/cls_align_uint64.c -O2 execution test
FAIL: libffi.call/cls_dbls_struct.c -O2 execution test
FAIL: libffi.call/cls_double.c -O2 execution test
FAIL: libffi.call/cls_double_va.c -O2 execution test
FAIL: libffi.call/cls_float.c -O2 execution test
FAIL: libffi.call/cls_longdouble.c -O2 execution test
FAIL: libffi.call/cls_longdouble_va.c -O2 execution test
FAIL: libffi.call/cls_multi_schar.c -O2 execution test
FAIL: libffi.call/cls_multi_sshort.c -O2 execution test
FAIL: libffi.call/cls_multi_sshortchar.c -O2 execution test
FAIL: libffi.call/cls_multi_uchar.c -O2 execution test
FAIL: libffi.call/cls_multi_ushort.c -O2 execution test
FAIL: libffi.call/cls_multi_ushortchar.c -O2 execution test
FAIL: libffi.call/cls_pointer.c -O2 execution test
FAIL: libffi.call/cls_pointer_stack.c -O2 execution test
FAIL: libffi.call/cls_schar.c -O2 execution test
FAIL: libffi.call/cls_sint.c -O2 execution test
FAIL: libffi.call/cls_sshort.c -O2 execution test
FAIL: libffi.call/cls_uchar.c -O2 execution test
FAIL: libffi.call/cls_uint.c -O2 execution test
FAIL: libffi.call/cls_ulonglong.c -O2 execution test
FAIL: libffi.call/cls_ushort.c -O2 execution test
FAIL: libffi.call/nested_struct.c -O2 execution test
FAIL: libffi.call/nested_struct1.c -O2 execution test
FAIL: libffi.call/nested_struct10.c -O2 execution test
FAIL: libffi.call/nested_struct2.c -O2 execution test
FAIL: libffi.call/nested_struct3.c -O2 execution test
FAIL: libffi.call/nested_struct4.c -O2 execution test
FAIL: libffi.call/nested_struct5.c -O2 execution test
FAIL: libffi.call/nested_struct6.c -O2 execution test
FAIL: libffi.call/nested_struct7.c -O2 execution test
FAIL: libffi.call/nested_struct8.c -O2 execution test
FAIL: libffi.call/nested_struct9.c -O2 execution test
FAIL: libffi.call/problem1.c -O2 execution test
FAIL: libffi.call/stret_large.c -O2 execution test
FAIL: libffi.call/stret_large2.c -O2 execution test
FAIL: libffi.call/stret_medium.c -O2 execution test
FAIL: libffi.call/stret_medium2.c -O2 execution test
FAIL: libffi.call/closure_fn0.c -O3 execution test
FAIL: libffi.call/closure_fn1.c -O3 execution test
FAIL: libffi.call/closure_fn2.c -O3 execution test
FAIL: libffi.call/closure_fn3.c -O3 execution test
FAIL: libffi.call/closure_fn4.c -O3 execution test
FAIL: libffi.call/closure_fn5.c -O3 execution test
FAIL: libffi.call/closure_fn6.c -O3 execution test
FAIL: libffi.call/closure_loc_fn0.c -O3 execution test
FAIL: libffi.call/cls_12byte.c -O3 execution test
FAIL: libffi.call/cls_16byte.c -O3 execution test
FAIL: libffi.call/cls_18byte.c -O3 execution test
FAIL: libffi.call/cls_19byte.c -O3 execution test
FAIL: libffi.call/cls_1_1byte.c -O3 execution test
FAIL: libffi.call/cls_20byte.c -O3 execution test
FAIL: libffi.call/cls_20byte1.c -O3 execution test
FAIL: libffi.call/cls_24byte.c -O3 execution test
FAIL: libffi.call/cls_2byte.c -O3 execution test
FAIL: libffi.call/cls_3_1byte.c -O3 execution test
FAIL: libffi.call/cls_3byte1.c -O3 execution test
FAIL: libffi.call/cls_3byte2.c -O3 execution test
FAIL: libffi.call/cls_4_1byte.c -O3 execution test
FAIL: libffi.call/cls_4byte.c -O3 execution test
FAIL: libffi.call/cls_5_1_byte.c -O3 execution test
FAIL: libffi.call/cls_5byte.c -O3 execution test
FAIL: libffi.call/cls_64byte.c -O3 execution test
FAIL: libffi.call/cls_6_1_byte.c -O3 execution test
FAIL: libffi.call/cls_6byte.c -O3 execution test
FAIL: libffi.call/cls_7_1_byte.c -O3 execution test
FAIL: libffi.call/cls_7byte.c -O3 execution test
FAIL: libffi.call/cls_8byte.c -O3 execution test
FAIL: libffi.call/cls_9byte1.c -O3 execution test
FAIL: libffi.call/cls_9byte2.c -O3 execution test
FAIL: libffi.call/cls_align_double.c -O3 execution test
FAIL: libffi.call/cls_align_float.c -O3 execution test
FAIL: libffi.call/cls_align_longdouble.c -O3 execution test
FAIL: libffi.call/cls_align_longdouble_split.c -O3 execution test
FAIL: libffi.call/cls_align_longdouble_split2.c -O3 execution test
FAIL: libffi.call/cls_align_pointer.c -O3 execution test
FAIL: libffi.call/cls_align_sint16.c -O3 execution test
FAIL: libffi.call/cls_align_sint32.c -O3 execution test
FAIL: libffi.call/cls_align_sint64.c -O3 execution test
FAIL: libffi.call/cls_align_uint16.c -O3 execution test
FAIL: libffi.call/cls_align_uint32.c -O3 execution test
FAIL: libffi.call/cls_align_uint64.c -O3 execution test
FAIL: libffi.call/cls_dbls_struct.c -O3 execution test
FAIL: libffi.call/cls_double.c -O3 execution test
FAIL: libffi.call/cls_double_va.c -O3 execution test
FAIL: libffi.call/cls_float.c -O3 execution test
FAIL: libffi.call/cls_longdouble.c -O3 execution test
FAIL: libffi.call/cls_longdouble_va.c -O3 execution test
FAIL: libffi.call/cls_multi_schar.c -O3 execution test
FAIL: libffi.call/cls_multi_sshort.c -O3 execution test
FAIL: libffi.call/cls_multi_sshortchar.c -O3 execution test
FAIL: libffi.call/cls_multi_uchar.c -O3 execution test
FAIL: libffi.call/cls_multi_ushort.c -O3 execution test
FAIL: libffi.call/cls_multi_ushortchar.c -O3 execution test
FAIL: libffi.call/cls_pointer.c -O3 execution test
FAIL: libffi.call/cls_pointer_stack.c -O3 execution test
FAIL: libffi.call/cls_schar.c -O3 execution test
FAIL: libffi.call/cls_sint.c -O3 execution test
FAIL: libffi.call/cls_sshort.c -O3 execution test
FAIL: libffi.call/cls_uchar.c -O3 execution test
FAIL: libffi.call/cls_uint.c -O3 execution test
FAIL: libffi.call/cls_ulonglong.c -O3 execution test
FAIL: libffi.call/cls_ushort.c -O3 execution test
FAIL: libffi.call/nested_struct.c -O3 execution test
FAIL: libffi.call/nested_struct1.c -O3 execution test
FAIL: libffi.call/nested_struct10.c -O3 execution test
FAIL: libffi.call/nested_struct2.c -O3 execution test
FAIL: libffi.call/nested_struct3.c -O3 execution test
FAIL: libffi.call/nested_struct4.c -O3 execution test
FAIL: libffi.call/nested_struct5.c -O3 execution test
FAIL: libffi.call/nested_struct6.c -O3 execution test
FAIL: libffi.call/nested_struct7.c -O3 execution test
FAIL: libffi.call/nested_struct8.c -O3 execution test
FAIL: libffi.call/nested_struct9.c -O3 execution test
FAIL: libffi.call/problem1.c -O3 execution test
FAIL: libffi.call/stret_large.c -O3 execution test
FAIL: libffi.call/stret_large2.c -O3 execution test
FAIL: libffi.call/stret_medium.c -O3 execution test
FAIL: libffi.call/stret_medium2.c -O3 execution test
FAIL: libffi.call/closure_fn0.c -Os execution test
FAIL: libffi.call/closure_fn1.c -Os execution test
FAIL: libffi.call/closure_fn2.c -Os execution test
FAIL: libffi.call/closure_fn3.c -Os execution test
FAIL: libffi.call/closure_fn4.c -Os execution test
FAIL: libffi.call/closure_fn5.c -Os execution test
FAIL: libffi.call/closure_fn6.c -Os execution test
FAIL: libffi.call/closure_loc_fn0.c -Os execution test
FAIL: libffi.call/cls_12byte.c -Os execution test
FAIL: libffi.call/cls_16byte.c -Os execution test
FAIL: libffi.call/cls_18byte.c -Os execution test
FAIL: libffi.call/cls_19byte.c -Os execution test
FAIL: libffi.call/cls_1_1byte.c -Os execution test
FAIL: libffi.call/cls_20byte.c -Os execution test
FAIL: libffi.call/cls_20byte1.c -Os execution test
FAIL: libffi.call/cls_24byte.c -Os execution test
FAIL: libffi.call/cls_2byte.c -Os execution test
FAIL: libffi.call/cls_3_1byte.c -Os execution test
FAIL: libffi.call/cls_3byte1.c -Os execution test
FAIL: libffi.call/cls_3byte2.c -Os execution test
FAIL: libffi.call/cls_4_1byte.c -Os execution test
FAIL: libffi.call/cls_4byte.c -Os execution test
FAIL: libffi.call/cls_5_1_byte.c -Os execution test
FAIL: libffi.call/cls_5byte.c -Os execution test
FAIL: libffi.call/cls_64byte.c -Os execution test
FAIL: libffi.call/cls_6_1_byte.c -Os execution test
FAIL: libffi.call/cls_6byte.c -Os execution test
FAIL: libffi.call/cls_7_1_byte.c -Os execution test
FAIL: libffi.call/cls_7byte.c -Os execution test
FAIL: libffi.call/cls_8byte.c -Os execution test
FAIL: libffi.call/cls_9byte1.c -Os execution test
FAIL: libffi.call/cls_9byte2.c -Os execution test
FAIL: libffi.call/cls_align_double.c -Os execution test
FAIL: libffi.call/cls_align_float.c -Os execution test
FAIL: libffi.call/cls_align_longdouble.c -Os execution test
FAIL: libffi.call/cls_align_longdouble_split.c -Os execution test
FAIL: libffi.call/cls_align_longdouble_split2.c -Os execution test
FAIL: libffi.call/cls_align_pointer.c -Os execution test
FAIL: libffi.call/cls_align_sint16.c -Os execution test
FAIL: libffi.call/cls_align_sint32.c -Os execution test
FAIL: libffi.call/cls_align_sint64.c -Os execution test
FAIL: libffi.call/cls_align_uint16.c -Os execution test
FAIL: libffi.call/cls_align_uint32.c -Os execution test
FAIL: libffi.call/cls_align_uint64.c -Os execution test
FAIL: libffi.call/cls_dbls_struct.c -Os execution test
FAIL: libffi.call/cls_double.c -Os execution test
FAIL: libffi.call/cls_double_va.c -Os execution test
FAIL: libffi.call/cls_float.c -Os execution test
FAIL: libffi.call/cls_longdouble.c -Os execution test
FAIL: libffi.call/cls_longdouble_va.c -Os execution test
FAIL: libffi.call/cls_multi_schar.c -Os execution test
FAIL: libffi.call/cls_multi_sshort.c -Os execution test
FAIL: libffi.call/cls_multi_sshortchar.c -Os execution test
FAIL: libffi.call/cls_multi_uchar.c -Os execution test
FAIL: libffi.call/cls_multi_ushort.c -Os execution test
FAIL: libffi.call/cls_multi_ushortchar.c -Os execution test
FAIL: libffi.call/cls_pointer.c -Os execution test
FAIL: libffi.call/cls_pointer_stack.c -Os execution test
FAIL: libffi.call/cls_schar.c -Os execution test
FAIL: libffi.call/cls_sint.c -Os execution test
FAIL: libffi.call/cls_sshort.c -Os execution test
FAIL: libffi.call/cls_uchar.c -Os execution test
FAIL: libffi.call/cls_uint.c -Os execution test
FAIL: libffi.call/cls_ulonglong.c -Os execution test
FAIL: libffi.call/cls_ushort.c -Os execution test
FAIL: libffi.call/nested_struct.c -Os execution test
FAIL: libffi.call/nested_struct1.c -Os execution test
FAIL: libffi.call/nested_struct10.c -Os execution test
FAIL: libffi.call/nested_struct2.c -Os execution test
FAIL: libffi.call/nested_struct3.c -Os execution test
FAIL: libffi.call/nested_struct4.c -Os execution test
FAIL: libffi.call/nested_struct5.c -Os execution test
FAIL: libffi.call/nested_struct6.c -Os execution test
FAIL: libffi.call/nested_struct7.c -Os execution test
FAIL: libffi.call/nested_struct8.c -Os execution test
FAIL: libffi.call/nested_struct9.c -Os execution test
FAIL: libffi.call/problem1.c -Os execution test
FAIL: libffi.call/stret_large.c -Os execution test
FAIL: libffi.call/stret_large2.c -Os execution test
FAIL: libffi.call/stret_medium.c -Os execution test
FAIL: libffi.call/stret_medium2.c -Os execution test
FAIL: libffi.call/closure_fn0.c -O2 -fomit-frame-pointer execution test
FAIL: libffi.call/closure_fn1.c -O2 -fomit-frame-pointer execution test
FAIL: libffi.call/closure_fn2.c -O2 -fomit-frame-pointer execution test
FAIL: libffi.call/closure_fn3.c -O2 -fomit-frame-pointer execution test
FAIL: libffi.call/closure_fn4.c -O2 -fomit-frame-pointer execution test
FAIL: libffi.call/closure_fn5.c -O2 -fomit-frame-pointer execution test
FAIL: libffi.call/closure_fn6.c -O2 -fomit-frame-pointer execution test
FAIL: libffi.call/closure_loc_fn0.c -O2 -fomit-frame-pointer execution test
FAIL: libffi.call/cls_12byte.c -O2 -fomit-frame-pointer execution test
FAIL: libffi.call/cls_16byte.c -O2 -fomit-frame-pointer execution test
FAIL: libffi.call/cls_18byte.c -O2 -fomit-frame-pointer execution test
FAIL: libffi.call/cls_19byte.c -O2 -fomit-frame-pointer execution test
FAIL: libffi.call/cls_1_1byte.c -O2 -fomit-frame-pointer execution test
FAIL: libffi.call/cls_20byte.c -O2 -fomit-frame-pointer execution test
FAIL: libffi.call/cls_20byte1.c -O2 -fomit-frame-pointer execution test
FAIL: libffi.call/cls_24byte.c -O2 -fomit-frame-pointer execution test
FAIL: libffi.call/cls_2byte.c -O2 -fomit-frame-pointer execution test
FAIL: libffi.call/cls_3_1byte.c -O2 -fomit-frame-pointer execution test
FAIL: libffi.call/cls_3byte1.c -O2 -fomit-frame-pointer execution test
FAIL: libffi.call/cls_3byte2.c -O2 -fomit-frame-pointer execution test
FAIL: libffi.call/cls_4_1byte.c -O2 -fomit-frame-pointer execution test
FAIL: libffi.call/cls_4byte.c -O2 -fomit-frame-pointer execution test
FAIL: libffi.call/cls_5_1_byte.c -O2 -fomit-frame-pointer execution test
FAIL: libffi.call/cls_5byte.c -O2 -fomit-frame-pointer execution test
FAIL: libffi.call/cls_64byte.c -O2 -fomit-frame-pointer execution test
FAIL: libffi.call/cls_6_1_byte.c -O2 -fomit-frame-pointer execution test
FAIL: libffi.call/cls_6byte.c -O2 -fomit-frame-pointer execution test
FAIL: libffi.call/cls_7_1_byte.c -O2 -fomit-frame-pointer execution test
FAIL: libffi.call/cls_7byte.c -O2 -fomit-frame-pointer execution test
FAIL: libffi.call/cls_8byte.c -O2 -fomit-frame-pointer execution test
FAIL: libffi.call/cls_9byte1.c -O2 -fomit-frame-pointer execution test
FAIL: libffi.call/cls_9byte2.c -O2 -fomit-frame-pointer execution test
FAIL: libffi.call/cls_align_double.c -O2 -fomit-frame-pointer execution test
FAIL: libffi.call/cls_align_float.c -O2 -fomit-frame-pointer execution test
FAIL: libffi.call/cls_align_longdouble.c -O2 -fomit-frame-pointer execution test
FAIL: libffi.call/cls_align_longdouble_split.c -O2 -fomit-frame-pointer execution test
FAIL: libffi.call/cls_align_longdouble_split2.c -O2 -fomit-frame-pointer execution test
FAIL: libffi.call/cls_align_pointer.c -O2 -fomit-frame-pointer execution test
FAIL: libffi.call/cls_align_sint16.c -O2 -fomit-frame-pointer execution test
FAIL: libffi.call/cls_align_sint32.c -O2 -fomit-frame-pointer execution test
FAIL: libffi.call/cls_align_sint64.c -O2 -fomit-frame-pointer execution test
FAIL: libffi.call/cls_align_uint16.c -O2 -fomit-frame-pointer execution test
FAIL: libffi.call/cls_align_uint32.c -O2 -fomit-frame-pointer execution test
FAIL: libffi.call/cls_align_uint64.c -O2 -fomit-frame-pointer execution test
FAIL: libffi.call/cls_dbls_struct.c -O2 -fomit-frame-pointer execution test
FAIL: libffi.call/cls_double.c -O2 -fomit-frame-pointer execution test
FAIL: libffi.call/cls_double_va.c -O2 -fomit-frame-pointer execution test
FAIL: libffi.call/cls_float.c -O2 -fomit-frame-pointer execution test
FAIL: libffi.call/cls_longdouble.c -O2 -fomit-frame-pointer execution test
FAIL: libffi.call/cls_longdouble_va.c -O2 -fomit-frame-pointer execution test
FAIL: libffi.call/cls_multi_schar.c -O2 -fomit-frame-pointer execution test
FAIL: libffi.call/cls_multi_sshort.c -O2 -fomit-frame-pointer execution test
FAIL: libffi.call/cls_multi_sshortchar.c -O2 -fomit-frame-pointer execution test
FAIL: libffi.call/cls_multi_uchar.c -O2 -fomit-frame-pointer execution test
FAIL: libffi.call/cls_multi_ushort.c -O2 -fomit-frame-pointer execution test
FAIL: libffi.call/cls_multi_ushortchar.c -O2 -fomit-frame-pointer execution test
FAIL: libffi.call/cls_pointer.c -O2 -fomit-frame-pointer execution test
FAIL: libffi.call/cls_pointer_stack.c -O2 -fomit-frame-pointer execution test
FAIL: libffi.call/cls_schar.c -O2 -fomit-frame-pointer execution test
FAIL: libffi.call/cls_sint.c -O2 -fomit-frame-pointer execution test
FAIL: libffi.call/cls_sshort.c -O2 -fomit-frame-pointer execution test
FAIL: libffi.call/cls_uchar.c -O2 -fomit-frame-pointer execution test
FAIL: libffi.call/cls_uint.c -O2 -fomit-frame-pointer execution test
FAIL: libffi.call/cls_ulonglong.c -O2 -fomit-frame-pointer execution test
FAIL: libffi.call/cls_ushort.c -O2 -fomit-frame-pointer execution test
FAIL: libffi.call/nested_struct.c -O2 -fomit-frame-pointer execution test
FAIL: libffi.call/nested_struct1.c -O2 -fomit-frame-pointer execution test
FAIL: libffi.call/nested_struct10.c -O2 -fomit-frame-pointer execution test
FAIL: libffi.call/nested_struct2.c -O2 -fomit-frame-pointer execution test
FAIL: libffi.call/nested_struct3.c -O2 -fomit-frame-pointer execution test
FAIL: libffi.call/nested_struct4.c -O2 -fomit-frame-pointer execution test
FAIL: libffi.call/nested_struct5.c -O2 -fomit-frame-pointer execution test
FAIL: libffi.call/nested_struct6.c -O2 -fomit-frame-pointer execution test
FAIL: libffi.call/nested_struct7.c -O2 -fomit-frame-pointer execution test
FAIL: libffi.call/nested_struct8.c -O2 -fomit-frame-pointer execution test
FAIL: libffi.call/nested_struct9.c -O2 -fomit-frame-pointer execution test
FAIL: libffi.call/problem1.c -O2 -fomit-frame-pointer execution test
FAIL: libffi.call/stret_large.c -O2 -fomit-frame-pointer execution test
FAIL: libffi.call/stret_large2.c -O2 -fomit-frame-pointer execution test
FAIL: libffi.call/stret_medium.c -O2 -fomit-frame-pointer execution test
FAIL: libffi.call/stret_medium2.c -O2 -fomit-frame-pointer execution test
FAIL: libffi.special/unwindtest.cc -shared-libgcc -lstdc++ execution test
FAIL: libffi.special/unwindtest_ffi_call.cc -shared-libgcc -lstdc++ execution test
FAIL: libffi.special/unwindtest.cc -shared-libgcc -lstdc++ execution test
FAIL: libffi.special/unwindtest_ffi_call.cc -shared-libgcc -lstdc++ execution test
FAIL: libffi.special/unwindtest.cc -shared-libgcc -lstdc++ execution test
FAIL: libffi.special/unwindtest_ffi_call.cc -shared-libgcc -lstdc++ execution test
FAIL: libffi.special/unwindtest.cc -shared-libgcc -lstdc++ execution test
FAIL: libffi.special/unwindtest_ffi_call.cc -shared-libgcc -lstdc++ execution test
=== libffi Summary for unix/-m64 ===
# of expected passes 768
# of unexpected failures 413
# of expected failures 10
# of unsupported tests 15
=== libffi Summary ===
# of expected passes 2362
# of unexpected failures 413
# of unexpected successes 5
# of expected failures 15
# of unsupported tests 30
=== libgomp tests ===
Running target unix
=== libgomp Summary for unix ===
# of expected passes 2660
# of unsupported tests 2
Running target unix/-m64
FAIL: libgomp.c/atomic-2.c (test for excess errors)
WARNING: libgomp.c/atomic-2.c compilation failed to produce executable
FAIL: libgomp.c/atomic-5.c (test for excess errors)
WARNING: libgomp.c/atomic-5.c compilation failed to produce executable
FAIL: libgomp.c/copyin-3.c execution test
FAIL: libgomp.c/nqueens-1.c execution test
FAIL: libgomp.c/pr24455.c execution test
FAIL: libgomp.c++/ctor-10.C -O0 execution test
FAIL: libgomp.c++/ctor-10.C -O1 execution test
FAIL: libgomp.c++/ctor-10.C -O2 execution test
FAIL: libgomp.c++/ctor-10.C -O3 -fomit-frame-pointer execution test
FAIL: libgomp.c++/ctor-10.C -O3 -fomit-frame-pointer -funroll-loops execution test
FAIL: libgomp.c++/ctor-10.C -O3 -fomit-frame-pointer -funroll-all-loops -finline-functions execution test
FAIL: libgomp.c++/ctor-10.C -O3 -g execution test
FAIL: libgomp.c++/ctor-10.C -Os execution test
FAIL: libgomp.c++/ctor-10.C execution test
FAIL: libgomp.c++/pr24455.C -O0 execution test
FAIL: libgomp.c++/pr24455.C -O1 execution test
FAIL: libgomp.c++/pr24455.C -O2 execution test
FAIL: libgomp.c++/pr24455.C -O3 -fomit-frame-pointer execution test
FAIL: libgomp.c++/pr24455.C -O3 -fomit-frame-pointer -funroll-loops execution test
FAIL: libgomp.c++/pr24455.C -O3 -fomit-frame-pointer -funroll-all-loops -finline-functions execution test
FAIL: libgomp.c++/pr24455.C -O3 -g execution test
FAIL: libgomp.c++/pr24455.C -Os execution test
FAIL: libgomp.c++/pr24455.C execution test
FAIL: libgomp.fortran/appendix-a/a.22.8.f90 -O0 execution test
FAIL: libgomp.fortran/appendix-a/a.22.8.f90 -O1 execution test
FAIL: libgomp.fortran/appendix-a/a.22.8.f90 -O2 execution test
FAIL: libgomp.fortran/appendix-a/a.22.8.f90 -O3 -fomit-frame-pointer execution test
FAIL: libgomp.fortran/appendix-a/a.22.8.f90 -O3 -fomit-frame-pointer -funroll-loops execution test
FAIL: libgomp.fortran/appendix-a/a.22.8.f90 -O3 -fomit-frame-pointer -funroll-all-loops -finline-functions execution test
FAIL: libgomp.fortran/appendix-a/a.22.8.f90 -O3 -g execution test
FAIL: libgomp.fortran/appendix-a/a.22.8.f90 -Os execution test
FAIL: libgomp.fortran/appendix-a/a.22.8.f90 execution test
FAIL: libgomp.fortran/threadprivate1.f90 -O0 execution test
FAIL: libgomp.fortran/threadprivate1.f90 -O1 execution test
FAIL: libgomp.fortran/threadprivate1.f90 -O2 execution test
FAIL: libgomp.fortran/threadprivate1.f90 -O3 -fomit-frame-pointer execution test
FAIL: libgomp.fortran/threadprivate1.f90 -O3 -fomit-frame-pointer -funroll-loops execution test
FAIL: libgomp.fortran/threadprivate1.f90 -O3 -fomit-frame-pointer -funroll-all-loops -finline-functions execution test
FAIL: libgomp.fortran/threadprivate1.f90 -O3 -g execution test
FAIL: libgomp.fortran/threadprivate1.f90 -Os execution test
FAIL: libgomp.fortran/threadprivate1.f90 execution test
FAIL: libgomp.fortran/threadprivate2.f90 -O0 execution test
FAIL: libgomp.fortran/threadprivate2.f90 -O1 execution test
FAIL: libgomp.fortran/threadprivate2.f90 -O2 execution test
FAIL: libgomp.fortran/threadprivate2.f90 -O3 -fomit-frame-pointer execution test
FAIL: libgomp.fortran/threadprivate2.f90 -O3 -fomit-frame-pointer -funroll-loops execution test
FAIL: libgomp.fortran/threadprivate2.f90 -O3 -fomit-frame-pointer -funroll-all-loops -finline-functions execution test
FAIL: libgomp.fortran/threadprivate2.f90 -O3 -g execution test
FAIL: libgomp.fortran/threadprivate2.f90 -Os execution test
FAIL: libgomp.fortran/threadprivate2.f90 execution test
=== libgomp Summary for unix/-m64 ===
# of expected passes 2608
# of unexpected failures 50
# of unsupported tests 2
=== libgomp Summary ===
# of expected passes 5268
# of unexpected failures 50
# of unsupported tests 4
=== libjava tests ===
Running target unix
FAIL: Throw_2 output - source compiled test
FAIL: Throw_2 -findirect-dispatch output - source compiled test
FAIL: Throw_2 -O3 output - source compiled test
FAIL: Throw_2 -O3 -findirect-dispatch output - source compiled test
=== libjava Summary for unix ===
# of expected passes 2570
# of unexpected failures 4
Running target unix/-m64
FAIL: /vol/gcc/src/gcc-lto/libjava/testsuite/libjava.jar/TestClosureGC.jar execution - gij test
FAIL: /vol/gcc/src/gcc-lto/libjava/testsuite/libjava.jar/simple.jar execution - gij test
FAIL: PR15133 execution - gij test
FAIL: PR18116 execution - gij test
FAIL: PR28178 execution - gij test
FAIL: bytebuffer execution - gij test
FAIL: calls execution - gij test
FAIL: cxxtest execution - gij test
FAIL: directbuffer execution - gij test
FAIL: field execution - gij test
FAIL: final_method execution - gij test
FAIL: findclass execution - gij test
FAIL: findclass2 execution - gij test
FAIL: iface execution - gij test
FAIL: init execution - gij test
FAIL: invoke execution - gij test
FAIL: jniutf execution - gij test
FAIL: martin execution - gij test
FAIL: noclass execution - gij test
FAIL: overload execution - gij test
FAIL: pr11951 run
FAIL: pr18278 execution - gij test
FAIL: pr23739 execution - gij test
FAIL: register execution - gij test
FAIL: register2 execution - gij test
FAIL: simple_int execution - gij test
FAIL: throwit execution - gij test
FAIL: virtual execution - gij test
FAIL: PR16923 run
FAIL: pr29812 execution - gij test
FAIL: getargssize run
FAIL: getlocalvartable run
FAIL: getstacktrace run
FAIL: ExtraClassLoader execution - source compiled test
FAIL: ExtraClassLoader -findirect-dispatch execution - source compiled test
FAIL: ExtraClassLoader -O3 execution - source compiled test
FAIL: ExtraClassLoader -O3 -findirect-dispatch execution - source compiled test
FAIL: ProxyTest execution - source compiled test
FAIL: ProxyTest -findirect-dispatch execution - source compiled test
FAIL: ProxyTest -O3 execution - source compiled test
FAIL: ProxyTest -O3 -findirect-dispatch execution - source compiled test
FAIL: TestProxy execution - source compiled test
FAIL: TestProxy -findirect-dispatch execution - source compiled test
FAIL: TestProxy -O3 execution - source compiled test
FAIL: TestProxy -O3 -findirect-dispatch execution - source compiled test
FAIL: Throw_2 execution - source compiled test
FAIL: Throw_2 -findirect-dispatch execution - source compiled test
FAIL: Throw_2 -O3 execution - source compiled test
FAIL: Throw_2 -O3 -findirect-dispatch execution - source compiled test
FAIL: invokethrow execution - source compiled test
FAIL: invokethrow -findirect-dispatch execution - source compiled test
FAIL: invokethrow -O3 execution - source compiled test
FAIL: invokethrow -O3 -findirect-dispatch execution - source compiled test
FAIL: /vol/gcc/obj/gcc-lto-20090928/10-gcc/i386-pc-solaris2.10/libjava/testsuite/TestEarlyGC.exe execution - /vol/gcc/obj/gcc-lto-20090928/10-gcc/i386-pc-solaris2.10/libjava/testsuite/TestEarlyGC.exe
=== libjava Summary for unix/-m64 ===
# of expected passes 2469
# of unexpected failures 54
# of untested testcases 54
=== libjava Summary ===
# of expected passes 5039
# of unexpected failures 58
# of untested testcases 54
=== libstdc++ tests ===
Running target unix
FAIL: 20_util/shared_ptr/cons/alloc.cc (test for excess errors)
FAIL: 20_util/shared_ptr/creation/alloc.cc (test for excess errors)
FAIL: 20_util/shared_ptr/modifiers/reset_alloc.cc (test for excess errors)
FAIL: 21_strings/basic_string/inserters_extractors/char/4.cc (test for excess errors)
FAIL: 21_strings/basic_string/inserters_extractors/char/5.cc (test for excess errors)
FAIL: 21_strings/basic_string/inserters_extractors/char/6.cc (test for excess errors)
FAIL: 21_strings/basic_string/inserters_extractors/wchar_t/4.cc (test for excess errors)
FAIL: 21_strings/basic_string/inserters_extractors/wchar_t/5.cc (test for excess errors)
FAIL: 21_strings/basic_string/inserters_extractors/wchar_t/6.cc (test for excess errors)
FAIL: 22_locale/locale/cons/unicode.cc (test for excess errors)
FAIL: 23_containers/deque/check_construct_destroy.cc (test for excess errors)
FAIL: 23_containers/deque/cons/2.cc (test for excess errors)
FAIL: 23_containers/deque/init-list.cc (test for excess errors)
FAIL: 23_containers/list/check_construct_destroy.cc (test for excess errors)
FAIL: 23_containers/list/init-list.cc (test for excess errors)
FAIL: 23_containers/set/check_construct_destroy.cc (test for excess errors)
FAIL: 23_containers/vector/capacity/2.cc (test for excess errors)
FAIL: 23_containers/vector/check_construct_destroy.cc (test for excess errors)
FAIL: 23_containers/vector/cons/4.cc (test for excess errors)
FAIL: 23_containers/vector/init-list.cc (test for excess errors)
FAIL: 26_numerics/headers/cmath/fabs_inline.cc (test for excess errors)
FAIL: 26_numerics/valarray/binary_closure.cc (test for excess errors)
FAIL: 27_io/basic_filebuf/close/char/4879.cc (test for excess errors)
FAIL: 27_io/basic_filebuf/overflow/char/1.cc (test for excess errors)
FAIL: 27_io/basic_filebuf/overflow/char/3599.cc (test for excess errors)
FAIL: 27_io/basic_istream/extractors_arithmetic/char/09.cc (test for excess errors)
FAIL: 27_io/basic_istream/extractors_arithmetic/wchar_t/09.cc (test for excess errors)
FAIL: 27_io/basic_istream/ws/char/1.cc (test for excess errors)
FAIL: 27_io/basic_istream/ws/wchar_t/1.cc (test for excess errors)
FAIL: 27_io/basic_ostream/endl/char/1.cc (test for excess errors)
FAIL: 27_io/basic_ostream/endl/wchar_t/1.cc (test for excess errors)
FAIL: 27_io/basic_ostream/ends/char/1.cc (test for excess errors)
FAIL: 27_io/basic_ostream/ends/char/2.cc (test for excess errors)
FAIL: 27_io/basic_ostream/ends/wchar_t/1.cc (test for excess errors)
FAIL: 27_io/basic_ostream/ends/wchar_t/2.cc (test for excess errors)
FAIL: 27_io/basic_ostream/inserters_character/char/4.cc (test for excess errors)
FAIL: 27_io/basic_ostream/inserters_character/wchar_t/4.cc (test for excess errors)
FAIL: 27_io/basic_ostream/inserters_other/char/3.cc (test for excess errors)
FAIL: 27_io/basic_ostream/inserters_other/char/error_code.cc (test for excess errors)
FAIL: 27_io/basic_ostream/inserters_other/wchar_t/3.cc (test for excess errors)
FAIL: 27_io/basic_ostream/inserters_other/wchar_t/error_code.cc (test for excess errors)
FAIL: 27_io/basic_streambuf/overflow/char/2.cc (test for excess errors)
FAIL: 27_io/basic_streambuf/overflow/char/3599.cc (test for excess errors)
FAIL: 27_io/basic_streambuf/overflow/wchar_t/2.cc (test for excess errors)
FAIL: 27_io/basic_streambuf/overflow/wchar_t/3599.cc (test for excess errors)
FAIL: 27_io/basic_stringbuf/overflow/char/2.cc (test for excess errors)
FAIL: 27_io/basic_stringbuf/overflow/char/3599.cc (test for excess errors)
FAIL: 27_io/basic_stringbuf/overflow/wchar_t/2.cc (test for excess errors)
FAIL: 27_io/basic_stringbuf/overflow/wchar_t/3599.cc (test for excess errors)
FAIL: 27_io/basic_stringstream/str/char/3.cc (test for excess errors)
FAIL: 27_io/basic_stringstream/str/wchar_t/3.cc (test for excess errors)
FAIL: 27_io/manipulators/adjustfield/char/1.cc (test for excess errors)
FAIL: 27_io/manipulators/adjustfield/wchar_t/1.cc (test for excess errors)
FAIL: 27_io/manipulators/basefield/char/1.cc (test for excess errors)
FAIL: 27_io/manipulators/basefield/wchar_t/1.cc (test for excess errors)
FAIL: 27_io/manipulators/standard/char/2.cc (test for excess errors)
FAIL: 27_io/manipulators/standard/wchar_t/2.cc (test for excess errors)
FAIL: 27_io/objects/char/1.cc (test for excess errors)
FAIL: 27_io/objects/char/2.cc (test for excess errors)
FAIL: 27_io/objects/char/3647.cc (test for excess errors)
FAIL: 27_io/objects/char/5.cc (test for excess errors)
FAIL: 27_io/objects/wchar_t/1.cc (test for excess errors)
FAIL: 27_io/objects/wchar_t/2.cc (test for excess errors)
FAIL: 27_io/objects/wchar_t/3647.cc (test for excess errors)
FAIL: 27_io/objects/wchar_t/5.cc (test for excess errors)
FAIL: 30_threads/call_once/39909.cc (test for excess errors)
FAIL: 30_threads/call_once/call_once1.cc (test for excess errors)
FAIL: backward/hash_map/14648.cc (test for excess errors)
FAIL: backward/hash_set/check_construct_destroy.cc (test for excess errors)
FAIL: backward/strstream_members.cc (test for excess errors)
FAIL: ext/array_allocator/2.cc (test for excess errors)
FAIL: ext/codecvt/1.cc (test for excess errors)
FAIL: ext/codecvt/char-1.cc (test for excess errors)
FAIL: ext/codecvt/char-2.cc (test for excess errors)
FAIL: ext/codecvt/wchar_t.cc (test for excess errors)
FAIL: ext/enc_filebuf/char/13189.cc (test for excess errors)
FAIL: ext/enc_filebuf/char/13598.cc (test for excess errors)
FAIL: ext/enc_filebuf/char/13598.cc execution test
FAIL: ext/enc_filebuf/wchar_t/13189.cc (test for excess errors)
FAIL: ext/new_allocator/deallocate_global.cc execution test
FAIL: ext/pb_ds/example/assoc_container_traits.cc (test for excess errors)
FAIL: ext/pb_ds/example/basic_map.cc (test for excess errors)
FAIL: ext/pb_ds/example/basic_priority_queue.cc (test for excess errors)
FAIL: ext/pb_ds/example/basic_set.cc (test for excess errors)
FAIL: ext/pb_ds/example/priority_queue_container_traits.cc (test for excess errors)
FAIL: ext/pb_ds/example/priority_queue_dijkstra.cc (test for excess errors)
FAIL: ext/pb_ds/example/priority_queue_split_join.cc (test for excess errors)
FAIL: ext/pb_ds/example/priority_queue_xref.cc (test for excess errors)
FAIL: ext/pb_ds/example/trie_prefix_search.cc (test for excess errors)
FAIL: ext/pb_ds/regression/associative_containers.cc (test for excess errors)
FAIL: ext/pb_ds/regression/hash_data_map_rand.cc (test for excess errors)
FAIL: ext/pb_ds/regression/hash_no_data_map_rand.cc (test for excess errors)
FAIL: ext/pb_ds/regression/list_update_data_map_rand.cc (test for excess errors)
FAIL: ext/pb_ds/regression/list_update_no_data_map_rand.cc (test for excess errors)
FAIL: ext/pb_ds/regression/priority_queue_rand.cc (test for excess errors)
FAIL: ext/pb_ds/regression/priority_queues.cc (test for excess errors)
FAIL: ext/pb_ds/regression/tree_data_map_rand.cc (test for excess errors)
FAIL: ext/pb_ds/regression/tree_no_data_map_rand.cc (test for excess errors)
FAIL: ext/pb_ds/regression/trie_data_map_rand.cc (test for excess errors)
FAIL: ext/pb_ds/regression/trie_no_data_map_rand.cc (test for excess errors)
FAIL: ext/rope/1.cc (test for excess errors)
FAIL: ext/slist/check_construct_destroy.cc (test for excess errors)
FAIL: ext/throw_allocator/deallocate_global.cc execution test
=== libstdc++ Summary for unix ===
# of expected passes 5988
# of unexpected failures 103
# of expected failures 88
# of unsupported tests 472
Running target unix/-m64
FAIL: 20_util/shared_ptr/cons/alloc.cc (test for excess errors)
FAIL: 20_util/shared_ptr/creation/alloc.cc (test for excess errors)
FAIL: 20_util/shared_ptr/modifiers/reset_alloc.cc (test for excess errors)
FAIL: 21_strings/basic_string/inserters_extractors/char/4.cc (test for excess errors)
FAIL: 21_strings/basic_string/inserters_extractors/char/5.cc (test for excess errors)
FAIL: 21_strings/basic_string/inserters_extractors/char/6.cc (test for excess errors)
FAIL: 21_strings/basic_string/inserters_extractors/wchar_t/4.cc (test for excess errors)
FAIL: 21_strings/basic_string/inserters_extractors/wchar_t/5.cc (test for excess errors)
FAIL: 21_strings/basic_string/inserters_extractors/wchar_t/6.cc (test for excess errors)
FAIL: 22_locale/locale/cons/unicode.cc (test for excess errors)
XPASS: 22_locale/num_put/put/char/14220.cc execution test
XPASS: 22_locale/num_put/put/wchar_t/14220.cc execution test
FAIL: 23_containers/deque/check_construct_destroy.cc (test for excess errors)
FAIL: 23_containers/deque/cons/2.cc (test for excess errors)
FAIL: 23_containers/deque/init-list.cc (test for excess errors)
FAIL: 23_containers/list/check_construct_destroy.cc (test for excess errors)
FAIL: 23_containers/list/init-list.cc (test for excess errors)
FAIL: 23_containers/set/check_construct_destroy.cc (test for excess errors)
FAIL: 23_containers/vector/capacity/2.cc (test for excess errors)
FAIL: 23_containers/vector/check_construct_destroy.cc (test for excess errors)
FAIL: 23_containers/vector/cons/4.cc (test for excess errors)
FAIL: 23_containers/vector/init-list.cc (test for excess errors)
FAIL: 26_numerics/headers/cmath/fabs_inline.cc (test for excess errors)
FAIL: 26_numerics/valarray/binary_closure.cc (test for excess errors)
FAIL: 27_io/basic_filebuf/close/char/4879.cc (test for excess errors)
FAIL: 27_io/basic_filebuf/overflow/char/1.cc (test for excess errors)
FAIL: 27_io/basic_filebuf/overflow/char/3599.cc (test for excess errors)
FAIL: 27_io/basic_istream/extractors_arithmetic/char/09.cc (test for excess errors)
FAIL: 27_io/basic_istream/extractors_arithmetic/wchar_t/09.cc (test for excess errors)
FAIL: 27_io/basic_istream/ws/char/1.cc (test for excess errors)
FAIL: 27_io/basic_istream/ws/wchar_t/1.cc (test for excess errors)
FAIL: 27_io/basic_ostream/endl/char/1.cc (test for excess errors)
FAIL: 27_io/basic_ostream/endl/wchar_t/1.cc (test for excess errors)
FAIL: 27_io/basic_ostream/ends/char/1.cc (test for excess errors)
FAIL: 27_io/basic_ostream/ends/char/2.cc (test for excess errors)
FAIL: 27_io/basic_ostream/ends/wchar_t/1.cc (test for excess errors)
FAIL: 27_io/basic_ostream/ends/wchar_t/2.cc (test for excess errors)
FAIL: 27_io/basic_ostream/inserters_character/char/4.cc (test for excess errors)
FAIL: 27_io/basic_ostream/inserters_character/wchar_t/4.cc (test for excess errors)
FAIL: 27_io/basic_ostream/inserters_other/char/3.cc (test for excess errors)
FAIL: 27_io/basic_ostream/inserters_other/char/error_code.cc (test for excess errors)
FAIL: 27_io/basic_ostream/inserters_other/wchar_t/3.cc (test for excess errors)
FAIL: 27_io/basic_ostream/inserters_other/wchar_t/error_code.cc (test for excess errors)
FAIL: 27_io/basic_streambuf/overflow/char/2.cc (test for excess errors)
FAIL: 27_io/basic_streambuf/overflow/char/3599.cc (test for excess errors)
FAIL: 27_io/basic_streambuf/overflow/wchar_t/2.cc (test for excess errors)
FAIL: 27_io/basic_streambuf/overflow/wchar_t/3599.cc (test for excess errors)
FAIL: 27_io/basic_stringbuf/overflow/char/2.cc (test for excess errors)
FAIL: 27_io/basic_stringbuf/overflow/char/3599.cc (test for excess errors)
FAIL: 27_io/basic_stringbuf/overflow/wchar_t/2.cc (test for excess errors)
FAIL: 27_io/basic_stringbuf/overflow/wchar_t/3599.cc (test for excess errors)
FAIL: 27_io/basic_stringstream/str/char/3.cc (test for excess errors)
FAIL: 27_io/basic_stringstream/str/wchar_t/3.cc (test for excess errors)
FAIL: 27_io/manipulators/adjustfield/char/1.cc (test for excess errors)
FAIL: 27_io/manipulators/adjustfield/wchar_t/1.cc (test for excess errors)
FAIL: 27_io/manipulators/basefield/char/1.cc (test for excess errors)
FAIL: 27_io/manipulators/basefield/wchar_t/1.cc (test for excess errors)
FAIL: 27_io/manipulators/standard/char/2.cc (test for excess errors)
FAIL: 27_io/manipulators/standard/wchar_t/2.cc (test for excess errors)
FAIL: 27_io/objects/char/1.cc (test for excess errors)
FAIL: 27_io/objects/char/2.cc (test for excess errors)
FAIL: 27_io/objects/char/3647.cc (test for excess errors)
FAIL: 27_io/objects/char/5.cc (test for excess errors)
FAIL: 27_io/objects/wchar_t/1.cc (test for excess errors)
FAIL: 27_io/objects/wchar_t/2.cc (test for excess errors)
FAIL: 27_io/objects/wchar_t/3647.cc (test for excess errors)
FAIL: 27_io/objects/wchar_t/5.cc (test for excess errors)
FAIL: 30_threads/call_once/39909.cc (test for excess errors)
FAIL: 30_threads/call_once/call_once1.cc (test for excess errors)
FAIL: backward/hash_map/14648.cc (test for excess errors)
FAIL: backward/hash_set/check_construct_destroy.cc (test for excess errors)
FAIL: backward/strstream_members.cc (test for excess errors)
FAIL: ext/array_allocator/2.cc (test for excess errors)
FAIL: ext/codecvt/1.cc (test for excess errors)
FAIL: ext/codecvt/char-1.cc (test for excess errors)
FAIL: ext/codecvt/char-2.cc (test for excess errors)
FAIL: ext/codecvt/wchar_t.cc (test for excess errors)
FAIL: ext/enc_filebuf/char/13189.cc (test for excess errors)
FAIL: ext/enc_filebuf/char/13598.cc (test for excess errors)
FAIL: ext/enc_filebuf/char/13598.cc execution test
FAIL: ext/enc_filebuf/wchar_t/13189.cc (test for excess errors)
FAIL: ext/new_allocator/deallocate_global.cc execution test
FAIL: ext/pb_ds/example/assoc_container_traits.cc (test for excess errors)
FAIL: ext/pb_ds/example/basic_map.cc (test for excess errors)
FAIL: ext/pb_ds/example/basic_priority_queue.cc (test for excess errors)
FAIL: ext/pb_ds/example/basic_set.cc (test for excess errors)
FAIL: ext/pb_ds/example/priority_queue_container_traits.cc (test for excess errors)
FAIL: ext/pb_ds/example/priority_queue_dijkstra.cc (test for excess errors)
FAIL: ext/pb_ds/example/priority_queue_split_join.cc (test for excess errors)
FAIL: ext/pb_ds/example/priority_queue_xref.cc (test for excess errors)
FAIL: ext/pb_ds/example/trie_prefix_search.cc (test for excess errors)
FAIL: ext/pb_ds/regression/associative_containers.cc (test for excess errors)
FAIL: ext/pb_ds/regression/hash_data_map_rand.cc (test for excess errors)
FAIL: ext/pb_ds/regression/hash_no_data_map_rand.cc (test for excess errors)
FAIL: ext/pb_ds/regression/list_update_data_map_rand.cc (test for excess errors)
FAIL: ext/pb_ds/regression/list_update_no_data_map_rand.cc (test for excess errors)
FAIL: ext/pb_ds/regression/priority_queue_rand.cc (test for excess errors)
FAIL: ext/pb_ds/regression/priority_queues.cc (test for excess errors)
FAIL: ext/pb_ds/regression/tree_data_map_rand.cc (test for excess errors)
FAIL: ext/pb_ds/regression/tree_no_data_map_rand.cc (test for excess errors)
FAIL: ext/pb_ds/regression/trie_data_map_rand.cc (test for excess errors)
FAIL: ext/pb_ds/regression/trie_no_data_map_rand.cc (test for excess errors)
FAIL: ext/rope/1.cc (test for excess errors)
FAIL: ext/slist/check_construct_destroy.cc (test for excess errors)
FAIL: ext/throw_allocator/deallocate_global.cc execution test
=== libstdc++ Summary for unix/-m64 ===
# of expected passes 6133
# of unexpected failures 103
# of unexpected successes 2
# of expected failures 88
# of unsupported tests 402
=== libstdc++ Summary ===
# of expected passes 12121
# of unexpected failures 206
# of unexpected successes 2
# of expected failures 176
# of unsupported tests 874
Compiler version: 4.5.0 20090928 (experimental) [lto revision 152243] (lto merged with rev 152236)
Platform: i386-pc-solaris2.10
configure flags: CC='/vol/gcc/obj/gcc-4.5.0-20090922/10-gcc/gcc/xgcc -B/vol/gcc/obj/gcc-4.5.0-20090922/10-gcc/gcc/' --prefix=/vol/gcc --with-local-prefix=/vol/gcc --disable-nls --with-gmp=/vol/gcc --with-mpfr=/vol/gcc --enable-lto --with-libelf=/vol/gcc --with-gnu-as --with-as=/usr/sfw/bin/gas
BOOT_CFLAGS=-g -O2