This is the mail archive of the
gcc-testresults@gcc.gnu.org
mailing list for the GCC project.
Results for 4.5.0 20091001 (experimental) (GCC) testsuite on s390-ibm-linux-gnu
- From: Andreas Krebbel <Andreas dot Krebbel at de dot ibm dot com>
- To: gcc-testresults at gcc dot gnu dot org
- Date: Thu, 1 Oct 2009 12:27:44 +0200
- Subject: Results for 4.5.0 20091001 (experimental) (GCC) testsuite on s390-ibm-linux-gnu
LAST_UPDATED: Thu Oct 1 07:21:31 UTC 2009 (revision 152362M)
Native configuration is s390-ibm-linux-gnu
=== g++ tests ===
Running target unix
FAIL: g++.dg/lookup/friend12.C (internal compiler error)
FAIL: g++.dg/lookup/friend12.C (test for errors, line 9)
FAIL: g++.dg/lookup/friend12.C (test for excess errors)
FAIL: g++.dg/parse/dtor6.C (internal compiler error)
FAIL: g++.dg/parse/dtor6.C (test for excess errors)
FAIL: g++.dg/parse/local-class1.C (internal compiler error)
FAIL: g++.dg/parse/local-class1.C (test for excess errors)
FAIL: g++.dg/template/friend17.C (internal compiler error)
FAIL: g++.dg/template/friend17.C (test for excess errors)
FAIL: g++.dg/template/memfriend2.C (internal compiler error)
FAIL: g++.dg/template/memfriend2.C (test for excess errors)
FAIL: g++.dg/template/memfriend4.C (internal compiler error)
FAIL: g++.dg/template/memfriend4.C (test for excess errors)
FAIL: g++.dg/template/memfriend5.C (internal compiler error)
FAIL: g++.dg/template/memfriend5.C (test for excess errors)
FAIL: g++.dg/template/memfriend6.C (internal compiler error)
FAIL: g++.dg/template/memfriend6.C (test for errors, line 11)
FAIL: g++.dg/template/memfriend6.C (test for errors, line 12)
FAIL: g++.dg/template/memfriend6.C (test for errors, line 13)
FAIL: g++.dg/template/memfriend6.C (test for errors, line 20)
FAIL: g++.dg/template/memfriend6.C (test for errors, line 21)
FAIL: g++.dg/template/memfriend6.C (test for errors, line 22)
FAIL: g++.dg/template/memfriend6.C (test for excess errors)
FAIL: g++.dg/template/memfriend7.C (internal compiler error)
FAIL: g++.dg/template/memfriend7.C (test for errors, line 18)
FAIL: g++.dg/template/memfriend7.C (test for errors, line 39)
FAIL: g++.dg/template/memfriend7.C (test for errors, line 45)
FAIL: g++.dg/template/memfriend7.C (test for errors, line 51)
FAIL: g++.dg/template/memfriend7.C (test for errors, line 57)
FAIL: g++.dg/template/memfriend7.C (test for errors, line 63)
FAIL: g++.dg/template/memfriend7.C (test for errors, line 77)
FAIL: g++.dg/template/memfriend7.C (test for errors, line 83)
FAIL: g++.dg/template/memfriend7.C (test for errors, line 89)
FAIL: g++.dg/template/memfriend7.C (test for errors, line 95)
FAIL: g++.dg/template/memfriend7.C (test for errors, line 101)
FAIL: g++.dg/template/memfriend7.C (test for errors, line 107)
FAIL: g++.dg/template/memfriend7.C (test for errors, line 113)
FAIL: g++.dg/template/memfriend7.C (test for warnings, line 119)
FAIL: g++.dg/template/memfriend7.C (test for warnings, line 120)
FAIL: g++.dg/template/memfriend7.C (test for warnings, line 121)
FAIL: g++.dg/template/memfriend7.C (test for warnings, line 122)
FAIL: g++.dg/template/memfriend7.C (test for warnings, line 123)
FAIL: g++.dg/template/memfriend7.C (test for warnings, line 124)
FAIL: g++.dg/template/memfriend7.C (test for warnings, line 127)
FAIL: g++.dg/template/memfriend7.C (test for warnings, line 131)
FAIL: g++.dg/template/memfriend7.C (test for excess errors)
FAIL: g++.dg/template/new6.C (internal compiler error)
FAIL: g++.dg/template/new6.C (test for excess errors)
UNRESOLVED: selfassign.c compilation, -I. -I/build-extralong/BUILD/gcc/gcc/testsuite -I/build-extralong/BUILD/gcc/gcc/testsuite/../../gcc -I/build-extralong/BUILD/gcc/obj-s390-redhat-linux/gcc/testsuite/g++/../../../gcc -I/build-extralong/BUILD/gcc/gcc/testsuite/../../include -I/build-extralong/BUILD/gcc/gcc/testsuite/../../libcpp/include -O -DIN_GCC -fPIC -shared
UNRESOLVED: dumb_plugin.c compilation, -I. -I/build-extralong/BUILD/gcc/gcc/testsuite -I/build-extralong/BUILD/gcc/gcc/testsuite/../../gcc -I/build-extralong/BUILD/gcc/obj-s390-redhat-linux/gcc/testsuite/g++/../../../gcc -I/build-extralong/BUILD/gcc/gcc/testsuite/../../include -I/build-extralong/BUILD/gcc/gcc/testsuite/../../libcpp/include -DIN_GCC -fPIC -shared
FAIL: g++.old-deja/g++.brendan/crash18.C (internal compiler error)
FAIL: g++.old-deja/g++.brendan/crash18.C (test for errors, line 11)
FAIL: g++.old-deja/g++.brendan/crash18.C (test for errors, line 17)
FAIL: g++.old-deja/g++.brendan/crash18.C (test for excess errors)
FAIL: g++.old-deja/g++.jason/scoping12.C (internal compiler error)
FAIL: g++.old-deja/g++.jason/scoping12.C (test for errors, line 9)
FAIL: g++.old-deja/g++.jason/scoping12.C (test for excess errors)
WARNING: program timed out.
FAIL: g++.old-deja/g++.other/friend6.C (internal compiler error)
FAIL: g++.old-deja/g++.other/friend6.C (test for excess errors)
FAIL: g++.old-deja/g++.pt/friend11.C (internal compiler error)
FAIL: g++.old-deja/g++.pt/friend11.C (test for errors, line 12)
FAIL: g++.old-deja/g++.pt/friend11.C (test for errors, line 24)
FAIL: g++.old-deja/g++.pt/friend11.C (test for excess errors)
FAIL: g++.old-deja/g++.pt/friend12.C (internal compiler error)
FAIL: g++.old-deja/g++.pt/friend12.C (test for excess errors)
WARNING: g++.old-deja/g++.pt/friend12.C compilation failed to produce executable
FAIL: g++.old-deja/g++.pt/friend13.C (internal compiler error)
FAIL: g++.old-deja/g++.pt/friend13.C (test for excess errors)
WARNING: g++.old-deja/g++.pt/friend13.C compilation failed to produce executable
=== g++ Summary ===
# of expected passes 20309
# of unexpected failures 65
# of expected failures 152
# of unresolved testcases 2
# of unsupported tests 168
/build-extralong/BUILD/gcc/obj-s390-redhat-linux/gcc/testsuite/g++/../../g++ version 4.5.0 20091001 (experimental) (GCC)
=== gcc tests ===
Running target unix
XPASS: gcc.dg/Warray-bounds.c (test for warnings, line 59)
XPASS: gcc.dg/Warray-bounds.c (test for warnings, line 65)
XPASS: gcc.dg/Wunreachable-8.c (test for bogus messages, line 7)
FAIL: gcc.dg/c99-stdint-1.c (test for excess errors)
FAIL: gcc.dg/falign-labels-1.c execution test
FAIL: gcc.dg/optimize-bswapsi-1.c scan-tree-dump-times bswap "32 bit bswap implementation found at" 3
FAIL: gcc.dg/pr34668-1.c (internal compiler error)
FAIL: gcc.dg/pr34668-1.c (test for excess errors)
FAIL: gcc.dg/uninit-13.c unconditional (test for warnings, line 8)
FAIL: gcc.dg/uninit-13.c (test for excess errors)
XPASS: gcc.dg/guality/example.c -O0 execution test
XPASS: gcc.dg/guality/guality.c -O0 execution test
XPASS: gcc.dg/guality/pr41353-1.c -O0 line 28 j == 28 + 37
FAIL: gcc.dg/guality/pr41353-1.c -O1 line 39 i == 12
FAIL: gcc.dg/guality/pr41353-1.c -O1 line 39 i1 == 2 * 12
FAIL: gcc.dg/guality/pr41353-1.c -O1 line 39 i2 == 2 * 12
FAIL: gcc.dg/guality/pr41353-1.c -O1 line 39 i3 == 3 * 12
FAIL: gcc.dg/guality/pr41353-1.c -O2 line 39 i == 12
FAIL: gcc.dg/guality/pr41353-1.c -O2 line 39 i1 == 2 * 12
FAIL: gcc.dg/guality/pr41353-1.c -O2 line 39 i2 == 2 * 12
FAIL: gcc.dg/guality/pr41353-1.c -O2 line 39 i3 == 3 * 12
FAIL: gcc.dg/guality/pr41353-1.c -O3 -fomit-frame-pointer line 39 i == 12
FAIL: gcc.dg/guality/pr41353-1.c -O3 -fomit-frame-pointer line 39 i1 == 2 * 12
FAIL: gcc.dg/guality/pr41353-1.c -O3 -fomit-frame-pointer line 39 i2 == 2 * 12
FAIL: gcc.dg/guality/pr41353-1.c -O3 -fomit-frame-pointer line 39 i3 == 3 * 12
FAIL: gcc.dg/guality/pr41353-1.c -O3 -g line 39 i == 12
FAIL: gcc.dg/guality/pr41353-1.c -O3 -g line 39 i1 == 2 * 12
FAIL: gcc.dg/guality/pr41353-1.c -O3 -g line 39 i2 == 2 * 12
FAIL: gcc.dg/guality/pr41353-1.c -O3 -g line 39 i3 == 3 * 12
FAIL: gcc.dg/guality/pr41353-1.c -Os line 39 i == 12
FAIL: gcc.dg/guality/pr41353-1.c -Os line 39 i1 == 2 * 12
FAIL: gcc.dg/guality/pr41353-1.c -Os line 39 i2 == 2 * 12
FAIL: gcc.dg/guality/pr41353-1.c -Os line 39 i3 == 3 * 12
UNRESOLVED: selfassign.c compilation, -I. -I/build-extralong/BUILD/gcc/gcc/testsuite -I/build-extralong/BUILD/gcc/gcc/testsuite/../../gcc -I/build-extralong/BUILD/gcc/obj-s390-redhat-linux/gcc/testsuite/gcc/../../../gcc -I/build-extralong/BUILD/gcc/gcc/testsuite/../../include -I/build-extralong/BUILD/gcc/gcc/testsuite/../../libcpp/include -O -DIN_GCC -fPIC -shared
UNRESOLVED: one_time_plugin.c compilation, -I. -I/build-extralong/BUILD/gcc/gcc/testsuite -I/build-extralong/BUILD/gcc/gcc/testsuite/../../gcc -I/build-extralong/BUILD/gcc/obj-s390-redhat-linux/gcc/testsuite/gcc/../../../gcc -I/build-extralong/BUILD/gcc/gcc/testsuite/../../include -I/build-extralong/BUILD/gcc/gcc/testsuite/../../libcpp/include -DIN_GCC -fPIC -shared
XPASS: gcc.dg/struct/wo_prof_array_through_pointer.c scan-ipa-dump ipa_struct_reorg "Number of structures to transform is 1"
FAIL: gcc.dg/struct/wo_prof_double_malloc.c (internal compiler error)
FAIL: gcc.dg/struct/wo_prof_double_malloc.c (test for excess errors)
WARNING: gcc.dg/struct/wo_prof_double_malloc.c compilation failed to produce executable
XPASS: gcc.dg/tree-ssa/20040204-1.c scan-tree-dump-times optimized "link_error" 0
FAIL: gcc.dg/tree-ssa/vrp47.c scan-tree-dump-times vrp1 "[xy][^ ]* !=" 0
FAIL: gcc.dg/tree-ssa/vrp47.c scan-tree-dump-times dom1 "x[^ ]* & y" 1
FAIL: gcc.dg/tree-ssa/vrp47.c scan-tree-dump-times vrp1 "x[^ ]* [|] y" 1
=== gcc Summary ===
# of expected passes 52106
# of unexpected failures 32
# of unexpected successes 8
# of expected failures 106
# of unresolved testcases 2
# of unsupported tests 658
/build-extralong/BUILD/gcc/obj-s390-redhat-linux/gcc/xgcc version 4.5.0 20091001 (experimental) (GCC)
=== gfortran tests ===
Running target unix
=== gfortran Summary ===
# of expected passes 31815
# of expected failures 22
# of unsupported tests 134
/build-extralong/BUILD/gcc/obj-s390-redhat-linux/gcc/testsuite/gfortran/../../gfortran version 4.5.0 20091001 (experimental) (GCC)
=== obj-c++ tests ===
Running target unix
WARNING: obj-c++.dg/lookup-2.mm compilation failed to produce executable
WARNING: obj-c++.dg/try-catch-2.mm compilation failed to produce executable
WARNING: obj-c++.dg/try-catch-9.mm compilation failed to produce executable
=== obj-c++ Summary ===
# of expected passes 438
# of expected failures 10
# of unsupported tests 13
/build-extralong/BUILD/gcc/obj-s390-redhat-linux/gcc/testsuite/obj-c++/../../g++ version 4.5.0 20091001 (experimental) (GCC)
=== objc tests ===
Running target unix
FAIL: objc/execute/forward-1.m execution, -O0 -fgnu-runtime
FAIL: objc/execute/forward-1.m execution, -O1 -fgnu-runtime
FAIL: objc/execute/forward-1.m execution, -O2 -fgnu-runtime
FAIL: objc/execute/forward-1.m execution, -O3 -fomit-frame-pointer -fgnu-runtime
FAIL: objc/execute/forward-1.m execution, -O3 -fomit-frame-pointer -funroll-loops -fgnu-runtime
FAIL: objc/execute/forward-1.m execution, -O3 -fomit-frame-pointer -funroll-all-loops -finline-functions -fgnu-runtime
FAIL: objc/execute/forward-1.m execution, -O3 -g -fgnu-runtime
FAIL: objc/execute/forward-1.m execution, -Os -fgnu-runtime
=== objc Summary ===
# of expected passes 1867
# of unexpected failures 8
# of expected failures 7
# of unsupported tests 24
/build-extralong/BUILD/gcc/obj-s390-redhat-linux/gcc/xgcc version 4.5.0 20091001 (experimental) (GCC)
=== libffi tests ===
Running target unix
FAIL: libffi.call/cls_longdouble_va.c -O0 -W -Wall output pattern test, is %.1f
FAIL: libffi.call/cls_longdouble_va.c -O2 output pattern test, is %.1f
FAIL: libffi.call/cls_longdouble_va.c -O3 output pattern test, is %.1f
FAIL: libffi.call/cls_longdouble_va.c -Os output pattern test, is %.1f
FAIL: libffi.call/cls_longdouble_va.c -O2 -fomit-frame-pointer output pattern test, is %.1f
=== libffi Summary ===
# of expected passes 1589
# of unexpected failures 5
# of expected failures 10
# of unsupported tests 15
=== libgomp tests ===
Running target unix
=== libgomp Summary ===
# of expected passes 2408
=== libjava tests ===
Running target unix
FAIL: PR218 -O3 execution - source compiled test
FAIL: Throw_3 -O3 execution - source compiled test
FAIL: Throw_3 -O3 -findirect-dispatch execution - source compiled test
=== libjava Summary ===
# of expected passes 2568
# of unexpected failures 3
# of untested testcases 3
=== libmudflap tests ===
Running target unix
FAIL: libmudflap.c/pass54-frag.c execution test
FAIL: libmudflap.c/pass54-frag.c execution test
FAIL: libmudflap.c/pass54-frag.c (-static) execution test
FAIL: libmudflap.c/pass54-frag.c (-static) execution test
FAIL: libmudflap.c/fail31-frag.c (-O3) crash test
FAIL: libmudflap.c/fail31-frag.c (-O3) output pattern test
FAIL: libmudflap.c/pass45-frag.c (-O3) execution test
FAIL: libmudflap.c/pass45-frag.c (-O3) output pattern test
FAIL: libmudflap.c/pass45-frag.c (-O3) execution test
FAIL: libmudflap.c/pass45-frag.c (-O3) output pattern test
FAIL: libmudflap.c++/pass41-frag.cxx execution test
FAIL: libmudflap.c++/pass57-frag.cxx (test for excess errors)
FAIL: libmudflap.c++/pass41-frag.cxx (-static) execution test
FAIL: libmudflap.c++/pass57-frag.cxx (-static) (test for excess errors)
FAIL: libmudflap.c++/pass41-frag.cxx ( -O) execution test
FAIL: libmudflap.c++/pass57-frag.cxx ( -O) (test for excess errors)
FAIL: libmudflap.c++/pass41-frag.cxx (-O2) execution test
FAIL: libmudflap.c++/pass57-frag.cxx (-O2) (test for excess errors)
FAIL: libmudflap.c++/pass41-frag.cxx (-O3) execution test
FAIL: libmudflap.c++/pass57-frag.cxx (-O3) (test for excess errors)
=== libmudflap Summary ===
# of expected passes 1874
# of unexpected failures 20
=== libstdc++ tests ===
Running target unix
FAIL: 21_strings/basic_string/requirements/citerators.cc (test for excess errors)
XPASS: 26_numerics/headers/cmath/c99_classification_macros_c.cc (test for excess errors)
FAIL: ext/pb_ds/example/erase_if.cc (test for excess errors)
FAIL: ext/pb_ds/regression/hash_data_map_rand.cc (test for excess errors)
FAIL: ext/pb_ds/regression/hash_no_data_map_rand.cc (test for excess errors)
FAIL: ext/pb_ds/regression/tree_data_map_rand.cc execution test
FAIL: ext/pb_ds/regression/tree_no_data_map_rand.cc execution test
FAIL: ext/vstring/requirements/citerators.cc (test for excess errors)
=== libstdc++ Summary ===
# of expected passes 7002
# of unexpected failures 7
# of unexpected successes 1
# of expected failures 88
# of unsupported tests 13
=== libstdc++ Summary ===
Compiler version: 4.5.0 20091001 (experimental) (GCC)
Platform: s390-ibm-linux-gnu
configure flags: --prefix=/usr --mandir=/usr/share/man --infodir=/usr/share/info --enable-shared --enable-threads=posix --enable-checking --with-system-zlib --enable-__cxa_atexit --with-long-double-128 --host=s390-redhat-linux --build=s390-redhat-linux --target=s390-redhat-linux --enable-languages=c,c++,objc,obj-c++,java,fortran