This is the mail archive of the
gcc-testresults@gcc.gnu.org
mailing list for the GCC project.
Results for 4.5.0 20090929 (experimental) (lto merged with rev 152279) testsuite on x86_64-unknown-linux-gnu
- From: dnovillo at google dot com (Diego Novillo)
- To: gcc-testresults at gcc dot gnu dot org
- Date: Wed, 30 Sep 2009 02:49:14 -0400 (EDT)
- Subject: Results for 4.5.0 20090929 (experimental) (lto merged with rev 152279) testsuite on x86_64-unknown-linux-gnu
=== acats tests ===
=== acats Summary ===
# of expected passes 2315
# of unexpected failures 0
Native configuration is x86_64-unknown-linux-gnu
=== g++ tests ===
Running target unix
FAIL: g++.dg/lto/20081109 cp_lto_20081109_0.o-cp_lto_20081109_1.o link, (internal compiler error)
UNRESOLVED: g++.dg/lto/20081109 cp_lto_20081109_0.o-cp_lto_20081109_1.o execute -O2 -fwhopr
FAIL: g++.dg/lto/20090106 cp_lto_20090106_0.o-cp_lto_20090106_0.o link
UNRESOLVED: g++.dg/lto/20090106 cp_lto_20090106_0.o-cp_lto_20090106_0.o execute -O0 -fwhopr
FAIL: g++.dg/lto/20090106 cp_lto_20090106_0.o-cp_lto_20090106_0.o link
UNRESOLVED: g++.dg/lto/20090106 cp_lto_20090106_0.o-cp_lto_20090106_0.o execute -O0 -flto
FAIL: g++.dg/lto/20090311-1 cp_lto_20090311-1_0.o-cp_lto_20090311-1_1.o link, (internal compiler error)
UNRESOLVED: g++.dg/lto/20090311-1 cp_lto_20090311-1_0.o-cp_lto_20090311-1_1.o execute -O2 -fwhopr
FAIL: g++.dg/lto/20090311 cp_lto_20090311_0.o-cp_lto_20090311_1.o link
UNRESOLVED: g++.dg/lto/20090311 cp_lto_20090311_0.o-cp_lto_20090311_1.o execute -O2 -fwhopr
FAIL: g++.dg/lto/20090311 cp_lto_20090311_0.o-cp_lto_20090311_1.o link, (internal compiler error)
UNRESOLVED: g++.dg/lto/20090311 cp_lto_20090311_0.o-cp_lto_20090311_1.o execute -O2 -flto
UNRESOLVED: selfassign.c compilation, -I. -I/usr/local/google/homedirs/dnovillo/perf/sbox/lto/local.x86_64/src/gcc/testsuite -I/usr/local/google/homedirs/dnovillo/perf/sbox/lto/local.x86_64/src/gcc/testsuite/../../gcc -I/usr/local/google/homedirs/dnovillo/notnfs/perf/sbox/lto/local.x86_64/bld/gcc/testsuite/g++/../../../gcc -I/usr/local/google/homedirs/dnovillo/perf/sbox/lto/local.x86_64/src/gcc/testsuite/../../include -I/usr/local/google/homedirs/dnovillo/perf/sbox/lto/local.x86_64/src/gcc/testsuite/../../libcpp/include -I/usr/local/google/homedirs/dnovillo/x86_64/include -I/usr/local/google/homedirs/dnovillo/x86_64/include -O -DIN_GCC -fPIC -shared
UNRESOLVED: dumb_plugin.c compilation, -I. -I/usr/local/google/homedirs/dnovillo/perf/sbox/lto/local.x86_64/src/gcc/testsuite -I/usr/local/google/homedirs/dnovillo/perf/sbox/lto/local.x86_64/src/gcc/testsuite/../../gcc -I/usr/local/google/homedirs/dnovillo/notnfs/perf/sbox/lto/local.x86_64/bld/gcc/testsuite/g++/../../../gcc -I/usr/local/google/homedirs/dnovillo/perf/sbox/lto/local.x86_64/src/gcc/testsuite/../../include -I/usr/local/google/homedirs/dnovillo/perf/sbox/lto/local.x86_64/src/gcc/testsuite/../../libcpp/include -I/usr/local/google/homedirs/dnovillo/x86_64/include -I/usr/local/google/homedirs/dnovillo/x86_64/include -DIN_GCC -fPIC -shared
=== g++ Summary ===
# of expected passes 21385
# of unexpected failures 6
# of expected failures 156
# of unresolved testcases 8
# of unsupported tests 301
/usr/local/google/homedirs/dnovillo/notnfs/perf/sbox/lto/local.x86_64/bld/gcc/testsuite/g++/../../g++ version 4.5.0 20090929 (experimental) (lto merged with rev 152279)
=== gcc tests ===
Running target unix
XPASS: gcc.dg/Warray-bounds.c (test for warnings, line 59)
XPASS: gcc.dg/Warray-bounds.c (test for warnings, line 65)
XPASS: gcc.dg/Wunreachable-8.c (test for bogus messages, line 7)
FAIL: gcc.dg/pr34668-1.c (internal compiler error)
FAIL: gcc.dg/pr34668-1.c (test for excess errors)
XPASS: gcc.dg/guality/example.c -O0 execution test
XPASS: gcc.dg/guality/example.c -O1 execution test
XPASS: gcc.dg/guality/example.c -O2 execution test
XPASS: gcc.dg/guality/guality.c -O0 execution test
XPASS: gcc.dg/guality/guality.c -O1 execution test
XPASS: gcc.dg/guality/guality.c -O2 execution test
XPASS: gcc.dg/guality/guality.c -O3 -fomit-frame-pointer execution test
XPASS: gcc.dg/guality/guality.c -O3 -g execution test
XPASS: gcc.dg/guality/guality.c -Os execution test
XPASS: gcc.dg/guality/pr41353-1.c -O0 line 28 j == 28 + 37
FAIL: gcc.dg/lto/20081112 c_lto_20081112_0.o-c_lto_20081112_1.o link, (internal compiler error)
UNRESOLVED: gcc.dg/lto/20081112 c_lto_20081112_0.o-c_lto_20081112_1.o execute -O2 -fwhopr
FAIL: gcc.dg/lto/20081118 c_lto_20081118_0.o-c_lto_20081118_2.o link, (internal compiler error)
UNRESOLVED: gcc.dg/lto/20081118 c_lto_20081118_0.o-c_lto_20081118_2.o execute -O2 -DOPTIMIZE -fwhopr
FAIL: gcc.dg/lto/20090218-2 c_lto_20090218-2_0.o-c_lto_20090218-2_1.o link, (internal compiler error)
UNRESOLVED: gcc.dg/lto/20090218-2 c_lto_20090218-2_0.o-c_lto_20090218-2_1.o execute -O2 -fwhopr
FAIL: gcc.dg/lto/20090218 c_lto_20090218_0.o-c_lto_20090218_3.o link, (internal compiler error)
UNRESOLVED: gcc.dg/lto/20090218 c_lto_20090218_0.o-c_lto_20090218_3.o execute -O2 -fwhopr
UNRESOLVED: selfassign.c compilation, -I. -I/usr/local/google/homedirs/dnovillo/perf/sbox/lto/local.x86_64/src/gcc/testsuite -I/usr/local/google/homedirs/dnovillo/perf/sbox/lto/local.x86_64/src/gcc/testsuite/../../gcc -I/usr/local/google/homedirs/dnovillo/notnfs/perf/sbox/lto/local.x86_64/bld/gcc/testsuite/gcc/../../../gcc -I/usr/local/google/homedirs/dnovillo/perf/sbox/lto/local.x86_64/src/gcc/testsuite/../../include -I/usr/local/google/homedirs/dnovillo/perf/sbox/lto/local.x86_64/src/gcc/testsuite/../../libcpp/include -I/usr/local/google/homedirs/dnovillo/x86_64/include -I/usr/local/google/homedirs/dnovillo/x86_64/include -O -DIN_GCC -fPIC -shared
UNRESOLVED: one_time_plugin.c compilation, -I. -I/usr/local/google/homedirs/dnovillo/perf/sbox/lto/local.x86_64/src/gcc/testsuite -I/usr/local/google/homedirs/dnovillo/perf/sbox/lto/local.x86_64/src/gcc/testsuite/../../gcc -I/usr/local/google/homedirs/dnovillo/notnfs/perf/sbox/lto/local.x86_64/bld/gcc/testsuite/gcc/../../../gcc -I/usr/local/google/homedirs/dnovillo/perf/sbox/lto/local.x86_64/src/gcc/testsuite/../../include -I/usr/local/google/homedirs/dnovillo/perf/sbox/lto/local.x86_64/src/gcc/testsuite/../../libcpp/include -I/usr/local/google/homedirs/dnovillo/x86_64/include -I/usr/local/google/homedirs/dnovillo/x86_64/include -DIN_GCC -fPIC -shared
XPASS: gcc.dg/struct/wo_prof_array_through_pointer.c scan-ipa-dump ipa_struct_reorg "Number of structures to transform is 1"
FAIL: gcc.dg/struct/wo_prof_double_malloc.c (internal compiler error)
FAIL: gcc.dg/struct/wo_prof_double_malloc.c (test for excess errors)
UNRESOLVED: gcc.dg/struct/wo_prof_double_malloc.c compilation failed to produce executable
=== gcc Summary ===
# of expected passes 67916
# of unexpected failures 8
# of unexpected successes 14
# of expected failures 224
# of unresolved testcases 7
# of unsupported tests 1468
/usr/local/google/homedirs/dnovillo/notnfs/perf/sbox/lto/local.x86_64/bld/gcc/xgcc version 4.5.0 20090929 (experimental) (lto merged with rev 152279)
=== gfortran tests ===
Running target unix
FAIL: gfortran.dg/lto/pr40724 f_lto_pr40724_0.o-f_lto_pr40724_1.o link, (internal compiler error)
UNRESOLVED: gfortran.dg/lto/pr40724 f_lto_pr40724_0.o-f_lto_pr40724_1.o execute -O2 -fwhopr
FAIL: gfortran.dg/lto/pr40725 f_lto_pr40725_0.o-f_lto_pr40725_1.o execute -O2 -fwhopr
FAIL: gfortran.dg/lto/pr40725 f_lto_pr40725_0.o-f_lto_pr40725_1.o execute -O2 -flto
=== gfortran Summary ===
# of expected passes 32459
# of unexpected failures 3
# of expected failures 30
# of unresolved testcases 1
# of unsupported tests 52
/usr/local/google/homedirs/dnovillo/notnfs/perf/sbox/lto/local.x86_64/bld/gcc/testsuite/gfortran/../../gfortran version 4.5.0 20090929 (experimental) (lto merged with rev 152279)
=== gnat tests ===
Running target unix
=== gnat Summary ===
# of expected passes 700
# of expected failures 5
=== obj-c++ tests ===
Running target unix
UNRESOLVED: obj-c++.dg/lookup-2.mm compilation failed to produce executable
UNRESOLVED: obj-c++.dg/try-catch-2.mm compilation failed to produce executable
UNRESOLVED: obj-c++.dg/try-catch-9.mm compilation failed to produce executable
=== obj-c++ Summary ===
# of expected passes 427
# of expected failures 21
# of unresolved testcases 3
# of unsupported tests 13
/usr/local/google/homedirs/dnovillo/notnfs/perf/sbox/lto/local.x86_64/bld/gcc/testsuite/obj-c++/../../g++ version 4.5.0 20090929 (experimental) (lto merged with rev 152279)
=== objc tests ===
Running target unix
=== objc Summary ===
# of expected passes 1867
# of expected failures 15
# of unsupported tests 24
/usr/local/google/homedirs/dnovillo/notnfs/perf/sbox/lto/local.x86_64/bld/gcc/xgcc version 4.5.0 20090929 (experimental) (lto merged with rev 152279)
=== libffi tests ===
Running target unix
=== libffi Summary ===
# of expected passes 1584
# of expected failures 20
# of unsupported tests 15
=== libgomp tests ===
Running target unix
=== libgomp Summary ===
# of expected passes 2408
=== libjava tests ===
Running target unix
=== libjava Summary ===
# of expected passes 2574
=== libmudflap tests ===
Running target unix
FAIL: libmudflap.c/fail31-frag.c (-O3) output pattern test
FAIL: libmudflap.c/pass45-frag.c (-O3) execution test
FAIL: libmudflap.c/pass45-frag.c (-O3) output pattern test
FAIL: libmudflap.c/pass45-frag.c (-O3) execution test
FAIL: libmudflap.c/pass45-frag.c (-O3) output pattern test
FAIL: libmudflap.c++/pass41-frag.cxx execution test
FAIL: libmudflap.c++/pass41-frag.cxx (-static) execution test
FAIL: libmudflap.c++/pass41-frag.cxx ( -O) execution test
FAIL: libmudflap.c++/pass41-frag.cxx (-O2) execution test
FAIL: libmudflap.c++/pass41-frag.cxx (-O3) execution test
=== libmudflap Summary ===
# of expected passes 1884
# of unexpected failures 10
=== libstdc++ tests ===
Running target unix
FAIL: abi_check
XPASS: 26_numerics/headers/cmath/c99_classification_macros_c.cc (test for excess errors)
=== libstdc++ Summary ===
# of expected passes 6359
# of unexpected failures 1
# of unexpected successes 1
# of expected failures 88
# of unsupported tests 333
Compiler version: 4.5.0 20090929 (experimental) (lto merged with rev 152279)
Platform: x86_64-unknown-linux-gnu
configure flags: --prefix=/usr/local/google/homedirs/dnovillo/perf/sbox/lto/local.x86_64/inst --srcdir=/usr/local/google/homedirs/dnovillo/perf/sbox/lto/local.x86_64/src --with-libelf=/usr/local/google/homedirs/dnovillo/x86_64 --with-gmp=/usr/local/google/homedirs/dnovillo/x86_64 --with-mpfr=/usr/local/google/homedirs/dnovillo/x86_64 --enable-languages=all,ada,obj-c++