This is the mail archive of the gcc-testresults@gcc.gnu.org mailing list for the GCC project.


Index Nav: [Date Index] [Subject Index] [Author Index] [Thread Index]
Message Nav: [Date Prev] [Date Next] [Thread Prev] [Thread Next]
Other format: [Raw text]

Results for 4.4.1 (GCC) testsuite on x86_64-apple-darwin10.0.0


GCC buit on Mac OS X Snow Leopard to produce x86_64 binaries.
The following languages are enabled: c, c++, fortran.
This thread http://gcc.gnu.org/bugzilla/show_bug.cgi?id=41180 
at GCC's Bugzilla was very helpfull.
LAST_UPDATED: Obtained from SVN: tags/gcc_4_4_1_release revision 149916

Native configuration is x86_64-apple-darwin10.0.0

		=== g++ tests ===


Running target unix

		=== g++ Summary ===

# of expected passes		19349
# of expected failures		156
# of unsupported tests		297
/Users/pierre/Documents/Devel/GCC/gcc-4.4.1-build/gcc/testsuite/g++/../../g++  version 4.4.1 (GCC) 

		=== gcc tests ===


Running target unix
FAIL: gcc.dg/framework-1.c (test for excess errors)

		=== gcc Summary ===

# of expected passes		54481
# of unexpected failures	1
# of expected failures		187
# of unsupported tests		1331
/Users/pierre/Documents/Devel/GCC/gcc-4.4.1-build/gcc/xgcc  version 4.4.1 (GCC) 

		=== gfortran tests ===


Running target unix
WARNING: program timed out.

		=== gfortran Summary ===

# of expected passes		29545
# of expected failures		10
# of unsupported tests		66
/Users/pierre/Documents/Devel/GCC/gcc-4.4.1-build/gcc/testsuite/gfortran/../../gfortran  version 4.4.1 (GCC) 

		=== libgomp tests ===


Running target unix

		=== libgomp Summary ===

# of expected passes		2150
# of unsupported tests		128
		=== libstdc++ tests ===


Running target unix
FAIL: 21_strings/basic_string/element_access/char/21674.cc execution test
FAIL: 21_strings/basic_string/element_access/wchar_t/21674.cc execution test

		=== libstdc++ Summary ===

# of expected passes		5628
# of unexpected failures	2
# of expected failures		75
# of unsupported tests		455

Compiler version: 4.4.1 (GCC) 
Platform: x86_64-apple-darwin10.0.0
configure flags: --build=x86_64-apple-darwin10.0.0 --host=x86_64-apple-darwin10.0.0 --target=x86_64-apple-darwin10.0.0 --enable-languages=c,c++,fortran --prefix=/Users/pierre/local64/opt/gcc-4.4.1-x86_64 --with-mpfr-lib=/Users/pierre/local64/opt//mpfr-2.4.1-p20090313/lib/ --with-mpfr-include=/Users/pierre/local64/opt//mpfr-2.4.1-p20090313/include/ --with-gmp-lib=/Users/pierre/local64/opt//gmp-4.3.1/lib/ --with-gmp-include=/Users/pierre/local64/opt//gmp-4.3.1/include/


Index Nav: [Date Index] [Subject Index] [Author Index] [Thread Index]
Message Nav: [Date Prev] [Date Next] [Thread Prev] [Thread Next]