This is the mail archive of the gcc-testresults@gcc.gnu.org mailing list for the GCC project.


Index Nav: [Date Index] [Subject Index] [Author Index] [Thread Index]
Message Nav: [Date Prev] [Date Next] [Thread Prev] [Thread Next]
Other format: [Raw text]

Results for 4.3.5 20090929 (prerelease) (GCC) testsuite on s390-ibm-linux-gnu


LAST_UPDATED: Tue Sep 29 17:06:04 UTC 2009 (revision 152279M)

		=== acats tests ===
FAIL:	c41328a

		=== acats Summary ===
# of expected passes		2314
# of unexpected failures	1
Native configuration is s390-ibm-linux-gnu

		=== g++ tests ===


Running target unix

		=== g++ Summary ===

# of expected passes		17674
# of expected failures		92
# of unsupported tests		140
/build-extralong/BUILD/gcc/obj-s390-redhat-linux/gcc/testsuite/g++/../../g++  version 4.3.5 20090929 (prerelease) (GCC) 

		=== gcc tests ===


Running target unix
FAIL: gcc.dg/uninit-13.c unconditional (test for warnings, line 8)
FAIL: gcc.dg/uninit-13.c (test for excess errors)
XPASS: gcc.dg/tree-ssa/20040204-1.c scan-tree-dump-times optimized "link_error" 0
FAIL: gcc.target/s390/pr36822.c (test for excess errors)

		=== gcc Summary ===

# of expected passes		46689
# of unexpected failures	3
# of unexpected successes	1
# of expected failures		91
# of untested testcases		35
# of unsupported tests		353
/build-extralong/BUILD/gcc/obj-s390-redhat-linux/gcc/xgcc  version 4.3.5 20090929 (prerelease) (GCC) 

		=== gfortran tests ===


Running target unix

		=== gfortran Summary ===

# of expected passes		24930
# of expected failures		3
# of unsupported tests		36
/build-extralong/BUILD/gcc/obj-s390-redhat-linux/gcc/testsuite/gfortran/../../gfortran  version 4.3.5 20090929 (prerelease) (GCC) 

		=== gnat tests ===


Running target unix

		=== gnat Summary ===

# of expected passes		374
# of expected failures		1
		=== obj-c++ tests ===


Running target unix
WARNING: obj-c++.dg/lookup-2.mm compilation failed to produce executable
WARNING: obj-c++.dg/try-catch-2.mm compilation failed to produce executable
WARNING: obj-c++.dg/try-catch-9.mm compilation failed to produce executable

		=== obj-c++ Summary ===

# of expected passes		437
# of expected failures		9
# of unsupported tests		13
/build-extralong/BUILD/gcc/obj-s390-redhat-linux/gcc/testsuite/obj-c++/../../g++  version 4.3.5 20090929 (prerelease) (GCC) 

		=== objc tests ===


Running target unix

		=== objc Summary ===

# of expected passes		1832
# of expected failures		7
# of unsupported tests		24
/build-extralong/BUILD/gcc/obj-s390-redhat-linux/gcc/xgcc  version 4.3.5 20090929 (prerelease) (GCC) 

		=== libgomp tests ===


Running target unix

		=== libgomp Summary ===

# of expected passes		1763
		=== libmudflap tests ===


Running target unix
FAIL: libmudflap.c++/pass41-frag.cxx execution test
FAIL: libmudflap.c++/pass41-frag.cxx (-static) execution test
FAIL: libmudflap.c++/pass41-frag.cxx ( -O) execution test
FAIL: libmudflap.c++/pass41-frag.cxx (-O2) execution test
FAIL: libmudflap.c++/pass41-frag.cxx (-O3) execution test

		=== libmudflap Summary ===

# of expected passes		1844
# of unexpected failures	5
		=== libstdc++ tests ===


Running target unix
XPASS: 26_numerics/headers/cmath/c99_classification_macros_c.cc (test for excess errors)

		=== libstdc++ Summary ===

# of expected passes		5578
# of unexpected successes	1
# of expected failures		59
# of unsupported tests		10

Compiler version: 4.3.5 20090929 (prerelease) (GCC) 
Platform: s390-ibm-linux-gnu
configure flags: --prefix=/usr --mandir=/usr/share/man --infodir=/usr/share/info --with-bugurl=http://bugzilla.redhat.com/bugzilla --enable-bootstrap --enable-shared --enable-threads=posix --enable-checking=release --with-system-zlib --enable-__cxa_atexit --disable-libunwind-exceptions --enable-languages=c,c++,objc,obj-c++,java,fortran,ada --disable-libgcj --with-long-double-128 --with-tune=z9-109 --build=s390-redhat-linux


Index Nav: [Date Index] [Subject Index] [Author Index] [Thread Index]
Message Nav: [Date Prev] [Date Next] [Thread Prev] [Thread Next]