This is the mail archive of the
gcc-testresults@gcc.gnu.org
mailing list for the GCC project.
Results for 4.5.0 20090928 (experimental) [trunk revision 152251] (GCC) testsuite on i686-pc-linux-gnu
- From: hjl at gnu-3 dot sc dot intel dot com (H.J. Lu (ia32))
- To: gcc-testresults at gcc dot gnu dot org
- Date: Mon, 28 Sep 2009 23:02:33 -0700 (PDT)
- Subject: Results for 4.5.0 20090928 (experimental) [trunk revision 152251] (GCC) testsuite on i686-pc-linux-gnu
LAST_UPDATED: Mon Sep 28 21:13:42 UTC 2009 (revision 152251)
Native configuration is i686-pc-linux-gnu
=== gcc tests ===
Running target emx-avx-sim
FAIL: gcc.c-torture/compile/limits-exprparen.c -O0 (test for excess errors)
FAIL: gcc.c-torture/compile/limits-exprparen.c -O1 (test for excess errors)
FAIL: gcc.c-torture/compile/limits-exprparen.c -O2 (test for excess errors)
FAIL: gcc.c-torture/compile/limits-exprparen.c -O3 -fomit-frame-pointer (test for excess errors)
FAIL: gcc.c-torture/compile/limits-exprparen.c -O3 -g (test for excess errors)
FAIL: gcc.c-torture/compile/limits-exprparen.c -Os (test for excess errors)
XPASS: gcc.dg/Warray-bounds.c (test for warnings, line 59)
XPASS: gcc.dg/Warray-bounds.c (test for warnings, line 65)
XPASS: gcc.dg/Wunreachable-8.c (test for bogus messages, line 7)
XPASS: gcc.dg/struct/wo_prof_array_through_pointer.c scan-ipa-dump ipa_struct_reorg "Number of structures to transform is 1"
FAIL: gcc.dg/torture/stackalign/builtin-apply-4.c -O0 execution test
FAIL: gcc.dg/torture/stackalign/builtin-apply-4.c -O1 execution test
FAIL: gcc.dg/torture/stackalign/builtin-apply-4.c -O2 execution test
FAIL: gcc.dg/torture/stackalign/builtin-apply-4.c -O3 -fomit-frame-pointer execution test
FAIL: gcc.dg/torture/stackalign/builtin-apply-4.c -O3 -g execution test
FAIL: gcc.dg/torture/stackalign/builtin-apply-4.c -Os execution test
FAIL: gcc.dg/torture/stackalign/builtin-apply-4.c -O0 execution test
FAIL: gcc.dg/torture/stackalign/builtin-apply-4.c -O1 execution test
FAIL: gcc.dg/torture/stackalign/builtin-apply-4.c -O2 execution test
FAIL: gcc.dg/torture/stackalign/builtin-apply-4.c -O3 -fomit-frame-pointer execution test
FAIL: gcc.dg/torture/stackalign/builtin-apply-4.c -O3 -g execution test
FAIL: gcc.dg/torture/stackalign/builtin-apply-4.c -Os execution test
FAIL: gcc.dg/torture/stackalign/builtin-apply-4.c -O0 execution test
FAIL: gcc.dg/torture/stackalign/builtin-apply-4.c -O1 execution test
FAIL: gcc.dg/torture/stackalign/builtin-apply-4.c -O2 execution test
FAIL: gcc.dg/torture/stackalign/builtin-apply-4.c -O3 -fomit-frame-pointer execution test
FAIL: gcc.dg/torture/stackalign/builtin-apply-4.c -O3 -g execution test
FAIL: gcc.dg/torture/stackalign/builtin-apply-4.c -Os execution test
FAIL: gcc.dg/torture/stackalign/builtin-apply-4.c -O0 execution test
FAIL: gcc.dg/torture/stackalign/builtin-apply-4.c -O1 execution test
FAIL: gcc.dg/torture/stackalign/builtin-apply-4.c -O2 execution test
FAIL: gcc.dg/torture/stackalign/builtin-apply-4.c -O3 -fomit-frame-pointer execution test
FAIL: gcc.dg/torture/stackalign/builtin-apply-4.c -O3 -g execution test
FAIL: gcc.dg/torture/stackalign/builtin-apply-4.c -Os execution test
FAIL: gcc.dg/tree-ssa/gen-vect-11b.c scan-tree-dump-times vect "vectorized 0 loops" 1
FAIL: gcc.dg/tree-ssa/gen-vect-11c.c scan-tree-dump-times vect "vectorized 0 loops" 1
FAIL: gcc.dg/tree-ssa/gen-vect-26.c scan-tree-dump-times vect "Vectorizing an unaligned access" 0
FAIL: gcc.dg/tree-ssa/gen-vect-26.c scan-tree-dump-times vect "Alignment of access forced using peeling" 1
FAIL: gcc.dg/tree-ssa/gen-vect-28.c scan-tree-dump-times vect "Vectorizing an unaligned access" 0
FAIL: gcc.dg/tree-ssa/gen-vect-28.c scan-tree-dump-times vect "Alignment of access forced using peeling" 1
FAIL: gcc.misc-tests/i386-pf-none-1.c scan-assembler-not fetch
FAIL: gcc.misc-tests/i386-pf-none-1.c scan-assembler-not fetch
FAIL: gcc.misc-tests/i386-pf-none-1.c scan-assembler-not fetch
FAIL: gcc.misc-tests/i386-pf-none-1.c scan-assembler-not fetch
FAIL: gcc.misc-tests/i386-pf-none-1.c scan-assembler-not fetch
FAIL: gcc.misc-tests/i386-pf-none-1.c scan-assembler-not fetch
FAIL: gcc.misc-tests/i386-pf-none-1.c scan-assembler-not fetch
FAIL: gcc.misc-tests/i386-pf-none-1.c scan-assembler-not fetch
FAIL: gcc.misc-tests/i386-pf-none-1.c scan-assembler-not fetch
FAIL: gcc.misc-tests/i386-pf-none-1.c scan-assembler-not fetch
FAIL: gcc.misc-tests/i386-pf-none-1.c scan-assembler-not fetch
FAIL: gcc.misc-tests/i386-pf-none-1.c scan-assembler-not fetch
FAIL: gcc.misc-tests/i386-pf-none-1.c scan-assembler-not fetch
FAIL: gcc.misc-tests/i386-pf-none-1.c scan-assembler-not fetch
FAIL: gcc.misc-tests/i386-pf-3dnow-1.c scan-assembler-not prefetchnta
FAIL: gcc.misc-tests/i386-pf-3dnow-1.c scan-assembler-not prefetcht
FAIL: gcc.misc-tests/i386-pf-3dnow-1.c scan-assembler-not prefetchnta
FAIL: gcc.misc-tests/i386-pf-3dnow-1.c scan-assembler-not prefetcht
FAIL: gcc.misc-tests/i386-pf-3dnow-1.c scan-assembler-not prefetchnta
FAIL: gcc.misc-tests/i386-pf-3dnow-1.c scan-assembler-not prefetcht
FAIL: gcc.target/i386/avx-vaddsubpd-1.c execution test
FAIL: gcc.target/i386/avx-vaddsubpd-256-1.c execution test
FAIL: gcc.target/i386/avx-vaddsubps-1.c execution test
FAIL: gcc.target/i386/avx-vaddsubps-256-1.c execution test
FAIL: gcc.target/i386/defines-1.c (test for excess errors)
FAIL: gcc.target/i386/funcspec-1.c scan-assembler fsubs[ \\t]
FAIL: gcc.target/i386/funcspec-10.c scan-assembler-not cmov
FAIL: gcc.target/i386/funcspec-8.c (test for errors, line 28)
FAIL: gcc.target/i386/funcspec-8.c (test for errors, line 47)
FAIL: gcc.target/i386/funcspec-8.c (test for errors, line 66)
FAIL: gcc.target/i386/funcspec-8.c (test for errors, line 85)
FAIL: gcc.target/i386/funcspec-8.c (test for errors, line 104)
FAIL: gcc.target/i386/funcspec-8.c (test for errors, line 123)
FAIL: gcc.target/i386/funcspec-8.c (test for errors, line 142)
FAIL: gcc.target/i386/funcspec-8.c (test for excess errors)
FAIL: gcc.target/i386/incoming-9.c scan-assembler-not andl[\\\\t ]*\\\\\$-16,[\\\\t ]*%esp
FAIL: gcc.target/i386/isa-14.c execution test
FAIL: gcc.target/i386/isa-5.c execution test
FAIL: gcc.target/i386/isa-6.c execution test
FAIL: gcc.target/i386/parity-1.c scan-assembler setnp
FAIL: gcc.target/i386/parity-2.c scan-assembler setnp
FAIL: gcc.target/i386/pr38824.c scan-assembler-not addps[^\\\\n]*%[er]
FAIL: gcc.target/i386/pr39162.c (test for warnings, line 7)
FAIL: gcc.target/i386/sse-5.c (test for warnings, line 8)
FAIL: gcc.target/i386/sse3-addsubpd.c execution test
FAIL: gcc.target/i386/sse3-addsubps.c execution test
FAIL: gcc.target/i386/ssefn-1.c scan-assembler-not movsd
FAIL: gcc.target/i386/ssefn-1.c scan-assembler-not mulsd
FAIL: gcc.target/i386/sseregparm-2.c (test for errors, line 7)
FAIL: gcc.target/i386/sseregparm-2.c (test for errors, line 8)
FAIL: gcc.target/i386/sseregparm-8.c (test for errors, line 13)
FAIL: gcc.target/i386/sseregparm-8.c (test for errors, line 14)
FAIL: gcc.target/i386/sseregparm-8.c (test for errors, line 15)
FAIL: gcc.target/i386/sseregparm-8.c (test for errors, line 16)
FAIL: gcc.target/i386/vecinit-1.c scan-assembler-not xor
FAIL: gcc.target/i386/vecinit-2.c scan-assembler-not xor
FAIL: gcc.target/i386/xorps-sse.c scan-assembler xorps[ \\t]
=== gcc Summary ===
# of expected passes 59856
# of unexpected failures 93
# of unexpected successes 4
# of expected failures 201
# of unsupported tests 515
/export/build/gnu/gcc-avx/build-i686-linux/gcc/xgcc version 4.5.0 20090928 (experimental) [trunk revision 152251] (GCC)
=== gfortran tests ===
Running target emx-avx-sim
WARNING: program timed out.
FAIL: gfortran.dg/vect/fast-math-pr38968.f90 execution test
=== gfortran Summary ===
# of expected passes 32173
# of unexpected failures 1
# of expected failures 21
# of unsupported tests 112
/export/build/gnu/gcc-avx/build-i686-linux/gcc/testsuite/gfortran/../../gfortran version 4.5.0 20090928 (experimental) [trunk revision 152251] (GCC)
=== g++ tests ===
Running target emx-avx-sim
FAIL: g++.dg/conversion/dr195.C (test for warnings, line 21)
FAIL: g++.dg/conversion/dr195.C (test for warnings, line 22)
FAIL: g++.dg/conversion/dr195.C (test for warnings, line 25)
FAIL: g++.dg/conversion/dr195.C (test for warnings, line 26)
FAIL: g++.dg/conversion/op5.C (test for errors, line 18)
FAIL: g++.dg/conversion/op5.C (test for excess errors)
FAIL: g++.dg/cpp/string-1.C (test for errors, line 5)
FAIL: g++.dg/cpp/string-1.C (test for errors, line 7)
FAIL: g++.dg/cpp/string-1.C (test for excess errors)
FAIL: g++.dg/cpp0x/variadic60.C (test for errors, line 1)
FAIL: g++.dg/cpp0x/variadic60.C (test for excess errors)
FAIL: g++.dg/expr/cast2.C (test for warnings, line 4)
FAIL: g++.dg/expr/string-1.C (test for errors, line 6)
FAIL: g++.dg/expr/string-1.C (test for excess errors)
FAIL: g++.dg/ext/anon-struct6.C (test for errors, line 9)
FAIL: g++.dg/ext/offsetof1.C (test for excess errors)
FAIL: g++.dg/ext/vla1.C (test for errors, line 12)
FAIL: g++.dg/inherit/error4.C (test for excess errors)
FAIL: g++.dg/init/bitfield1.C (test for warnings, line 17)
FAIL: g++.dg/init/bitfield1.C (test for warnings, line 18)
FAIL: g++.dg/init/bitfield1.C (test for warnings, line 21)
FAIL: g++.dg/init/brace2.C (test for errors, line 8)
FAIL: g++.dg/init/brace2.C (test for excess errors)
FAIL: g++.dg/init/brace6.C (test for excess errors)
FAIL: g++.dg/init/string1.C (test for excess errors)
FAIL: g++.dg/lookup/extern-c-redecl.C (test for errors, line 6)
FAIL: g++.dg/lookup/extern-c-redecl.C (test for excess errors)
FAIL: g++.dg/other/warning1.C (test for warnings, line 10)
FAIL: g++.dg/other/warning1.C (test for warnings, line 11)
FAIL: g++.dg/other/warning1.C (test for excess errors)
FAIL: g++.dg/parse/constant5.C (test for errors, line 5)
FAIL: g++.dg/parse/constant5.C (test for errors, line 6)
FAIL: g++.dg/parse/ctor3.C (test for excess errors)
FAIL: g++.dg/parse/ctor7.C (test for errors, line 15)
FAIL: g++.dg/parse/template23.C (test for errors, line 8)
FAIL: g++.dg/parse/template23.C (test for errors, line 9)
FAIL: g++.dg/template/crash90.C (test for excess errors)
FAIL: g++.dg/template/dependent-name3.C (test for errors, line 13)
FAIL: g++.dg/template/error17.C anon (test for errors, line 7)
FAIL: g++.dg/template/ptrmem6.C (test for excess errors)
FAIL: g++.dg/template/sfinae3.C (test for errors, line 13)
FAIL: g++.dg/template/sfinae3.C (test for warnings, line 17)
FAIL: g++.dg/template/spec22.C (test for warnings, line 11)
FAIL: g++.dg/template/spec22.C (test for warnings, line 15)
FAIL: g++.dg/template/spec22.C (test for errors, line 20)
FAIL: g++.old-deja/g++.brendan/cvt1.C (test for errors, line 8)
FAIL: g++.old-deja/g++.brendan/cvt1.C (test for errors, line 18)
FAIL: g++.old-deja/g++.brendan/enum11.C (test for errors, line 9)
FAIL: g++.old-deja/g++.brendan/enum8.C (test for errors, line 9)
FAIL: g++.old-deja/g++.brendan/enum9.C (test for errors, line 5)
FAIL: g++.old-deja/g++.brendan/friend3.C (test for errors, line 8)
FAIL: g++.old-deja/g++.brendan/init4.C (test for errors, line 5)
FAIL: g++.old-deja/g++.brendan/init4.C (test for excess errors)
FAIL: g++.old-deja/g++.brendan/misc14.C (test for errors, line 7)
FAIL: g++.old-deja/g++.brendan/overload4.C (test for warnings, line 8)
FAIL: g++.old-deja/g++.brendan/overload4.C (test for errors, line 21)
FAIL: g++.old-deja/g++.brendan/overload4.C (test for excess errors)
FAIL: g++.old-deja/g++.bugs/900402_02.C (test for errors, line 9)
FAIL: g++.old-deja/g++.bugs/900402_02.C (test for errors, line 11)
FAIL: g++.old-deja/g++.bugs/900402_02.C (test for errors, line 13)
FAIL: g++.old-deja/g++.bugs/900402_02.C (test for errors, line 19)
FAIL: g++.old-deja/g++.bugs/900404_04.C (test for errors, line 16)
FAIL: g++.old-deja/g++.eh/spec6.C (test for errors, line 10)
FAIL: g++.old-deja/g++.eh/spec6.C (test for errors, line 11)
FAIL: g++.old-deja/g++.eh/spec6.C (test for errors, line 12)
FAIL: g++.old-deja/g++.eh/spec6.C (test for errors, line 13)
FAIL: g++.old-deja/g++.eh/spec6.C (test for excess errors)
FAIL: g++.old-deja/g++.jason/cond.C (test for errors, line 55)
FAIL: g++.old-deja/g++.jason/cond.C (test for excess errors)
FAIL: g++.old-deja/g++.jason/conversion10.C (test for excess errors)
FAIL: g++.old-deja/g++.jason/parse11.C (test for errors, line 6)
FAIL: g++.old-deja/g++.jason/parse11.C (test for errors, line 8)
FAIL: g++.old-deja/g++.jason/rfg20.C (test for errors, line 9)
FAIL: g++.old-deja/g++.jason/rfg22.C (test for errors, line 2)
FAIL: g++.old-deja/g++.jason/rfg22.C (test for excess errors)
FAIL: g++.old-deja/g++.law/enum4.C (test for warnings, line 14)
FAIL: g++.old-deja/g++.law/enum4.C (test for errors, line 27)
FAIL: g++.old-deja/g++.law/enum4.C (test for excess errors)
FAIL: g++.old-deja/g++.law/missed-error2.C extra ; (test for errors, line 17)
FAIL: g++.old-deja/g++.law/missed-error2.C extra ; (test for errors, line 19)
FAIL: g++.old-deja/g++.niklas/t120.C match (test for errors, line 5)
FAIL: g++.old-deja/g++.niklas/t120.C note (test for warnings, line 5)
FAIL: g++.old-deja/g++.niklas/t120.C (test for excess errors)
FAIL: g++.old-deja/g++.niklas/t121.C match (test for errors, line 5)
FAIL: g++.old-deja/g++.niklas/t121.C note (test for warnings, line 5)
FAIL: g++.old-deja/g++.niklas/t121.C (test for excess errors)
FAIL: g++.old-deja/g++.other/crash24.C (test for warnings, line 10)
FAIL: g++.old-deja/g++.other/crash24.C no matching (test for errors, line 14)
FAIL: g++.old-deja/g++.other/crash24.C (test for excess errors)
FAIL: g++.old-deja/g++.other/decl5.C anon (test for errors, line 14)
FAIL: g++.old-deja/g++.other/sizeof4.C (test for errors, line 33)
FAIL: g++.old-deja/g++.other/sizeof4.C (test for excess errors)
FAIL: g++.old-deja/g++.other/sizeof5.C (test for errors, line 10)
FAIL: g++.old-deja/g++.other/sizeof5.C (test for excess errors)
FAIL: g++.old-deja/g++.other/using9.C (test for errors, line 16)
FAIL: g++.old-deja/g++.other/using9.C (test for errors, line 19)
FAIL: g++.old-deja/g++.other/using9.C (test for excess errors)
FAIL: g++.old-deja/g++.pt/explicit70.C (test for errors, line 21)
FAIL: g++.old-deja/g++.pt/explicit70.C (test for errors, line 22)
FAIL: g++.old-deja/g++.pt/static5.C (test for errors, line 6)
FAIL: g++.old-deja/g++.pt/unify8.C (test for warnings, line 13)
FAIL: g++.old-deja/g++.pt/unify8.C (test for warnings, line 14)
FAIL: g++.old-deja/g++.pt/unify8.C (test for errors, line 18)
FAIL: g++.old-deja/g++.pt/unify8.C (test for excess errors)
=== g++ Summary ===
# of expected passes 21851
# of unexpected failures 104
# of expected failures 155
# of unsupported tests 111
/export/build/gnu/gcc-avx/build-i686-linux/gcc/testsuite/g++/../../g++ version 4.5.0 20090928 (experimental) [trunk revision 152251] (GCC)
=== objc tests ===
Running target emx-avx-sim
=== objc Summary ===
# of expected passes 1875
# of expected failures 7
# of unsupported tests 24
/export/build/gnu/gcc-avx/build-i686-linux/gcc/xgcc version 4.5.0 20090928 (experimental) [trunk revision 152251] (GCC)
=== libffi tests ===
Running target emx-avx-sim
=== libffi Summary ===
# of expected passes 1589
# of expected failures 15
# of unsupported tests 15
=== libgomp tests ===
Running target emx-avx-sim
=== libgomp Summary ===
# of expected passes 2408
=== libjava tests ===
Running target emx-avx-sim
FAIL: StackTrace2 execution - source compiled test
FAIL: StackTrace2 -findirect-dispatch execution - source compiled test
FAIL: StackTrace2 -O3 execution - source compiled test
FAIL: StackTrace2 -O3 -findirect-dispatch execution - source compiled test
FAIL: Throw_3 execution - source compiled test
FAIL: Throw_3 -findirect-dispatch execution - source compiled test
FAIL: Throw_3 -O3 execution - source compiled test
FAIL: Throw_3 -O3 -findirect-dispatch execution - source compiled test
FAIL: stacktrace execution - source compiled test
FAIL: stacktrace -findirect-dispatch execution - source compiled test
FAIL: stacktrace -O3 execution - source compiled test
FAIL: stacktrace -O3 -findirect-dispatch execution - source compiled test
=== libjava Summary ===
# of expected passes 2550
# of unexpected failures 12
# of untested testcases 12
=== libmudflap tests ===
Running target emx-avx-sim
FAIL: libmudflap.c/fail31-frag.c (-O3) output pattern test
FAIL: libmudflap.c/pass45-frag.c (-O3) execution test
FAIL: libmudflap.c/pass45-frag.c (-O3) output pattern test
FAIL: libmudflap.c/pass45-frag.c (-O3) execution test
FAIL: libmudflap.c/pass45-frag.c (-O3) output pattern test
FAIL: libmudflap.c++/pass41-frag.cxx execution test
FAIL: libmudflap.c++/pass41-frag.cxx (-static) execution test
FAIL: libmudflap.c++/pass41-frag.cxx ( -O) execution test
FAIL: libmudflap.c++/pass41-frag.cxx (-O2) execution test
FAIL: libmudflap.c++/pass41-frag.cxx (-O3) execution test
WARNING: program timed out.
FAIL: libmudflap.cth/pass37-frag.c (-O3) (rerun 7) execution test
FAIL: libmudflap.cth/pass37-frag.c (-O3) (rerun 7) output pattern test
WARNING: program timed out.
FAIL: libmudflap.cth/pass37-frag.c (-O3) (rerun 8) execution test
FAIL: libmudflap.cth/pass37-frag.c (-O3) (rerun 8) output pattern test
WARNING: program timed out.
FAIL: libmudflap.cth/pass37-frag.c (-O3) (rerun 9) execution test
FAIL: libmudflap.cth/pass37-frag.c (-O3) (rerun 9) output pattern test
WARNING: program timed out.
FAIL: libmudflap.cth/pass37-frag.c (-O3) (rerun 12) execution test
WARNING: program timed out.
FAIL: libmudflap.cth/pass37-frag.c (-O3) (rerun 15) execution test
FAIL: libmudflap.cth/pass37-frag.c (-O3) (rerun 15) output pattern test
WARNING: program timed out.
FAIL: libmudflap.cth/pass37-frag.c (-O3) (rerun 16) execution test
=== libmudflap Summary ===
# of expected passes 1874
# of unexpected failures 20
=== libstdc++ tests ===
Running target emx-avx-sim
FAIL: 21_strings/basic_string/cons/char/1.cc execution test
FAIL: 21_strings/basic_string/cons/wchar_t/1.cc execution test
FAIL: 21_strings/basic_string/init-list.cc execution test
FAIL: 21_strings/basic_string/insert/char/1.cc execution test
FAIL: 21_strings/basic_string/insert/wchar_t/1.cc execution test
FAIL: 22_locale/locale/cons/12438.cc execution test
FAIL: 23_containers/map/init-list.cc execution test
FAIL: 23_containers/multimap/init-list.cc execution test
FAIL: 23_containers/multiset/init-list.cc execution test
FAIL: 23_containers/set/init-list.cc execution test
FAIL: 23_containers/unordered_map/init-list.cc execution test
FAIL: 23_containers/unordered_multimap/init-list.cc execution test
FAIL: 23_containers/unordered_multiset/init-list.cc execution test
FAIL: 23_containers/unordered_set/init-list.cc execution test
XPASS: 26_numerics/headers/cmath/c99_classification_macros_c.cc (test for excess errors)
FAIL: 26_numerics/valarray/init-list.cc execution test
FAIL: 27_io/ios_base/storage/1.cc execution test
FAIL: 27_io/ios_base/storage/2.cc execution test
FAIL: 27_io/ios_base/storage/3.cc execution test
FAIL: ext/pb_ds/regression/list_update_no_data_map_rand.cc execution test
FAIL: ext/vstring/init-list.cc execution test
=== libstdc++ Summary ===
# of expected passes 6835
# of unexpected failures 20
# of unexpected successes 1
# of expected failures 86
# of unsupported tests 83
Compiler version: 4.5.0 20090928 (experimental) [trunk revision 152251] (GCC)
Platform: i686-pc-linux-gnu
configure flags: --enable-clocale=gnu --with-system-zlib --enable-checking=assert --with-demangler-in-ld --enable-shared --enable-threads=posix --enable-haifa --prefix=/usr/gcc-4.5-avx --with-local-prefix=/usr/local