This is the mail archive of the
gcc-testresults@gcc.gnu.org
mailing list for the GCC project.
[cygwin-improvements] Results for gcc testsuite on i686-pc-cygwin
- From: Dave Korn <dave dot korn dot cygwin at googlemail dot com>
- To: gcc-testresults at gcc dot gnu dot org
- Date: Thu, 24 Sep 2009 12:03:54 +0100
- Subject: [cygwin-improvements] Results for gcc testsuite on i686-pc-cygwin
LAST_UPDATED: Thu Sep 24 03:55:29 UTC 2009 (revision 152111)
=== acats tests ===
FAIL: c250002
FAIL: c64201b
FAIL: c93004c
FAIL: c93004d
FAIL: c93004f
FAIL: c94008b
FAIL: c94020a
FAIL: c954023
FAIL: c954025
FAIL: c9a007a
FAIL: c9a009g
FAIL: c9a011b
=== acats Summary ===
# of expected passes 2303
# of unexpected failures 12
Native configuration is i686-pc-cygwin
=== gnat tests ===
Running target unix
=== gnat Summary ===
# of expected passes 689
# of expected failures 5
Compiler version: gcc
Platform: i686-pc-cygwin
configure flags: --prefix=/opt/gcc-tools -v --with-gmp=/usr --with-mpfr=/usr
--enable-bootstrap --enable-version-specific-runtime-libs --enable-static
--enable-shared --enable-shared-libgcc --disable-__cxa_atexit --with-gnu-ld
--with-gnu-as --with-dwarf2 --disable-sjlj-exceptions --disable-symvers
--disable-libjava --enable-interpreter --program-suffix=-4 --disable-libgomp
--enable-libssp --enable-libada --enable-threads=posix --with-arch=i686
--with-tune=generic CC=gcc-4 CXX=g++-4 CC_FOR_TARGET=gcc-4
CXX_FOR_TARGET=g++-4 --with-ecj-jar=/usr/share/java/ecj.jar
LD=/opt/gcc-tools/bin/ld.exe LD_FOR_TARGET=/opt/gcc-tools/bin/ld.exe
AS=/opt/gcc-tools/bin/as.exe AS_FOR_TARGET=/opt/gcc-tools/bin/as.exe
--disable-win32-registry --disable-libgcj-debug --disable-libgcj-sublibs
--enable-languages=c,ada,c++