This is the mail archive of the
gcc-testresults@gcc.gnu.org
mailing list for the GCC project.
Results for 4.5.0 20090921 (experimental) [trunk revision 151940] (GCC) testsuite on x86_64-unknown-linux-gnu
- From: hjl at gnu-26 dot sc dot intel dot com (H.J. Lu (Intel64))
- To: gcc-testresults at gcc dot gnu dot org
- Date: Mon, 21 Sep 2009 16:01:38 -0700 (PDT)
- Subject: Results for 4.5.0 20090921 (experimental) [trunk revision 151940] (GCC) testsuite on x86_64-unknown-linux-gnu
LAST_UPDATED: Mon Sep 21 20:56:16 UTC 2009 (revision 151940)
Native configuration is x86_64-unknown-linux-gnu
=== gcc tests ===
Running target unix/-m32
XPASS: gcc.dg/Warray-bounds.c (test for warnings, line 59)
XPASS: gcc.dg/Warray-bounds.c (test for warnings, line 65)
XPASS: gcc.dg/Wunreachable-8.c (test for bogus messages, line 7)
XPASS: gcc.dg/guality/example.c -O0 execution test
XPASS: gcc.dg/guality/inline-params.c -O0 execution test
XPASS: gcc.dg/guality/inline-params.c -O3 -fomit-frame-pointer execution test
XPASS: gcc.dg/guality/inline-params.c -O3 -g execution test
XPASS: gcc.dg/struct/wo_prof_array_through_pointer.c scan-ipa-dump ipa_struct_reorg "Number of structures to transform is 1"
=== gcc Summary for unix/-m32 ===
Running target unix
XPASS: gcc.dg/Warray-bounds.c (test for warnings, line 59)
XPASS: gcc.dg/Warray-bounds.c (test for warnings, line 65)
XPASS: gcc.dg/Wunreachable-8.c (test for bogus messages, line 7)
XPASS: gcc.dg/guality/example.c -O0 execution test
XPASS: gcc.dg/guality/guality.c -O0 execution test
XPASS: gcc.dg/guality/guality.c -O1 execution test
XPASS: gcc.dg/guality/guality.c -O2 execution test
XPASS: gcc.dg/guality/guality.c -O3 -fomit-frame-pointer execution test
XPASS: gcc.dg/guality/guality.c -O3 -g execution test
XPASS: gcc.dg/guality/guality.c -Os execution test
XPASS: gcc.dg/guality/inline-params.c -O0 execution test
XPASS: gcc.dg/guality/inline-params.c -O3 -fomit-frame-pointer execution test
XPASS: gcc.dg/guality/inline-params.c -O3 -g execution test
XPASS: gcc.dg/struct/wo_prof_array_through_pointer.c scan-ipa-dump ipa_struct_reorg "Number of structures to transform is 1"
=== gcc Summary for unix ===
=== gcc Summary ===
# of expected passes 119386
# of unexpected successes 22
# of expected failures 425
# of unsupported tests 1343
/export/build/gnu/gcc/build-x86_64-linux/gcc/xgcc version 4.5.0 20090921 (experimental) [trunk revision 151940] (GCC)
=== gfortran tests ===
Running target unix/-m32
=== gfortran Summary for unix/-m32 ===
# of expected passes 3996
Running target unix
=== gfortran Summary for unix ===
# of expected passes 3996
=== gfortran Summary ===
# of expected passes 64465
# of expected failures 42
# of unsupported tests 164
/export/build/gnu/gcc/build-x86_64-linux/gcc/testsuite/gfortran/../../gfortran version 4.5.0 20090921 (experimental) [trunk revision 151940] (GCC)
=== g++ tests ===
Running target unix/-m32
=== g++ Summary for unix/-m32 ===
# of expected passes 6800
# of expected failures 26
# of unsupported tests 10
Running target unix
=== g++ Summary for unix ===
# of expected passes 6753
# of expected failures 26
# of unsupported tests 20
=== g++ Summary ===
# of expected passes 43197
# of expected failures 304
# of unsupported tests 372
/export/build/gnu/gcc/build-x86_64-linux/gcc/testsuite/g++/../../g++ version 4.5.0 20090921 (experimental) [trunk revision 151940] (GCC)
=== objc tests ===
Running target unix/-m32
=== objc Summary for unix/-m32 ===
# of expected passes 2
Running target unix
=== objc Summary for unix ===
# of expected passes 2
=== objc Summary ===
# of expected passes 3742
# of expected failures 22
# of unsupported tests 48
/export/build/gnu/gcc/build-x86_64-linux/gcc/xgcc version 4.5.0 20090921 (experimental) [trunk revision 151940] (GCC)
=== libffi tests ===
Running target unix/-m32
XPASS: libffi.call/cls_dbls_struct.c -O0 -W -Wall output pattern test, 1.0 2.0?
XPASS: libffi.call/cls_dbls_struct.c -O2 output pattern test, 1.0 2.0?
XPASS: libffi.call/cls_dbls_struct.c -O3 output pattern test, 1.0 2.0?
XPASS: libffi.call/cls_dbls_struct.c -Os output pattern test, 1.0 2.0?
XPASS: libffi.call/cls_dbls_struct.c -O2 -fomit-frame-pointer output pattern test, 1.0 2.0?
=== libffi Summary for unix/-m32 ===
# of expected passes 24
Running target unix
=== libffi Summary for unix ===
# of expected passes 24
=== libffi Summary ===
# of expected passes 3168
# of unexpected successes 5
# of expected failures 35
# of unsupported tests 30
=== libgomp tests ===
Running target unix/-m32
=== libgomp Summary for unix/-m32 ===
Running target unix
=== libgomp Summary for unix ===
=== libgomp Summary ===
# of expected passes 4816
=== libjava tests ===
Running target unix/-m32
FAIL: StackTrace2 execution - source compiled test
FAIL: StackTrace2 -findirect-dispatch execution - source compiled test
FAIL: StackTrace2 -O3 execution - source compiled test
FAIL: StackTrace2 -O3 -findirect-dispatch execution - source compiled test
FAIL: Throw_3 execution - source compiled test
FAIL: Throw_3 -findirect-dispatch execution - source compiled test
FAIL: Throw_3 -O3 execution - source compiled test
FAIL: Throw_3 -O3 -findirect-dispatch execution - source compiled test
FAIL: stacktrace execution - source compiled test
FAIL: stacktrace -findirect-dispatch execution - source compiled test
FAIL: stacktrace -O3 execution - source compiled test
FAIL: stacktrace -O3 -findirect-dispatch execution - source compiled test
=== libjava Summary for unix/-m32 ===
Running target unix
FAIL: StackTrace2 execution - source compiled test
FAIL: StackTrace2 -findirect-dispatch execution - source compiled test
FAIL: StackTrace2 -O3 execution - source compiled test
FAIL: StackTrace2 -O3 -findirect-dispatch execution - source compiled test
FAIL: Throw_3 execution - source compiled test
FAIL: Throw_3 -findirect-dispatch execution - source compiled test
FAIL: Throw_3 -O3 execution - source compiled test
FAIL: Throw_3 -O3 -findirect-dispatch execution - source compiled test
FAIL: stacktrace execution - source compiled test
FAIL: stacktrace -findirect-dispatch execution - source compiled test
FAIL: stacktrace -O3 execution - source compiled test
FAIL: stacktrace -O3 -findirect-dispatch execution - source compiled test
=== libjava Summary for unix ===
=== libjava Summary ===
# of expected passes 5100
# of unexpected failures 24
# of untested testcases 24
=== libmudflap tests ===
Running target unix/-m32
FAIL: libmudflap.c/fail31-frag.c (-O3) output pattern test
FAIL: libmudflap.c/pass45-frag.c (-O3) execution test
FAIL: libmudflap.c/pass45-frag.c (-O3) output pattern test
FAIL: libmudflap.c/pass45-frag.c (-O3) execution test
FAIL: libmudflap.c/pass45-frag.c (-O3) output pattern test
FAIL: libmudflap.c++/pass41-frag.cxx execution test
FAIL: libmudflap.c++/pass41-frag.cxx (-static) execution test
FAIL: libmudflap.c++/pass41-frag.cxx ( -O) execution test
FAIL: libmudflap.c++/pass41-frag.cxx (-O2) execution test
FAIL: libmudflap.c++/pass41-frag.cxx (-O3) execution test
FAIL: libmudflap.cth/pass37-frag.c (-static -DSTATIC) execution test
FAIL: libmudflap.cth/pass37-frag.c (-static -DSTATIC) output pattern test
FAIL: libmudflap.cth/pass37-frag.c (-static -DSTATIC) (rerun 1) execution test
FAIL: libmudflap.cth/pass37-frag.c (-static -DSTATIC) (rerun 1) output pattern test
FAIL: libmudflap.cth/pass37-frag.c (-static -DSTATIC) (rerun 2) execution test
FAIL: libmudflap.cth/pass37-frag.c (-static -DSTATIC) (rerun 2) output pattern test
FAIL: libmudflap.cth/pass37-frag.c (-static -DSTATIC) (rerun 3) execution test
FAIL: libmudflap.cth/pass37-frag.c (-static -DSTATIC) (rerun 3) output pattern test
FAIL: libmudflap.cth/pass37-frag.c (-static -DSTATIC) (rerun 4) execution test
FAIL: libmudflap.cth/pass37-frag.c (-static -DSTATIC) (rerun 4) output pattern test
FAIL: libmudflap.cth/pass37-frag.c (-static -DSTATIC) (rerun 5) execution test
FAIL: libmudflap.cth/pass37-frag.c (-static -DSTATIC) (rerun 5) output pattern test
FAIL: libmudflap.cth/pass37-frag.c (-static -DSTATIC) (rerun 6) execution test
FAIL: libmudflap.cth/pass37-frag.c (-static -DSTATIC) (rerun 6) output pattern test
FAIL: libmudflap.cth/pass37-frag.c (-static -DSTATIC) (rerun 7) execution test
FAIL: libmudflap.cth/pass37-frag.c (-static -DSTATIC) (rerun 7) output pattern test
FAIL: libmudflap.cth/pass37-frag.c (-static -DSTATIC) (rerun 8) execution test
FAIL: libmudflap.cth/pass37-frag.c (-static -DSTATIC) (rerun 8) output pattern test
FAIL: libmudflap.cth/pass37-frag.c (-static -DSTATIC) (rerun 9) execution test
FAIL: libmudflap.cth/pass37-frag.c (-static -DSTATIC) (rerun 9) output pattern test
FAIL: libmudflap.cth/pass37-frag.c (-static -DSTATIC) (rerun 10) execution test
FAIL: libmudflap.cth/pass37-frag.c (-static -DSTATIC) (rerun 10) output pattern test
FAIL: libmudflap.cth/pass37-frag.c (-static -DSTATIC) (rerun 11) execution test
FAIL: libmudflap.cth/pass37-frag.c (-static -DSTATIC) (rerun 11) output pattern test
FAIL: libmudflap.cth/pass37-frag.c (-static -DSTATIC) (rerun 12) execution test
FAIL: libmudflap.cth/pass37-frag.c (-static -DSTATIC) (rerun 12) output pattern test
FAIL: libmudflap.cth/pass37-frag.c (-static -DSTATIC) (rerun 13) execution test
FAIL: libmudflap.cth/pass37-frag.c (-static -DSTATIC) (rerun 13) output pattern test
FAIL: libmudflap.cth/pass37-frag.c (-static -DSTATIC) (rerun 14) execution test
FAIL: libmudflap.cth/pass37-frag.c (-static -DSTATIC) (rerun 14) output pattern test
FAIL: libmudflap.cth/pass37-frag.c (-static -DSTATIC) (rerun 15) execution test
FAIL: libmudflap.cth/pass37-frag.c (-static -DSTATIC) (rerun 15) output pattern test
FAIL: libmudflap.cth/pass37-frag.c (-static -DSTATIC) (rerun 16) execution test
FAIL: libmudflap.cth/pass37-frag.c (-static -DSTATIC) (rerun 16) output pattern test
FAIL: libmudflap.cth/pass37-frag.c (-static -DSTATIC) (rerun 17) execution test
FAIL: libmudflap.cth/pass37-frag.c (-static -DSTATIC) (rerun 17) output pattern test
FAIL: libmudflap.cth/pass37-frag.c (-static -DSTATIC) (rerun 18) execution test
FAIL: libmudflap.cth/pass37-frag.c (-static -DSTATIC) (rerun 18) output pattern test
FAIL: libmudflap.cth/pass37-frag.c (-static -DSTATIC) (rerun 19) execution test
FAIL: libmudflap.cth/pass37-frag.c (-static -DSTATIC) (rerun 19) output pattern test
FAIL: libmudflap.cth/pass39-frag.c (-static -DSTATIC) execution test
FAIL: libmudflap.cth/pass39-frag.c (-static -DSTATIC) output pattern test
FAIL: libmudflap.cth/pass39-frag.c (-static -DSTATIC) (rerun 1) execution test
FAIL: libmudflap.cth/pass39-frag.c (-static -DSTATIC) (rerun 1) output pattern test
FAIL: libmudflap.cth/pass39-frag.c (-static -DSTATIC) (rerun 2) execution test
FAIL: libmudflap.cth/pass39-frag.c (-static -DSTATIC) (rerun 2) output pattern test
FAIL: libmudflap.cth/pass39-frag.c (-static -DSTATIC) (rerun 3) execution test
FAIL: libmudflap.cth/pass39-frag.c (-static -DSTATIC) (rerun 3) output pattern test
FAIL: libmudflap.cth/pass39-frag.c (-static -DSTATIC) (rerun 4) execution test
FAIL: libmudflap.cth/pass39-frag.c (-static -DSTATIC) (rerun 4) output pattern test
FAIL: libmudflap.cth/pass39-frag.c (-static -DSTATIC) (rerun 5) execution test
FAIL: libmudflap.cth/pass39-frag.c (-static -DSTATIC) (rerun 5) output pattern test
FAIL: libmudflap.cth/pass39-frag.c (-static -DSTATIC) (rerun 6) execution test
FAIL: libmudflap.cth/pass39-frag.c (-static -DSTATIC) (rerun 6) output pattern test
FAIL: libmudflap.cth/pass39-frag.c (-static -DSTATIC) (rerun 7) execution test
FAIL: libmudflap.cth/pass39-frag.c (-static -DSTATIC) (rerun 7) output pattern test
FAIL: libmudflap.cth/pass39-frag.c (-static -DSTATIC) (rerun 8) execution test
FAIL: libmudflap.cth/pass39-frag.c (-static -DSTATIC) (rerun 8) output pattern test
FAIL: libmudflap.cth/pass39-frag.c (-static -DSTATIC) (rerun 9) execution test
FAIL: libmudflap.cth/pass39-frag.c (-static -DSTATIC) (rerun 9) output pattern test
FAIL: libmudflap.cth/pass39-frag.c (-static -DSTATIC) (rerun 10) execution test
FAIL: libmudflap.cth/pass39-frag.c (-static -DSTATIC) (rerun 10) output pattern test
FAIL: libmudflap.cth/pass39-frag.c (-static -DSTATIC) (rerun 11) execution test
FAIL: libmudflap.cth/pass39-frag.c (-static -DSTATIC) (rerun 11) output pattern test
FAIL: libmudflap.cth/pass39-frag.c (-static -DSTATIC) (rerun 12) execution test
FAIL: libmudflap.cth/pass39-frag.c (-static -DSTATIC) (rerun 12) output pattern test
FAIL: libmudflap.cth/pass39-frag.c (-static -DSTATIC) (rerun 13) execution test
FAIL: libmudflap.cth/pass39-frag.c (-static -DSTATIC) (rerun 13) output pattern test
FAIL: libmudflap.cth/pass39-frag.c (-static -DSTATIC) (rerun 14) execution test
FAIL: libmudflap.cth/pass39-frag.c (-static -DSTATIC) (rerun 14) output pattern test
FAIL: libmudflap.cth/pass39-frag.c (-static -DSTATIC) (rerun 15) execution test
FAIL: libmudflap.cth/pass39-frag.c (-static -DSTATIC) (rerun 15) output pattern test
FAIL: libmudflap.cth/pass39-frag.c (-static -DSTATIC) (rerun 16) execution test
FAIL: libmudflap.cth/pass39-frag.c (-static -DSTATIC) (rerun 16) output pattern test
FAIL: libmudflap.cth/pass39-frag.c (-static -DSTATIC) (rerun 17) execution test
FAIL: libmudflap.cth/pass39-frag.c (-static -DSTATIC) (rerun 17) output pattern test
FAIL: libmudflap.cth/pass39-frag.c (-static -DSTATIC) (rerun 18) execution test
FAIL: libmudflap.cth/pass39-frag.c (-static -DSTATIC) (rerun 18) output pattern test
FAIL: libmudflap.cth/pass39-frag.c (-static -DSTATIC) (rerun 19) execution test
FAIL: libmudflap.cth/pass39-frag.c (-static -DSTATIC) (rerun 19) output pattern test
FAIL: libmudflap.cth/pass40-frag.c (-static -DSTATIC) execution test
FAIL: libmudflap.cth/pass40-frag.c (-static -DSTATIC) output pattern test
FAIL: libmudflap.cth/pass59-frag.c (-static -DSTATIC) execution test
FAIL: libmudflap.cth/pass59-frag.c (-static -DSTATIC) output pattern test
=== libmudflap Summary for unix/-m32 ===
# of expected passes 268
# of unexpected failures 84
Running target unix
FAIL: libmudflap.c/fail31-frag.c (-O3) output pattern test
FAIL: libmudflap.c/pass45-frag.c (-O3) execution test
FAIL: libmudflap.c/pass45-frag.c (-O3) output pattern test
FAIL: libmudflap.c/pass45-frag.c (-O3) execution test
FAIL: libmudflap.c/pass45-frag.c (-O3) output pattern test
FAIL: libmudflap.c++/pass41-frag.cxx execution test
FAIL: libmudflap.c++/pass41-frag.cxx (-static) execution test
FAIL: libmudflap.c++/pass41-frag.cxx ( -O) execution test
FAIL: libmudflap.c++/pass41-frag.cxx (-O2) execution test
FAIL: libmudflap.c++/pass41-frag.cxx (-O3) execution test
=== libmudflap Summary for unix ===
# of expected passes 352
=== libmudflap Summary ===
# of expected passes 3684
# of unexpected failures 104
=== libstdc++ tests ===
Running target unix/-m32
XPASS: 26_numerics/headers/cmath/c99_classification_macros_c.cc (test for excess errors)
FAIL: ext/pb_ds/regression/hash_data_map_rand.cc execution test
FAIL: ext/pb_ds/regression/hash_no_data_map_rand.cc execution test
FAIL: ext/pb_ds/regression/list_update_data_map_rand.cc execution test
FAIL: ext/pb_ds/regression/tree_data_map_rand.cc execution test
FAIL: ext/pb_ds/regression/tree_no_data_map_rand.cc execution test
FAIL: ext/pb_ds/regression/trie_data_map_rand.cc execution test
FAIL: ext/pb_ds/regression/trie_no_data_map_rand.cc execution test
=== libstdc++ Summary for unix/-m32 ===
# of expected passes 6847
# of unexpected failures 7
# of unexpected successes 1
# of expected failures 86
# of unsupported tests 83
Running target unix
XPASS: 26_numerics/headers/cmath/c99_classification_macros_c.cc (test for excess errors)
FAIL: ext/pb_ds/regression/hash_data_map_rand.cc execution test
FAIL: ext/pb_ds/regression/hash_no_data_map_rand.cc execution test
FAIL: ext/pb_ds/regression/list_update_no_data_map_rand.cc execution test
FAIL: ext/pb_ds/regression/priority_queue_rand.cc execution test
FAIL: ext/pb_ds/regression/tree_data_map_rand.cc execution test
FAIL: ext/pb_ds/regression/tree_no_data_map_rand.cc execution test
FAIL: ext/pb_ds/regression/trie_data_map_rand.cc execution test
FAIL: ext/pb_ds/regression/trie_no_data_map_rand.cc execution test
=== libstdc++ Summary for unix ===
# of expected passes 6991
# of unexpected failures 8
# of unexpected successes 1
# of expected failures 88
# of unsupported tests 13
=== libstdc++ Summary ===
# of expected passes 13840
# of unexpected failures 15
# of unexpected successes 2
# of expected failures 174
# of unsupported tests 96
Compiler version: 4.5.0 20090921 (experimental) [trunk revision 151940] (GCC)
Platform: x86_64-unknown-linux-gnu
configure flags: --enable-clocale=gnu --with-system-zlib --enable-checking=assert --with-demangler-in-ld --enable-shared --enable-threads=posix --enable-haifa --prefix=/usr/gcc-4.5 --with-local-prefix=/usr/local