This is the mail archive of the
gcc-testresults@gcc.gnu.org
mailing list for the GCC project.
Results for 4.5.0 20090919 (experimental) [trunk revision 151882] (GCC) testsuite on x86_64-unknown-linux-gnu
- From: dave at hiauly1 dot hia dot nrc dot ca (John David Anglin)
- To: dave at hiauly1 dot hia dot nrc dot ca, gcc-testresults at gcc dot gnu dot org
- Date: Sat, 19 Sep 2009 16:25:56 -0400 (EDT)
- Subject: Results for 4.5.0 20090919 (experimental) [trunk revision 151882] (GCC) testsuite on x86_64-unknown-linux-gnu
LAST_UPDATED: Sat Sep 19 17:11:17 UTC 2009 (revision 151882)
=== acats tests ===
=== acats Summary ===
# of expected passes 2315
# of unexpected failures 0
Native configuration is x86_64-unknown-linux-gnu
=== gcc tests ===
Running target unix
FAIL: gcc.dg/cpp/missing-header-MD.c (test for errors, line 5)
FAIL: gcc.dg/cpp/missing-header-MD.c (test for excess errors)
FAIL: gcc.dg/cpp/missing-header-MMD.c (test for errors, line 5)
FAIL: gcc.dg/cpp/missing-header-MMD.c (test for excess errors)
FAIL: gcc.dg/cpp/missing-sysheader-MD.c (test for errors, line 5)
FAIL: gcc.dg/cpp/missing-sysheader-MD.c (test for excess errors)
FAIL: gcc.dg/cpp/missing-sysheader-MMD.c (test for errors, line 5)
FAIL: gcc.dg/cpp/missing-sysheader-MMD.c (test for excess errors)
XPASS: gcc.dg/Warray-bounds.c (test for warnings, line 59)
XPASS: gcc.dg/Warray-bounds.c (test for warnings, line 65)
XPASS: gcc.dg/Wunreachable-8.c (test for bogus messages, line 7)
FAIL: gcc.dg/pr34668-1.c (internal compiler error)
FAIL: gcc.dg/pr34668-1.c (test for excess errors)
XPASS: gcc.dg/guality/example.c -O0 execution test
XPASS: gcc.dg/guality/example.c -O1 execution test
XPASS: gcc.dg/guality/example.c -O2 execution test
XPASS: gcc.dg/guality/guality.c -O0 execution test
XPASS: gcc.dg/guality/guality.c -O1 execution test
XPASS: gcc.dg/guality/guality.c -O2 execution test
XPASS: gcc.dg/guality/guality.c -O3 -fomit-frame-pointer execution test
XPASS: gcc.dg/guality/guality.c -O3 -g execution test
XPASS: gcc.dg/guality/guality.c -Os execution test
XPASS: gcc.dg/struct/wo_prof_array_through_pointer.c scan-ipa-dump ipa_struct_reorg "Number of structures to transform is 1"
FAIL: gcc.dg/struct/wo_prof_double_malloc.c (internal compiler error)
FAIL: gcc.dg/struct/wo_prof_double_malloc.c (test for excess errors)
WARNING: gcc.dg/struct/wo_prof_double_malloc.c compilation failed to produce executable
FAIL: gcc.target/i386/avx-vmovntdq-256-1.c (test for excess errors)
WARNING: gcc.target/i386/avx-vmovntdq-256-1.c compilation failed to produce executable
FAIL: gcc.target/i386/avx-vmovntpd-256-1.c (test for excess errors)
WARNING: gcc.target/i386/avx-vmovntpd-256-1.c compilation failed to produce executable
FAIL: gcc.target/i386/avx-vmovntps-256-1.c (test for excess errors)
WARNING: gcc.target/i386/avx-vmovntps-256-1.c compilation failed to produce executable
=== gcc Summary ===
# of expected passes 59132
# of unexpected failures 15
# of unexpected successes 13
# of expected failures 205
# of unsupported tests 815
/home/dave/gnu/gcc/objdir/gcc/xgcc version 4.5.0 20090919 (experimental) [trunk revision 151882] (GCC)
=== gfortran tests ===
Running target unix
=== gfortran Summary ===
# of expected passes 32297
# of expected failures 21
# of unsupported tests 52
/home/dave/gnu/gcc/objdir/gcc/testsuite/gfortran/../../gfortran version 4.5.0 20090919 (experimental) [trunk revision 151882] (GCC)
=== g++ tests ===
Running target unix
=== g++ Summary ===
# of expected passes 20579
# of expected failures 152
# of unsupported tests 261
/home/dave/gnu/gcc/objdir/gcc/testsuite/g++/../../g++ version 4.5.0 20090919 (experimental) [trunk revision 151882] (GCC)
=== gnat tests ===
Running target unix
=== gnat Summary ===
# of expected passes 692
# of expected failures 5
=== obj-c++ tests ===
Running target unix
FAIL: obj-c++.dg/except-1.mm execution test
WARNING: obj-c++.dg/lookup-2.mm compilation failed to produce executable
FAIL: obj-c++.dg/try-catch-1.mm (internal compiler error)
FAIL: obj-c++.dg/try-catch-1.mm (test for excess errors)
FAIL: obj-c++.dg/try-catch-2.mm (test for excess errors)
WARNING: obj-c++.dg/try-catch-2.mm compilation failed to produce executable
FAIL: obj-c++.dg/try-catch-4.mm (internal compiler error)
FAIL: obj-c++.dg/try-catch-4.mm (test for excess errors)
WARNING: obj-c++.dg/try-catch-9.mm compilation failed to produce executable
=== obj-c++ Summary ===
# of expected passes 424
# of unexpected failures 6
# of expected failures 21
# of unsupported tests 13
/home/dave/gnu/gcc/objdir/gcc/testsuite/obj-c++/../../g++ version 4.5.0 20090919 (experimental) [trunk revision 151882] (GCC)
=== objc tests ===
Running target unix
=== objc Summary ===
# of expected passes 1867
# of expected failures 15
# of unsupported tests 24
/home/dave/gnu/gcc/objdir/gcc/xgcc version 4.5.0 20090919 (experimental) [trunk revision 151882] (GCC)
=== libffi tests ===
Running target unix
=== libffi Summary ===
# of expected passes 1584
# of expected failures 20
# of unsupported tests 15
=== libgomp tests ===
Running target unix
=== libgomp Summary ===
# of expected passes 2408
=== libjava tests ===
Running target unix
=== libjava Summary ===
# of expected passes 2574
=== libmudflap tests ===
Running target unix
FAIL: libmudflap.c/fail31-frag.c (-O3) output pattern test
FAIL: libmudflap.c/pass45-frag.c (-O3) execution test
FAIL: libmudflap.c/pass45-frag.c (-O3) output pattern test
FAIL: libmudflap.c/pass45-frag.c (-O3) execution test
FAIL: libmudflap.c/pass45-frag.c (-O3) output pattern test
FAIL: libmudflap.c++/pass41-frag.cxx execution test
FAIL: libmudflap.c++/pass41-frag.cxx (-static) execution test
FAIL: libmudflap.c++/pass41-frag.cxx ( -O) execution test
FAIL: libmudflap.c++/pass41-frag.cxx (-O2) execution test
FAIL: libmudflap.c++/pass41-frag.cxx (-O3) execution test
=== libmudflap Summary ===
# of expected passes 1884
# of unexpected failures 10
=== libstdc++ tests ===
Running target unix
XPASS: 26_numerics/headers/cmath/c99_classification_macros_c.cc (test for excess errors)
=== libstdc++ Summary ===
# of expected passes 7000
# of unexpected successes 1
# of expected failures 88
# of unsupported tests 13
Compiler version: 4.5.0 20090919 (experimental) [trunk revision 151882] (GCC)
Platform: x86_64-unknown-linux-gnu
configure flags: --enable-shared --disable-nls --with-local-prefix=/opt/gnu --prefix=/opt/gnu/gcc/gcc-4.4.0 --enable-debug=no --enable-threads=posix --enable-languages=c,c++,objc,obj-c++,fortran,java,ada