This is the mail archive of the
gcc-testresults@gcc.gnu.org
mailing list for the GCC project.
Results for 4.5.0 20090910 (experimental) (GCC) testsuite on i686-pc-linux-gnu
- From: GCC regression tester <regress at geoffk dot org>
- To: gcc-testresults at gcc dot gnu dot org
- Date: Thu, 10 Sep 2009 06:14:16 -0700
- Subject: Results for 4.5.0 20090910 (experimental) (GCC) testsuite on i686-pc-linux-gnu
This build run by an automatic regression tester.
See <http://glutton.geoffk.org/HEAD/> for more information.
Date: 2009-09-10T11:50:22Z
Revision: 151592
URL: svn://gcc.gnu.org/svn/gcc/trunk
Status: regress-33
Prev-Endtime: 2009-09-10T10:32:48Z
Native configuration is i686-pc-linux-gnu
=== g++ tests ===
Running target unix
=== g++ Summary ===
# of expected passes 20849
# of expected failures 152
# of unsupported tests 111
/home/regress/tbox/native/build/gcc/testsuite/g++/../../g++ version 4.5.0 20090910 (experimental) (GCC)
=== gcc tests ===
Running target unix
FAIL: gcc.c-torture/compile/limits-exprparen.c -O0 (test for excess errors)
FAIL: gcc.c-torture/compile/limits-exprparen.c -O1 (test for excess errors)
FAIL: gcc.c-torture/compile/limits-exprparen.c -O2 (test for excess errors)
FAIL: gcc.c-torture/compile/limits-exprparen.c -O3 -fomit-frame-pointer (test for excess errors)
FAIL: gcc.c-torture/compile/limits-exprparen.c -O3 -g (test for excess errors)
FAIL: gcc.c-torture/compile/limits-exprparen.c -Os (test for excess errors)
FAIL: gcc.c-torture/execute/20041011-1.c execution, -O0
FAIL: gcc.c-torture/execute/20041011-1.c execution, -O1
FAIL: gcc.c-torture/execute/20041011-1.c execution, -O2
FAIL: gcc.c-torture/execute/20041011-1.c execution, -O3 -fomit-frame-pointer
FAIL: gcc.c-torture/execute/20041011-1.c execution, -O3 -fomit-frame-pointer -funroll-loops
FAIL: gcc.c-torture/execute/20041011-1.c execution, -O3 -fomit-frame-pointer -funroll-all-loops -finline-functions
FAIL: gcc.c-torture/execute/20041011-1.c execution, -O3 -g
FAIL: gcc.c-torture/execute/20041011-1.c execution, -Os
FAIL: gcc.c-torture/execute/920501-2.c execution, -O0
FAIL: gcc.c-torture/execute/950503-1.c execution, -O0
FAIL: gcc.c-torture/execute/950612-1.c execution, -O1
FAIL: gcc.c-torture/execute/builtin-bitops-1.c execution, -O2
FAIL: gcc.c-torture/execute/builtin-bitops-1.c execution, -O3 -fomit-frame-pointer
FAIL: gcc.c-torture/execute/builtin-bitops-1.c execution, -O3 -fomit-frame-pointer -funroll-loops
FAIL: gcc.c-torture/execute/builtin-bitops-1.c execution, -O3 -fomit-frame-pointer -funroll-all-loops -finline-functions
FAIL: gcc.c-torture/execute/builtin-bitops-1.c execution, -O3 -g
FAIL: gcc.dg/dfp/convert-dfp-round-thread.c execution test
FAIL: gcc.dg/dfp/convert-dfp-round.c execution test
FAIL: gcc.dg/dfp/usual-arith-conv.c execution test
XPASS: gcc.dg/Warray-bounds.c (test for warnings, line 59)
XPASS: gcc.dg/Warray-bounds.c (test for warnings, line 65)
XPASS: gcc.dg/Wunreachable-8.c (test for bogus messages, line 7)
FAIL: gcc.dg/optimize-bswapsi-1.c scan-tree-dump-times bswap "32 bit bswap implementation found at" 3
FAIL: gcc.dg/pr34668-1.c (internal compiler error)
FAIL: gcc.dg/pr34668-1.c (test for excess errors)
XPASS: gcc.dg/guality/example.c -O0 execution test
XPASS: gcc.dg/struct/wo_prof_array_through_pointer.c scan-ipa-dump ipa_struct_reorg "Number of structures to transform is 1"
FAIL: gcc.dg/struct/wo_prof_double_malloc.c (internal compiler error)
FAIL: gcc.dg/struct/wo_prof_double_malloc.c (test for excess errors)
WARNING: gcc.dg/struct/wo_prof_double_malloc.c compilation failed to produce executable
=== gcc Summary ===
# of expected passes 58539
# of unexpected failures 30
# of unexpected successes 5
# of expected failures 212
# of unsupported tests 961
/home/regress/tbox/native/build/gcc/xgcc version 4.5.0 20090910 (experimental) (GCC)
=== gfortran tests ===
Running target unix
FAIL: gfortran.dg/array_constructor_12.f90 -O0 execution test
FAIL: gfortran.dg/array_constructor_12.f90 -O1 execution test
FAIL: gfortran.dg/array_constructor_12.f90 -O2 execution test
FAIL: gfortran.dg/array_constructor_12.f90 -O3 -fomit-frame-pointer execution test
FAIL: gfortran.dg/array_constructor_12.f90 -O3 -fomit-frame-pointer -funroll-loops execution test
FAIL: gfortran.dg/array_constructor_12.f90 -O3 -fomit-frame-pointer -funroll-all-loops -finline-functions execution test
FAIL: gfortran.dg/array_constructor_12.f90 -O3 -g execution test
FAIL: gfortran.dg/array_constructor_12.f90 -Os execution test
FAIL: gfortran.dg/direct_io_2.f90 -O1 execution test
FAIL: gfortran.dg/direct_io_2.f90 -O2 execution test
FAIL: gfortran.dg/direct_io_2.f90 -O3 -fomit-frame-pointer execution test
FAIL: gfortran.dg/direct_io_2.f90 -O3 -fomit-frame-pointer -funroll-loops execution test
FAIL: gfortran.dg/direct_io_2.f90 -O3 -fomit-frame-pointer -funroll-all-loops -finline-functions execution test
FAIL: gfortran.dg/direct_io_2.f90 -O3 -g execution test
FAIL: gfortran.dg/direct_io_2.f90 -Os execution test
FAIL: gfortran.dg/ftell_1.f90 -O1 execution test
FAIL: gfortran.dg/ftell_1.f90 -O2 execution test
FAIL: gfortran.dg/ftell_1.f90 -O3 -fomit-frame-pointer execution test
FAIL: gfortran.dg/ftell_1.f90 -O3 -fomit-frame-pointer -funroll-loops execution test
FAIL: gfortran.dg/ftell_1.f90 -O3 -fomit-frame-pointer -funroll-all-loops -finline-functions execution test
FAIL: gfortran.dg/ftell_1.f90 -O3 -g execution test
FAIL: gfortran.dg/ftell_1.f90 -Os execution test
FAIL: gfortran.dg/itime_idate_2.f -O1 execution test
FAIL: gfortran.dg/itime_idate_2.f -O2 execution test
FAIL: gfortran.dg/itime_idate_2.f -O3 -fomit-frame-pointer execution test
FAIL: gfortran.dg/itime_idate_2.f -O3 -fomit-frame-pointer -funroll-loops execution test
FAIL: gfortran.dg/itime_idate_2.f -O3 -fomit-frame-pointer -funroll-all-loops -finline-functions execution test
FAIL: gfortran.dg/itime_idate_2.f -O3 -g execution test
FAIL: gfortran.dg/itime_idate_2.f -Os execution test
=== gfortran Summary ===
# of expected passes 32087
# of unexpected failures 29
# of expected failures 21
# of unsupported tests 112
/home/regress/tbox/native/build/gcc/testsuite/gfortran/../../gfortran version 4.5.0 20090910 (experimental) (GCC)
=== objc tests ===
Running target unix
=== objc Summary ===
# of expected passes 1875
# of expected failures 7
# of unsupported tests 24
/home/regress/tbox/native/build/gcc/xgcc version 4.5.0 20090910 (experimental) (GCC)
=== libffi tests ===
Running target unix
=== libffi Summary ===
# of expected passes 1589
# of expected failures 15
# of unsupported tests 15
=== libgomp tests ===
Running target unix
FAIL: libgomp.c/loop-11.c execution test
FAIL: libgomp.c/loop-12.c execution test
FAIL: libgomp.c/loop-5.c execution test
FAIL: libgomp.c/loop-6.c execution test
FAIL: libgomp.c/loop-7.c execution test
FAIL: libgomp.c/loop-9.c execution test
FAIL: libgomp.c++/loop-10.C -O1 execution test
FAIL: libgomp.c++/loop-10.C -O2 execution test
FAIL: libgomp.c++/loop-10.C -O3 -fomit-frame-pointer execution test
FAIL: libgomp.c++/loop-10.C -O3 -fomit-frame-pointer -funroll-loops execution test
FAIL: libgomp.c++/loop-10.C -O3 -fomit-frame-pointer -funroll-all-loops -finline-functions execution test
FAIL: libgomp.c++/loop-10.C -O3 -g execution test
FAIL: libgomp.c++/loop-10.C -Os execution test
FAIL: libgomp.c++/loop-11.C -O execution test
FAIL: libgomp.c++/loop-12.C -O0 execution test
FAIL: libgomp.c++/loop-12.C -O1 execution test
FAIL: libgomp.c++/loop-12.C -O2 execution test
FAIL: libgomp.c++/loop-12.C -O3 -fomit-frame-pointer execution test
FAIL: libgomp.c++/loop-12.C -O3 -fomit-frame-pointer -funroll-loops execution test
FAIL: libgomp.c++/loop-12.C -O3 -fomit-frame-pointer -funroll-all-loops -finline-functions execution test
FAIL: libgomp.c++/loop-12.C -O3 -g execution test
FAIL: libgomp.c++/loop-12.C -Os execution test
FAIL: libgomp.c++/loop-8.C -O execution test
FAIL: libgomp.c++/loop-9.C -O0 execution test
FAIL: libgomp.c++/loop-9.C -O1 execution test
FAIL: libgomp.c++/loop-9.C -O2 execution test
FAIL: libgomp.c++/loop-9.C -O3 -fomit-frame-pointer execution test
FAIL: libgomp.c++/loop-9.C -O3 -fomit-frame-pointer -funroll-loops execution test
FAIL: libgomp.c++/loop-9.C -O3 -fomit-frame-pointer -funroll-all-loops -finline-functions execution test
FAIL: libgomp.c++/loop-9.C -O3 -g execution test
FAIL: libgomp.c++/loop-9.C -Os execution test
=== libgomp Summary ===
# of expected passes 2377
# of unexpected failures 31
=== libjava tests ===
Running target unix
=== libjava Summary ===
# of expected passes 2574
=== libmudflap tests ===
Running target unix
FAIL: libmudflap.c/fail31-frag.c (-O3) output pattern test
FAIL: libmudflap.c/pass45-frag.c (-O3) execution test
FAIL: libmudflap.c/pass45-frag.c (-O3) output pattern test
FAIL: libmudflap.c/pass45-frag.c (-O3) execution test
FAIL: libmudflap.c/pass45-frag.c (-O3) output pattern test
FAIL: libmudflap.c++/pass41-frag.cxx execution test
FAIL: libmudflap.c++/pass41-frag.cxx (-static) execution test
FAIL: libmudflap.c++/pass41-frag.cxx ( -O) execution test
FAIL: libmudflap.c++/pass41-frag.cxx (-O2) execution test
FAIL: libmudflap.c++/pass41-frag.cxx (-O3) execution test
=== libmudflap Summary ===
# of expected passes 1884
# of unexpected failures 10
=== libstdc++ tests ===
Running target unix
FAIL: 23_containers/forward_list/operations/6.cc execution test
XPASS: 26_numerics/headers/cmath/c99_classification_macros_c.cc (test for excess errors)
FAIL: 26_numerics/random/discard_block_engine/operators/equal.cc execution test
FAIL: 26_numerics/random/ranlux24.cc execution test
FAIL: 26_numerics/random/ranlux48.cc execution test
WARNING: program timed out.
WARNING: program timed out.
WARNING: program timed out.
=== libstdc++ Summary ===
# of expected passes 6847
# of unexpected failures 4
# of unexpected successes 1
# of expected failures 86
# of unsupported tests 83
Compiler version: 4.5.0 20090910 (experimental) (GCC)
Platform: i686-pc-linux-gnu
configure flags: --prefix=/home/regress/tbox/objs --target=i686-pc-linux-gnu