This is the mail archive of the gcc-testresults@gcc.gnu.org mailing list for the GCC project.


Index Nav: [Date Index] [Subject Index] [Author Index] [Thread Index]
Message Nav: [Date Prev] [Date Next] [Thread Prev] [Thread Next]
Other format: [Raw text]

Results for 4.5.0 20090907 (experimental) [trunk revision 151491] (GCC) testsuite on x86_64-unknown-linux-gnu


LAST_UPDATED: Tue Sep  8 00:02:16 UTC 2009 (revision 151491)

Native configuration is x86_64-unknown-linux-gnu

		=== g++ tests ===


Running target unix/-m32/-fPIC

		=== g++ Summary for unix/-m32/-fPIC ===

# of expected passes		20834
# of expected failures		152
# of unsupported tests		115

Running target unix/-m32/-fpic

		=== g++ Summary for unix/-m32/-fpic ===

# of expected passes		20834
# of expected failures		152
# of unsupported tests		115

Running target unix/-m32

		=== g++ Summary for unix/-m32 ===

# of expected passes		20838
# of expected failures		152
# of unsupported tests		112

Running target unix/-fPIC

		=== g++ Summary for unix/-fPIC ===

# of expected passes		20513
# of expected failures		152
# of unsupported tests		263

Running target unix/-fpic

		=== g++ Summary for unix/-fpic ===

# of expected passes		20513
# of expected failures		152
# of unsupported tests		263

Running target unix

		=== g++ Summary for unix ===

# of expected passes		20515
# of expected failures		152
# of unsupported tests		262

		=== g++ Summary ===

# of expected passes		124047
# of expected failures		912
# of unsupported tests		1130
/home/ghazi/gcc-testing/45/build/gcc/testsuite/g++/../../g++  version 4.5.0 20090907 (experimental) [trunk revision 151491] (GCC) 

		=== gcc tests ===


Running target unix/-m32/-fPIC
XPASS: gcc.dg/Warray-bounds.c  (test for warnings, line 59)
XPASS: gcc.dg/Warray-bounds.c  (test for warnings, line 65)
XPASS: gcc.dg/Wunreachable-8.c  (test for bogus messages, line 7)
XPASS: gcc.dg/guality/example.c  -O0  execution test
XPASS: gcc.dg/struct/wo_prof_array_through_pointer.c scan-ipa-dump ipa_struct_reorg "Number of structures to transform is 1"
FAIL: gcc.dg/struct/wo_prof_double_malloc.c (internal compiler error)
FAIL: gcc.dg/struct/wo_prof_double_malloc.c (test for excess errors)
UNRESOLVED: gcc.dg/struct/wo_prof_double_malloc.c compilation failed to produce executable

		=== gcc Summary for unix/-m32/-fPIC ===

# of expected passes		58397
# of unexpected failures	2
# of unexpected successes	5
# of expected failures		210
# of unresolved testcases	1
# of unsupported tests		1008

Running target unix/-m32/-fpic
XPASS: gcc.dg/Warray-bounds.c  (test for warnings, line 59)
XPASS: gcc.dg/Warray-bounds.c  (test for warnings, line 65)
XPASS: gcc.dg/Wunreachable-8.c  (test for bogus messages, line 7)
XPASS: gcc.dg/guality/example.c  -O0  execution test
XPASS: gcc.dg/struct/wo_prof_array_through_pointer.c scan-ipa-dump ipa_struct_reorg "Number of structures to transform is 1"
FAIL: gcc.dg/struct/wo_prof_double_malloc.c (internal compiler error)
FAIL: gcc.dg/struct/wo_prof_double_malloc.c (test for excess errors)
UNRESOLVED: gcc.dg/struct/wo_prof_double_malloc.c compilation failed to produce executable

		=== gcc Summary for unix/-m32/-fpic ===

# of expected passes		58397
# of unexpected failures	2
# of unexpected successes	5
# of expected failures		210
# of unresolved testcases	1
# of unsupported tests		1008

Running target unix/-m32
XPASS: gcc.dg/Warray-bounds.c  (test for warnings, line 59)
XPASS: gcc.dg/Warray-bounds.c  (test for warnings, line 65)
XPASS: gcc.dg/Wunreachable-8.c  (test for bogus messages, line 7)
FAIL: gcc.dg/pr34668-1.c (internal compiler error)
FAIL: gcc.dg/pr34668-1.c (test for excess errors)
XPASS: gcc.dg/guality/example.c  -O0  execution test
XPASS: gcc.dg/struct/wo_prof_array_through_pointer.c scan-ipa-dump ipa_struct_reorg "Number of structures to transform is 1"
FAIL: gcc.dg/struct/wo_prof_double_malloc.c (internal compiler error)
FAIL: gcc.dg/struct/wo_prof_double_malloc.c (test for excess errors)
UNRESOLVED: gcc.dg/struct/wo_prof_double_malloc.c compilation failed to produce executable

		=== gcc Summary for unix/-m32 ===

# of expected passes		58534
# of unexpected failures	4
# of unexpected successes	5
# of expected failures		210
# of unresolved testcases	1
# of unsupported tests		959

Running target unix/-fPIC
XPASS: gcc.dg/Warray-bounds.c  (test for warnings, line 59)
XPASS: gcc.dg/Warray-bounds.c  (test for warnings, line 65)
XPASS: gcc.dg/Wunreachable-8.c  (test for bogus messages, line 7)
XPASS: gcc.dg/guality/example.c  -O0  execution test
XPASS: gcc.dg/guality/guality.c  -O0  execution test
XPASS: gcc.dg/guality/guality.c  -O1  execution test
XPASS: gcc.dg/guality/guality.c  -O2  execution test
XPASS: gcc.dg/guality/guality.c  -O3 -fomit-frame-pointer  execution test
XPASS: gcc.dg/guality/guality.c  -O3 -g  execution test
XPASS: gcc.dg/guality/guality.c  -Os  execution test
XPASS: gcc.dg/struct/wo_prof_array_through_pointer.c scan-ipa-dump ipa_struct_reorg "Number of structures to transform is 1"
FAIL: gcc.dg/struct/wo_prof_double_malloc.c (internal compiler error)
FAIL: gcc.dg/struct/wo_prof_double_malloc.c (test for excess errors)
UNRESOLVED: gcc.dg/struct/wo_prof_double_malloc.c compilation failed to produce executable

		=== gcc Summary for unix/-fPIC ===

# of expected passes		57946
# of unexpected failures	2
# of unexpected successes	11
# of expected failures		205
# of unresolved testcases	1
# of unsupported tests		1302

Running target unix/-fpic
XPASS: gcc.dg/Warray-bounds.c  (test for warnings, line 59)
XPASS: gcc.dg/Warray-bounds.c  (test for warnings, line 65)
XPASS: gcc.dg/Wunreachable-8.c  (test for bogus messages, line 7)
XPASS: gcc.dg/guality/example.c  -O0  execution test
XPASS: gcc.dg/guality/guality.c  -O0  execution test
XPASS: gcc.dg/guality/guality.c  -O1  execution test
XPASS: gcc.dg/guality/guality.c  -O2  execution test
XPASS: gcc.dg/guality/guality.c  -O3 -fomit-frame-pointer  execution test
XPASS: gcc.dg/guality/guality.c  -O3 -g  execution test
XPASS: gcc.dg/guality/guality.c  -Os  execution test
XPASS: gcc.dg/struct/wo_prof_array_through_pointer.c scan-ipa-dump ipa_struct_reorg "Number of structures to transform is 1"
FAIL: gcc.dg/struct/wo_prof_double_malloc.c (internal compiler error)
FAIL: gcc.dg/struct/wo_prof_double_malloc.c (test for excess errors)
UNRESOLVED: gcc.dg/struct/wo_prof_double_malloc.c compilation failed to produce executable

		=== gcc Summary for unix/-fpic ===

# of expected passes		57946
# of unexpected failures	2
# of unexpected successes	11
# of expected failures		205
# of unresolved testcases	1
# of unsupported tests		1302

Running target unix
XPASS: gcc.dg/Warray-bounds.c  (test for warnings, line 59)
XPASS: gcc.dg/Warray-bounds.c  (test for warnings, line 65)
XPASS: gcc.dg/Wunreachable-8.c  (test for bogus messages, line 7)
FAIL: gcc.dg/pr34668-1.c (internal compiler error)
FAIL: gcc.dg/pr34668-1.c (test for excess errors)
XPASS: gcc.dg/guality/example.c  -O0  execution test
XPASS: gcc.dg/guality/example.c  -O1  execution test
XPASS: gcc.dg/guality/example.c  -O2  execution test
XPASS: gcc.dg/guality/guality.c  -O0  execution test
XPASS: gcc.dg/guality/guality.c  -O1  execution test
XPASS: gcc.dg/guality/guality.c  -O2  execution test
XPASS: gcc.dg/guality/guality.c  -O3 -fomit-frame-pointer  execution test
XPASS: gcc.dg/guality/guality.c  -O3 -g  execution test
XPASS: gcc.dg/guality/guality.c  -Os  execution test
XPASS: gcc.dg/struct/wo_prof_array_through_pointer.c scan-ipa-dump ipa_struct_reorg "Number of structures to transform is 1"
FAIL: gcc.dg/struct/wo_prof_double_malloc.c (internal compiler error)
FAIL: gcc.dg/struct/wo_prof_double_malloc.c (test for excess errors)
UNRESOLVED: gcc.dg/struct/wo_prof_double_malloc.c compilation failed to produce executable

		=== gcc Summary for unix ===

# of expected passes		58053
# of unexpected failures	4
# of unexpected successes	13
# of expected failures		203
# of unresolved testcases	1
# of unsupported tests		1271

		=== gcc Summary ===

# of expected passes		349273
# of unexpected failures	16
# of unexpected successes	50
# of expected failures		1243
# of unresolved testcases	6
# of unsupported tests		6850
/home/ghazi/gcc-testing/45/build/gcc/xgcc  version 4.5.0 20090907 (experimental) [trunk revision 151491] (GCC) 

		=== gfortran tests ===


Running target unix/-m32/-fPIC

		=== gfortran Summary for unix/-m32/-fPIC ===

# of expected passes		32099
# of expected failures		21
# of unsupported tests		112

Running target unix/-m32/-fpic

		=== gfortran Summary for unix/-m32/-fpic ===

# of expected passes		32099
# of expected failures		21
# of unsupported tests		112

Running target unix/-m32

		=== gfortran Summary for unix/-m32 ===

# of expected passes		32099
# of expected failures		21
# of unsupported tests		112

Running target unix/-fPIC

		=== gfortran Summary for unix/-fPIC ===

# of expected passes		32228
# of expected failures		21
# of unsupported tests		52

Running target unix/-fpic

		=== gfortran Summary for unix/-fpic ===

# of expected passes		32228
# of expected failures		21
# of unsupported tests		52

Running target unix

		=== gfortran Summary for unix ===

# of expected passes		32228
# of expected failures		21
# of unsupported tests		52

		=== gfortran Summary ===

# of expected passes		192981
# of expected failures		126
# of unsupported tests		492
/home/ghazi/gcc-testing/45/build/gcc/testsuite/gfortran/../../gfortran  version 4.5.0 20090907 (experimental) [trunk revision 151491] (GCC) 

		=== obj-c++ tests ===


Running target unix/-m32/-fPIC
UNRESOLVED: obj-c++.dg/lookup-2.mm compilation failed to produce executable
UNRESOLVED: obj-c++.dg/try-catch-2.mm compilation failed to produce executable
UNRESOLVED: obj-c++.dg/try-catch-9.mm compilation failed to produce executable

		=== obj-c++ Summary for unix/-m32/-fPIC ===

# of expected passes		438
# of expected failures		10
# of unresolved testcases	3
# of unsupported tests		13

Running target unix/-m32/-fpic
UNRESOLVED: obj-c++.dg/lookup-2.mm compilation failed to produce executable
UNRESOLVED: obj-c++.dg/try-catch-2.mm compilation failed to produce executable
UNRESOLVED: obj-c++.dg/try-catch-9.mm compilation failed to produce executable

		=== obj-c++ Summary for unix/-m32/-fpic ===

# of expected passes		438
# of expected failures		10
# of unresolved testcases	3
# of unsupported tests		13

Running target unix/-m32
UNRESOLVED: obj-c++.dg/lookup-2.mm compilation failed to produce executable
UNRESOLVED: obj-c++.dg/try-catch-2.mm compilation failed to produce executable
UNRESOLVED: obj-c++.dg/try-catch-9.mm compilation failed to produce executable

		=== obj-c++ Summary for unix/-m32 ===

# of expected passes		438
# of expected failures		10
# of unresolved testcases	3
# of unsupported tests		13

Running target unix/-fPIC
UNRESOLVED: obj-c++.dg/lookup-2.mm compilation failed to produce executable
UNRESOLVED: obj-c++.dg/try-catch-2.mm compilation failed to produce executable
UNRESOLVED: obj-c++.dg/try-catch-9.mm compilation failed to produce executable

		=== obj-c++ Summary for unix/-fPIC ===

# of expected passes		427
# of expected failures		21
# of unresolved testcases	3
# of unsupported tests		13

Running target unix/-fpic
UNRESOLVED: obj-c++.dg/lookup-2.mm compilation failed to produce executable
UNRESOLVED: obj-c++.dg/try-catch-2.mm compilation failed to produce executable
UNRESOLVED: obj-c++.dg/try-catch-9.mm compilation failed to produce executable

		=== obj-c++ Summary for unix/-fpic ===

# of expected passes		427
# of expected failures		21
# of unresolved testcases	3
# of unsupported tests		13

Running target unix
UNRESOLVED: obj-c++.dg/lookup-2.mm compilation failed to produce executable
UNRESOLVED: obj-c++.dg/try-catch-2.mm compilation failed to produce executable
UNRESOLVED: obj-c++.dg/try-catch-9.mm compilation failed to produce executable

		=== obj-c++ Summary for unix ===

# of expected passes		427
# of expected failures		21
# of unresolved testcases	3
# of unsupported tests		13

		=== obj-c++ Summary ===

# of expected passes		2595
# of expected failures		93
# of unresolved testcases	18
# of unsupported tests		78
/home/ghazi/gcc-testing/45/build/gcc/testsuite/obj-c++/../../g++  version 4.5.0 20090907 (experimental) [trunk revision 151491] (GCC) 

		=== objc tests ===


Running target unix/-m32/-fPIC

		=== objc Summary for unix/-m32/-fPIC ===

# of expected passes		1875
# of expected failures		7
# of unsupported tests		24

Running target unix/-m32/-fpic

		=== objc Summary for unix/-m32/-fpic ===

# of expected passes		1875
# of expected failures		7
# of unsupported tests		24

Running target unix/-m32

		=== objc Summary for unix/-m32 ===

# of expected passes		1875
# of expected failures		7
# of unsupported tests		24

Running target unix/-fPIC

		=== objc Summary for unix/-fPIC ===

# of expected passes		1867
# of expected failures		15
# of unsupported tests		24

Running target unix/-fpic

		=== objc Summary for unix/-fpic ===

# of expected passes		1867
# of expected failures		15
# of unsupported tests		24

Running target unix

		=== objc Summary for unix ===

# of expected passes		1867
# of expected failures		15
# of unsupported tests		24

		=== objc Summary ===

# of expected passes		11226
# of expected failures		66
# of unsupported tests		144
/home/ghazi/gcc-testing/45/build/gcc/xgcc  version 4.5.0 20090907 (experimental) [trunk revision 151491] (GCC) 

		=== libffi tests ===


Running target unix/-m32/-fPIC
XPASS: libffi.call/cls_dbls_struct.c -O0 -W -Wall output pattern test, 1.0 2.0?
XPASS: libffi.call/cls_dbls_struct.c -O2 output pattern test, 1.0 2.0?
XPASS: libffi.call/cls_dbls_struct.c -O3 output pattern test, 1.0 2.0?
XPASS: libffi.call/cls_dbls_struct.c -Os output pattern test, 1.0 2.0?
XPASS: libffi.call/cls_dbls_struct.c -O2 -fomit-frame-pointer output pattern test, 1.0 2.0?

		=== libffi Summary for unix/-m32/-fPIC ===

# of expected passes		1584
# of unexpected successes	5
# of expected failures		15
# of unsupported tests		15

Running target unix/-m32/-fpic
XPASS: libffi.call/cls_dbls_struct.c -O0 -W -Wall output pattern test, 1.0 2.0?
XPASS: libffi.call/cls_dbls_struct.c -O2 output pattern test, 1.0 2.0?
XPASS: libffi.call/cls_dbls_struct.c -O3 output pattern test, 1.0 2.0?
XPASS: libffi.call/cls_dbls_struct.c -Os output pattern test, 1.0 2.0?
XPASS: libffi.call/cls_dbls_struct.c -O2 -fomit-frame-pointer output pattern test, 1.0 2.0?

		=== libffi Summary for unix/-m32/-fpic ===

# of expected passes		1584
# of unexpected successes	5
# of expected failures		15
# of unsupported tests		15

Running target unix/-m32
XPASS: libffi.call/cls_dbls_struct.c -O0 -W -Wall output pattern test, 1.0 2.0?
XPASS: libffi.call/cls_dbls_struct.c -O2 output pattern test, 1.0 2.0?
XPASS: libffi.call/cls_dbls_struct.c -O3 output pattern test, 1.0 2.0?
XPASS: libffi.call/cls_dbls_struct.c -Os output pattern test, 1.0 2.0?
XPASS: libffi.call/cls_dbls_struct.c -O2 -fomit-frame-pointer output pattern test, 1.0 2.0?

		=== libffi Summary for unix/-m32 ===

# of expected passes		1584
# of unexpected successes	5
# of expected failures		15
# of unsupported tests		15

Running target unix/-fPIC

		=== libffi Summary for unix/-fPIC ===

# of expected passes		1584
# of expected failures		20
# of unsupported tests		15

Running target unix/-fpic

		=== libffi Summary for unix/-fpic ===

# of expected passes		1584
# of expected failures		20
# of unsupported tests		15

Running target unix

		=== libffi Summary for unix ===

# of expected passes		1584
# of expected failures		20
# of unsupported tests		15

		=== libffi Summary ===

# of expected passes		9504
# of unexpected successes	15
# of expected failures		105
# of unsupported tests		90
		=== libgomp tests ===


Running target unix/-m32/-fPIC

		=== libgomp Summary for unix/-m32/-fPIC ===

# of expected passes		2408

Running target unix/-m32/-fpic

		=== libgomp Summary for unix/-m32/-fpic ===

# of expected passes		2408

Running target unix/-m32

		=== libgomp Summary for unix/-m32 ===

# of expected passes		2408

Running target unix/-fPIC

		=== libgomp Summary for unix/-fPIC ===

# of expected passes		2408

Running target unix/-fpic

		=== libgomp Summary for unix/-fpic ===

# of expected passes		2408

Running target unix

		=== libgomp Summary for unix ===

# of expected passes		2408

		=== libgomp Summary ===

# of expected passes		14448
		=== libjava tests ===


Running target unix/-m32/-fPIC

		=== libjava Summary for unix/-m32/-fPIC ===

# of expected passes		2574

Running target unix/-m32/-fpic

		=== libjava Summary for unix/-m32/-fpic ===

# of expected passes		2574

Running target unix/-m32

		=== libjava Summary for unix/-m32 ===

# of expected passes		2574

Running target unix/-fPIC

		=== libjava Summary for unix/-fPIC ===

# of expected passes		2574

Running target unix/-fpic

		=== libjava Summary for unix/-fpic ===

# of expected passes		2574

Running target unix

		=== libjava Summary for unix ===

# of expected passes		2574

		=== libjava Summary ===

# of expected passes		15444
		=== libmudflap tests ===


Running target unix/-m32/-fPIC
FAIL: libmudflap.c++/pass41-frag.cxx execution test
FAIL: libmudflap.c++/pass41-frag.cxx (-static) execution test
FAIL: libmudflap.c++/pass41-frag.cxx ( -O) execution test
FAIL: libmudflap.c++/pass41-frag.cxx (-O2) execution test
FAIL: libmudflap.c++/pass41-frag.cxx (-O3) execution test

		=== libmudflap Summary for unix/-m32/-fPIC ===

# of expected passes		1889
# of unexpected failures	5

Running target unix/-m32/-fpic
FAIL: libmudflap.c++/pass41-frag.cxx execution test
FAIL: libmudflap.c++/pass41-frag.cxx (-static) execution test
FAIL: libmudflap.c++/pass41-frag.cxx ( -O) execution test
FAIL: libmudflap.c++/pass41-frag.cxx (-O2) execution test
FAIL: libmudflap.c++/pass41-frag.cxx (-O3) execution test

		=== libmudflap Summary for unix/-m32/-fpic ===

# of expected passes		1889
# of unexpected failures	5

Running target unix/-m32
FAIL: libmudflap.c/fail31-frag.c (-O3) output pattern test
FAIL: libmudflap.c/pass45-frag.c (-O3) execution test
FAIL: libmudflap.c/pass45-frag.c (-O3) output pattern test
FAIL: libmudflap.c/pass45-frag.c (-O3) execution test
FAIL: libmudflap.c/pass45-frag.c (-O3) output pattern test
FAIL: libmudflap.c++/pass41-frag.cxx execution test
FAIL: libmudflap.c++/pass41-frag.cxx (-static) execution test
FAIL: libmudflap.c++/pass41-frag.cxx ( -O) execution test
FAIL: libmudflap.c++/pass41-frag.cxx (-O2) execution test
FAIL: libmudflap.c++/pass41-frag.cxx (-O3) execution test

		=== libmudflap Summary for unix/-m32 ===

# of expected passes		1884
# of unexpected failures	10

Running target unix/-fPIC
FAIL: libmudflap.c++/pass41-frag.cxx execution test
FAIL: libmudflap.c++/pass41-frag.cxx (-static) execution test
FAIL: libmudflap.c++/pass41-frag.cxx ( -O) execution test
FAIL: libmudflap.c++/pass41-frag.cxx (-O2) execution test
FAIL: libmudflap.c++/pass41-frag.cxx (-O3) execution test

		=== libmudflap Summary for unix/-fPIC ===

# of expected passes		1889
# of unexpected failures	5

Running target unix/-fpic
FAIL: libmudflap.c++/pass41-frag.cxx execution test
FAIL: libmudflap.c++/pass41-frag.cxx (-static) execution test
FAIL: libmudflap.c++/pass41-frag.cxx ( -O) execution test
FAIL: libmudflap.c++/pass41-frag.cxx (-O2) execution test
FAIL: libmudflap.c++/pass41-frag.cxx (-O3) execution test

		=== libmudflap Summary for unix/-fpic ===

# of expected passes		1889
# of unexpected failures	5

Running target unix
FAIL: libmudflap.c/fail31-frag.c (-O3) output pattern test
FAIL: libmudflap.c/pass45-frag.c (-O3) execution test
FAIL: libmudflap.c/pass45-frag.c (-O3) output pattern test
FAIL: libmudflap.c/pass45-frag.c (-O3) execution test
FAIL: libmudflap.c/pass45-frag.c (-O3) output pattern test
FAIL: libmudflap.c++/pass41-frag.cxx execution test
FAIL: libmudflap.c++/pass41-frag.cxx (-static) execution test
FAIL: libmudflap.c++/pass41-frag.cxx ( -O) execution test
FAIL: libmudflap.c++/pass41-frag.cxx (-O2) execution test
FAIL: libmudflap.c++/pass41-frag.cxx (-O3) execution test

		=== libmudflap Summary for unix ===

# of expected passes		1884
# of unexpected failures	10

		=== libmudflap Summary ===

# of expected passes		11324
# of unexpected failures	40
		=== libstdc++ tests ===


Running target unix/-m32/-fPIC
FAIL: 22_locale/time_get/get_date/wchar_t/4.cc execution test
XPASS: 26_numerics/headers/cmath/c99_classification_macros_c.cc (test for excess errors)

		=== libstdc++ Summary for unix/-m32/-fPIC ===

# of expected passes		6850
# of unexpected failures	1
# of unexpected successes	1
# of expected failures		86
# of unsupported tests		83

Running target unix/-m32/-fpic
FAIL: 22_locale/time_get/get_date/wchar_t/4.cc execution test
XPASS: 26_numerics/headers/cmath/c99_classification_macros_c.cc (test for excess errors)

		=== libstdc++ Summary for unix/-m32/-fpic ===

# of expected passes		6850
# of unexpected failures	1
# of unexpected successes	1
# of expected failures		86
# of unsupported tests		83

Running target unix/-m32
FAIL: 22_locale/time_get/get_date/wchar_t/4.cc execution test
XPASS: 26_numerics/headers/cmath/c99_classification_macros_c.cc (test for excess errors)

		=== libstdc++ Summary for unix/-m32 ===

# of expected passes		6850
# of unexpected failures	1
# of unexpected successes	1
# of expected failures		86
# of unsupported tests		83

Running target unix/-fPIC
FAIL: 22_locale/time_get/get_date/wchar_t/4.cc execution test
XPASS: 26_numerics/headers/cmath/c99_classification_macros_c.cc (test for excess errors)

		=== libstdc++ Summary for unix/-fPIC ===

# of expected passes		6995
# of unexpected failures	1
# of unexpected successes	1
# of expected failures		88
# of unsupported tests		13

Running target unix/-fpic
FAIL: 22_locale/time_get/get_date/wchar_t/4.cc execution test
XPASS: 26_numerics/headers/cmath/c99_classification_macros_c.cc (test for excess errors)

		=== libstdc++ Summary for unix/-fpic ===

# of expected passes		6995
# of unexpected failures	1
# of unexpected successes	1
# of expected failures		88
# of unsupported tests		13

Running target unix
FAIL: 22_locale/time_get/get_date/wchar_t/4.cc execution test
XPASS: 26_numerics/headers/cmath/c99_classification_macros_c.cc (test for excess errors)

		=== libstdc++ Summary for unix ===

# of expected passes		6995
# of unexpected failures	1
# of unexpected successes	1
# of expected failures		88
# of unsupported tests		13

		=== libstdc++ Summary ===

# of expected passes		41535
# of unexpected failures	6
# of unexpected successes	6
# of expected failures		522
# of unsupported tests		288

Compiler version: 4.5.0 20090907 (experimental) [trunk revision 151491] (GCC) 
Platform: x86_64-unknown-linux-gnu
configure flags: --enable-languages=c,c++,objc,f95,obj-c++,java --with-mpfr=/opt/cfarm/mpfr-2.4.1 --with-gmp=/opt/cfarm/gmp-4.2.4


Index Nav: [Date Index] [Subject Index] [Author Index] [Thread Index]
Message Nav: [Date Prev] [Date Next] [Thread Prev] [Thread Next]