This is the mail archive of the
gcc-testresults@gcc.gnu.org
mailing list for the GCC project.
Results for 4.5.0 20090906 (experimental) [trunk revision 151458] (GCC) testsuite on powerpc-unknown-linux-gnu
- From: Laurent GUERBY gcc53 <guerby at gcc53 dot fsffrance dot org>
- To: gcc-testresults at gcc dot gnu dot org
- Date: Sun, 06 Sep 2009 18:52:23 +0200
- Subject: Results for 4.5.0 20090906 (experimental) [trunk revision 151458] (GCC) testsuite on powerpc-unknown-linux-gnu
LAST_UPDATED: Sun Sep 6 05:13:00 UTC 2009 (revision 151458)
=== acats tests ===
FAIL: c46051a
FAIL: c87b39a
=== acats Summary ===
# of expected passes 2313
# of unexpected failures 2
Native configuration is powerpc-unknown-linux-gnu
=== gcc tests ===
Running target unix
WARNING: program timed out.
FAIL: gcc.c-torture/compile/20001226-1.c -O3 -g (test for excess errors)
XPASS: gcc.dg/Warray-bounds.c (test for warnings, line 59)
XPASS: gcc.dg/Warray-bounds.c (test for warnings, line 65)
XPASS: gcc.dg/Wunreachable-8.c (test for bogus messages, line 7)
FAIL: gcc.dg/and-1.c scan-assembler-not nand
FAIL: gcc.dg/pr34668-1.c (internal compiler error)
FAIL: gcc.dg/pr34668-1.c (test for excess errors)
FAIL: gcc.dg/sms-2.c scan-rtl-dump-times sms "SMS succeeded" 1
FAIL: gcc.dg/sms-3.c scan-rtl-dump-times sms "SMS succeeded" 1
FAIL: gcc.dg/sms-4.c scan-rtl-dump-times sms "SMS succeeded" 1
FAIL: gcc.dg/sms-5.c scan-rtl-dump-times sms "SMS succeeded" 1
FAIL: gcc.dg/sms-6.c scan-rtl-dump-times sms "SMS succeeded" 3
FAIL: gcc.dg/sms-7.c scan-rtl-dump-times sms "SMS succeeded" 3
FAIL: gcc.dg/sms-8.c scan-rtl-dump-times sms "SMS succeeded" 1
XPASS: gcc.dg/guality/example.c -O0 execution test
XPASS: gcc.dg/guality/example.c -O1 execution test
XPASS: gcc.dg/struct/wo_prof_array_through_pointer.c scan-ipa-dump ipa_struct_reorg "Number of structures to transform is 1"
FAIL: gcc.dg/struct/wo_prof_double_malloc.c (internal compiler error)
FAIL: gcc.dg/struct/wo_prof_double_malloc.c (test for excess errors)
UNRESOLVED: gcc.dg/struct/wo_prof_double_malloc.c compilation failed to produce executable
FAIL: gcc.dg/tree-ssa/vrp47.c scan-tree-dump-times vrp1 "[xy][^ ]* !=" 0
FAIL: gcc.dg/tree-ssa/vrp47.c scan-tree-dump-times dom1 "x[^ ]* & y" 1
FAIL: gcc.dg/vect/costmodel/ppc/costmodel-vect-31d.c scan-tree-dump-times vect "vectorization not profitable" 1
FAIL: gcc.dg/vect/costmodel/ppc/costmodel-vect-68d.c scan-tree-dump-times vect "vectorization not profitable" 1
FAIL: gcc.dg/vect/costmodel/ppc/costmodel-vect-76a.c scan-tree-dump-times vect "vectorized 1 loops" 1
FAIL: gcc.dg/vect/costmodel/ppc/costmodel-vect-76b.c scan-tree-dump-times vect "vectorization not profitable" 1
FAIL: gcc.dg/vect/pr35821-altivec.c scan-tree-dump-times vect "vectorized 1 loops" 1
FAIL: gcc.dg/vect/aligned-section-anchors-nest-1.c (test for excess errors)
FAIL: gcc.dg/vect/aligned-section-anchors-nest-1.c scan-ipa-dump-times increase_alignment "Increasing alignment of decl" 3: dump file does not exist
FAIL: gcc.dg/vmx/bug-2.c -O3 -fomit-frame-pointer (internal compiler error)
FAIL: gcc.dg/vmx/bug-2.c -O3 -fomit-frame-pointer (test for excess errors)
UNRESOLVED: gcc.dg/vmx/bug-2.c -O3 -fomit-frame-pointer compilation failed to produce executable
FAIL: gcc.dg/vmx/bug-2.c -O3 -g (internal compiler error)
FAIL: gcc.dg/vmx/bug-2.c -O3 -g (test for excess errors)
UNRESOLVED: gcc.dg/vmx/bug-2.c -O3 -g compilation failed to produce executable
FAIL: gcc.target/powerpc/405-dlmzb-strlen-1.c scan-assembler dlmzb\\\\.
FAIL: gcc.target/powerpc/440-dlmzb-strlen-1.c scan-assembler dlmzb\\\\.
FAIL: gcc.target/powerpc/popcount-2.c scan-assembler popcntw
FAIL: gcc.target/powerpc/ppc64-double-1.c scan-assembler-not stfd
=== gcc Summary ===
# of expected passes 55981
# of unexpected failures 30
# of unexpected successes 6
# of expected failures 168
# of unresolved testcases 3
# of unsupported tests 693
/home/guerby/build/gcc/xgcc version 4.5.0 20090906 (experimental) [trunk revision 151458] (GCC)
=== gfortran tests ===
Running target unix
=== gfortran Summary ===
# of expected passes 31771
# of expected failures 14
# of unsupported tests 273
/home/guerby/build/gcc/testsuite/gfortran/../../gfortran version 4.5.0 20090906 (experimental) [trunk revision 151458] (GCC)
=== gnat tests ===
Running target unix
=== gnat Summary ===
# of expected passes 689
# of expected failures 5
=== libgomp tests ===
Running target unix
=== libgomp Summary ===
# of expected passes 1661
=== libmudflap tests ===
Running target unix
FAIL: libmudflap.c/pass54-frag.c execution test
FAIL: libmudflap.c/pass54-frag.c execution test
FAIL: libmudflap.c/pass54-frag.c (-static) execution test
FAIL: libmudflap.c/pass54-frag.c (-static) execution test
FAIL: libmudflap.c/fail31-frag.c (-O3) crash test
FAIL: libmudflap.c/fail31-frag.c (-O3) output pattern test
FAIL: libmudflap.c/pass45-frag.c (-O3) execution test
FAIL: libmudflap.c/pass45-frag.c (-O3) output pattern test
FAIL: libmudflap.c/pass45-frag.c (-O3) execution test
FAIL: libmudflap.c/pass45-frag.c (-O3) output pattern test
=== libmudflap Summary ===
# of expected passes 1730
# of unexpected failures 10
# of unsupported tests 2
Compiler version: 4.5.0 20090906 (experimental) [trunk revision 151458] (GCC)
Platform: powerpc-unknown-linux-gnu
configure flags: --prefix=/n/53/guerby/install-trunk --enable-languages=c,fortran,ada --enable-__cxa_atexit --disable-nls --enable-threads=posix --with-mpfr=/opt/cfarm/mpfr-2.3.2 --enable-stage1-checking=release