This is the mail archive of the
gcc-testresults@gcc.gnu.org
mailing list for the GCC project.
Results for 4.4.2 20090902 (prerelease) [gcc-4_4-branch revision 151355] (GCC) testsuite on x86_64-unknown-linux-gnu
- From: ghazi at gcc14 dot fsffrance dot org
- To: gcc-testresults at gcc dot gnu dot org
- Date: Thu, 03 Sep 2009 21:26:07 +0200
- Subject: Results for 4.4.2 20090902 (prerelease) [gcc-4_4-branch revision 151355] (GCC) testsuite on x86_64-unknown-linux-gnu
LAST_UPDATED: Thu Sep 3 00:14:15 UTC 2009 (revision 151355)
Native configuration is x86_64-unknown-linux-gnu
=== g++ tests ===
Running target unix/-m32/-fPIC
=== g++ Summary for unix/-m32/-fPIC ===
# of expected passes 19897
# of expected failures 156
# of unsupported tests 104
Running target unix/-m32/-fpic
=== g++ Summary for unix/-m32/-fpic ===
# of expected passes 19897
# of expected failures 156
# of unsupported tests 104
Running target unix/-m32
=== g++ Summary for unix/-m32 ===
# of expected passes 19901
# of expected failures 156
# of unsupported tests 101
Running target unix/-fPIC
=== g++ Summary for unix/-fPIC ===
# of expected passes 19582
# of expected failures 156
# of unsupported tests 252
Running target unix/-fpic
=== g++ Summary for unix/-fpic ===
# of expected passes 19582
# of expected failures 156
# of unsupported tests 252
Running target unix
=== g++ Summary for unix ===
# of expected passes 19584
# of expected failures 156
# of unsupported tests 251
=== g++ Summary ===
# of expected passes 118443
# of expected failures 936
# of unsupported tests 1064
/home/ghazi/gcc-testing/44/build/gcc/testsuite/g++/../../g++ version 4.4.2 20090902 (prerelease) [gcc-4_4-branch revision 151355] (GCC)
=== gcc tests ===
Running target unix/-m32/-fPIC
=== gcc Summary for unix/-m32/-fPIC ===
# of expected passes 56113
# of expected failures 207
# of unsupported tests 936
Running target unix/-m32/-fpic
=== gcc Summary for unix/-m32/-fpic ===
# of expected passes 56113
# of expected failures 207
# of unsupported tests 936
Running target unix/-m32
=== gcc Summary for unix/-m32 ===
# of expected passes 56245
# of expected failures 191
# of unsupported tests 887
Running target unix/-fPIC
FAIL: gcc.dg/tree-prof/bb-reorg.c compilation, -fprofile-use -D_PROFILE_USE
UNRESOLVED: gcc.dg/tree-prof/bb-reorg.c execution, -fprofile-use -D_PROFILE_USE
FAIL: gcc.dg/tree-prof/pr34999.c compilation, -fprofile-use -D_PROFILE_USE
UNRESOLVED: gcc.dg/tree-prof/pr34999.c execution, -fprofile-use -D_PROFILE_USE
=== gcc Summary for unix/-fPIC ===
# of expected passes 55706
# of unexpected failures 2
# of expected failures 190
# of unresolved testcases 2
# of unsupported tests 1216
Running target unix/-fpic
FAIL: gcc.dg/tree-prof/bb-reorg.c compilation, -fprofile-use -D_PROFILE_USE
UNRESOLVED: gcc.dg/tree-prof/bb-reorg.c execution, -fprofile-use -D_PROFILE_USE
FAIL: gcc.dg/tree-prof/pr34999.c compilation, -fprofile-use -D_PROFILE_USE
UNRESOLVED: gcc.dg/tree-prof/pr34999.c execution, -fprofile-use -D_PROFILE_USE
=== gcc Summary for unix/-fpic ===
# of expected passes 55706
# of unexpected failures 2
# of expected failures 190
# of unresolved testcases 2
# of unsupported tests 1216
Running target unix
FAIL: gcc.dg/tree-prof/bb-reorg.c compilation, -fprofile-use -D_PROFILE_USE
UNRESOLVED: gcc.dg/tree-prof/bb-reorg.c execution, -fprofile-use -D_PROFILE_USE
FAIL: gcc.dg/tree-prof/pr34999.c compilation, -fprofile-use -D_PROFILE_USE
UNRESOLVED: gcc.dg/tree-prof/pr34999.c execution, -fprofile-use -D_PROFILE_USE
=== gcc Summary for unix ===
# of expected passes 55808
# of unexpected failures 2
# of expected failures 190
# of unresolved testcases 2
# of unsupported tests 1185
=== gcc Summary ===
# of expected passes 335691
# of unexpected failures 6
# of expected failures 1175
# of unresolved testcases 6
# of unsupported tests 6376
/home/ghazi/gcc-testing/44/build/gcc/xgcc version 4.4.2 20090902 (prerelease) [gcc-4_4-branch revision 151355] (GCC)
=== gfortran tests ===
Running target unix/-m32/-fPIC
FAIL: gfortran.dg/proc_ptr_comp_18.f90 -O0 (test for excess errors)
UNRESOLVED: gfortran.dg/proc_ptr_comp_18.f90 -O0 compilation failed to produce executable
FAIL: gfortran.dg/proc_ptr_comp_18.f90 -O1 (test for excess errors)
UNRESOLVED: gfortran.dg/proc_ptr_comp_18.f90 -O1 compilation failed to produce executable
FAIL: gfortran.dg/proc_ptr_comp_18.f90 -O2 (test for excess errors)
UNRESOLVED: gfortran.dg/proc_ptr_comp_18.f90 -O2 compilation failed to produce executable
FAIL: gfortran.dg/proc_ptr_comp_18.f90 -O3 -fomit-frame-pointer (test for excess errors)
UNRESOLVED: gfortran.dg/proc_ptr_comp_18.f90 -O3 -fomit-frame-pointer compilation failed to produce executable
FAIL: gfortran.dg/proc_ptr_comp_18.f90 -O3 -fomit-frame-pointer -funroll-loops (test for excess errors)
UNRESOLVED: gfortran.dg/proc_ptr_comp_18.f90 -O3 -fomit-frame-pointer -funroll-loops compilation failed to produce executable
FAIL: gfortran.dg/proc_ptr_comp_18.f90 -O3 -fomit-frame-pointer -funroll-all-loops -finline-functions (test for excess errors)
UNRESOLVED: gfortran.dg/proc_ptr_comp_18.f90 -O3 -fomit-frame-pointer -funroll-all-loops -finline-functions compilation failed to produce executable
FAIL: gfortran.dg/proc_ptr_comp_18.f90 -O3 -g (test for excess errors)
UNRESOLVED: gfortran.dg/proc_ptr_comp_18.f90 -O3 -g compilation failed to produce executable
FAIL: gfortran.dg/proc_ptr_comp_18.f90 -Os (test for excess errors)
UNRESOLVED: gfortran.dg/proc_ptr_comp_18.f90 -Os compilation failed to produce executable
FAIL: gfortran.dg/proc_ptr_comp_19.f90 -O0 (test for excess errors)
UNRESOLVED: gfortran.dg/proc_ptr_comp_19.f90 -O0 compilation failed to produce executable
FAIL: gfortran.dg/proc_ptr_comp_19.f90 -O1 (test for excess errors)
UNRESOLVED: gfortran.dg/proc_ptr_comp_19.f90 -O1 compilation failed to produce executable
FAIL: gfortran.dg/proc_ptr_comp_19.f90 -O2 (test for excess errors)
UNRESOLVED: gfortran.dg/proc_ptr_comp_19.f90 -O2 compilation failed to produce executable
FAIL: gfortran.dg/proc_ptr_comp_19.f90 -O3 -fomit-frame-pointer (test for excess errors)
UNRESOLVED: gfortran.dg/proc_ptr_comp_19.f90 -O3 -fomit-frame-pointer compilation failed to produce executable
FAIL: gfortran.dg/proc_ptr_comp_19.f90 -O3 -fomit-frame-pointer -funroll-loops (test for excess errors)
UNRESOLVED: gfortran.dg/proc_ptr_comp_19.f90 -O3 -fomit-frame-pointer -funroll-loops compilation failed to produce executable
FAIL: gfortran.dg/proc_ptr_comp_19.f90 -O3 -fomit-frame-pointer -funroll-all-loops -finline-functions (test for excess errors)
UNRESOLVED: gfortran.dg/proc_ptr_comp_19.f90 -O3 -fomit-frame-pointer -funroll-all-loops -finline-functions compilation failed to produce executable
FAIL: gfortran.dg/proc_ptr_comp_19.f90 -O3 -g (test for excess errors)
UNRESOLVED: gfortran.dg/proc_ptr_comp_19.f90 -O3 -g compilation failed to produce executable
FAIL: gfortran.dg/proc_ptr_comp_19.f90 -Os (test for excess errors)
UNRESOLVED: gfortran.dg/proc_ptr_comp_19.f90 -Os compilation failed to produce executable
=== gfortran Summary for unix/-m32/-fPIC ===
# of expected passes 29615
# of unexpected failures 16
# of expected failures 10
# of unresolved testcases 16
# of unsupported tests 105
Running target unix/-m32/-fpic
FAIL: gfortran.dg/proc_ptr_comp_18.f90 -O0 (test for excess errors)
UNRESOLVED: gfortran.dg/proc_ptr_comp_18.f90 -O0 compilation failed to produce executable
FAIL: gfortran.dg/proc_ptr_comp_18.f90 -O1 (test for excess errors)
UNRESOLVED: gfortran.dg/proc_ptr_comp_18.f90 -O1 compilation failed to produce executable
FAIL: gfortran.dg/proc_ptr_comp_18.f90 -O2 (test for excess errors)
UNRESOLVED: gfortran.dg/proc_ptr_comp_18.f90 -O2 compilation failed to produce executable
FAIL: gfortran.dg/proc_ptr_comp_18.f90 -O3 -fomit-frame-pointer (test for excess errors)
UNRESOLVED: gfortran.dg/proc_ptr_comp_18.f90 -O3 -fomit-frame-pointer compilation failed to produce executable
FAIL: gfortran.dg/proc_ptr_comp_18.f90 -O3 -fomit-frame-pointer -funroll-loops (test for excess errors)
UNRESOLVED: gfortran.dg/proc_ptr_comp_18.f90 -O3 -fomit-frame-pointer -funroll-loops compilation failed to produce executable
FAIL: gfortran.dg/proc_ptr_comp_18.f90 -O3 -fomit-frame-pointer -funroll-all-loops -finline-functions (test for excess errors)
UNRESOLVED: gfortran.dg/proc_ptr_comp_18.f90 -O3 -fomit-frame-pointer -funroll-all-loops -finline-functions compilation failed to produce executable
FAIL: gfortran.dg/proc_ptr_comp_18.f90 -O3 -g (test for excess errors)
UNRESOLVED: gfortran.dg/proc_ptr_comp_18.f90 -O3 -g compilation failed to produce executable
FAIL: gfortran.dg/proc_ptr_comp_18.f90 -Os (test for excess errors)
UNRESOLVED: gfortran.dg/proc_ptr_comp_18.f90 -Os compilation failed to produce executable
FAIL: gfortran.dg/proc_ptr_comp_19.f90 -O0 (test for excess errors)
UNRESOLVED: gfortran.dg/proc_ptr_comp_19.f90 -O0 compilation failed to produce executable
FAIL: gfortran.dg/proc_ptr_comp_19.f90 -O1 (test for excess errors)
UNRESOLVED: gfortran.dg/proc_ptr_comp_19.f90 -O1 compilation failed to produce executable
FAIL: gfortran.dg/proc_ptr_comp_19.f90 -O2 (test for excess errors)
UNRESOLVED: gfortran.dg/proc_ptr_comp_19.f90 -O2 compilation failed to produce executable
FAIL: gfortran.dg/proc_ptr_comp_19.f90 -O3 -fomit-frame-pointer (test for excess errors)
UNRESOLVED: gfortran.dg/proc_ptr_comp_19.f90 -O3 -fomit-frame-pointer compilation failed to produce executable
FAIL: gfortran.dg/proc_ptr_comp_19.f90 -O3 -fomit-frame-pointer -funroll-loops (test for excess errors)
UNRESOLVED: gfortran.dg/proc_ptr_comp_19.f90 -O3 -fomit-frame-pointer -funroll-loops compilation failed to produce executable
FAIL: gfortran.dg/proc_ptr_comp_19.f90 -O3 -fomit-frame-pointer -funroll-all-loops -finline-functions (test for excess errors)
UNRESOLVED: gfortran.dg/proc_ptr_comp_19.f90 -O3 -fomit-frame-pointer -funroll-all-loops -finline-functions compilation failed to produce executable
FAIL: gfortran.dg/proc_ptr_comp_19.f90 -O3 -g (test for excess errors)
UNRESOLVED: gfortran.dg/proc_ptr_comp_19.f90 -O3 -g compilation failed to produce executable
FAIL: gfortran.dg/proc_ptr_comp_19.f90 -Os (test for excess errors)
UNRESOLVED: gfortran.dg/proc_ptr_comp_19.f90 -Os compilation failed to produce executable
=== gfortran Summary for unix/-m32/-fpic ===
# of expected passes 29615
# of unexpected failures 16
# of expected failures 10
# of unresolved testcases 16
# of unsupported tests 105
Running target unix/-m32
FAIL: gfortran.dg/proc_ptr_comp_18.f90 -O0 (test for excess errors)
UNRESOLVED: gfortran.dg/proc_ptr_comp_18.f90 -O0 compilation failed to produce executable
FAIL: gfortran.dg/proc_ptr_comp_18.f90 -O1 (test for excess errors)
UNRESOLVED: gfortran.dg/proc_ptr_comp_18.f90 -O1 compilation failed to produce executable
FAIL: gfortran.dg/proc_ptr_comp_18.f90 -O2 (test for excess errors)
UNRESOLVED: gfortran.dg/proc_ptr_comp_18.f90 -O2 compilation failed to produce executable
FAIL: gfortran.dg/proc_ptr_comp_18.f90 -O3 -fomit-frame-pointer (test for excess errors)
UNRESOLVED: gfortran.dg/proc_ptr_comp_18.f90 -O3 -fomit-frame-pointer compilation failed to produce executable
FAIL: gfortran.dg/proc_ptr_comp_18.f90 -O3 -fomit-frame-pointer -funroll-loops (test for excess errors)
UNRESOLVED: gfortran.dg/proc_ptr_comp_18.f90 -O3 -fomit-frame-pointer -funroll-loops compilation failed to produce executable
FAIL: gfortran.dg/proc_ptr_comp_18.f90 -O3 -fomit-frame-pointer -funroll-all-loops -finline-functions (test for excess errors)
UNRESOLVED: gfortran.dg/proc_ptr_comp_18.f90 -O3 -fomit-frame-pointer -funroll-all-loops -finline-functions compilation failed to produce executable
FAIL: gfortran.dg/proc_ptr_comp_18.f90 -O3 -g (test for excess errors)
UNRESOLVED: gfortran.dg/proc_ptr_comp_18.f90 -O3 -g compilation failed to produce executable
FAIL: gfortran.dg/proc_ptr_comp_18.f90 -Os (test for excess errors)
UNRESOLVED: gfortran.dg/proc_ptr_comp_18.f90 -Os compilation failed to produce executable
FAIL: gfortran.dg/proc_ptr_comp_19.f90 -O0 (test for excess errors)
UNRESOLVED: gfortran.dg/proc_ptr_comp_19.f90 -O0 compilation failed to produce executable
FAIL: gfortran.dg/proc_ptr_comp_19.f90 -O1 (test for excess errors)
UNRESOLVED: gfortran.dg/proc_ptr_comp_19.f90 -O1 compilation failed to produce executable
FAIL: gfortran.dg/proc_ptr_comp_19.f90 -O2 (test for excess errors)
UNRESOLVED: gfortran.dg/proc_ptr_comp_19.f90 -O2 compilation failed to produce executable
FAIL: gfortran.dg/proc_ptr_comp_19.f90 -O3 -fomit-frame-pointer (test for excess errors)
UNRESOLVED: gfortran.dg/proc_ptr_comp_19.f90 -O3 -fomit-frame-pointer compilation failed to produce executable
FAIL: gfortran.dg/proc_ptr_comp_19.f90 -O3 -fomit-frame-pointer -funroll-loops (test for excess errors)
UNRESOLVED: gfortran.dg/proc_ptr_comp_19.f90 -O3 -fomit-frame-pointer -funroll-loops compilation failed to produce executable
FAIL: gfortran.dg/proc_ptr_comp_19.f90 -O3 -fomit-frame-pointer -funroll-all-loops -finline-functions (test for excess errors)
UNRESOLVED: gfortran.dg/proc_ptr_comp_19.f90 -O3 -fomit-frame-pointer -funroll-all-loops -finline-functions compilation failed to produce executable
FAIL: gfortran.dg/proc_ptr_comp_19.f90 -O3 -g (test for excess errors)
UNRESOLVED: gfortran.dg/proc_ptr_comp_19.f90 -O3 -g compilation failed to produce executable
FAIL: gfortran.dg/proc_ptr_comp_19.f90 -Os (test for excess errors)
UNRESOLVED: gfortran.dg/proc_ptr_comp_19.f90 -Os compilation failed to produce executable
=== gfortran Summary for unix/-m32 ===
# of expected passes 29615
# of unexpected failures 16
# of expected failures 10
# of unresolved testcases 16
# of unsupported tests 105
Running target unix/-fPIC
FAIL: gfortran.dg/proc_ptr_comp_18.f90 -O0 (test for excess errors)
UNRESOLVED: gfortran.dg/proc_ptr_comp_18.f90 -O0 compilation failed to produce executable
FAIL: gfortran.dg/proc_ptr_comp_18.f90 -O1 (test for excess errors)
UNRESOLVED: gfortran.dg/proc_ptr_comp_18.f90 -O1 compilation failed to produce executable
FAIL: gfortran.dg/proc_ptr_comp_18.f90 -O2 (test for excess errors)
UNRESOLVED: gfortran.dg/proc_ptr_comp_18.f90 -O2 compilation failed to produce executable
FAIL: gfortran.dg/proc_ptr_comp_18.f90 -O3 -fomit-frame-pointer (test for excess errors)
UNRESOLVED: gfortran.dg/proc_ptr_comp_18.f90 -O3 -fomit-frame-pointer compilation failed to produce executable
FAIL: gfortran.dg/proc_ptr_comp_18.f90 -O3 -fomit-frame-pointer -funroll-loops (test for excess errors)
UNRESOLVED: gfortran.dg/proc_ptr_comp_18.f90 -O3 -fomit-frame-pointer -funroll-loops compilation failed to produce executable
FAIL: gfortran.dg/proc_ptr_comp_18.f90 -O3 -fomit-frame-pointer -funroll-all-loops -finline-functions (test for excess errors)
UNRESOLVED: gfortran.dg/proc_ptr_comp_18.f90 -O3 -fomit-frame-pointer -funroll-all-loops -finline-functions compilation failed to produce executable
FAIL: gfortran.dg/proc_ptr_comp_18.f90 -O3 -g (test for excess errors)
UNRESOLVED: gfortran.dg/proc_ptr_comp_18.f90 -O3 -g compilation failed to produce executable
FAIL: gfortran.dg/proc_ptr_comp_18.f90 -Os (test for excess errors)
UNRESOLVED: gfortran.dg/proc_ptr_comp_18.f90 -Os compilation failed to produce executable
FAIL: gfortran.dg/proc_ptr_comp_19.f90 -O0 (test for excess errors)
UNRESOLVED: gfortran.dg/proc_ptr_comp_19.f90 -O0 compilation failed to produce executable
FAIL: gfortran.dg/proc_ptr_comp_19.f90 -O1 (test for excess errors)
UNRESOLVED: gfortran.dg/proc_ptr_comp_19.f90 -O1 compilation failed to produce executable
FAIL: gfortran.dg/proc_ptr_comp_19.f90 -O2 (test for excess errors)
UNRESOLVED: gfortran.dg/proc_ptr_comp_19.f90 -O2 compilation failed to produce executable
FAIL: gfortran.dg/proc_ptr_comp_19.f90 -O3 -fomit-frame-pointer (test for excess errors)
UNRESOLVED: gfortran.dg/proc_ptr_comp_19.f90 -O3 -fomit-frame-pointer compilation failed to produce executable
FAIL: gfortran.dg/proc_ptr_comp_19.f90 -O3 -fomit-frame-pointer -funroll-loops (test for excess errors)
UNRESOLVED: gfortran.dg/proc_ptr_comp_19.f90 -O3 -fomit-frame-pointer -funroll-loops compilation failed to produce executable
FAIL: gfortran.dg/proc_ptr_comp_19.f90 -O3 -fomit-frame-pointer -funroll-all-loops -finline-functions (test for excess errors)
UNRESOLVED: gfortran.dg/proc_ptr_comp_19.f90 -O3 -fomit-frame-pointer -funroll-all-loops -finline-functions compilation failed to produce executable
FAIL: gfortran.dg/proc_ptr_comp_19.f90 -O3 -g (test for excess errors)
UNRESOLVED: gfortran.dg/proc_ptr_comp_19.f90 -O3 -g compilation failed to produce executable
FAIL: gfortran.dg/proc_ptr_comp_19.f90 -Os (test for excess errors)
UNRESOLVED: gfortran.dg/proc_ptr_comp_19.f90 -Os compilation failed to produce executable
=== gfortran Summary for unix/-fPIC ===
# of expected passes 29744
# of unexpected failures 16
# of expected failures 10
# of unresolved testcases 16
# of unsupported tests 44
Running target unix/-fpic
FAIL: gfortran.dg/proc_ptr_comp_18.f90 -O0 (test for excess errors)
UNRESOLVED: gfortran.dg/proc_ptr_comp_18.f90 -O0 compilation failed to produce executable
FAIL: gfortran.dg/proc_ptr_comp_18.f90 -O1 (test for excess errors)
UNRESOLVED: gfortran.dg/proc_ptr_comp_18.f90 -O1 compilation failed to produce executable
FAIL: gfortran.dg/proc_ptr_comp_18.f90 -O2 (test for excess errors)
UNRESOLVED: gfortran.dg/proc_ptr_comp_18.f90 -O2 compilation failed to produce executable
FAIL: gfortran.dg/proc_ptr_comp_18.f90 -O3 -fomit-frame-pointer (test for excess errors)
UNRESOLVED: gfortran.dg/proc_ptr_comp_18.f90 -O3 -fomit-frame-pointer compilation failed to produce executable
FAIL: gfortran.dg/proc_ptr_comp_18.f90 -O3 -fomit-frame-pointer -funroll-loops (test for excess errors)
UNRESOLVED: gfortran.dg/proc_ptr_comp_18.f90 -O3 -fomit-frame-pointer -funroll-loops compilation failed to produce executable
FAIL: gfortran.dg/proc_ptr_comp_18.f90 -O3 -fomit-frame-pointer -funroll-all-loops -finline-functions (test for excess errors)
UNRESOLVED: gfortran.dg/proc_ptr_comp_18.f90 -O3 -fomit-frame-pointer -funroll-all-loops -finline-functions compilation failed to produce executable
FAIL: gfortran.dg/proc_ptr_comp_18.f90 -O3 -g (test for excess errors)
UNRESOLVED: gfortran.dg/proc_ptr_comp_18.f90 -O3 -g compilation failed to produce executable
FAIL: gfortran.dg/proc_ptr_comp_18.f90 -Os (test for excess errors)
UNRESOLVED: gfortran.dg/proc_ptr_comp_18.f90 -Os compilation failed to produce executable
FAIL: gfortran.dg/proc_ptr_comp_19.f90 -O0 (test for excess errors)
UNRESOLVED: gfortran.dg/proc_ptr_comp_19.f90 -O0 compilation failed to produce executable
FAIL: gfortran.dg/proc_ptr_comp_19.f90 -O1 (test for excess errors)
UNRESOLVED: gfortran.dg/proc_ptr_comp_19.f90 -O1 compilation failed to produce executable
FAIL: gfortran.dg/proc_ptr_comp_19.f90 -O2 (test for excess errors)
UNRESOLVED: gfortran.dg/proc_ptr_comp_19.f90 -O2 compilation failed to produce executable
FAIL: gfortran.dg/proc_ptr_comp_19.f90 -O3 -fomit-frame-pointer (test for excess errors)
UNRESOLVED: gfortran.dg/proc_ptr_comp_19.f90 -O3 -fomit-frame-pointer compilation failed to produce executable
FAIL: gfortran.dg/proc_ptr_comp_19.f90 -O3 -fomit-frame-pointer -funroll-loops (test for excess errors)
UNRESOLVED: gfortran.dg/proc_ptr_comp_19.f90 -O3 -fomit-frame-pointer -funroll-loops compilation failed to produce executable
FAIL: gfortran.dg/proc_ptr_comp_19.f90 -O3 -fomit-frame-pointer -funroll-all-loops -finline-functions (test for excess errors)
UNRESOLVED: gfortran.dg/proc_ptr_comp_19.f90 -O3 -fomit-frame-pointer -funroll-all-loops -finline-functions compilation failed to produce executable
FAIL: gfortran.dg/proc_ptr_comp_19.f90 -O3 -g (test for excess errors)
UNRESOLVED: gfortran.dg/proc_ptr_comp_19.f90 -O3 -g compilation failed to produce executable
FAIL: gfortran.dg/proc_ptr_comp_19.f90 -Os (test for excess errors)
UNRESOLVED: gfortran.dg/proc_ptr_comp_19.f90 -Os compilation failed to produce executable
=== gfortran Summary for unix/-fpic ===
# of expected passes 29744
# of unexpected failures 16
# of expected failures 10
# of unresolved testcases 16
# of unsupported tests 44
Running target unix
FAIL: gfortran.dg/proc_ptr_comp_18.f90 -O0 (test for excess errors)
UNRESOLVED: gfortran.dg/proc_ptr_comp_18.f90 -O0 compilation failed to produce executable
FAIL: gfortran.dg/proc_ptr_comp_18.f90 -O1 (test for excess errors)
UNRESOLVED: gfortran.dg/proc_ptr_comp_18.f90 -O1 compilation failed to produce executable
FAIL: gfortran.dg/proc_ptr_comp_18.f90 -O2 (test for excess errors)
UNRESOLVED: gfortran.dg/proc_ptr_comp_18.f90 -O2 compilation failed to produce executable
FAIL: gfortran.dg/proc_ptr_comp_18.f90 -O3 -fomit-frame-pointer (test for excess errors)
UNRESOLVED: gfortran.dg/proc_ptr_comp_18.f90 -O3 -fomit-frame-pointer compilation failed to produce executable
FAIL: gfortran.dg/proc_ptr_comp_18.f90 -O3 -fomit-frame-pointer -funroll-loops (test for excess errors)
UNRESOLVED: gfortran.dg/proc_ptr_comp_18.f90 -O3 -fomit-frame-pointer -funroll-loops compilation failed to produce executable
FAIL: gfortran.dg/proc_ptr_comp_18.f90 -O3 -fomit-frame-pointer -funroll-all-loops -finline-functions (test for excess errors)
UNRESOLVED: gfortran.dg/proc_ptr_comp_18.f90 -O3 -fomit-frame-pointer -funroll-all-loops -finline-functions compilation failed to produce executable
FAIL: gfortran.dg/proc_ptr_comp_18.f90 -O3 -g (test for excess errors)
UNRESOLVED: gfortran.dg/proc_ptr_comp_18.f90 -O3 -g compilation failed to produce executable
FAIL: gfortran.dg/proc_ptr_comp_18.f90 -Os (test for excess errors)
UNRESOLVED: gfortran.dg/proc_ptr_comp_18.f90 -Os compilation failed to produce executable
FAIL: gfortran.dg/proc_ptr_comp_19.f90 -O0 (test for excess errors)
UNRESOLVED: gfortran.dg/proc_ptr_comp_19.f90 -O0 compilation failed to produce executable
FAIL: gfortran.dg/proc_ptr_comp_19.f90 -O1 (test for excess errors)
UNRESOLVED: gfortran.dg/proc_ptr_comp_19.f90 -O1 compilation failed to produce executable
FAIL: gfortran.dg/proc_ptr_comp_19.f90 -O2 (test for excess errors)
UNRESOLVED: gfortran.dg/proc_ptr_comp_19.f90 -O2 compilation failed to produce executable
FAIL: gfortran.dg/proc_ptr_comp_19.f90 -O3 -fomit-frame-pointer (test for excess errors)
UNRESOLVED: gfortran.dg/proc_ptr_comp_19.f90 -O3 -fomit-frame-pointer compilation failed to produce executable
FAIL: gfortran.dg/proc_ptr_comp_19.f90 -O3 -fomit-frame-pointer -funroll-loops (test for excess errors)
UNRESOLVED: gfortran.dg/proc_ptr_comp_19.f90 -O3 -fomit-frame-pointer -funroll-loops compilation failed to produce executable
FAIL: gfortran.dg/proc_ptr_comp_19.f90 -O3 -fomit-frame-pointer -funroll-all-loops -finline-functions (test for excess errors)
UNRESOLVED: gfortran.dg/proc_ptr_comp_19.f90 -O3 -fomit-frame-pointer -funroll-all-loops -finline-functions compilation failed to produce executable
FAIL: gfortran.dg/proc_ptr_comp_19.f90 -O3 -g (test for excess errors)
UNRESOLVED: gfortran.dg/proc_ptr_comp_19.f90 -O3 -g compilation failed to produce executable
FAIL: gfortran.dg/proc_ptr_comp_19.f90 -Os (test for excess errors)
UNRESOLVED: gfortran.dg/proc_ptr_comp_19.f90 -Os compilation failed to produce executable
=== gfortran Summary for unix ===
# of expected passes 29744
# of unexpected failures 16
# of expected failures 10
# of unresolved testcases 16
# of unsupported tests 44
=== gfortran Summary ===
# of expected passes 178077
# of unexpected failures 96
# of expected failures 60
# of unresolved testcases 96
# of unsupported tests 447
/home/ghazi/gcc-testing/44/build/gcc/testsuite/gfortran/../../gfortran version 4.4.2 20090902 (prerelease) [gcc-4_4-branch revision 151355] (GCC)
=== obj-c++ tests ===
Running target unix/-m32/-fPIC
XPASS: obj-c++.dg/comp-types-10.mm (test for excess errors)
UNRESOLVED: obj-c++.dg/lookup-2.mm compilation failed to produce executable
UNRESOLVED: obj-c++.dg/try-catch-2.mm compilation failed to produce executable
UNRESOLVED: obj-c++.dg/try-catch-9.mm compilation failed to produce executable
=== obj-c++ Summary for unix/-m32/-fPIC ===
# of expected passes 436
# of unexpected successes 1
# of expected failures 9
# of unresolved testcases 3
# of unsupported tests 13
Running target unix/-m32/-fpic
XPASS: obj-c++.dg/comp-types-10.mm (test for excess errors)
UNRESOLVED: obj-c++.dg/lookup-2.mm compilation failed to produce executable
UNRESOLVED: obj-c++.dg/try-catch-2.mm compilation failed to produce executable
UNRESOLVED: obj-c++.dg/try-catch-9.mm compilation failed to produce executable
=== obj-c++ Summary for unix/-m32/-fpic ===
# of expected passes 436
# of unexpected successes 1
# of expected failures 9
# of unresolved testcases 3
# of unsupported tests 13
Running target unix/-m32
XPASS: obj-c++.dg/comp-types-10.mm (test for excess errors)
UNRESOLVED: obj-c++.dg/lookup-2.mm compilation failed to produce executable
UNRESOLVED: obj-c++.dg/try-catch-2.mm compilation failed to produce executable
UNRESOLVED: obj-c++.dg/try-catch-9.mm compilation failed to produce executable
=== obj-c++ Summary for unix/-m32 ===
# of expected passes 436
# of unexpected successes 1
# of expected failures 9
# of unresolved testcases 3
# of unsupported tests 13
Running target unix/-fPIC
XPASS: obj-c++.dg/comp-types-10.mm (test for excess errors)
UNRESOLVED: obj-c++.dg/lookup-2.mm compilation failed to produce executable
UNRESOLVED: obj-c++.dg/try-catch-2.mm compilation failed to produce executable
UNRESOLVED: obj-c++.dg/try-catch-9.mm compilation failed to produce executable
=== obj-c++ Summary for unix/-fPIC ===
# of expected passes 425
# of unexpected successes 1
# of expected failures 20
# of unresolved testcases 3
# of unsupported tests 13
Running target unix/-fpic
XPASS: obj-c++.dg/comp-types-10.mm (test for excess errors)
UNRESOLVED: obj-c++.dg/lookup-2.mm compilation failed to produce executable
UNRESOLVED: obj-c++.dg/try-catch-2.mm compilation failed to produce executable
UNRESOLVED: obj-c++.dg/try-catch-9.mm compilation failed to produce executable
=== obj-c++ Summary for unix/-fpic ===
# of expected passes 425
# of unexpected successes 1
# of expected failures 20
# of unresolved testcases 3
# of unsupported tests 13
Running target unix
XPASS: obj-c++.dg/comp-types-10.mm (test for excess errors)
UNRESOLVED: obj-c++.dg/lookup-2.mm compilation failed to produce executable
UNRESOLVED: obj-c++.dg/try-catch-2.mm compilation failed to produce executable
UNRESOLVED: obj-c++.dg/try-catch-9.mm compilation failed to produce executable
=== obj-c++ Summary for unix ===
# of expected passes 425
# of unexpected successes 1
# of expected failures 20
# of unresolved testcases 3
# of unsupported tests 13
=== obj-c++ Summary ===
# of expected passes 2583
# of unexpected successes 6
# of expected failures 87
# of unresolved testcases 18
# of unsupported tests 78
/home/ghazi/gcc-testing/44/build/gcc/testsuite/obj-c++/../../g++ version 4.4.2 20090902 (prerelease) [gcc-4_4-branch revision 151355] (GCC)
=== objc tests ===
Running target unix/-m32/-fPIC
=== objc Summary for unix/-m32/-fPIC ===
# of expected passes 1874
# of expected failures 7
# of unsupported tests 24
Running target unix/-m32/-fpic
=== objc Summary for unix/-m32/-fpic ===
# of expected passes 1874
# of expected failures 7
# of unsupported tests 24
Running target unix/-m32
=== objc Summary for unix/-m32 ===
# of expected passes 1874
# of expected failures 7
# of unsupported tests 24
Running target unix/-fPIC
=== objc Summary for unix/-fPIC ===
# of expected passes 1866
# of expected failures 15
# of unsupported tests 24
Running target unix/-fpic
=== objc Summary for unix/-fpic ===
# of expected passes 1866
# of expected failures 15
# of unsupported tests 24
Running target unix
=== objc Summary for unix ===
# of expected passes 1866
# of expected failures 15
# of unsupported tests 24
=== objc Summary ===
# of expected passes 11220
# of expected failures 66
# of unsupported tests 144
/home/ghazi/gcc-testing/44/build/gcc/xgcc version 4.4.2 20090902 (prerelease) [gcc-4_4-branch revision 151355] (GCC)
=== libffi tests ===
Running target unix/-m32/-fPIC
=== libffi Summary for unix/-m32/-fPIC ===
# of expected passes 1389
# of unsupported tests 10
Running target unix/-m32/-fpic
=== libffi Summary for unix/-m32/-fpic ===
# of expected passes 1389
# of unsupported tests 10
Running target unix/-m32
=== libffi Summary for unix/-m32 ===
# of expected passes 1389
# of unsupported tests 10
Running target unix/-fPIC
=== libffi Summary for unix/-fPIC ===
# of expected passes 1389
# of unsupported tests 10
Running target unix/-fpic
=== libffi Summary for unix/-fpic ===
# of expected passes 1389
# of unsupported tests 10
Running target unix
=== libffi Summary for unix ===
# of expected passes 1389
# of unsupported tests 10
=== libffi Summary ===
# of expected passes 8334
# of unsupported tests 60
=== libgomp tests ===
Running target unix/-m32/-fPIC
=== libgomp Summary for unix/-m32/-fPIC ===
# of expected passes 2406
Running target unix/-m32/-fpic
=== libgomp Summary for unix/-m32/-fpic ===
# of expected passes 2406
Running target unix/-m32
=== libgomp Summary for unix/-m32 ===
# of expected passes 2406
Running target unix/-fPIC
=== libgomp Summary for unix/-fPIC ===
# of expected passes 2406
Running target unix/-fpic
=== libgomp Summary for unix/-fpic ===
# of expected passes 2406
Running target unix
=== libgomp Summary for unix ===
# of expected passes 2406
=== libgomp Summary ===
# of expected passes 14436
=== libjava tests ===
Running target unix/-m32/-fPIC
=== libjava Summary for unix/-m32/-fPIC ===
# of expected passes 2574
Running target unix/-m32/-fpic
=== libjava Summary for unix/-m32/-fpic ===
# of expected passes 2574
Running target unix/-m32
=== libjava Summary for unix/-m32 ===
# of expected passes 2574
Running target unix/-fPIC
=== libjava Summary for unix/-fPIC ===
# of expected passes 2574
Running target unix/-fpic
=== libjava Summary for unix/-fpic ===
# of expected passes 2574
Running target unix
=== libjava Summary for unix ===
# of expected passes 2574
=== libjava Summary ===
# of expected passes 15444
=== libmudflap tests ===
Running target unix/-m32/-fPIC
FAIL: libmudflap.c++/pass41-frag.cxx execution test
FAIL: libmudflap.c++/pass41-frag.cxx (-static) execution test
FAIL: libmudflap.c++/pass41-frag.cxx (-O2) execution test
FAIL: libmudflap.c++/pass41-frag.cxx (-O3) execution test
=== libmudflap Summary for unix/-m32/-fPIC ===
# of expected passes 1890
# of unexpected failures 4
Running target unix/-m32/-fpic
FAIL: libmudflap.c++/pass41-frag.cxx execution test
FAIL: libmudflap.c++/pass41-frag.cxx (-static) execution test
FAIL: libmudflap.c++/pass41-frag.cxx (-O2) execution test
FAIL: libmudflap.c++/pass41-frag.cxx (-O3) execution test
=== libmudflap Summary for unix/-m32/-fpic ===
# of expected passes 1890
# of unexpected failures 4
Running target unix/-m32
FAIL: libmudflap.c++/pass41-frag.cxx execution test
FAIL: libmudflap.c++/pass41-frag.cxx (-static) execution test
FAIL: libmudflap.c++/pass41-frag.cxx (-O2) execution test
FAIL: libmudflap.c++/pass41-frag.cxx (-O3) execution test
=== libmudflap Summary for unix/-m32 ===
# of expected passes 1890
# of unexpected failures 4
Running target unix/-fPIC
FAIL: libmudflap.c++/pass41-frag.cxx execution test
FAIL: libmudflap.c++/pass41-frag.cxx (-static) execution test
FAIL: libmudflap.c++/pass41-frag.cxx (-O2) execution test
FAIL: libmudflap.c++/pass41-frag.cxx (-O3) execution test
WARNING: program timed out.
FAIL: libmudflap.cth/pass39-frag.c (-static -DSTATIC) (rerun 9) execution test
FAIL: libmudflap.cth/pass39-frag.c (-static -DSTATIC) (rerun 9) output pattern test
=== libmudflap Summary for unix/-fPIC ===
# of expected passes 1888
# of unexpected failures 6
Running target unix/-fpic
FAIL: libmudflap.c++/pass41-frag.cxx execution test
FAIL: libmudflap.c++/pass41-frag.cxx (-static) execution test
FAIL: libmudflap.c++/pass41-frag.cxx (-O2) execution test
FAIL: libmudflap.c++/pass41-frag.cxx (-O3) execution test
=== libmudflap Summary for unix/-fpic ===
# of expected passes 1890
# of unexpected failures 4
Running target unix
FAIL: libmudflap.c++/pass41-frag.cxx execution test
FAIL: libmudflap.c++/pass41-frag.cxx (-static) execution test
FAIL: libmudflap.c++/pass41-frag.cxx (-O2) execution test
FAIL: libmudflap.c++/pass41-frag.cxx (-O3) execution test
=== libmudflap Summary for unix ===
# of expected passes 1890
# of unexpected failures 4
=== libmudflap Summary ===
# of expected passes 11338
# of unexpected failures 26
=== libstdc++ tests ===
Running target unix/-m32/-fPIC
FAIL: 22_locale/time_get/get_date/wchar_t/4.cc execution test
XPASS: 26_numerics/headers/cmath/c99_classification_macros_c.cc (test for excess errors)
=== libstdc++ Summary for unix/-m32/-fPIC ===
# of expected passes 6492
# of unexpected failures 1
# of unexpected successes 1
# of expected failures 79
# of unsupported tests 20
Running target unix/-m32/-fpic
FAIL: 22_locale/time_get/get_date/wchar_t/4.cc execution test
XPASS: 26_numerics/headers/cmath/c99_classification_macros_c.cc (test for excess errors)
=== libstdc++ Summary for unix/-m32/-fpic ===
# of expected passes 6492
# of unexpected failures 1
# of unexpected successes 1
# of expected failures 79
# of unsupported tests 20
Running target unix/-m32
FAIL: 22_locale/time_get/get_date/wchar_t/4.cc execution test
XPASS: 26_numerics/headers/cmath/c99_classification_macros_c.cc (test for excess errors)
=== libstdc++ Summary for unix/-m32 ===
# of expected passes 6492
# of unexpected failures 1
# of unexpected successes 1
# of expected failures 79
# of unsupported tests 20
Running target unix/-fPIC
FAIL: 22_locale/time_get/get_date/wchar_t/4.cc execution test
XPASS: 26_numerics/headers/cmath/c99_classification_macros_c.cc (test for excess errors)
=== libstdc++ Summary for unix/-fPIC ===
# of expected passes 6501
# of unexpected failures 1
# of unexpected successes 1
# of expected failures 79
# of unsupported tests 15
Running target unix/-fpic
FAIL: 22_locale/time_get/get_date/wchar_t/4.cc execution test
XPASS: 26_numerics/headers/cmath/c99_classification_macros_c.cc (test for excess errors)
=== libstdc++ Summary for unix/-fpic ===
# of expected passes 6501
# of unexpected failures 1
# of unexpected successes 1
# of expected failures 79
# of unsupported tests 15
Running target unix
FAIL: 22_locale/time_get/get_date/wchar_t/4.cc execution test
XPASS: 26_numerics/headers/cmath/c99_classification_macros_c.cc (test for excess errors)
=== libstdc++ Summary for unix ===
# of expected passes 6501
# of unexpected failures 1
# of unexpected successes 1
# of expected failures 79
# of unsupported tests 15
=== libstdc++ Summary ===
# of expected passes 38979
# of unexpected failures 6
# of unexpected successes 6
# of expected failures 474
# of unsupported tests 105
Compiler version: 4.4.2 20090902 (prerelease) [gcc-4_4-branch revision 151355] (GCC)
Platform: x86_64-unknown-linux-gnu
configure flags: --enable-languages=c,c++,objc,f95,obj-c++,java --with-mpfr=/opt/cfarm/mpfr-2.4.1 --with-gmp=/opt/cfarm/gmp-4.2.4