This is the mail archive of the
gcc-testresults@gcc.gnu.org
mailing list for the GCC project.
Results for 4.5.0 20090827 (experimental) [trunk revision 151142] (GCC) testsuite on alphaev68-unknown-linux-gnu
- From: uros at gcc12 dot fsffrance dot org
- To: gcc-testresults at gcc dot gnu dot org
- Date: Fri, 28 Aug 2009 08:22:15 +0200
- Subject: Results for 4.5.0 20090827 (experimental) [trunk revision 151142] (GCC) testsuite on alphaev68-unknown-linux-gnu
Native configuration is alphaev68-unknown-linux-gnu
=== libffi tests ===
Running target unix
FAIL: libffi.call/cls_longdouble_va.c -O0 -W -Wall output pattern test, is %.1f
FAIL: libffi.call/cls_longdouble_va.c -O2 output pattern test, is %.1f
FAIL: libffi.call/cls_longdouble_va.c -O3 output pattern test, is %.1f
FAIL: libffi.call/cls_longdouble_va.c -Os output pattern test, is %.1f
FAIL: libffi.call/cls_longdouble_va.c -O2 -fomit-frame-pointer output pattern test, is %.1f
=== libffi Summary ===
# of expected passes 1589
# of unexpected failures 5
# of expected failures 10
# of unsupported tests 15
=== libgomp tests ===
Running target unix
=== libgomp Summary ===
# of expected passes 2408
=== libjava tests ===
Running target unix
=== libjava Summary ===
# of expected passes 2574
=== libmudflap tests ===
Running target unix
FAIL: libmudflap.c/pass54-frag.c execution test
FAIL: libmudflap.c/pass54-frag.c execution test
FAIL: libmudflap.c/pass54-frag.c (-static) execution test
FAIL: libmudflap.c/pass54-frag.c (-static) execution test
FAIL: libmudflap.c/fail12-frag.c (-O3) crash test
FAIL: libmudflap.c/fail12-frag.c (-O3) output pattern test
FAIL: libmudflap.c/fail31-frag.c (-O3) crash test
FAIL: libmudflap.c/fail31-frag.c (-O3) output pattern test
FAIL: libmudflap.c/pass45-frag.c (-O3) execution test
FAIL: libmudflap.c/pass45-frag.c (-O3) output pattern test
FAIL: libmudflap.c/pass45-frag.c (-O3) execution test
FAIL: libmudflap.c/pass45-frag.c (-O3) output pattern test
FAIL: libmudflap.c++/pass41-frag.cxx execution test
FAIL: libmudflap.c++/pass41-frag.cxx (-static) execution test
FAIL: libmudflap.c++/pass41-frag.cxx ( -O) execution test
FAIL: libmudflap.c++/pass41-frag.cxx (-O2) execution test
FAIL: libmudflap.c++/pass41-frag.cxx (-O3) execution test
=== libmudflap Summary ===
# of expected passes 1877
# of unexpected failures 17
=== libstdc++ tests ===
Running target unix
XPASS: 26_numerics/headers/cmath/c99_classification_macros_c.cc (test for excess errors)
FAIL: ext/pb_ds/regression/hash_data_map_rand.cc execution test
=== libstdc++ Summary ===
# of expected passes 6341
# of unexpected failures 1
# of unexpected successes 1
# of expected failures 88
# of unsupported tests 334
=== g++ tests ===
Running target unix
=== g++ Summary ===
# of expected passes 20091
# of expected failures 149
# of unsupported tests 171
/space/uros/gcc-build/gcc/testsuite/g++/../../g++ version 4.5.0 20090827 (experimental) [trunk revision 151142] (GCC)
=== gcc tests ===
Running target unix
FAIL: gcc.c-torture/execute/stdarg-1.c execution, -O3 -fomit-frame-pointer
FAIL: gcc.c-torture/execute/stdarg-1.c execution, -O3 -g
FAIL: gcc.c-torture/execute/stdarg-4.c execution, -O1
FAIL: gcc.c-torture/execute/stdarg-4.c execution, -O2
FAIL: gcc.c-torture/execute/stdarg-4.c execution, -O3 -fomit-frame-pointer
FAIL: gcc.c-torture/execute/stdarg-4.c execution, -O3 -g
FAIL: gcc.c-torture/execute/stdarg-4.c execution, -Os
XPASS: gcc.dg/Warray-bounds.c (test for warnings, line 59)
XPASS: gcc.dg/Warray-bounds.c (test for warnings, line 65)
XPASS: gcc.dg/Wunreachable-8.c (test for bogus messages, line 7)
FAIL: gcc.dg/pr34668-1.c (internal compiler error)
FAIL: gcc.dg/pr34668-1.c (test for excess errors)
FAIL: gcc.dg/matrix/matrix-2.c scan-ipa-dump-times matrix-reorg "Flattened 2 dimensions" 1
XPASS: gcc.dg/struct/wo_prof_array_through_pointer.c scan-ipa-dump ipa_struct_reorg "Number of structures to transform is 1"
FAIL: gcc.dg/struct/wo_prof_double_malloc.c (internal compiler error)
FAIL: gcc.dg/struct/wo_prof_double_malloc.c (test for excess errors)
WARNING: gcc.dg/struct/wo_prof_double_malloc.c compilation failed to produce executable
FAIL: gcc.dg/tree-ssa/stdarg-2.c scan-tree-dump stdarg "f15: va_list escapes 1, needs to save all GPR units and all FPR units"
=== gcc Summary ===
# of expected passes 51780
# of unexpected failures 13
# of unexpected successes 4
# of expected failures 80
# of unsupported tests 625
/space/uros/gcc-build/gcc/xgcc version 4.5.0 20090827 (experimental) [trunk revision 151142] (GCC)
=== gfortran tests ===
Running target unix
=== gfortran Summary ===
# of expected passes 32122
# of expected failures 21
# of unsupported tests 54
/space/uros/gcc-build/gcc/testsuite/gfortran/../../gfortran version 4.5.0 20090827 (experimental) [trunk revision 151142] (GCC)
=== objc tests ===
Running target unix
FAIL: objc/execute/forward-1.m execution, -O0 -fgnu-runtime
FAIL: objc/execute/forward-1.m execution, -O1 -fgnu-runtime
FAIL: objc/execute/forward-1.m execution, -O2 -fgnu-runtime
FAIL: objc/execute/forward-1.m execution, -O3 -fomit-frame-pointer -fgnu-runtime
FAIL: objc/execute/forward-1.m execution, -O3 -fomit-frame-pointer -funroll-loops -fgnu-runtime
FAIL: objc/execute/forward-1.m execution, -O3 -fomit-frame-pointer -funroll-all-loops -finline-functions -fgnu-runtime
FAIL: objc/execute/forward-1.m execution, -O3 -g -fgnu-runtime
FAIL: objc/execute/forward-1.m execution, -Os -fgnu-runtime
=== objc Summary ===
# of expected passes 1865
# of unexpected failures 8
# of expected failures 7
# of unsupported tests 25
/space/uros/gcc-build/gcc/xgcc version 4.5.0 20090827 (experimental) [trunk revision 151142] (GCC)
Compiler version: 4.5.0 20090827 (experimental) [trunk revision 151142] (GCC)
Platform: alphaev68-unknown-linux-gnu
BOOT_CFLAGS=-g -O2